[INFO] fetching crate human_mortality_database 0.3.2...
[INFO] testing human_mortality_database-0.3.2 against 1.100.0-beta.1+cargoflags=--release for beta-release-1.100-2
[INFO] extracting crate human_mortality_database 0.3.2 into /workspace/builds/worker-1-tc2/source
[INFO] started tweaking crates.io crate human_mortality_database 0.3.2
[INFO] removed 0 missing tests
[INFO] finished tweaking crates.io crate human_mortality_database 0.3.2
[INFO] tweaked toml for crates.io crate human_mortality_database 0.3.2 written to /workspace/builds/worker-1-tc2/source/Cargo.toml
[INFO] validating manifest of crates.io crate human_mortality_database 0.3.2 on toolchain 1.100.0-beta.1
[INFO] running `Command { std: CARGO_HOME="/workspace/cargo-home" RUSTUP_HOME="/workspace/rustup-home" "/workspace/cargo-home/bin/cargo" "+1.100.0-beta.1" "metadata" "--manifest-path" "Cargo.toml" "--no-deps", kill_on_drop: false }`
[INFO] crate crates.io crate human_mortality_database 0.3.2 already has a lockfile, it will not be regenerated
[INFO] running `Command { std: CARGO_HOME="/workspace/cargo-home" RUSTUP_HOME="/workspace/rustup-home" "/workspace/cargo-home/bin/cargo" "+1.100.0-beta.1" "fetch" "--manifest-path" "Cargo.toml", kill_on_drop: false }`
[INFO] running `Command { std: "docker" "create" "-v" "/var/lib/crater-agent-workspace/builds/worker-1-tc2/source:/opt/rustwide/workdir:ro,Z" "-v" "/var/lib/crater-agent-workspace/builds/worker-1-tc2/target:/opt/rustwide/target:rw,Z" "-v" "/var/lib/crater-agent-workspace/cargo-home:/opt/rustwide/cargo-home:ro,Z" "-v" "/var/lib/crater-agent-workspace/rustup-home:/opt/rustwide/rustup-home:ro,Z" "-m" "1610612736" "--network" "none" "ghcr.io/rust-lang/crates-build-env/linux@sha256:77db811e55d90add9212f6832c23229e3de5f1c1f9905e8cb07319ea15df73ac" "sleep" "infinity", kill_on_drop: false }`
[INFO] [stdout] 89cf9aa4d0bdda81bf78e2502ece904edb61917e358c749ae129e4c617e7447a
[INFO] running `Command { std: "docker" "start" "89cf9aa4d0bdda81bf78e2502ece904edb61917e358c749ae129e4c617e7447a", kill_on_drop: false }`
[INFO] running `Command { std: "docker" "inspect" "89cf9aa4d0bdda81bf78e2502ece904edb61917e358c749ae129e4c617e7447a", kill_on_drop: false }`
[INFO] running `Command { std: "docker" "exec" "-e" "SOURCE_DIR=/opt/rustwide/workdir" "-e" "CARGO_HOME=/opt/rustwide/cargo-home" "-e" "RUSTUP_HOME=/opt/rustwide/rustup-home" "-e" "CARGO_TARGET_DIR=/opt/rustwide/target" "-w" "/opt/rustwide/workdir" "--user" "0:0" "89cf9aa4d0bdda81bf78e2502ece904edb61917e358c749ae129e4c617e7447a" "/opt/rustwide/cargo-home/bin/cargo" "+1.100.0-beta.1" "metadata" "--no-deps" "--format-version=1", kill_on_drop: false }`
[INFO] running `Command { std: "docker" "inspect" "89cf9aa4d0bdda81bf78e2502ece904edb61917e358c749ae129e4c617e7447a", kill_on_drop: false }`
[INFO] running `Command { std: "docker" "exec" "-e" "SOURCE_DIR=/opt/rustwide/workdir" "-e" "CARGO_HOME=/opt/rustwide/cargo-home" "-e" "RUSTUP_HOME=/opt/rustwide/rustup-home" "-e" "CARGO_TARGET_DIR=/opt/rustwide/target" "-e" "CARGO_INCREMENTAL=0" "-e" "RUST_BACKTRACE=full" "-e" "RUSTFLAGS=--cap-lints=warn" "-e" "RUSTDOCFLAGS=--cap-lints=warn" "-w" "/opt/rustwide/workdir" "--user" "0:0" "89cf9aa4d0bdda81bf78e2502ece904edb61917e358c749ae129e4c617e7447a" "/opt/rustwide/cargo-home/bin/cargo" "+1.100.0-beta.1" "build" "--frozen" "--message-format=json" "--release", kill_on_drop: false }`
[INFO] [stderr]    Compiling libc v0.2.182
[INFO] [stderr]    Compiling aws-lc-rs v1.16.1
[INFO] [stderr]    Compiling http v1.4.0
[INFO] [stderr]    Compiling rustls v0.23.37
[INFO] [stderr]    Compiling hashbrown v0.16.1
[INFO] [stderr]    Compiling tracing v0.1.44
[INFO] [stderr]    Compiling futures-util v0.3.32
[INFO] [stderr]    Compiling serde v1.0.228
[INFO] [stderr]    Compiling time-core v0.1.8
[INFO] [stderr]    Compiling syn v2.0.117
[INFO] [stderr]    Compiling num-conv v0.2.0
[INFO] [stderr]    Compiling cookie v0.18.1
[INFO] [stderr]    Compiling deranged v0.5.8
[INFO] [stderr]    Compiling psl-types v2.0.11
[INFO] [stderr]    Compiling document-features v0.2.12
[INFO] [stderr]    Compiling rustls-native-certs v0.8.3
[INFO] [stderr]    Compiling iri-string v0.7.10
[INFO] [stderr]    Compiling chrono v0.4.44
[INFO] [stderr]    Compiling time-macros v0.2.27
[INFO] [stderr]    Compiling jobserver v0.1.34
[INFO] [stderr]    Compiling cc v1.2.56
[INFO] [stderr]    Compiling serde_urlencoded v0.7.1
[INFO] [stderr]    Compiling time v0.3.47
[INFO] [stderr]    Compiling indexmap v2.13.0
[INFO] [stderr]    Compiling http-body v1.0.1
[INFO] [stderr]    Compiling mio v1.1.1
[INFO] [stderr]    Compiling socket2 v0.6.2
[INFO] [stderr]    Compiling http-body-util v0.1.3
[INFO] [stderr]    Compiling cmake v0.1.57
[INFO] [stderr]    Compiling tokio v1.50.0
[INFO] [stderr]    Compiling aws-lc-sys v0.38.0
[INFO] [stderr]    Compiling synstructure v0.13.2
[INFO] [stderr]    Compiling zerovec-derive v0.11.2
[INFO] [stderr]    Compiling displaydoc v0.2.5
[INFO] [stderr]    Compiling serde_derive v1.0.228
[INFO] [stderr]    Compiling zerofrom-derive v0.1.6
[INFO] [stderr]    Compiling yoke-derive v0.8.1
[INFO] [stderr]    Compiling zerofrom v0.1.6
[INFO] [stderr]    Compiling yoke v0.8.1
[INFO] [stderr]    Compiling zerovec v0.11.5
[INFO] [stderr]    Compiling zerotrie v0.2.3
[INFO] [stderr]    Compiling tinystr v0.8.2
[INFO] [stderr]    Compiling potential_utf v0.1.4
[INFO] [stderr]    Compiling icu_locale_core v2.1.1
[INFO] [stderr]    Compiling icu_collections v2.1.1
[INFO] [stderr]    Compiling icu_provider v2.1.1
[INFO] [stderr]    Compiling icu_normalizer v2.1.1
[INFO] [stderr]    Compiling icu_properties v2.1.2
[INFO] [stderr]    Compiling idna_adapter v1.2.1
[INFO] [stderr]    Compiling idna v1.1.0
[INFO] [stderr]    Compiling tokio-util v0.7.18
[INFO] [stderr]    Compiling tower v0.5.3
[INFO] [stderr]    Compiling publicsuffix v2.3.0
[INFO] [stderr]    Compiling url v2.5.8
[INFO] [stderr]    Compiling h2 v0.4.13
[INFO] [stderr]    Compiling tower-http v0.6.8
[INFO] [stderr]    Compiling cookie_store v0.22.1
[INFO] [stderr]    Compiling hyper v1.8.1
[INFO] [stderr]    Compiling hyper-util v0.1.20
[INFO] [stderr]    Compiling rustls-webpki v0.103.9
[INFO] [stderr]    Compiling tokio-rustls v0.26.4
[INFO] [stderr]    Compiling rustls-platform-verifier v0.6.2
[INFO] [stderr]    Compiling hyper-rustls v0.27.7
[INFO] [stderr]    Compiling reqwest v0.13.2
[INFO] [stderr]    Compiling human_mortality_database v0.3.2 (/opt/rustwide/workdir)
[INFO] [stderr]     Finished `release` profile [optimized] target(s) in 2m 02s
[INFO] running `Command { std: "docker" "inspect" "89cf9aa4d0bdda81bf78e2502ece904edb61917e358c749ae129e4c617e7447a", kill_on_drop: false }`
[INFO] running `Command { std: "docker" "exec" "-e" "SOURCE_DIR=/opt/rustwide/workdir" "-e" "CARGO_HOME=/opt/rustwide/cargo-home" "-e" "RUSTUP_HOME=/opt/rustwide/rustup-home" "-e" "CARGO_TARGET_DIR=/opt/rustwide/target" "-e" "CARGO_INCREMENTAL=0" "-e" "RUST_BACKTRACE=full" "-e" "RUSTFLAGS=--cap-lints=warn" "-e" "RUSTDOCFLAGS=--cap-lints=warn" "-w" "/opt/rustwide/workdir" "--user" "0:0" "89cf9aa4d0bdda81bf78e2502ece904edb61917e358c749ae129e4c617e7447a" "/opt/rustwide/cargo-home/bin/cargo" "+1.100.0-beta.1" "test" "--frozen" "--no-run" "--message-format=json" "--release", kill_on_drop: false }`
[INFO] [stderr]    Compiling human_mortality_database v0.3.2 (/opt/rustwide/workdir)
[INFO] [stderr]     Finished `release` profile [optimized] target(s) in 13.97s
[INFO] running `Command { std: "docker" "inspect" "89cf9aa4d0bdda81bf78e2502ece904edb61917e358c749ae129e4c617e7447a", kill_on_drop: false }`
[INFO] running `Command { std: "docker" "exec" "-e" "SOURCE_DIR=/opt/rustwide/workdir" "-e" "CARGO_HOME=/opt/rustwide/cargo-home" "-e" "RUSTUP_HOME=/opt/rustwide/rustup-home" "-e" "CARGO_TARGET_DIR=/opt/rustwide/target" "-e" "CARGO_INCREMENTAL=0" "-e" "RUST_BACKTRACE=full" "-e" "RUSTFLAGS=--cap-lints=warn" "-e" "RUSTDOCFLAGS=--cap-lints=warn" "-w" "/opt/rustwide/workdir" "--user" "0:0" "89cf9aa4d0bdda81bf78e2502ece904edb61917e358c749ae129e4c617e7447a" "/opt/rustwide/cargo-home/bin/cargo" "+1.100.0-beta.1" "test" "--frozen" "--release", kill_on_drop: false }`
[INFO] [stderr]     Finished `release` profile [optimized] target(s) in 0.20s
[INFO] [stderr]      Running unittests src/lib.rs (/opt/rustwide/target/release/build/human_mortality_database/0c9911a86d3e8d20/out/human_mortality_database-0c9911a86d3e8d20)
[INFO] [stdout] 
[INFO] [stdout] running 33 tests
[INFO] [stdout] test download::tests::central_death_rate_download_name_uses_index_size ... ok
[INFO] [stdout] test download::tests::life_table_download_name_uses_index_size ... ok
[INFO] [stdout] test download::tests::deaths_download_name_uses_index_size ... ok
[INFO] [stdout] test download::tests::life_expectancy_download_name_uses_base_file_for_1x1 ... ok
[INFO] [stdout] test download::tests::life_expectancy_download_name_uses_index_size ... ok
[INFO] [stdout] test table::tests::index_operator_1d_year_only ... ok
[INFO] [stdout] test table::tests::index_operator_2d_year_age ... ok
[INFO] [stdout] test download::tests::index_reports_element_count ... ok
[INFO] [stdout] test download::tests::downloads_deaths_table ... FAILED
[INFO] [stdout] test download::tests::downloads_life_table ... FAILED
[INFO] [stdout] test table::tests::index_operator_1d_year_panics - should panic ... ok
[INFO] [stdout] test download::tests::downloads_central_death_rates_table ... FAILED
[INFO] [stdout] test download::tests::downloads_births_table ... FAILED
[INFO] [stdout] test table::tests::index_operator_3d_year_age_sex ... ok
[INFO] [stdout] test download::tests::downloads_life_expectancies_table ... FAILED
[INFO] [stdout] test table::tests::index_operator_2d_year_sex_panics - should panic ... ok
[INFO] [stdout] test table::tests::loads_life_expectancy_1x10_with_year_ranges ... ok
[INFO] [stdout] test table::tests::parses_total_column_for_empty_sex_dimension ... ok
[INFO] [stdout] test table::tests::loads_mx_1x1_tolerates_dot_placeholder_for_undefined_rate ... ok
[INFO] [stdout] test table::tests::index_operator_3d_panics_if_missing - should panic ... ok
[INFO] [stdout] test table::tests::parses_non_germany_country_metadata ... ok
[INFO] [stdout] test table::tests::rejects_missing_required_column ... ok
[INFO] [stdout] test table::tests::rejects_duplicate_entries ... ok
[INFO] [stdout] test table::tests::rejects_invalid_age_token ... ok
[INFO] [stdout] test table::tests::loads_deaths_5x1_with_age_ranges ... ok
[INFO] [stdout] test table::tests::loads_births_1x1_with_sex_dimension ... ok
[INFO] [stdout] test table::tests::loads_bltper_1x1_life_table_rows ... ok
[INFO] [stdout] test table::tests::loads_fltper_1x10_life_table_rows ... ok
[INFO] [stdout] test table::tests::loads_deaths_1x5_with_year_ranges ... ok
[INFO] [stdout] test table::tests::index_operator_2d_year_sex ... ok
[INFO] [stdout] test download::tests::births_download_base_name ... ok
[INFO] [stdout] test table::tests::index_operator_2d_year_age_panics - should panic ... ok
[INFO] [stdout] test table::tests::loads_mx_1x1_with_open_age_group ... ok
[INFO] [stdout] 
[INFO] [stdout] failures:
[INFO] [stdout] 
[INFO] [stdout] ---- download::tests::downloads_deaths_table stdout ----
[INFO] [stdout] 
[INFO] [stdout] thread 'download::tests::downloads_deaths_table' (2604) panicked at src/download.rs:427:54:
[INFO] [stdout] HMD_USERNAME not set: NotPresent
[INFO] [stdout] stack backtrace:
[INFO] [stdout]    0:     0x565428a3dcd1 - <<std[617be2ca0a6fd877]::sys::backtrace::BacktraceLock>::print::DisplayBacktrace as core[a373ad73a504971]::fmt::Display>::fmt
[INFO] [stdout]    1:     0x565428a54c2a - core[a373ad73a504971]::fmt::write
[INFO] [stdout]    2:     0x565428a429ec - <alloc[2e1b2a31b91974c5]::vec::Vec<u8> as core[a373ad73a504971]::io::write::Write>::write_fmt
[INFO] [stdout]    3:     0x565428a187b6 - std[617be2ca0a6fd877]::panicking::default_hook::{closure#0}
[INFO] [stdout]    4:     0x565428a35849 - std[617be2ca0a6fd877]::panicking::default_hook
[INFO] [stdout]    5:     0x5654289d0b60 - test[aada8e7e76ba119b]::test_main_inner::{closure#0}
[INFO] [stdout]    6:     0x565428a35b72 - std[617be2ca0a6fd877]::panicking::panic_with_hook
[INFO] [stdout]    7:     0x565428a18862 - std[617be2ca0a6fd877]::panicking::panic_handler::{closure#0}
[INFO] [stdout]    8:     0x565428a113f9 - std[617be2ca0a6fd877]::sys::backtrace::__rust_end_short_backtrace::<std[617be2ca0a6fd877]::panicking::panic_handler::{closure#0}, !>
[INFO] [stdout]    9:     0x565428a1965d - __rustc[ea4f61d10b84890b]::rust_begin_unwind
[INFO] [stdout]   10:     0x565428a5538c - core[a373ad73a504971]::panicking::panic_fmt
[INFO] [stdout]   11:     0x565428a55162 - core[a373ad73a504971]::result::unwrap_failed
[INFO] [stdout]   12:     0x5654285a0991 - human_mortality_database[465c1bfb7a941c24]::download::tests::login_from_env
[INFO] [stdout]   13:     0x5654285a4c0d - <human_mortality_database[465c1bfb7a941c24]::download::tests::downloads_deaths_table::{closure#0} as core[a373ad73a504971]::ops::function::FnOnce<()>>::call_once
[INFO] [stdout]   14:     0x5654289c3fab - test[aada8e7e76ba119b]::__rust_begin_short_backtrace::<core[a373ad73a504971]::result::Result<(), alloc[2e1b2a31b91974c5]::string::String>, fn() -> core[a373ad73a504971]::result::Result<(), alloc[2e1b2a31b91974c5]::string::String>>
[INFO] [stdout]   15:     0x5654289d1185 - test[aada8e7e76ba119b]::run_test::{closure#0}
[INFO] [stdout]   16:     0x5654289caa74 - std[617be2ca0a6fd877]::sys::backtrace::__rust_begin_short_backtrace::<test[aada8e7e76ba119b]::run_test::{closure#1}, ()>
[INFO] [stdout]   17:     0x5654289d4212 - <std[617be2ca0a6fd877]::thread::lifecycle::spawn_unchecked<test[aada8e7e76ba119b]::run_test::{closure#1}, ()>::{closure#1} as core[a373ad73a504971]::ops::function::FnOnce<()>>::call_once::{shim:vtable#0}
[INFO] [stdout]   18:     0x565428a3d17f - <std[617be2ca0a6fd877]::sys::thread::unix::Thread>::new::thread_start
[INFO] [stdout]   19:     0x7f7678b47dfa - <unknown>
[INFO] [stdout]   20:     0x7f7678bdb3d4 - clone
[INFO] [stdout]   21:                0x0 - <unknown>
[INFO] [stdout] 
[INFO] [stdout] ---- download::tests::downloads_life_table stdout ----
[INFO] [stdout] 
[INFO] [stdout] thread 'download::tests::downloads_life_table' (2606) panicked at src/download.rs:427:54:
[INFO] [stdout] HMD_USERNAME not set: NotPresent
[INFO] [stdout] stack backtrace:
[INFO] [stdout]    0:     0x565428a3dcd1 - <<std[617be2ca0a6fd877]::sys::backtrace::BacktraceLock>::print::DisplayBacktrace as core[a373ad73a504971]::fmt::Display>::fmt
[INFO] [stdout]    1:     0x565428a54c2a - core[a373ad73a504971]::fmt::write
[INFO] [stdout]    2:     0x565428a429ec - <alloc[2e1b2a31b91974c5]::vec::Vec<u8> as core[a373ad73a504971]::io::write::Write>::write_fmt
[INFO] [stdout]    3:     0x565428a187b6 - std[617be2ca0a6fd877]::panicking::default_hook::{closure#0}
[INFO] [stdout]    4:     0x565428a35849 - std[617be2ca0a6fd877]::panicking::default_hook
[INFO] [stdout]    5:     0x5654289d0b60 - test[aada8e7e76ba119b]::test_main_inner::{closure#0}
[INFO] [stdout]    6:     0x565428a35b72 - std[617be2ca0a6fd877]::panicking::panic_with_hook
[INFO] [stdout]    7:     0x565428a18862 - std[617be2ca0a6fd877]::panicking::panic_handler::{closure#0}
[INFO] [stdout]    8:     0x565428a113f9 - std[617be2ca0a6fd877]::sys::backtrace::__rust_end_short_backtrace::<std[617be2ca0a6fd877]::panicking::panic_handler::{closure#0}, !>
[INFO] [stdout]    9:     0x565428a1965d - __rustc[ea4f61d10b84890b]::rust_begin_unwind
[INFO] [stdout]   10:     0x565428a5538c - core[a373ad73a504971]::panicking::panic_fmt
[INFO] [stdout]   11:     0x565428a55162 - core[a373ad73a504971]::result::unwrap_failed
[INFO] [stdout]   12:     0x5654285a0991 - human_mortality_database[465c1bfb7a941c24]::download::tests::login_from_env
[INFO] [stdout]   13:     0x5654285a45a0 - <human_mortality_database[465c1bfb7a941c24]::download::tests::downloads_life_table::{closure#0} as core[a373ad73a504971]::ops::function::FnOnce<()>>::call_once
[INFO] [stdout]   14:     0x5654289c3fab - test[aada8e7e76ba119b]::__rust_begin_short_backtrace::<core[a373ad73a504971]::result::Result<(), alloc[2e1b2a31b91974c5]::string::String>, fn() -> core[a373ad73a504971]::result::Result<(), alloc[2e1b2a31b91974c5]::string::String>>
[INFO] [stdout]   15:     0x5654289d1185 - test[aada8e7e76ba119b]::run_test::{closure#0}
[INFO] [stdout]   16:     0x5654289caa74 - std[617be2ca0a6fd877]::sys::backtrace::__rust_begin_short_backtrace::<test[aada8e7e76ba119b]::run_test::{closure#1}, ()>
[INFO] [stdout]   17:     0x5654289d4212 - <std[617be2ca0a6fd877]::thread::lifecycle::spawn_unchecked<test[aada8e7e76ba119b]::run_test::{closure#1}, ()>::{closure#1} as core[a373ad73a504971]::ops::function::FnOnce<()>>::call_once::{shim:vtable#0}
[INFO] [stdout]   18:     0x565428a3d17f - <std[617be2ca0a6fd877]::sys::thread::unix::Thread>::new::thread_start
[INFO] [stdout]   19:     0x7f7678b47dfa - <unknown>
[INFO] [stdout]   20:     0x7f7678bdb3d4 - clone
[INFO] [stdout]   21:                0x0 - <unknown>
[INFO] [stdout] 
[INFO] [stdout] ---- download::tests::downloads_central_death_rates_table stdout ----
[INFO] [stdout] 
[INFO] [stdout] thread 'download::tests::downloads_central_death_rates_table' (2603) panicked at src/download.rs:427:54:
[INFO] [stdout] HMD_USERNAME not set: NotPresent
[INFO] [stdout] stack backtrace:
[INFO] [stdout]    0:     0x565428a3dcd1 - <<std[617be2ca0a6fd877]::sys::backtrace::BacktraceLock>::print::DisplayBacktrace as core[a373ad73a504971]::fmt::Display>::fmt
[INFO] [stdout]    1:     0x565428a54c2a - core[a373ad73a504971]::fmt::write
[INFO] [stdout]    2:     0x565428a429ec - <alloc[2e1b2a31b91974c5]::vec::Vec<u8> as core[a373ad73a504971]::io::write::Write>::write_fmt
[INFO] [stdout]    3:     0x565428a187b6 - std[617be2ca0a6fd877]::panicking::default_hook::{closure#0}
[INFO] [stdout]    4:     0x565428a35849 - std[617be2ca0a6fd877]::panicking::default_hook
[INFO] [stdout]    5:     0x5654289d0b60 - test[aada8e7e76ba119b]::test_main_inner::{closure#0}
[INFO] [stdout]    6:     0x565428a35b72 - std[617be2ca0a6fd877]::panicking::panic_with_hook
[INFO] [stdout]    7:     0x565428a18862 - std[617be2ca0a6fd877]::panicking::panic_handler::{closure#0}
[INFO] [stdout]    8:     0x565428a113f9 - std[617be2ca0a6fd877]::sys::backtrace::__rust_end_short_backtrace::<std[617be2ca0a6fd877]::panicking::panic_handler::{closure#0}, !>
[INFO] [stdout]    9:     0x565428a1965d - __rustc[ea4f61d10b84890b]::rust_begin_unwind
[INFO] [stdout]   10:     0x565428a5538c - core[a373ad73a504971]::panicking::panic_fmt
[INFO] [stdout]   11:     0x565428a55162 - core[a373ad73a504971]::result::unwrap_failed
[INFO] [stdout]   12:     0x5654285a0991 - human_mortality_database[465c1bfb7a941c24]::download::tests::login_from_env
[INFO] [stdout]   13:     0x5654285a4fe9 - <human_mortality_database[465c1bfb7a941c24]::download::tests::downloads_central_death_rates_table::{closure#0} as core[a373ad73a504971]::ops::function::FnOnce<()>>::call_once
[INFO] [stdout]   14:     0x5654289c3fab - test[aada8e7e76ba119b]::__rust_begin_short_backtrace::<core[a373ad73a504971]::result::Result<(), alloc[2e1b2a31b91974c5]::string::String>, fn() -> core[a373ad73a504971]::result::Result<(), alloc[2e1b2a31b91974c5]::string::String>>
[INFO] [stdout]   15:     0x5654289d1185 - test[aada8e7e76ba119b]::run_test::{closure#0}
[INFO] [stdout]   16:     0x5654289caa74 - std[617be2ca0a6fd877]::sys::backtrace::__rust_begin_short_backtrace::<test[aada8e7e76ba119b]::run_test::{closure#1}, ()>
[INFO] [stdout]   17:     0x5654289d4212 - <std[617be2ca0a6fd877]::thread::lifecycle::spawn_unchecked<test[aada8e7e76ba119b]::run_test::{closure#1}, ()>::{closure#1} as core[a373ad73a504971]::ops::function::FnOnce<()>>::call_once::{shim:vtable#0}
[INFO] [stdout]   18:     0x565428a3d17f - <std[617be2ca0a6fd877]::sys::thread::unix::Thread>::new::thread_start
[INFO] [stdout]   19:     0x7f7678b47dfa - <unknown>
[INFO] [stdout]   20:     0x7f7678bdb3d4 - clone
[INFO] [stdout]   21:                0x0 - <unknown>
[INFO] [stdout] 
[INFO] [stdout] ---- download::tests::downloads_births_table stdout ----
[INFO] [stdout] 
[INFO] [stdout] thread 'download::tests::downloads_births_table' (2602) panicked at src/download.rs:427:54:
[INFO] [stdout] HMD_USERNAME not set: NotPresent
[INFO] [stdout] stack backtrace:
[INFO] [stdout]    0:     0x565428a3dcd1 - <<std[617be2ca0a6fd877]::sys::backtrace::BacktraceLock>::print::DisplayBacktrace as core[a373ad73a504971]::fmt::Display>::fmt
[INFO] [stdout]    1:     0x565428a54c2a - core[a373ad73a504971]::fmt::write
[INFO] [stdout]    2:     0x565428a429ec - <alloc[2e1b2a31b91974c5]::vec::Vec<u8> as core[a373ad73a504971]::io::write::Write>::write_fmt
[INFO] [stdout]    3:     0x565428a187b6 - std[617be2ca0a6fd877]::panicking::default_hook::{closure#0}
[INFO] [stdout]    4:     0x565428a35849 - std[617be2ca0a6fd877]::panicking::default_hook
[INFO] [stdout]    5:     0x5654289d0b60 - test[aada8e7e76ba119b]::test_main_inner::{closure#0}
[INFO] [stdout]    6:     0x565428a35b72 - std[617be2ca0a6fd877]::panicking::panic_with_hook
[INFO] [stdout]    7:     0x565428a18862 - std[617be2ca0a6fd877]::panicking::panic_handler::{closure#0}
[INFO] [stdout]    8:     0x565428a113f9 - std[617be2ca0a6fd877]::sys::backtrace::__rust_end_short_backtrace::<std[617be2ca0a6fd877]::panicking::panic_handler::{closure#0}, !>
[INFO] [stdout]    9:     0x565428a1965d - __rustc[ea4f61d10b84890b]::rust_begin_unwind
[INFO] [stdout]   10:     0x565428a5538c - core[a373ad73a504971]::panicking::panic_fmt
[INFO] [stdout]   11:     0x565428a55162 - core[a373ad73a504971]::result::unwrap_failed
[INFO] [stdout]   12:     0x5654285a0991 - human_mortality_database[465c1bfb7a941c24]::download::tests::login_from_env
[INFO] [stdout]   13:     0x5654285a4ab7 - <human_mortality_database[465c1bfb7a941c24]::download::tests::downloads_births_table::{closure#0} as core[a373ad73a504971]::ops::function::FnOnce<()>>::call_once
[INFO] [stdout]   14:     0x5654289c3fab - test[aada8e7e76ba119b]::__rust_begin_short_backtrace::<core[a373ad73a504971]::result::Result<(), alloc[2e1b2a31b91974c5]::string::String>, fn() -> core[a373ad73a504971]::result::Result<(), alloc[2e1b2a31b91974c5]::string::String>>
[INFO] [stdout]   15:     0x5654289d1185 - test[aada8e7e76ba119b]::run_test::{closure#0}
[INFO] [stdout]   16:     0x5654289caa74 - std[617be2ca0a6fd877]::sys::backtrace::__rust_begin_short_backtrace::<test[aada8e7e76ba119b]::run_test::{closure#1}, ()>
[INFO] [stdout]   17:     0x5654289d4212 - <std[617be2ca0a6fd877]::thread::lifecycle::spawn_unchecked<test[aada8e7e76ba119b]::run_test::{closure#1}, ()>::{closure#1} as core[a373ad73a504971]::ops::function::FnOnce<()>>::call_once::{shim:vtable#0}
[INFO] [stdout]   18:     0x565428a3d17f - <std[617be2ca0a6fd877]::sys::thread::unix::Thread>::new::thread_start
[INFO] [stdout]   19:     0x7f7678b47dfa - <unknown>
[INFO] [stdout]   20:     0x7f7678bdb3d4 - clone
[INFO] [stdout]   21:                0x0 - <unknown>
[INFO] [stdout] 
[INFO] [stdout] ---- download::tests::downloads_life_expectancies_table stdout ----
[INFO] [stdout] 
[INFO] [stdout] thread 'download::tests::downloads_life_expectancies_table' (2605) panicked at src/download.rs:427:54:
[INFO] [stdout] HMD_USERNAME not set: NotPresent
[INFO] [stdout] stack backtrace:
[INFO] [stdout]    0:     0x565428a3dcd1 - <<std[617be2ca0a6fd877]::sys::backtrace::BacktraceLock>::print::DisplayBacktrace as core[a373ad73a504971]::fmt::Display>::fmt
[INFO] [stdout]    1:     0x565428a54c2a - core[a373ad73a504971]::fmt::write
[INFO] [stdout]    2:     0x565428a429ec - <alloc[2e1b2a31b91974c5]::vec::Vec<u8> as core[a373ad73a504971]::io::write::Write>::write_fmt
[INFO] [stdout]    3:     0x565428a187b6 - std[617be2ca0a6fd877]::panicking::default_hook::{closure#0}
[INFO] [stdout]    4:     0x565428a35849 - std[617be2ca0a6fd877]::panicking::default_hook
[INFO] [stdout]    5:     0x5654289d0b60 - test[aada8e7e76ba119b]::test_main_inner::{closure#0}
[INFO] [stdout]    6:     0x565428a35b72 - std[617be2ca0a6fd877]::panicking::panic_with_hook
[INFO] [stdout]    7:     0x565428a18862 - std[617be2ca0a6fd877]::panicking::panic_handler::{closure#0}
[INFO] [stdout]    8:     0x565428a113f9 - std[617be2ca0a6fd877]::sys::backtrace::__rust_end_short_backtrace::<std[617be2ca0a6fd877]::panicking::panic_handler::{closure#0}, !>
[INFO] [stdout]    9:     0x565428a1965d - __rustc[ea4f61d10b84890b]::rust_begin_unwind
[INFO] [stdout]   10:     0x565428a5538c - core[a373ad73a504971]::panicking::panic_fmt
[INFO] [stdout]   11:     0x565428a55162 - core[a373ad73a504971]::result::unwrap_failed
[INFO] [stdout]   12:     0x5654285a0991 - human_mortality_database[465c1bfb7a941c24]::download::tests::login_from_env
[INFO] [stdout]   13:     0x5654285a4e87 - <human_mortality_database[465c1bfb7a941c24]::download::tests::downloads_life_expectancies_table::{closure#0} as core[a373ad73a504971]::ops::function::FnOnce<()>>::call_once
[INFO] [stdout]   14:     0x5654289c3fab - test[aada8e7e76ba119b]::__rust_begin_short_backtrace::<core[a373ad73a504971]::result::Result<(), alloc[2e1b2a31b91974c5]::string::String>, fn() -> core[a373ad73a504971]::result::Result<(), alloc[2e1b2a31b91974c5]::string::String>>
[INFO] [stdout]   15:     0x5654289d1185 - test[aada8e7e76ba119b]::run_test::{closure#0}
[INFO] [stdout]   16:     0x5654289caa74 - std[617be2ca0a6fd877]::sys::backtrace::__rust_begin_short_backtrace::<test[aada8e7e76ba119b]::run_test::{closure#1}, ()>
[INFO] [stdout]   17:     0x5654289d4212 - <std[617be2ca0a6fd877]::thread::lifecycle::spawn_unchecked<test[aada8e7e76ba119b]::run_test::{closure#1}, ()>::{closure#1} as core[a373ad73a504971]::ops::function::FnOnce<()>>::call_once::{shim:vtable#0}
[INFO] [stdout]   18:     0x565428a3d17f - <std[617be2ca0a6fd877]::sys::thread::unix::Thread>::new::thread_start
[INFO] [stdout]   19:     0x7f7678b47dfa - <unknown>
[INFO] [stdout]   20:     0x7f7678bdb3d4 - clone
[INFO] [stdout]   21:                0x0 - <unknown>
[INFO] [stdout] 
[INFO] [stdout] 
[INFO] [stdout] failures:
[INFO] [stdout]     download::tests::downloads_births_table
[INFO] [stdout]     download::tests::downloads_central_death_rates_table
[INFO] [stdout]     download::tests::downloads_deaths_table
[INFO] [stdout]     download::tests::downloads_life_expectancies_table
[INFO] [stdout]     download::tests::downloads_life_table
[INFO] [stdout] 
[INFO] [stdout] test result: FAILED. 28 passed; 5 failed; 0 ignored; 0 measured; 0 filtered out; finished in 0.01s
[INFO] [stdout] 
[INFO] [stderr] error: test failed, to rerun pass `--lib`
[INFO] running `Command { std: "docker" "inspect" "89cf9aa4d0bdda81bf78e2502ece904edb61917e358c749ae129e4c617e7447a", kill_on_drop: false }`
[INFO] running `Command { std: "docker" "rm" "-f" "89cf9aa4d0bdda81bf78e2502ece904edb61917e358c749ae129e4c617e7447a", kill_on_drop: false }`
[INFO] [stdout] 89cf9aa4d0bdda81bf78e2502ece904edb61917e358c749ae129e4c617e7447a
