[INFO] fetching crate human-readable-map16 0.1.0...
[INFO] testing human-readable-map16-0.1.0 against 1.99.0-beta.8+cargoflags=--release for beta-release-1.100-2
[INFO] extracting crate human-readable-map16 0.1.0 into /workspace/builds/worker-5-tc1/source
[INFO] started tweaking crates.io crate human-readable-map16 0.1.0
[INFO] finished tweaking crates.io crate human-readable-map16 0.1.0
[INFO] tweaked toml for crates.io crate human-readable-map16 0.1.0 written to /workspace/builds/worker-5-tc1/source/Cargo.toml
[INFO] validating manifest of crates.io crate human-readable-map16 0.1.0 on toolchain 1.99.0-beta.8
[INFO] running `Command { std: CARGO_HOME="/workspace/cargo-home" RUSTUP_HOME="/workspace/rustup-home" "/workspace/cargo-home/bin/cargo" "+1.99.0-beta.8" "metadata" "--manifest-path" "Cargo.toml" "--no-deps", kill_on_drop: false }`
[INFO] crate crates.io crate human-readable-map16 0.1.0 already has a lockfile, it will not be regenerated
[INFO] running `Command { std: CARGO_HOME="/workspace/cargo-home" RUSTUP_HOME="/workspace/rustup-home" "/workspace/cargo-home/bin/cargo" "+1.99.0-beta.8" "fetch" "--manifest-path" "Cargo.toml", kill_on_drop: false }`
[INFO] [stderr]     Updating crates.io index
[INFO] [stderr]  Downloading crates ...
[INFO] [stderr]   Downloaded dir-assert v0.2.0
[INFO] running `Command { std: "docker" "create" "-v" "/var/lib/crater-agent-workspace/builds/worker-5-tc1/source:/opt/rustwide/workdir:ro,Z" "-v" "/var/lib/crater-agent-workspace/builds/worker-5-tc1/target:/opt/rustwide/target:rw,Z" "-v" "/var/lib/crater-agent-workspace/cargo-home:/opt/rustwide/cargo-home:ro,Z" "-v" "/var/lib/crater-agent-workspace/rustup-home:/opt/rustwide/rustup-home:ro,Z" "-m" "1610612736" "--network" "none" "ghcr.io/rust-lang/crates-build-env/linux@sha256:77db811e55d90add9212f6832c23229e3de5f1c1f9905e8cb07319ea15df73ac" "sleep" "infinity", kill_on_drop: false }`
[INFO] [stdout] 873ff6081c18758a7fd4b22c5e368b9cb9ca90d4ede8822562a26020aec5dbf1
[INFO] running `Command { std: "docker" "start" "873ff6081c18758a7fd4b22c5e368b9cb9ca90d4ede8822562a26020aec5dbf1", kill_on_drop: false }`
[INFO] running `Command { std: "docker" "inspect" "873ff6081c18758a7fd4b22c5e368b9cb9ca90d4ede8822562a26020aec5dbf1", kill_on_drop: false }`
[INFO] running `Command { std: "docker" "exec" "-e" "SOURCE_DIR=/opt/rustwide/workdir" "-e" "CARGO_HOME=/opt/rustwide/cargo-home" "-e" "RUSTUP_HOME=/opt/rustwide/rustup-home" "-e" "CARGO_TARGET_DIR=/opt/rustwide/target" "-w" "/opt/rustwide/workdir" "--user" "0:0" "873ff6081c18758a7fd4b22c5e368b9cb9ca90d4ede8822562a26020aec5dbf1" "/opt/rustwide/cargo-home/bin/cargo" "+1.99.0-beta.8" "metadata" "--no-deps" "--format-version=1", kill_on_drop: false }`
[INFO] running `Command { std: "docker" "inspect" "873ff6081c18758a7fd4b22c5e368b9cb9ca90d4ede8822562a26020aec5dbf1", kill_on_drop: false }`
[INFO] running `Command { std: "docker" "exec" "-e" "SOURCE_DIR=/opt/rustwide/workdir" "-e" "CARGO_HOME=/opt/rustwide/cargo-home" "-e" "RUSTUP_HOME=/opt/rustwide/rustup-home" "-e" "CARGO_TARGET_DIR=/opt/rustwide/target" "-e" "CARGO_INCREMENTAL=0" "-e" "RUST_BACKTRACE=full" "-e" "RUSTFLAGS=--cap-lints=warn" "-e" "RUSTDOCFLAGS=--cap-lints=warn" "-w" "/opt/rustwide/workdir" "--user" "0:0" "873ff6081c18758a7fd4b22c5e368b9cb9ca90d4ede8822562a26020aec5dbf1" "/opt/rustwide/cargo-home/bin/cargo" "+1.99.0-beta.8" "build" "--frozen" "--message-format=json" "--release", kill_on_drop: false }`
[INFO] [stderr]    Compiling cc v1.2.56
[INFO] [stderr]    Compiling syn v2.0.116
[INFO] [stderr]    Compiling human-readable-map16 v0.1.0 (/opt/rustwide/workdir)
[INFO] [stderr]    Compiling thiserror-impl v2.0.18
[INFO] [stderr]    Compiling thiserror v2.0.18
[INFO] [stderr] warning: human-readable-map16@0.1.0: human-readable-map16/to_map16.cpp: In static member function 'static std::shared_ptr<HumanReadableMap16::Header> HumanReadableMap16::to_map16::parse_header_file(std::filesystem::__cxx11::path)':
[INFO] [stderr] warning: human-readable-map16@0.1.0: human-readable-map16/to_map16.cpp:18:15: warning: ignoring return value of 'int fscanf(FILE*, const char*, ...)' declared with attribute 'warn_unused_result' [-Wunused-result]
[INFO] [stderr] warning: human-readable-map16@0.1.0:    18 |         fscanf(fp,
[INFO] [stderr] warning: human-readable-map16@0.1.0:       |         ~~~~~~^~~~
[INFO] [stderr] warning: human-readable-map16@0.1.0:    19 |                 "file_format_version_number: %X\n" \
[INFO] [stderr] warning: human-readable-map16@0.1.0:       |                 ~~~~~~~~~~~~~~~~~~~~~~~~~~~~~~~~~~~~
[INFO] [stderr] warning: human-readable-map16@0.1.0:    20 |                 "game_id: %X\n" \
[INFO] [stderr] warning: human-readable-map16@0.1.0:       |                 ~~~~~~~~~~~~~~~~~
[INFO] [stderr] warning: human-readable-map16@0.1.0:    21 |                 "program_version: %X\n" \
[INFO] [stderr] warning: human-readable-map16@0.1.0:       |                 ~~~~~~~~~~~~~~~~~~~~~~~~~
[INFO] [stderr] warning: human-readable-map16@0.1.0:    22 |                 "program_id: %X\n" \
[INFO] [stderr] warning: human-readable-map16@0.1.0:       |                 ~~~~~~~~~~~~~~~~~~~~
[INFO] [stderr] warning: human-readable-map16@0.1.0:    23 |                 "size_x: %X\n" \
[INFO] [stderr] warning: human-readable-map16@0.1.0:       |                 ~~~~~~~~~~~~~~~~
[INFO] [stderr] warning: human-readable-map16@0.1.0:    24 |                 "size_y: %X\n" \
[INFO] [stderr] warning: human-readable-map16@0.1.0:       |                 ~~~~~~~~~~~~~~~~
[INFO] [stderr] warning: human-readable-map16@0.1.0:    25 |                 "base_x: %X\n" \
[INFO] [stderr] warning: human-readable-map16@0.1.0:       |                 ~~~~~~~~~~~~~~~~
[INFO] [stderr] warning: human-readable-map16@0.1.0:    26 |                 "base_y: %X\n" \
[INFO] [stderr] warning: human-readable-map16@0.1.0:       |                 ~~~~~~~~~~~~~~~~
[INFO] [stderr] warning: human-readable-map16@0.1.0:    27 |                 "is_full_game_export: %X\n" \
[INFO] [stderr] warning: human-readable-map16@0.1.0:       |                 ~~~~~~~~~~~~~~~~~~~~~~~~~~~~~
[INFO] [stderr] warning: human-readable-map16@0.1.0:    28 |                 "has_tileset_specific_page_2: %X\n",
[INFO] [stderr] warning: human-readable-map16@0.1.0:       |                 ~~~~~~~~~~~~~~~~~~~~~~~~~~~~~~~~~~~~
[INFO] [stderr] warning: human-readable-map16@0.1.0:    29 |                 &(header->file_format_version_number),
[INFO] [stderr] warning: human-readable-map16@0.1.0:       |                 ~~~~~~~~~~~~~~~~~~~~~~~~~~~~~~~~~~~~~~
[INFO] [stderr] warning: human-readable-map16@0.1.0:    30 |                 &(header->game_id),
[INFO] [stderr] warning: human-readable-map16@0.1.0:       |                 ~~~~~~~~~~~~~~~~~~~
[INFO] [stderr] warning: human-readable-map16@0.1.0:    31 |                 &(header->program_version),
[INFO] [stderr] warning: human-readable-map16@0.1.0:       |                 ~~~~~~~~~~~~~~~~~~~~~~~~~~~
[INFO] [stderr] warning: human-readable-map16@0.1.0:    32 |                 &(header->program_id),
[INFO] [stderr] warning: human-readable-map16@0.1.0:       |                 ~~~~~~~~~~~~~~~~~~~~~~
[INFO] [stderr] warning: human-readable-map16@0.1.0:    33 |                 &(header->size_x),
[INFO] [stderr] warning: human-readable-map16@0.1.0:       |                 ~~~~~~~~~~~~~~~~~~
[INFO] [stderr] warning: human-readable-map16@0.1.0:    34 |                 &(header->size_y),
[INFO] [stderr] warning: human-readable-map16@0.1.0:       |                 ~~~~~~~~~~~~~~~~~~
[INFO] [stderr] warning: human-readable-map16@0.1.0:    35 |                 &(header->base_x),
[INFO] [stderr] warning: human-readable-map16@0.1.0:       |                 ~~~~~~~~~~~~~~~~~~
[INFO] [stderr] warning: human-readable-map16@0.1.0:    36 |                 &(header->base_y),
[INFO] [stderr] warning: human-readable-map16@0.1.0:       |                 ~~~~~~~~~~~~~~~~~~
[INFO] [stderr] warning: human-readable-map16@0.1.0:    37 |                 &(is_full_game_export),
[INFO] [stderr] warning: human-readable-map16@0.1.0:       |                 ~~~~~~~~~~~~~~~~~~~~~~~
[INFO] [stderr] warning: human-readable-map16@0.1.0:    38 |                 &(has_tileset_specific_page_2)
[INFO] [stderr] warning: human-readable-map16@0.1.0:       |                 ~~~~~~~~~~~~~~~~~~~~~~~~~~~~~~
[INFO] [stderr] warning: human-readable-map16@0.1.0:    39 |         );
[INFO] [stderr] warning: human-readable-map16@0.1.0:       |         ~
[INFO] [stderr]     Finished `release` profile [optimized] target(s) in 13.90s
[INFO] running `Command { std: "docker" "inspect" "873ff6081c18758a7fd4b22c5e368b9cb9ca90d4ede8822562a26020aec5dbf1", kill_on_drop: false }`
[INFO] running `Command { std: "docker" "exec" "-e" "SOURCE_DIR=/opt/rustwide/workdir" "-e" "CARGO_HOME=/opt/rustwide/cargo-home" "-e" "RUSTUP_HOME=/opt/rustwide/rustup-home" "-e" "CARGO_TARGET_DIR=/opt/rustwide/target" "-e" "CARGO_INCREMENTAL=0" "-e" "RUST_BACKTRACE=full" "-e" "RUSTFLAGS=--cap-lints=warn" "-e" "RUSTDOCFLAGS=--cap-lints=warn" "-w" "/opt/rustwide/workdir" "--user" "0:0" "873ff6081c18758a7fd4b22c5e368b9cb9ca90d4ede8822562a26020aec5dbf1" "/opt/rustwide/cargo-home/bin/cargo" "+1.99.0-beta.8" "test" "--frozen" "--no-run" "--message-format=json" "--release", kill_on_drop: false }`
[INFO] [stderr] warning: human-readable-map16@0.1.0: human-readable-map16/to_map16.cpp: In static member function 'static std::shared_ptr<HumanReadableMap16::Header> HumanReadableMap16::to_map16::parse_header_file(std::filesystem::__cxx11::path)':
[INFO] [stderr] warning: human-readable-map16@0.1.0: human-readable-map16/to_map16.cpp:18:15: warning: ignoring return value of 'int fscanf(FILE*, const char*, ...)' declared with attribute 'warn_unused_result' [-Wunused-result]
[INFO] [stderr] warning: human-readable-map16@0.1.0:    18 |         fscanf(fp,
[INFO] [stderr] warning: human-readable-map16@0.1.0:       |         ~~~~~~^~~~
[INFO] [stderr] warning: human-readable-map16@0.1.0:    19 |                 "file_format_version_number: %X\n" \
[INFO] [stderr] warning: human-readable-map16@0.1.0:       |                 ~~~~~~~~~~~~~~~~~~~~~~~~~~~~~~~~~~~~
[INFO] [stderr] warning: human-readable-map16@0.1.0:    20 |                 "game_id: %X\n" \
[INFO] [stderr] warning: human-readable-map16@0.1.0:       |                 ~~~~~~~~~~~~~~~~~
[INFO] [stderr] warning: human-readable-map16@0.1.0:    21 |                 "program_version: %X\n" \
[INFO] [stderr] warning: human-readable-map16@0.1.0:       |                 ~~~~~~~~~~~~~~~~~~~~~~~~~
[INFO] [stderr] warning: human-readable-map16@0.1.0:    22 |                 "program_id: %X\n" \
[INFO] [stderr] warning: human-readable-map16@0.1.0:       |                 ~~~~~~~~~~~~~~~~~~~~
[INFO] [stderr] warning: human-readable-map16@0.1.0:    23 |                 "size_x: %X\n" \
[INFO] [stderr] warning: human-readable-map16@0.1.0:       |                 ~~~~~~~~~~~~~~~~
[INFO] [stderr] warning: human-readable-map16@0.1.0:    24 |                 "size_y: %X\n" \
[INFO] [stderr] warning: human-readable-map16@0.1.0:       |                 ~~~~~~~~~~~~~~~~
[INFO] [stderr] warning: human-readable-map16@0.1.0:    25 |                 "base_x: %X\n" \
[INFO] [stderr] warning: human-readable-map16@0.1.0:       |                 ~~~~~~~~~~~~~~~~
[INFO] [stderr] warning: human-readable-map16@0.1.0:    26 |                 "base_y: %X\n" \
[INFO] [stderr] warning: human-readable-map16@0.1.0:       |                 ~~~~~~~~~~~~~~~~
[INFO] [stderr] warning: human-readable-map16@0.1.0:    27 |                 "is_full_game_export: %X\n" \
[INFO] [stderr] warning: human-readable-map16@0.1.0:       |                 ~~~~~~~~~~~~~~~~~~~~~~~~~~~~~
[INFO] [stderr] warning: human-readable-map16@0.1.0:    28 |                 "has_tileset_specific_page_2: %X\n",
[INFO] [stderr] warning: human-readable-map16@0.1.0:       |                 ~~~~~~~~~~~~~~~~~~~~~~~~~~~~~~~~~~~~
[INFO] [stderr] warning: human-readable-map16@0.1.0:    29 |                 &(header->file_format_version_number),
[INFO] [stderr] warning: human-readable-map16@0.1.0:       |                 ~~~~~~~~~~~~~~~~~~~~~~~~~~~~~~~~~~~~~~
[INFO] [stderr] warning: human-readable-map16@0.1.0:    30 |                 &(header->game_id),
[INFO] [stderr] warning: human-readable-map16@0.1.0:       |                 ~~~~~~~~~~~~~~~~~~~
[INFO] [stderr] warning: human-readable-map16@0.1.0:    31 |                 &(header->program_version),
[INFO] [stderr] warning: human-readable-map16@0.1.0:       |                 ~~~~~~~~~~~~~~~~~~~~~~~~~~~
[INFO] [stderr] warning: human-readable-map16@0.1.0:    32 |                 &(header->program_id),
[INFO] [stderr] warning: human-readable-map16@0.1.0:       |                 ~~~~~~~~~~~~~~~~~~~~~~
[INFO] [stderr] warning: human-readable-map16@0.1.0:    33 |                 &(header->size_x),
[INFO] [stderr] warning: human-readable-map16@0.1.0:       |                 ~~~~~~~~~~~~~~~~~~
[INFO] [stderr] warning: human-readable-map16@0.1.0:    34 |                 &(header->size_y),
[INFO] [stderr] warning: human-readable-map16@0.1.0:       |                 ~~~~~~~~~~~~~~~~~~
[INFO] [stderr] warning: human-readable-map16@0.1.0:    35 |                 &(header->base_x),
[INFO] [stderr] warning: human-readable-map16@0.1.0:       |                 ~~~~~~~~~~~~~~~~~~
[INFO] [stderr] warning: human-readable-map16@0.1.0:    36 |                 &(header->base_y),
[INFO] [stderr] warning: human-readable-map16@0.1.0:       |                 ~~~~~~~~~~~~~~~~~~
[INFO] [stderr] warning: human-readable-map16@0.1.0:    37 |                 &(is_full_game_export),
[INFO] [stderr] warning: human-readable-map16@0.1.0:       |                 ~~~~~~~~~~~~~~~~~~~~~~~
[INFO] [stderr] warning: human-readable-map16@0.1.0:    38 |                 &(has_tileset_specific_page_2)
[INFO] [stderr] warning: human-readable-map16@0.1.0:       |                 ~~~~~~~~~~~~~~~~~~~~~~~~~~~~~~
[INFO] [stderr] warning: human-readable-map16@0.1.0:    39 |         );
[INFO] [stderr] warning: human-readable-map16@0.1.0:       |         ~
[INFO] [stderr]    Compiling dir-assert v0.2.0
[INFO] [stderr]    Compiling human-readable-map16 v0.1.0 (/opt/rustwide/workdir)
[INFO] [stderr]     Finished `release` profile [optimized] target(s) in 1.78s
[INFO] running `Command { std: "docker" "inspect" "873ff6081c18758a7fd4b22c5e368b9cb9ca90d4ede8822562a26020aec5dbf1", kill_on_drop: false }`
[INFO] running `Command { std: "docker" "exec" "-e" "SOURCE_DIR=/opt/rustwide/workdir" "-e" "CARGO_HOME=/opt/rustwide/cargo-home" "-e" "RUSTUP_HOME=/opt/rustwide/rustup-home" "-e" "CARGO_TARGET_DIR=/opt/rustwide/target" "-e" "CARGO_INCREMENTAL=0" "-e" "RUST_BACKTRACE=full" "-e" "RUSTFLAGS=--cap-lints=warn" "-e" "RUSTDOCFLAGS=--cap-lints=warn" "-w" "/opt/rustwide/workdir" "--user" "0:0" "873ff6081c18758a7fd4b22c5e368b9cb9ca90d4ede8822562a26020aec5dbf1" "/opt/rustwide/cargo-home/bin/cargo" "+1.99.0-beta.8" "test" "--frozen" "--release", kill_on_drop: false }`
[INFO] [stderr] warning: human-readable-map16@0.1.0: human-readable-map16/to_map16.cpp: In static member function 'static std::shared_ptr<HumanReadableMap16::Header> HumanReadableMap16::to_map16::parse_header_file(std::filesystem::__cxx11::path)':
[INFO] [stderr] warning: human-readable-map16@0.1.0: human-readable-map16/to_map16.cpp:18:15: warning: ignoring return value of 'int fscanf(FILE*, const char*, ...)' declared with attribute 'warn_unused_result' [-Wunused-result]
[INFO] [stderr] warning: human-readable-map16@0.1.0:    18 |         fscanf(fp,
[INFO] [stderr] warning: human-readable-map16@0.1.0:       |         ~~~~~~^~~~
[INFO] [stderr] warning: human-readable-map16@0.1.0:    19 |                 "file_format_version_number: %X\n" \
[INFO] [stderr] warning: human-readable-map16@0.1.0:       |                 ~~~~~~~~~~~~~~~~~~~~~~~~~~~~~~~~~~~~
[INFO] [stderr] warning: human-readable-map16@0.1.0:    20 |                 "game_id: %X\n" \
[INFO] [stderr] warning: human-readable-map16@0.1.0:       |                 ~~~~~~~~~~~~~~~~~
[INFO] [stderr] warning: human-readable-map16@0.1.0:    21 |                 "program_version: %X\n" \
[INFO] [stderr] warning: human-readable-map16@0.1.0:       |                 ~~~~~~~~~~~~~~~~~~~~~~~~~
[INFO] [stderr] warning: human-readable-map16@0.1.0:    22 |                 "program_id: %X\n" \
[INFO] [stderr] warning: human-readable-map16@0.1.0:       |                 ~~~~~~~~~~~~~~~~~~~~
[INFO] [stderr] warning: human-readable-map16@0.1.0:    23 |                 "size_x: %X\n" \
[INFO] [stderr] warning: human-readable-map16@0.1.0:       |                 ~~~~~~~~~~~~~~~~
[INFO] [stderr] warning: human-readable-map16@0.1.0:    24 |                 "size_y: %X\n" \
[INFO] [stderr] warning: human-readable-map16@0.1.0:       |                 ~~~~~~~~~~~~~~~~
[INFO] [stderr] warning: human-readable-map16@0.1.0:    25 |                 "base_x: %X\n" \
[INFO] [stderr] warning: human-readable-map16@0.1.0:       |                 ~~~~~~~~~~~~~~~~
[INFO] [stderr] warning: human-readable-map16@0.1.0:    26 |                 "base_y: %X\n" \
[INFO] [stderr] warning: human-readable-map16@0.1.0:       |                 ~~~~~~~~~~~~~~~~
[INFO] [stderr] warning: human-readable-map16@0.1.0:    27 |                 "is_full_game_export: %X\n" \
[INFO] [stderr] warning: human-readable-map16@0.1.0:       |                 ~~~~~~~~~~~~~~~~~~~~~~~~~~~~~
[INFO] [stderr] warning: human-readable-map16@0.1.0:    28 |                 "has_tileset_specific_page_2: %X\n",
[INFO] [stderr] warning: human-readable-map16@0.1.0:       |                 ~~~~~~~~~~~~~~~~~~~~~~~~~~~~~~~~~~~~
[INFO] [stderr] warning: human-readable-map16@0.1.0:    29 |                 &(header->file_format_version_number),
[INFO] [stderr] warning: human-readable-map16@0.1.0:       |                 ~~~~~~~~~~~~~~~~~~~~~~~~~~~~~~~~~~~~~~
[INFO] [stderr] warning: human-readable-map16@0.1.0:    30 |                 &(header->game_id),
[INFO] [stderr] warning: human-readable-map16@0.1.0:       |                 ~~~~~~~~~~~~~~~~~~~
[INFO] [stderr] warning: human-readable-map16@0.1.0:    31 |                 &(header->program_version),
[INFO] [stderr] warning: human-readable-map16@0.1.0:       |                 ~~~~~~~~~~~~~~~~~~~~~~~~~~~
[INFO] [stderr] warning: human-readable-map16@0.1.0:    32 |                 &(header->program_id),
[INFO] [stderr] warning: human-readable-map16@0.1.0:       |                 ~~~~~~~~~~~~~~~~~~~~~~
[INFO] [stderr] warning: human-readable-map16@0.1.0:    33 |                 &(header->size_x),
[INFO] [stderr] warning: human-readable-map16@0.1.0:       |                 ~~~~~~~~~~~~~~~~~~
[INFO] [stderr] warning: human-readable-map16@0.1.0:    34 |                 &(header->size_y),
[INFO] [stderr] warning: human-readable-map16@0.1.0:       |                 ~~~~~~~~~~~~~~~~~~
[INFO] [stderr] warning: human-readable-map16@0.1.0:    35 |                 &(header->base_x),
[INFO] [stderr] warning: human-readable-map16@0.1.0:       |                 ~~~~~~~~~~~~~~~~~~
[INFO] [stderr] warning: human-readable-map16@0.1.0:    36 |                 &(header->base_y),
[INFO] [stderr] warning: human-readable-map16@0.1.0:       |                 ~~~~~~~~~~~~~~~~~~
[INFO] [stderr] warning: human-readable-map16@0.1.0:    37 |                 &(is_full_game_export),
[INFO] [stderr] warning: human-readable-map16@0.1.0:       |                 ~~~~~~~~~~~~~~~~~~~~~~~
[INFO] [stderr] warning: human-readable-map16@0.1.0:    38 |                 &(has_tileset_specific_page_2)
[INFO] [stderr] warning: human-readable-map16@0.1.0:       |                 ~~~~~~~~~~~~~~~~~~~~~~~~~~~~~~
[INFO] [stderr] warning: human-readable-map16@0.1.0:    39 |         );
[INFO] [stderr] warning: human-readable-map16@0.1.0:       |         ~
[INFO] [stderr]     Finished `release` profile [optimized] target(s) in 0.04s
[INFO] [stderr]      Running unittests src/lib.rs (/opt/rustwide/target/release/deps/human_readable_map16-ca4fa5680ef64bf6)
[INFO] [stdout] 
[INFO] [stdout] running 3 tests
[INFO] [stdout] test tests::from_map16_works ... FAILED
[INFO] [stdout] test tests::to_map16_works ... FAILED
[INFO] [stdout] test tests::to_map16_detects_errors - should panic ... ok
[INFO] [stdout] 
[INFO] [stdout] failures:
[INFO] [stdout] 
[INFO] [stdout] ---- tests::from_map16_works stdout ----
[INFO] [stdout] 
[INFO] [stdout] thread 'tests::from_map16_works' (266) panicked at src/lib.rs:139:61:
[INFO] [stdout] called `Result::unwrap()` on an `Err` value: Conversion("Input map16 file does not exist\nAffected path: \"test_data/all.map16\"")
[INFO] [stdout] stack backtrace:
[INFO] [stdout]    0:     0x56cd222de4e1 - <<std[70759c8f55707aa4]::sys::backtrace::BacktraceLock>::print::DisplayBacktrace as core[df12db4294e9bfd3]::fmt::Display>::fmt
[INFO] [stdout]    1:     0x56cd222f2f1a - core[df12db4294e9bfd3]::fmt::write
[INFO] [stdout]    2:     0x56cd222e2cfc - <alloc[2182bb758b4b3781]::vec::Vec<u8> as core[df12db4294e9bfd3]::io::write::Write>::write_fmt
[INFO] [stdout]    3:     0x56cd222ba226 - std[70759c8f55707aa4]::panicking::default_hook::{closure#0}
[INFO] [stdout]    4:     0x56cd222d6a39 - std[70759c8f55707aa4]::panicking::default_hook
[INFO] [stdout]    5:     0x56cd2226c3b0 - test[9d35eded1c95d3be]::test_main_inner::<test[9d35eded1c95d3be]::test_main_static::{closure#0}>::{closure#0}
[INFO] [stdout]    6:     0x56cd222d6bf2 - std[70759c8f55707aa4]::panicking::panic_with_hook
[INFO] [stdout]    7:     0x56cd222ba2d2 - std[70759c8f55707aa4]::panicking::panic_handler::{closure#0}
[INFO] [stderr] error: test failed, to rerun pass `--lib`
[INFO] [stdout]    8:     0x56cd222b2fb9 - std[70759c8f55707aa4]::sys::backtrace::__rust_end_short_backtrace::<std[70759c8f55707aa4]::panicking::panic_handler::{closure#0}, !>
[INFO] [stdout]    9:     0x56cd222baecd - __rustc[8fa7c3cbc660c2b3]::rust_begin_unwind
[INFO] [stdout]   10:     0x56cd222f364c - core[df12db4294e9bfd3]::panicking::panic_fmt
[INFO] [stdout]   11:     0x56cd222f3422 - core[df12db4294e9bfd3]::result::unwrap_failed
[INFO] [stdout]   12:     0x56cd2223efb4 - human_readable_map16[cb5754d94533e9b1]::tests::from_map16_works
[INFO] [stdout]   13:     0x56cd222388d9 - <human_readable_map16[cb5754d94533e9b1]::tests::from_map16_works::{closure#0} as core[df12db4294e9bfd3]::ops::function::FnOnce<()>>::call_once
[INFO] [stdout]   14:     0x56cd2225f69b - test[9d35eded1c95d3be]::__rust_begin_short_backtrace::<core[df12db4294e9bfd3]::result::Result<(), alloc[2182bb758b4b3781]::string::String>, fn() -> core[df12db4294e9bfd3]::result::Result<(), alloc[2182bb758b4b3781]::string::String>>
[INFO] [stdout]   15:     0x56cd2226cd05 - test[9d35eded1c95d3be]::run_test::{closure#0}
[INFO] [stdout]   16:     0x56cd222665c4 - std[70759c8f55707aa4]::sys::backtrace::__rust_begin_short_backtrace::<test[9d35eded1c95d3be]::run_test::{closure#1}, ()>
[INFO] [stdout]   17:     0x56cd2226fe62 - <std[70759c8f55707aa4]::thread::lifecycle::spawn_unchecked<test[9d35eded1c95d3be]::run_test::{closure#1}, ()>::{closure#1} as core[df12db4294e9bfd3]::ops::function::FnOnce<()>>::call_once::{shim:vtable#0}
[INFO] [stdout]   18:     0x56cd222dddb9 - <std[70759c8f55707aa4]::sys::thread::unix::Thread>::new::thread_start
[INFO] [stdout]   19:     0x736b4ab6bdfa - <unknown>
[INFO] [stdout]   20:     0x736b4abff3d4 - clone
[INFO] [stdout]   21:                0x0 - <unknown>
[INFO] [stdout] 
[INFO] [stdout] ---- tests::to_map16_works stdout ----
[INFO] [stdout] 
[INFO] [stdout] thread 'tests::to_map16_works' (268) panicked at src/lib.rs:148:59:
[INFO] [stdout] called `Result::unwrap()` on an `Err` value: Conversion("Input path does not appear to exist\nAffected path: \"test_data/all\"")
[INFO] [stdout] stack backtrace:
[INFO] [stdout]    0:     0x56cd222de4e1 - <<std[70759c8f55707aa4]::sys::backtrace::BacktraceLock>::print::DisplayBacktrace as core[df12db4294e9bfd3]::fmt::Display>::fmt
[INFO] [stdout]    1:     0x56cd222f2f1a - core[df12db4294e9bfd3]::fmt::write
[INFO] [stdout]    2:     0x56cd222e2cfc - <alloc[2182bb758b4b3781]::vec::Vec<u8> as core[df12db4294e9bfd3]::io::write::Write>::write_fmt
[INFO] [stdout]    3:     0x56cd222ba226 - std[70759c8f55707aa4]::panicking::default_hook::{closure#0}
[INFO] [stdout]    4:     0x56cd222d6a39 - std[70759c8f55707aa4]::panicking::default_hook
[INFO] [stdout]    5:     0x56cd2226c3b0 - test[9d35eded1c95d3be]::test_main_inner::<test[9d35eded1c95d3be]::test_main_static::{closure#0}>::{closure#0}
[INFO] [stdout]    6:     0x56cd222d6bf2 - std[70759c8f55707aa4]::panicking::panic_with_hook
[INFO] [stdout]    7:     0x56cd222ba2d2 - std[70759c8f55707aa4]::panicking::panic_handler::{closure#0}
[INFO] [stdout]    8:     0x56cd222b2fb9 - std[70759c8f55707aa4]::sys::backtrace::__rust_end_short_backtrace::<std[70759c8f55707aa4]::panicking::panic_handler::{closure#0}, !>
[INFO] [stdout]    9:     0x56cd222baecd - __rustc[8fa7c3cbc660c2b3]::rust_begin_unwind
[INFO] [stdout]   10:     0x56cd222f364c - core[df12db4294e9bfd3]::panicking::panic_fmt
[INFO] [stdout]   11:     0x56cd222f3422 - core[df12db4294e9bfd3]::result::unwrap_failed
[INFO] [stdout]   12:     0x56cd222388a9 - <human_readable_map16[cb5754d94533e9b1]::tests::to_map16_works::{closure#0} as core[df12db4294e9bfd3]::ops::function::FnOnce<()>>::call_once
[INFO] [stdout]   13:     0x56cd2225f69b - test[9d35eded1c95d3be]::__rust_begin_short_backtrace::<core[df12db4294e9bfd3]::result::Result<(), alloc[2182bb758b4b3781]::string::String>, fn() -> core[df12db4294e9bfd3]::result::Result<(), alloc[2182bb758b4b3781]::string::String>>
[INFO] [stdout]   14:     0x56cd2226cd05 - test[9d35eded1c95d3be]::run_test::{closure#0}
[INFO] [stdout]   15:     0x56cd222665c4 - std[70759c8f55707aa4]::sys::backtrace::__rust_begin_short_backtrace::<test[9d35eded1c95d3be]::run_test::{closure#1}, ()>
[INFO] [stdout]   16:     0x56cd2226fe62 - <std[70759c8f55707aa4]::thread::lifecycle::spawn_unchecked<test[9d35eded1c95d3be]::run_test::{closure#1}, ()>::{closure#1} as core[df12db4294e9bfd3]::ops::function::FnOnce<()>>::call_once::{shim:vtable#0}
[INFO] [stdout]   17:     0x56cd222dddb9 - <std[70759c8f55707aa4]::sys::thread::unix::Thread>::new::thread_start
[INFO] [stdout]   18:     0x736b4ab6bdfa - <unknown>
[INFO] [stdout]   19:     0x736b4abff3d4 - clone
[INFO] [stdout]   20:                0x0 - <unknown>
[INFO] [stdout] 
[INFO] [stdout] 
[INFO] [stdout] failures:
[INFO] [stdout]     tests::from_map16_works
[INFO] [stdout]     tests::to_map16_works
[INFO] [stdout] 
[INFO] [stdout] test result: FAILED. 1 passed; 2 failed; 0 ignored; 0 measured; 0 filtered out; finished in 0.01s
[INFO] [stdout] 
[INFO] running `Command { std: "docker" "inspect" "873ff6081c18758a7fd4b22c5e368b9cb9ca90d4ede8822562a26020aec5dbf1", kill_on_drop: false }`
[INFO] running `Command { std: "docker" "rm" "-f" "873ff6081c18758a7fd4b22c5e368b9cb9ca90d4ede8822562a26020aec5dbf1", kill_on_drop: false }`
[INFO] [stdout] 873ff6081c18758a7fd4b22c5e368b9cb9ca90d4ede8822562a26020aec5dbf1
