[INFO] fetching crate huiyu-db-mapper-macros 0.1.4...
[INFO] testing huiyu-db-mapper-macros-0.1.4 against 1.100.0-beta.1+cargoflags=--release for beta-release-1.100-2
[INFO] extracting crate huiyu-db-mapper-macros 0.1.4 into /workspace/builds/worker-6-tc2/source
[INFO] started tweaking crates.io crate huiyu-db-mapper-macros 0.1.4
[INFO] finished tweaking crates.io crate huiyu-db-mapper-macros 0.1.4
[INFO] tweaked toml for crates.io crate huiyu-db-mapper-macros 0.1.4 written to /workspace/builds/worker-6-tc2/source/Cargo.toml
[INFO] validating manifest of crates.io crate huiyu-db-mapper-macros 0.1.4 on toolchain 1.100.0-beta.1
[INFO] running `Command { std: CARGO_HOME="/workspace/cargo-home" RUSTUP_HOME="/workspace/rustup-home" "/workspace/cargo-home/bin/cargo" "+1.100.0-beta.1" "metadata" "--manifest-path" "Cargo.toml" "--no-deps", kill_on_drop: false }`
[INFO] crate crates.io crate huiyu-db-mapper-macros 0.1.4 already has a lockfile, it will not be regenerated
[INFO] running `Command { std: CARGO_HOME="/workspace/cargo-home" RUSTUP_HOME="/workspace/rustup-home" "/workspace/cargo-home/bin/cargo" "+1.100.0-beta.1" "fetch" "--manifest-path" "Cargo.toml", kill_on_drop: false }`
[INFO] running `Command { std: "docker" "create" "-v" "/var/lib/crater-agent-workspace/builds/worker-6-tc2/source:/opt/rustwide/workdir:ro,Z" "-v" "/var/lib/crater-agent-workspace/builds/worker-6-tc2/target:/opt/rustwide/target:rw,Z" "-v" "/var/lib/crater-agent-workspace/cargo-home:/opt/rustwide/cargo-home:ro,Z" "-v" "/var/lib/crater-agent-workspace/rustup-home:/opt/rustwide/rustup-home:ro,Z" "-m" "1610612736" "--network" "none" "ghcr.io/rust-lang/crates-build-env/linux@sha256:77db811e55d90add9212f6832c23229e3de5f1c1f9905e8cb07319ea15df73ac" "sleep" "infinity", kill_on_drop: false }`
[INFO] [stdout] 6122aa842a7ba3839552b7b628002230db38d09949253d00f3b1042d5088bc22
[INFO] running `Command { std: "docker" "start" "6122aa842a7ba3839552b7b628002230db38d09949253d00f3b1042d5088bc22", kill_on_drop: false }`
[INFO] running `Command { std: "docker" "inspect" "6122aa842a7ba3839552b7b628002230db38d09949253d00f3b1042d5088bc22", kill_on_drop: false }`
[INFO] running `Command { std: "docker" "exec" "-e" "SOURCE_DIR=/opt/rustwide/workdir" "-e" "CARGO_HOME=/opt/rustwide/cargo-home" "-e" "RUSTUP_HOME=/opt/rustwide/rustup-home" "-e" "CARGO_TARGET_DIR=/opt/rustwide/target" "-w" "/opt/rustwide/workdir" "--user" "0:0" "6122aa842a7ba3839552b7b628002230db38d09949253d00f3b1042d5088bc22" "/opt/rustwide/cargo-home/bin/cargo" "+1.100.0-beta.1" "metadata" "--no-deps" "--format-version=1", kill_on_drop: false }`
[INFO] running `Command { std: "docker" "inspect" "6122aa842a7ba3839552b7b628002230db38d09949253d00f3b1042d5088bc22", kill_on_drop: false }`
[INFO] running `Command { std: "docker" "exec" "-e" "SOURCE_DIR=/opt/rustwide/workdir" "-e" "CARGO_HOME=/opt/rustwide/cargo-home" "-e" "RUSTUP_HOME=/opt/rustwide/rustup-home" "-e" "CARGO_TARGET_DIR=/opt/rustwide/target" "-e" "CARGO_INCREMENTAL=0" "-e" "RUST_BACKTRACE=full" "-e" "RUSTFLAGS=--cap-lints=warn" "-e" "RUSTDOCFLAGS=--cap-lints=warn" "-w" "/opt/rustwide/workdir" "--user" "0:0" "6122aa842a7ba3839552b7b628002230db38d09949253d00f3b1042d5088bc22" "/opt/rustwide/cargo-home/bin/cargo" "+1.100.0-beta.1" "build" "--frozen" "--message-format=json" "--release", kill_on_drop: false }`
[INFO] [stderr]    Compiling syn v2.0.119
[INFO] [stderr]    Compiling huiyu-db-mapper-macros v0.1.4 (/opt/rustwide/workdir)
[INFO] [stderr]     Finished `release` profile [optimized] target(s) in 8.43s
[INFO] running `Command { std: "docker" "inspect" "6122aa842a7ba3839552b7b628002230db38d09949253d00f3b1042d5088bc22", kill_on_drop: false }`
[INFO] running `Command { std: "docker" "exec" "-e" "SOURCE_DIR=/opt/rustwide/workdir" "-e" "CARGO_HOME=/opt/rustwide/cargo-home" "-e" "RUSTUP_HOME=/opt/rustwide/rustup-home" "-e" "CARGO_TARGET_DIR=/opt/rustwide/target" "-e" "CARGO_INCREMENTAL=0" "-e" "RUST_BACKTRACE=full" "-e" "RUSTFLAGS=--cap-lints=warn" "-e" "RUSTDOCFLAGS=--cap-lints=warn" "-w" "/opt/rustwide/workdir" "--user" "0:0" "6122aa842a7ba3839552b7b628002230db38d09949253d00f3b1042d5088bc22" "/opt/rustwide/cargo-home/bin/cargo" "+1.100.0-beta.1" "test" "--frozen" "--no-run" "--message-format=json" "--release", kill_on_drop: false }`
[INFO] [stderr]    Compiling huiyu-db-mapper-macros v0.1.4 (/opt/rustwide/workdir)
[INFO] [stderr]     Finished `release` profile [optimized] target(s) in 1.03s
[INFO] running `Command { std: "docker" "inspect" "6122aa842a7ba3839552b7b628002230db38d09949253d00f3b1042d5088bc22", kill_on_drop: false }`
[INFO] running `Command { std: "docker" "exec" "-e" "SOURCE_DIR=/opt/rustwide/workdir" "-e" "CARGO_HOME=/opt/rustwide/cargo-home" "-e" "RUSTUP_HOME=/opt/rustwide/rustup-home" "-e" "CARGO_TARGET_DIR=/opt/rustwide/target" "-e" "CARGO_INCREMENTAL=0" "-e" "RUST_BACKTRACE=full" "-e" "RUSTFLAGS=--cap-lints=warn" "-e" "RUSTDOCFLAGS=--cap-lints=warn" "-w" "/opt/rustwide/workdir" "--user" "0:0" "6122aa842a7ba3839552b7b628002230db38d09949253d00f3b1042d5088bc22" "/opt/rustwide/cargo-home/bin/cargo" "+1.100.0-beta.1" "test" "--frozen" "--release", kill_on_drop: false }`
[INFO] [stderr]     Finished `release` profile [optimized] target(s) in 0.03s
[INFO] [stderr]      Running unittests src/lib.rs (/opt/rustwide/target/release/build/huiyu-db-mapper-macros/6c6a5dc309882ecd/out/huiyu_db_mapper_macros-6c6a5dc309882ecd)
[INFO] [stdout] 
[INFO] [stdout] running 0 tests
[INFO] [stdout] 
[INFO] [stdout] test result: ok. 0 passed; 0 failed; 0 ignored; 0 measured; 0 filtered out; finished in 0.00s
[INFO] [stdout] 
[INFO] [stderr]    Doc-tests huiyu_db_mapper_macros
[INFO] [stdout] 
[INFO] [stdout] running 1 test
[INFO] [stdout] test src/lib.rs - datasource (line 54) ... FAILED
[INFO] [stdout] 
[INFO] [stdout] failures:
[INFO] [stdout] 
[INFO] [stdout] ---- src/lib.rs - datasource (line 54) stdout ----
[INFO] [stdout] error: cannot find attribute `datasource` in this scope
[INFO] [stdout]   --> src/lib.rs:55:3
[INFO] [stdout]    |
[INFO] [stdout] 55 | #[datasource("mysql")]
[INFO] [stdout]    |   ^^^^^^^^^^
[INFO] [stdout] 
[INFO] [stdout] error[E0425]: cannot find type `User` in this scope
[INFO] [stdout]   --> src/lib.rs:56:40
[INFO] [stdout]    |
[INFO] [stdout] 56 | async fn query_user(id: i32) -> Result<User, Error> {
[INFO] [stdout]    |                                        ^^^^ not found in this scope
[INFO] [stdout]    |
[INFO] [stdout] help: you might be missing a type parameter
[INFO] [stdout]    |
[INFO] [stdout] 56 | async fn query_user<User>(id: i32) -> Result<User, Error> {
[INFO] [stdout]    |                    ++++++
[INFO] [stdout] 
[INFO] [stdout] error[E0425]: cannot find type `Error` in this scope
[INFO] [stdout]   --> src/lib.rs:56:46
[INFO] [stdout]    |
[INFO] [stdout] 56 | async fn query_user(id: i32) -> Result<User, Error> {
[INFO] [stdout]    |                                              ^^^^^ not found in this scope
[INFO] [stdout]    |
[INFO] [stdout] help: consider importing one of these items
[INFO] [stdout]    |
[INFO] [stdout] 54 + use std::error::Error;
[INFO] [stdout]    |
[INFO] [stdout] 54 + use std::fmt::Error;
[INFO] [stdout]    |
[INFO] [stdout] 54 + use std::io::Error;
[INFO] [stdout]    |
[INFO] [stdout] 54 + use core::error::Error;
[INFO] [stdout]    |
[INFO] [stdout]    = and 1 other candidate
[INFO] [stdout] 
[INFO] [stdout] error: aborting due to 3 previous errors
[INFO] [stdout] 
[INFO] [stdout] For more information about this error, try `rustc --explain E0425`.
[INFO] [stdout] Couldn't compile the test.
[INFO] [stdout] 
[INFO] [stdout] failures:
[INFO] [stdout]     src/lib.rs - datasource (line 54)
[INFO] [stdout] 
[INFO] [stdout] test result: FAILED. 0 passed; 1 failed; 0 ignored; 0 measured; 0 filtered out; finished in 0.17s
[INFO] [stdout] 
[INFO] [stdout] all doctests ran in 0.27s; merged doctests compilation took 0.10s
[INFO] [stderr] error: doctest failed, to rerun pass `--doc`
[INFO] running `Command { std: "docker" "inspect" "6122aa842a7ba3839552b7b628002230db38d09949253d00f3b1042d5088bc22", kill_on_drop: false }`
[INFO] running `Command { std: "docker" "rm" "-f" "6122aa842a7ba3839552b7b628002230db38d09949253d00f3b1042d5088bc22", kill_on_drop: false }`
[INFO] [stdout] 6122aa842a7ba3839552b7b628002230db38d09949253d00f3b1042d5088bc22
