[INFO] fetching crate huh 0.2.11...
[INFO] testing huh-0.2.11 against 1.100.0-beta.1+cargoflags=--release for beta-release-1.100-2
[INFO] extracting crate huh 0.2.11 into /workspace/builds/worker-4-tc2/source
[INFO] started tweaking crates.io crate huh 0.2.11
[INFO] finished tweaking crates.io crate huh 0.2.11
[INFO] tweaked toml for crates.io crate huh 0.2.11 written to /workspace/builds/worker-4-tc2/source/Cargo.toml
[INFO] validating manifest of crates.io crate huh 0.2.11 on toolchain 1.100.0-beta.1
[INFO] running `Command { std: CARGO_HOME="/workspace/cargo-home" RUSTUP_HOME="/workspace/rustup-home" "/workspace/cargo-home/bin/cargo" "+1.100.0-beta.1" "metadata" "--manifest-path" "Cargo.toml" "--no-deps", kill_on_drop: false }`
[INFO] crate crates.io crate huh 0.2.11 already has a lockfile, it will not be regenerated
[INFO] running `Command { std: CARGO_HOME="/workspace/cargo-home" RUSTUP_HOME="/workspace/rustup-home" "/workspace/cargo-home/bin/cargo" "+1.100.0-beta.1" "fetch" "--manifest-path" "Cargo.toml", kill_on_drop: false }`
[INFO] running `Command { std: "docker" "create" "-v" "/var/lib/crater-agent-workspace/builds/worker-4-tc2/source:/opt/rustwide/workdir:ro,Z" "-v" "/var/lib/crater-agent-workspace/builds/worker-4-tc2/target:/opt/rustwide/target:rw,Z" "-v" "/var/lib/crater-agent-workspace/cargo-home:/opt/rustwide/cargo-home:ro,Z" "-v" "/var/lib/crater-agent-workspace/rustup-home:/opt/rustwide/rustup-home:ro,Z" "-m" "1610612736" "--network" "none" "ghcr.io/rust-lang/crates-build-env/linux@sha256:77db811e55d90add9212f6832c23229e3de5f1c1f9905e8cb07319ea15df73ac" "sleep" "infinity", kill_on_drop: false }`
[INFO] [stdout] fba8c3c86589744172d2193e519f16310e5133d976dcb01f1fc9108271f1404b
[INFO] running `Command { std: "docker" "start" "fba8c3c86589744172d2193e519f16310e5133d976dcb01f1fc9108271f1404b", kill_on_drop: false }`
[INFO] running `Command { std: "docker" "inspect" "fba8c3c86589744172d2193e519f16310e5133d976dcb01f1fc9108271f1404b", kill_on_drop: false }`
[INFO] running `Command { std: "docker" "exec" "-e" "SOURCE_DIR=/opt/rustwide/workdir" "-e" "CARGO_HOME=/opt/rustwide/cargo-home" "-e" "RUSTUP_HOME=/opt/rustwide/rustup-home" "-e" "CARGO_TARGET_DIR=/opt/rustwide/target" "-w" "/opt/rustwide/workdir" "--user" "0:0" "fba8c3c86589744172d2193e519f16310e5133d976dcb01f1fc9108271f1404b" "/opt/rustwide/cargo-home/bin/cargo" "+1.100.0-beta.1" "metadata" "--no-deps" "--format-version=1", kill_on_drop: false }`
[INFO] running `Command { std: "docker" "inspect" "fba8c3c86589744172d2193e519f16310e5133d976dcb01f1fc9108271f1404b", kill_on_drop: false }`
[INFO] running `Command { std: "docker" "exec" "-e" "SOURCE_DIR=/opt/rustwide/workdir" "-e" "CARGO_HOME=/opt/rustwide/cargo-home" "-e" "RUSTUP_HOME=/opt/rustwide/rustup-home" "-e" "CARGO_TARGET_DIR=/opt/rustwide/target" "-e" "CARGO_INCREMENTAL=0" "-e" "RUST_BACKTRACE=full" "-e" "RUSTFLAGS=--cap-lints=warn" "-e" "RUSTDOCFLAGS=--cap-lints=warn" "-w" "/opt/rustwide/workdir" "--user" "0:0" "fba8c3c86589744172d2193e519f16310e5133d976dcb01f1fc9108271f1404b" "/opt/rustwide/cargo-home/bin/cargo" "+1.100.0-beta.1" "build" "--frozen" "--message-format=json" "--release", kill_on_drop: false }`
[INFO] [stderr]    Compiling proc-macro2 v1.0.95
[INFO] [stderr]    Compiling unicode-ident v1.0.18
[INFO] [stderr]    Compiling libc v0.2.174
[INFO] [stderr]    Compiling cfg-if v1.0.1
[INFO] [stderr]    Compiling stable_deref_trait v1.2.0
[INFO] [stderr]    Compiling cc v1.2.27
[INFO] [stderr]    Compiling smallvec v1.15.1
[INFO] [stderr]    Compiling itoa v1.0.15
[INFO] [stderr]    Compiling lock_api v0.4.13
[INFO] [stderr]    Compiling bitflags v2.9.1
[INFO] [stderr]    Compiling bytes v1.10.1
[INFO] [stderr]    Compiling serde v1.0.219
[INFO] [stderr]    Compiling writeable v0.6.1
[INFO] [stderr]    Compiling litemap v0.8.0
[INFO] [stderr]    Compiling memchr v2.7.5
[INFO] [stderr]    Compiling quote v1.0.40
[INFO] [stderr]    Compiling hashbrown v0.15.4
[INFO] [stderr]    Compiling icu_normalizer_data v2.0.0
[INFO] [stderr]    Compiling syn v2.0.104
[INFO] [stderr]    Compiling icu_properties_data v2.0.1
[INFO] [stderr]    Compiling openssl v0.10.73
[INFO] [stderr]    Compiling http v0.2.12
[INFO] [stderr]    Compiling tracing-core v0.1.34
[INFO] [stderr]    Compiling parking_lot_core v0.9.11
[INFO] [stderr]    Compiling signal-hook-registry v1.4.5
[INFO] [stderr]    Compiling parking_lot v0.12.4
[INFO] [stderr]    Compiling mio v1.0.4
[INFO] [stderr]    Compiling openssl-sys v0.9.109
[INFO] [stderr]    Compiling socket2 v0.5.10
[INFO] [stderr]    Compiling indexmap v2.10.0
[INFO] [stderr]    Compiling native-tls v0.2.14
[INFO] [stderr]    Compiling onig_sys v69.9.1
[INFO] [stderr]    Compiling tracing v0.1.41
[INFO] [stderr]    Compiling serde_json v1.0.140
[INFO] [stderr]    Compiling openssl-probe v0.1.6
[INFO] [stderr]    Compiling getrandom v0.3.3
[INFO] [stderr]    Compiling ryu v1.0.20
[INFO] [stderr]    Compiling log v0.4.27
[INFO] [stderr]    Compiling percent-encoding v2.3.1
[INFO] [stderr]    Compiling rustix v1.0.7
[INFO] [stderr]    Compiling slab v0.4.10
[INFO] [stderr]    Compiling form_urlencoded v1.2.1
[INFO] [stderr]    Compiling deranged v0.4.0
[INFO] [stderr]    Compiling http-body v0.4.6
[INFO] [stderr]    Compiling anstyle v1.0.11
[INFO] [stderr]    Compiling is_terminal_polyfill v1.70.1
[INFO] [stderr]    Compiling regex-syntax v0.8.5
[INFO] [stderr]    Compiling colorchoice v1.0.4
[INFO] [stderr]    Compiling anstyle-query v1.1.3
[INFO] [stderr]    Compiling time-core v0.1.4
[INFO] [stderr]    Compiling linux-raw-sys v0.9.4
[INFO] [stderr]    Compiling anstream v0.6.19
[INFO] [stderr]    Compiling miniz_oxide v0.8.9
[INFO] [stderr]    Compiling quick-xml v0.37.5
[INFO] [stderr]    Compiling aho-corasick v1.1.3
[INFO] [stderr]    Compiling time v0.3.41
[INFO] [stderr]    Compiling synstructure v0.13.2
[INFO] [stderr]    Compiling crc32fast v1.4.2
[INFO] [stderr]    Compiling unicode-width v0.2.1
[INFO] [stderr]    Compiling linked-hash-map v0.5.6
[INFO] [stderr]    Compiling strsim v0.11.1
[INFO] [stderr]    Compiling clap_lex v0.7.5
[INFO] [stderr]    Compiling option-ext v0.2.0
[INFO] [stderr]    Compiling dirs-sys v0.4.1
[INFO] [stderr]    Compiling tempfile v3.20.0
[INFO] [stderr]    Compiling zerofrom-derive v0.1.6
[INFO] [stderr]    Compiling yoke-derive v0.8.0
[INFO] [stderr]    Compiling zerovec-derive v0.11.1
[INFO] [stderr]    Compiling displaydoc v0.2.5
[INFO] [stderr]    Compiling tokio-macros v2.5.0
[INFO] [stderr]    Compiling zerofrom v0.1.6
[INFO] [stderr]    Compiling yoke v0.8.0
[INFO] [stderr]    Compiling serde_derive v1.0.219
[INFO] [stderr]    Compiling tokio v1.45.1
[INFO] [stderr]    Compiling zerotrie v0.2.2
[INFO] [stderr]    Compiling zerovec v0.11.2
[INFO] [stderr]    Compiling openssl-macros v0.1.1
[INFO] [stderr]    Compiling tinystr v0.8.1
[INFO] [stderr]    Compiling icu_locale_core v2.0.0
[INFO] [stderr]    Compiling potential_utf v0.1.2
[INFO] [stderr]    Compiling icu_collections v2.0.0
[INFO] [stderr]    Compiling icu_provider v2.0.0
[INFO] [stderr]    Compiling icu_normalizer v2.0.0
[INFO] [stderr]    Compiling icu_properties v2.0.1
[INFO] [stderr]    Compiling thiserror-impl v1.0.69
[INFO] [stderr]    Compiling clap_derive v4.5.40
[INFO] [stderr]    Compiling idna_adapter v1.2.1
[INFO] [stderr]    Compiling idna v1.0.3
[INFO] [stderr]    Compiling thiserror v1.0.69
[INFO] [stderr]    Compiling url v2.5.4
[INFO] [stderr]    Compiling clap_builder v4.5.40
[INFO] [stderr]    Compiling tokio-util v0.7.15
[INFO] [stderr]    Compiling h2 v0.3.26
[INFO] [stderr]    Compiling tokio-native-tls v0.3.1
[INFO] [stderr]    Compiling onig v6.5.1
[INFO] [stderr]    Compiling plist v1.7.2
[INFO] [stderr]    Compiling serde_urlencoded v0.7.1
[INFO] [stderr]    Compiling bincode v1.3.3
[INFO] [stderr]    Compiling yaml-rust v0.4.5
[INFO] [stderr]    Compiling console v0.15.11
[INFO] [stderr]    Compiling regex-automata v0.4.9
[INFO] [stderr]    Compiling flate2 v1.1.2
[INFO] [stderr]    Compiling encoding_rs v0.8.35
[INFO] [stderr]    Compiling ipnet v2.11.0
[INFO] [stderr]    Compiling shell-words v1.1.0
[INFO] [stderr]    Compiling zeroize v1.8.1
[INFO] [stderr]    Compiling dialoguer v0.11.0
[INFO] [stderr]    Compiling hyper v0.14.32
[INFO] [stderr]    Compiling syntect v5.2.0
[INFO] [stderr]    Compiling regex v1.11.1
[INFO] [stderr]    Compiling hyper-tls v0.5.0
[INFO] [stderr]    Compiling reqwest v0.11.27
[INFO] [stderr]    Compiling clap v4.5.40
[INFO] [stderr]    Compiling dirs v5.0.1
[INFO] [stderr]    Compiling similar v2.7.0
[INFO] [stderr]    Compiling huh v0.2.11 (/opt/rustwide/workdir)
[INFO] [stderr]     Finished `release` profile [optimized] target(s) in 3m 58s
[INFO] running `Command { std: "docker" "inspect" "fba8c3c86589744172d2193e519f16310e5133d976dcb01f1fc9108271f1404b", kill_on_drop: false }`
[INFO] running `Command { std: "docker" "exec" "-e" "SOURCE_DIR=/opt/rustwide/workdir" "-e" "CARGO_HOME=/opt/rustwide/cargo-home" "-e" "RUSTUP_HOME=/opt/rustwide/rustup-home" "-e" "CARGO_TARGET_DIR=/opt/rustwide/target" "-e" "CARGO_INCREMENTAL=0" "-e" "RUST_BACKTRACE=full" "-e" "RUSTFLAGS=--cap-lints=warn" "-e" "RUSTDOCFLAGS=--cap-lints=warn" "-w" "/opt/rustwide/workdir" "--user" "0:0" "fba8c3c86589744172d2193e519f16310e5133d976dcb01f1fc9108271f1404b" "/opt/rustwide/cargo-home/bin/cargo" "+1.100.0-beta.1" "test" "--frozen" "--no-run" "--message-format=json" "--release", kill_on_drop: false }`
[INFO] [stderr]    Compiling huh v0.2.11 (/opt/rustwide/workdir)
[INFO] [stderr]     Finished `release` profile [optimized] target(s) in 1.84s
[INFO] running `Command { std: "docker" "inspect" "fba8c3c86589744172d2193e519f16310e5133d976dcb01f1fc9108271f1404b", kill_on_drop: false }`
[INFO] running `Command { std: "docker" "exec" "-e" "SOURCE_DIR=/opt/rustwide/workdir" "-e" "CARGO_HOME=/opt/rustwide/cargo-home" "-e" "RUSTUP_HOME=/opt/rustwide/rustup-home" "-e" "CARGO_TARGET_DIR=/opt/rustwide/target" "-e" "CARGO_INCREMENTAL=0" "-e" "RUST_BACKTRACE=full" "-e" "RUSTFLAGS=--cap-lints=warn" "-e" "RUSTDOCFLAGS=--cap-lints=warn" "-w" "/opt/rustwide/workdir" "--user" "0:0" "fba8c3c86589744172d2193e519f16310e5133d976dcb01f1fc9108271f1404b" "/opt/rustwide/cargo-home/bin/cargo" "+1.100.0-beta.1" "test" "--frozen" "--release", kill_on_drop: false }`
[INFO] [stderr]     Finished `release` profile [optimized] target(s) in 0.20s
[INFO] [stderr]      Running unittests src/main.rs (/opt/rustwide/target/release/build/huh/ff9e60809f955abe/out/huh-ff9e60809f955abe)
[INFO] [stdout] 
[INFO] [stdout] running 3 tests
[INFO] [stdout] test shell::tests::test_get_shell_info ... FAILED
[INFO] [stdout] test prompt::tests::test_clean_prompt ... ok
[INFO] [stdout] test prompt::tests::test_clean_prompt_no_escapes ... ok
[INFO] [stdout] 
[INFO] [stdout] failures:
[INFO] [stdout] 
[INFO] [stdout] ---- shell::tests::test_get_shell_info stdout ----
[INFO] [stdout] 
[INFO] [stdout] thread 'shell::tests::test_get_shell_info' (2370) panicked at src/shell.rs:44:9:
[INFO] [stdout] assertion failed: shell_name != "error"
[INFO] [stdout] stack backtrace:
[INFO] [stdout]    0:     0x5f6b1ecbedd1 - <<std[617be2ca0a6fd877]::sys::backtrace::BacktraceLock>::print::DisplayBacktrace as core[a373ad73a504971]::fmt::Display>::fmt
[INFO] [stdout]    1:     0x5f6b1ecd443a - core[a373ad73a504971]::fmt::write
[INFO] [stdout]    2:     0x5f6b1ecc2fec - <alloc[2e1b2a31b91974c5]::vec::Vec<u8> as core[a373ad73a504971]::io::write::Write>::write_fmt
[INFO] [stdout]    3:     0x5f6b1ec9b236 - std[617be2ca0a6fd877]::panicking::default_hook::{closure#0}
[INFO] [stdout]    4:     0x5f6b1ecb7469 - std[617be2ca0a6fd877]::panicking::default_hook
[INFO] [stdout]    5:     0x5f6b1eb922d0 - test[aada8e7e76ba119b]::test_main_inner::{closure#0}
[INFO] [stdout]    6:     0x5f6b1ecb7622 - std[617be2ca0a6fd877]::panicking::panic_with_hook
[INFO] [stdout]    7:     0x5f6b1ec9b314 - std[617be2ca0a6fd877]::panicking::panic_handler::{closure#0}
[INFO] [stdout]    8:     0x5f6b1ec93ff9 - std[617be2ca0a6fd877]::sys::backtrace::__rust_end_short_backtrace::<std[617be2ca0a6fd877]::panicking::panic_handler::{closure#0}, !>
[INFO] [stdout]    9:     0x5f6b1ec9beed - __rustc[ea4f61d10b84890b]::rust_begin_unwind
[INFO] [stdout]   10:     0x5f6b1ecd4c1c - core[a373ad73a504971]::panicking::panic_fmt
[INFO] [stdout]   11:     0x5f6b1ecd4be2 - core[a373ad73a504971]::panicking::panic
[INFO] [stdout]   12:     0x5f6b1eb854ea - <huh[ab83d78071a201e6]::shell::tests::test_get_shell_info::{closure#0} as core[a373ad73a504971]::ops::function::FnOnce<()>>::call_once
[INFO] [stdout]   13:     0x5f6b1eb8571b - test[aada8e7e76ba119b]::__rust_begin_short_backtrace::<core[a373ad73a504971]::result::Result<(), alloc[2e1b2a31b91974c5]::string::String>, fn() -> core[a373ad73a504971]::result::Result<(), alloc[2e1b2a31b91974c5]::string::String>>
[INFO] [stdout]   14:     0x5f6b1eb928f5 - test[aada8e7e76ba119b]::run_test::{closure#0}
[INFO] [stdout]   15:     0x5f6b1eb8c1e4 - std[617be2ca0a6fd877]::sys::backtrace::__rust_begin_short_backtrace::<test[aada8e7e76ba119b]::run_test::{closure#1}, ()>
[INFO] [stdout]   16:     0x5f6b1eb95982 - <std[617be2ca0a6fd877]::thread::lifecycle::spawn_unchecked<test[aada8e7e76ba119b]::run_test::{closure#1}, ()>::{closure#1} as core[a373ad73a504971]::ops::function::FnOnce<()>>::call_once::{shim:vtable#0}
[INFO] [stdout]   17:     0x5f6b1ecbe62f - <std[617be2ca0a6fd877]::sys::thread::unix::Thread>::new::thread_start
[INFO] [stdout]   18:     0x760d209b1dfa - <unknown>
[INFO] [stdout]   19:     0x760d20a453d4 - clone
[INFO] [stdout]   20:                0x0 - <unknown>
[INFO] [stdout] 
[INFO] [stdout] 
[INFO] [stdout] failures:
[INFO] [stdout]     shell::tests::test_get_shell_info
[INFO] [stdout] 
[INFO] [stdout] test result: FAILED. 2 passed; 1 failed; 0 ignored; 0 measured; 0 filtered out; finished in 0.01s
[INFO] [stdout] 
[INFO] [stderr] error: test failed, to rerun pass `--bin huh`
[INFO] running `Command { std: "docker" "inspect" "fba8c3c86589744172d2193e519f16310e5133d976dcb01f1fc9108271f1404b", kill_on_drop: false }`
[INFO] running `Command { std: "docker" "rm" "-f" "fba8c3c86589744172d2193e519f16310e5133d976dcb01f1fc9108271f1404b", kill_on_drop: false }`
[INFO] [stdout] fba8c3c86589744172d2193e519f16310e5133d976dcb01f1fc9108271f1404b
