[INFO] fetching crate huginn-net 2.2.0...
[INFO] testing huginn-net-2.2.0 against 1.99.0-beta.8+cargoflags=--release for beta-release-1.100-2
[INFO] extracting crate huginn-net 2.2.0 into /workspace/builds/worker-0-tc1/source
[INFO] started tweaking crates.io crate huginn-net 2.2.0
[INFO] removed 0 missing tests
[INFO] finished tweaking crates.io crate huginn-net 2.2.0
[INFO] tweaked toml for crates.io crate huginn-net 2.2.0 written to /workspace/builds/worker-0-tc1/source/Cargo.toml
[INFO] validating manifest of crates.io crate huginn-net 2.2.0 on toolchain 1.99.0-beta.8
[INFO] running `Command { std: CARGO_HOME="/workspace/cargo-home" RUSTUP_HOME="/workspace/rustup-home" "/workspace/cargo-home/bin/cargo" "+1.99.0-beta.8" "metadata" "--manifest-path" "Cargo.toml" "--no-deps", kill_on_drop: false }`
[INFO] crate crates.io crate huginn-net 2.2.0 already has a lockfile, it will not be regenerated
[INFO] running `Command { std: CARGO_HOME="/workspace/cargo-home" RUSTUP_HOME="/workspace/rustup-home" "/workspace/cargo-home/bin/cargo" "+1.99.0-beta.8" "fetch" "--manifest-path" "Cargo.toml", kill_on_drop: false }`
[INFO] [stderr]     Updating crates.io index
[INFO] [stderr]  Downloading crates ...
[INFO] [stderr]   Downloaded pcap-file v3.0.0-rc1
[INFO] [stderr]   Downloaded derive-into-owned v0.2.0
[INFO] [stderr]   Downloaded byteorder_slice v3.0.0
[INFO] [stderr]   Downloaded smallvec v1.16.0
[INFO] [stderr]   Downloaded ttl_cache v0.5.1
[INFO] [stderr]   Downloaded ctrlc v3.5.2
[INFO] [stderr]   Downloaded nom-derive-impl v0.10.1
[INFO] [stderr]   Downloaded nom-derive v0.10.1
[INFO] [stderr]   Downloaded huginn-net-tls v2.2.0
[INFO] [stderr]   Downloaded hpack-patched v0.3.0
[INFO] [stderr]   Downloaded huginn-net-db v2.2.0
[INFO] [stderr]   Downloaded huginn-net-tcp v2.2.0
[INFO] [stderr]   Downloaded tls-parser v0.12.2
[INFO] [stderr]   Downloaded huginn-net-http v2.2.0
[INFO] running `Command { std: "docker" "create" "-v" "/var/lib/crater-agent-workspace/builds/worker-0-tc1/source:/opt/rustwide/workdir:ro,Z" "-v" "/var/lib/crater-agent-workspace/builds/worker-0-tc1/target:/opt/rustwide/target:rw,Z" "-v" "/var/lib/crater-agent-workspace/cargo-home:/opt/rustwide/cargo-home:ro,Z" "-v" "/var/lib/crater-agent-workspace/rustup-home:/opt/rustwide/rustup-home:ro,Z" "-m" "1610612736" "--network" "none" "ghcr.io/rust-lang/crates-build-env/linux@sha256:77db811e55d90add9212f6832c23229e3de5f1c1f9905e8cb07319ea15df73ac" "sleep" "infinity", kill_on_drop: false }`
[INFO] [stdout] 4760ee2a4edd4b955643d7d4a76f5a5727bf44aa6046e3c71c98c449a0327d7c
[INFO] running `Command { std: "docker" "start" "4760ee2a4edd4b955643d7d4a76f5a5727bf44aa6046e3c71c98c449a0327d7c", kill_on_drop: false }`
[INFO] running `Command { std: "docker" "inspect" "4760ee2a4edd4b955643d7d4a76f5a5727bf44aa6046e3c71c98c449a0327d7c", kill_on_drop: false }`
[INFO] running `Command { std: "docker" "exec" "-e" "SOURCE_DIR=/opt/rustwide/workdir" "-e" "CARGO_HOME=/opt/rustwide/cargo-home" "-e" "RUSTUP_HOME=/opt/rustwide/rustup-home" "-e" "CARGO_TARGET_DIR=/opt/rustwide/target" "-w" "/opt/rustwide/workdir" "--user" "0:0" "4760ee2a4edd4b955643d7d4a76f5a5727bf44aa6046e3c71c98c449a0327d7c" "/opt/rustwide/cargo-home/bin/cargo" "+1.99.0-beta.8" "metadata" "--no-deps" "--format-version=1", kill_on_drop: false }`
[INFO] running `Command { std: "docker" "inspect" "4760ee2a4edd4b955643d7d4a76f5a5727bf44aa6046e3c71c98c449a0327d7c", kill_on_drop: false }`
[INFO] running `Command { std: "docker" "exec" "-e" "SOURCE_DIR=/opt/rustwide/workdir" "-e" "CARGO_HOME=/opt/rustwide/cargo-home" "-e" "RUSTUP_HOME=/opt/rustwide/rustup-home" "-e" "CARGO_TARGET_DIR=/opt/rustwide/target" "-e" "CARGO_INCREMENTAL=0" "-e" "RUST_BACKTRACE=full" "-e" "RUSTFLAGS=--cap-lints=warn" "-e" "RUSTDOCFLAGS=--cap-lints=warn" "-w" "/opt/rustwide/workdir" "--user" "0:0" "4760ee2a4edd4b955643d7d4a76f5a5727bf44aa6046e3c71c98c449a0327d7c" "/opt/rustwide/cargo-home/bin/cargo" "+1.99.0-beta.8" "build" "--frozen" "--message-format=json" "--release", kill_on_drop: false }`
[INFO] [stderr]    Compiling no-std-net v0.6.0
[INFO] [stderr]    Compiling serde v1.0.229
[INFO] [stderr]    Compiling siphasher v1.0.3
[INFO] [stderr]    Compiling winnow v1.0.4
[INFO] [stderr]    Compiling aho-corasick v1.1.5
[INFO] [stderr]    Compiling hybrid-array v0.4.14
[INFO] [stderr]    Compiling rand v0.8.8
[INFO] [stderr]    Compiling toml_datetime v1.1.1+spec-1.1.0
[INFO] [stderr]    Compiling thiserror v2.0.20
[INFO] [stderr]    Compiling syn v2.0.119
[INFO] [stderr]    Compiling syn v1.0.109
[INFO] [stderr]    Compiling pnet_sys v0.35.0
[INFO] [stderr]    Compiling syn v3.0.5
[INFO] [stderr]    Compiling pnet v0.35.0
[INFO] [stderr]    Compiling minimal-lexical v0.2.1
[INFO] [stderr]    Compiling byteorder_slice v3.0.0
[INFO] [stderr]    Compiling pnet_base v0.35.0
[INFO] [stderr]    Compiling phf_shared v0.11.3
[INFO] [stderr]    Compiling pnet_macros_support v0.35.0
[INFO] [stderr]    Compiling crossbeam-channel v0.5.17
[INFO] [stderr]    Compiling ttl_cache v0.5.1
[INFO] [stderr]    Compiling log v0.3.9
[INFO] [stderr]    Compiling nom v7.1.3
[INFO] [stderr]    Compiling hpack-patched v0.3.0
[INFO] [stderr]    Compiling phf_generator v0.11.3
[INFO] [stderr]    Compiling phf v0.11.3
[INFO] [stderr]    Compiling phf_codegen v0.11.3
[INFO] [stderr]    Compiling tls-parser v0.12.2
[INFO] [stderr]    Compiling crypto-common v0.2.2
[INFO] [stderr]    Compiling block-buffer v0.12.1
[INFO] [stderr]    Compiling ipnetwork v0.20.0
[INFO] [stderr]    Compiling regex-automata v0.4.18
[INFO] [stderr]    Compiling pnet_datalink v0.35.0
[INFO] [stderr]    Compiling toml_parser v1.1.3+spec-1.1.0
[INFO] [stderr]    Compiling digest v0.11.3
[INFO] [stderr]    Compiling toml_edit v0.25.13+spec-1.1.0
[INFO] [stderr]    Compiling sha2 v0.11.0
[INFO] [stderr]    Compiling thiserror-impl v2.0.20
[INFO] [stderr]    Compiling rusticata-macros v4.1.0
[INFO] [stderr]    Compiling proc-macro-crate v3.5.0
[INFO] [stderr]    Compiling derive-into-owned v0.2.0
[INFO] [stderr]    Compiling nom-derive-impl v0.10.1
[INFO] [stderr]    Compiling regex v1.13.1
[INFO] [stderr]    Compiling nom-derive v0.10.1
[INFO] [stderr]    Compiling thiserror-impl v1.0.69
[INFO] [stderr]    Compiling tracing-attributes v0.1.31
[INFO] [stderr]    Compiling num_enum_derive v0.7.6
[INFO] [stderr]    Compiling pnet_macros v0.35.0
[INFO] [stderr]    Compiling num_enum v0.7.6
[INFO] [stderr]    Compiling thiserror v1.0.69
[INFO] [stderr]    Compiling tracing v0.1.44
[INFO] [stderr]    Compiling pcap-file v3.0.0-rc1
[INFO] [stderr]    Compiling pnet_packet v0.35.0
[INFO] [stderr]    Compiling pnet_transport v0.35.0
[INFO] [stderr]    Compiling huginn-net-http v2.2.0
[INFO] [stderr]    Compiling huginn-net-tcp v2.2.0
[INFO] [stderr]    Compiling huginn-net-tls v2.2.0
[INFO] [stderr]    Compiling huginn-net v2.2.0 (/opt/rustwide/workdir)
[INFO] [stderr]     Finished `release` profile [optimized] target(s) in 25.98s
[INFO] running `Command { std: "docker" "inspect" "4760ee2a4edd4b955643d7d4a76f5a5727bf44aa6046e3c71c98c449a0327d7c", kill_on_drop: false }`
[INFO] running `Command { std: "docker" "exec" "-e" "SOURCE_DIR=/opt/rustwide/workdir" "-e" "CARGO_HOME=/opt/rustwide/cargo-home" "-e" "RUSTUP_HOME=/opt/rustwide/rustup-home" "-e" "CARGO_TARGET_DIR=/opt/rustwide/target" "-e" "CARGO_INCREMENTAL=0" "-e" "RUST_BACKTRACE=full" "-e" "RUSTFLAGS=--cap-lints=warn" "-e" "RUSTDOCFLAGS=--cap-lints=warn" "-w" "/opt/rustwide/workdir" "--user" "0:0" "4760ee2a4edd4b955643d7d4a76f5a5727bf44aa6046e3c71c98c449a0327d7c" "/opt/rustwide/cargo-home/bin/cargo" "+1.99.0-beta.8" "test" "--frozen" "--no-run" "--message-format=json" "--release", kill_on_drop: false }`
[INFO] [stderr]    Compiling syn v3.0.5
[INFO] [stderr]    Compiling libc v0.2.189
[INFO] [stderr]    Compiling tracing v0.1.44
[INFO] [stderr]    Compiling cfg_aliases v0.2.2
[INFO] [stderr]    Compiling regex-automata v0.4.18
[INFO] [stderr]    Compiling tracing-log v0.2.0
[INFO] [stderr]    Compiling thread_local v1.1.10
[INFO] [stderr]    Compiling deranged v0.5.8
[INFO] [stderr]    Compiling nu-ansi-term v0.50.3
[INFO] [stderr]    Compiling smallvec v1.16.0
[INFO] [stderr]    Compiling clap_builder v4.6.6
[INFO] [stderr]    Compiling symlink v0.1.0
[INFO] [stderr]    Compiling nix v0.31.3
[INFO] [stderr]    Compiling time v0.3.55
[INFO] [stderr]    Compiling pnet_sys v0.35.0
[INFO] [stderr]    Compiling pnet_transport v0.35.0
[INFO] [stderr]    Compiling ctrlc v3.5.2
[INFO] [stderr]    Compiling matchers v0.2.0
[INFO] [stderr]    Compiling tracing-subscriber v0.3.23
[INFO] [stderr]    Compiling serde_derive v1.0.229
[INFO] [stderr]    Compiling thiserror-impl v2.0.20
[INFO] [stderr]    Compiling clap_derive v4.6.4
[INFO] [stderr]    Compiling clap v4.6.6
[INFO] [stderr]    Compiling thiserror v2.0.20
[INFO] [stderr]    Compiling tracing-appender v0.2.5
[INFO] [stderr]    Compiling serde v1.0.229
[INFO] [stderr]    Compiling ipnetwork v0.20.0
[INFO] [stderr]    Compiling pnet_datalink v0.35.0
[INFO] [stderr]    Compiling pnet v0.35.0
[INFO] [stderr]    Compiling huginn-net-tcp v2.2.0
[INFO] [stderr]    Compiling huginn-net-http v2.2.0
[INFO] [stderr]    Compiling huginn-net-tls v2.2.0
[INFO] [stderr]    Compiling huginn-net v2.2.0 (/opt/rustwide/workdir)
[INFO] [stderr]     Finished `release` profile [optimized] target(s) in 36.80s
[INFO] running `Command { std: "docker" "inspect" "4760ee2a4edd4b955643d7d4a76f5a5727bf44aa6046e3c71c98c449a0327d7c", kill_on_drop: false }`
[INFO] running `Command { std: "docker" "exec" "-e" "SOURCE_DIR=/opt/rustwide/workdir" "-e" "CARGO_HOME=/opt/rustwide/cargo-home" "-e" "RUSTUP_HOME=/opt/rustwide/rustup-home" "-e" "CARGO_TARGET_DIR=/opt/rustwide/target" "-e" "CARGO_INCREMENTAL=0" "-e" "RUST_BACKTRACE=full" "-e" "RUSTFLAGS=--cap-lints=warn" "-e" "RUSTDOCFLAGS=--cap-lints=warn" "-w" "/opt/rustwide/workdir" "--user" "0:0" "4760ee2a4edd4b955643d7d4a76f5a5727bf44aa6046e3c71c98c449a0327d7c" "/opt/rustwide/cargo-home/bin/cargo" "+1.99.0-beta.8" "test" "--frozen" "--release", kill_on_drop: false }`
[INFO] [stderr]     Finished `release` profile [optimized] target(s) in 0.17s
[INFO] [stderr]      Running unittests src/lib.rs (/opt/rustwide/target/release/deps/huginn_net-8f31068145abde3b)
[INFO] [stdout] 
[INFO] [stdout] running 0 tests
[INFO] [stdout] 
[INFO] [stdout] test result: ok. 0 passed; 0 failed; 0 ignored; 0 measured; 0 filtered out; finished in 0.00s
[INFO] [stdout] 
[INFO] [stderr]      Running tests/analyzer/main.rs (/opt/rustwide/target/release/deps/analyzer-43546afbf1423d56)
[INFO] [stdout] 
[INFO] [stderr]      Running tests/parser/main.rs (/opt/rustwide/target/release/deps/parser-2f1c1b587e518751)
[INFO] [stdout] running 0 tests
[INFO] [stdout] 
[INFO] [stdout] test result: ok. 0 passed; 0 failed; 0 ignored; 0 measured; 0 filtered out; finished in 0.00s
[INFO] [stdout] 
[INFO] [stdout] 
[INFO] [stdout] running 8 tests
[INFO] [stdout] test packet::test_detect_raw_ipv4 ... ok
[INFO] [stdout] test packet::test_detect_raw_ipv6 ... ok
[INFO] [stdout] test packet::test_detect_ethernet_ipv6 ... ok
[INFO] [stdout] test packet::test_parse_ethernet_ipv4 ... ok
[INFO] [stdout] test packet::test_parse_null_datalink_ipv6 ... ok
[INFO] [stdout] test packet::test_detect_null_datalink ... ok
[INFO] [stdout] test packet::test_detect_ethernet_ipv4 ... ok
[INFO] [stdout] test packet::test_parse_raw_ipv6 ... ok
[INFO] [stdout] 
[INFO] [stdout] test result: ok. 8 passed; 0 failed; 0 ignored; 0 measured; 0 filtered out; finished in 0.08s
[INFO] [stdout] 
[INFO] [stderr]    Doc-tests huginn_net
[INFO] [stdout] 
[INFO] [stdout] running 4 tests
[INFO] [stdout] test src/analyzer/mod.rs - analyzer::HuginnNet (line 80) - compile ... ok
[INFO] [stdout] test src/analyzer/mod.rs - analyzer::HuginnNet (line 101) - compile ... ok
[INFO] [stdout] test src/matcher.rs - matcher::quality_match (line 7) ... ok
[INFO] [stdout] test src/matcher.rs - matcher::simple_quality_match (line 74) ... FAILED
[INFO] [stdout] 
[INFO] [stdout] failures:
[INFO] [stdout] 
[INFO] [stdout] ---- src/matcher.rs - matcher::simple_quality_match (line 74) stdout ----
[INFO] [stdout] error[E0432]: unresolved import `huginn_net_tcp::output::MTUQualityMatched`
[INFO] [stdout]   --> src/matcher.rs:77:30
[INFO] [stdout]    |
[INFO] [stdout] 77 | use huginn_net_tcp::output::{MTUQualityMatched, MatchQuality, MatchRank};
[INFO] [stdout]    |                              ^^^^^^^^^^^^^^^^^ no `MTUQualityMatched` in `output`
[INFO] [stdout]    |
[INFO] [stdout] help: a similar name exists in the module
[INFO] [stdout]    |
[INFO] [stdout] 77 - use huginn_net_tcp::output::{MTUQualityMatched, MatchQuality, MatchRank};
[INFO] [stdout] 77 + use huginn_net_tcp::output::{OSQualityMatched, MatchQuality, MatchRank};
[INFO] [stdout]    |
[INFO] [stdout] 
[INFO] [stdout] error: aborting due to 1 previous error
[INFO] [stdout] 
[INFO] [stdout] For more information about this error, try `rustc --explain E0432`.
[INFO] [stdout] Couldn't compile the test.
[INFO] [stdout] 
[INFO] [stdout] failures:
[INFO] [stdout]     src/matcher.rs - matcher::simple_quality_match (line 74)
[INFO] [stdout] 
[INFO] [stdout] test result: FAILED. 3 passed; 1 failed; 0 ignored; 0 measured; 0 filtered out; finished in 0.23s
[INFO] [stdout] 
[INFO] [stderr] error: doctest failed, to rerun pass `--doc`
[INFO] running `Command { std: "docker" "inspect" "4760ee2a4edd4b955643d7d4a76f5a5727bf44aa6046e3c71c98c449a0327d7c", kill_on_drop: false }`
[INFO] running `Command { std: "docker" "rm" "-f" "4760ee2a4edd4b955643d7d4a76f5a5727bf44aa6046e3c71c98c449a0327d7c", kill_on_drop: false }`
[INFO] [stdout] 4760ee2a4edd4b955643d7d4a76f5a5727bf44aa6046e3c71c98c449a0327d7c
