[INFO] fetching crate huak 0.0.8-alpha.2...
[INFO] testing huak-0.0.8-alpha.2 against 1.99.0-beta.8+cargoflags=--release for beta-release-1.100-2
[INFO] extracting crate huak 0.0.8-alpha.2 into /workspace/builds/worker-1-tc1/source
[INFO] removed /workspace/builds/worker-1-tc1/source/.cargo/config.toml
[INFO] started tweaking crates.io crate huak 0.0.8-alpha.2
[INFO] finished tweaking crates.io crate huak 0.0.8-alpha.2
[INFO] tweaked toml for crates.io crate huak 0.0.8-alpha.2 written to /workspace/builds/worker-1-tc1/source/Cargo.toml
[INFO] validating manifest of crates.io crate huak 0.0.8-alpha.2 on toolchain 1.99.0-beta.8
[INFO] running `Command { std: CARGO_HOME="/workspace/cargo-home" RUSTUP_HOME="/workspace/rustup-home" "/workspace/cargo-home/bin/cargo" "+1.99.0-beta.8" "metadata" "--manifest-path" "Cargo.toml" "--no-deps", kill_on_drop: false }`
[INFO] crate crates.io crate huak 0.0.8-alpha.2 already has a lockfile, it will not be regenerated
[INFO] running `Command { std: CARGO_HOME="/workspace/cargo-home" RUSTUP_HOME="/workspace/rustup-home" "/workspace/cargo-home/bin/cargo" "+1.99.0-beta.8" "fetch" "--manifest-path" "Cargo.toml", kill_on_drop: false }`
[INFO] [stderr]     Blocking waiting for file lock on package cache
[INFO] [stderr]     Updating crates.io index
[INFO] [stderr]     Blocking waiting for file lock on package cache
[INFO] [stderr]  Downloading crates ...
[INFO] [stderr]   Downloaded terminal_size v0.2.1
[INFO] [stderr]   Downloaded bytes v1.2.1
[INFO] [stderr]   Downloaded fastrand v1.8.0
[INFO] [stderr]   Downloaded errno v0.2.8
[INFO] [stderr]   Downloaded wasm-bindgen-futures v0.4.33
[INFO] [stderr]   Downloaded tinyvec_macros v0.1.0
[INFO] [stderr]   Downloaded form_urlencoded v1.1.0
[INFO] [stderr]   Downloaded toml_edit v0.14.4
[INFO] [stderr]   Downloaded io-lifetimes v0.7.3
[INFO] [stderr]   Downloaded tempfile v3.3.0
[INFO] [stderr]   Downloaded jobserver v0.1.25
[INFO] [stderr]   Downloaded tokio-native-tls v0.3.0
[INFO] [stderr]   Downloaded native-tls v0.2.10
[INFO] [stderr]   Downloaded security-framework-sys v2.6.1
[INFO] [stderr]   Downloaded core-foundation-sys v0.8.3
[INFO] [stderr]   Downloaded openssl-macros v0.1.0
[INFO] [stderr]   Downloaded want v0.3.0
[INFO] [stderr]   Downloaded try-lock v0.2.3
[INFO] [stderr]   Downloaded futures-task v0.3.24
[INFO] [stderr]   Downloaded futures-io v0.3.24
[INFO] [stderr]   Downloaded pyproject-toml v0.3.1
[INFO] [stderr]   Downloaded socket2 v0.4.7
[INFO] [stderr]   Downloaded ipnet v2.5.0
[INFO] [stderr]   Downloaded slab v0.4.7
[INFO] [stderr]   Downloaded futures-channel v0.3.24
[INFO] [stderr]   Downloaded ptyprocess v0.3.0
[INFO] [stderr]   Downloaded conpty v0.3.0
[INFO] [stderr]   Downloaded clap_lex v0.3.0
[INFO] [stderr]   Downloaded heck v0.4.0
[INFO] [stderr]   Downloaded unicode-bidi v0.3.8
[INFO] [stderr]   Downloaded security-framework v2.3.1
[INFO] [stderr]   Downloaded schannel v0.1.20
[INFO] [stderr]   Downloaded fs_extra v1.2.0
[INFO] [stderr]   Downloaded polling v2.3.0
[INFO] [stderr]   Downloaded wepoll-ffi v0.1.2
[INFO] [stderr]   Downloaded clap_complete v4.0.5
[INFO] [stderr]   Downloaded os_str_bytes v6.3.0
[INFO] [stderr]   Downloaded clap_derive v4.0.21
[INFO] [stderr]   Downloaded url v2.3.1
[INFO] [stderr]   Downloaded openssl-sys v0.9.76
[INFO] [stderr]   Downloaded mime v0.3.16
[INFO] [stderr]   Downloaded base64 v0.13.0
[INFO] [stderr]   Downloaded combine v4.6.6
[INFO] [stderr]   Downloaded mio v0.8.4
[INFO] [stderr]   Downloaded tokio-util v0.7.4
[INFO] [stderr]   Downloaded expectrl v0.6.0
[INFO] [stderr]   Downloaded reqwest v0.11.12
[INFO] [stderr]   Downloaded http v0.2.8
[INFO] [stderr]   Downloaded h2 v0.3.14
[INFO] [stderr]   Downloaded hyper v0.14.20
[INFO] [stderr]   Downloaded futures-util v0.3.24
[INFO] [stderr]   Downloaded git2 v0.15.0
[INFO] [stderr]   Downloaded clap v4.0.23
[INFO] [stderr]   Downloaded openssl v0.10.42
[INFO] [stderr]   Downloaded nix v0.21.2
[INFO] [stderr]   Downloaded idna v0.3.0
[INFO] [stderr]   Downloaded rustix v0.35.11
[INFO] [stderr]   Downloaded nix v0.25.0
[INFO] [stderr]   Downloaded libssh2-sys v0.2.23
[INFO] [stderr]   Downloaded tokio v1.21.2
[INFO] [stderr]   Downloaded windows_aarch64_msvc v0.36.1
[INFO] [stderr]   Downloaded windows_x86_64_msvc v0.36.1
[INFO] [stderr]   Downloaded windows_i686_msvc v0.36.1
[INFO] [stderr]   Downloaded windows_x86_64_msvc v0.29.0
[INFO] [stderr]   Downloaded windows_aarch64_msvc v0.29.0
[INFO] [stderr]   Downloaded windows_x86_64_gnu v0.36.1
[INFO] [stderr]   Downloaded windows_i686_msvc v0.29.0
[INFO] [stderr]   Downloaded windows_x86_64_gnu v0.29.0
[INFO] [stderr]   Downloaded windows_i686_gnu v0.36.1
[INFO] [stderr]   Downloaded linux-raw-sys v0.0.46
[INFO] [stderr]   Downloaded windows_i686_gnu v0.29.0
[INFO] [stderr]   Downloaded encoding_rs v0.8.31
[INFO] [stderr]   Downloaded libgit2-sys v0.14.0+1.5.0
[INFO] [stderr]   Downloaded libz-sys v1.1.8
[INFO] [stderr]   Downloaded windows-sys v0.36.1
[INFO] [stderr]   Downloaded openssl-src v111.24.0+1.1.1s
[INFO] [stderr]   Downloaded windows v0.29.0
[INFO] running `Command { std: "docker" "create" "-v" "/var/lib/crater-agent-workspace/builds/worker-1-tc1/source:/opt/rustwide/workdir:ro,Z" "-v" "/var/lib/crater-agent-workspace/builds/worker-1-tc1/target:/opt/rustwide/target:rw,Z" "-v" "/var/lib/crater-agent-workspace/cargo-home:/opt/rustwide/cargo-home:ro,Z" "-v" "/var/lib/crater-agent-workspace/rustup-home:/opt/rustwide/rustup-home:ro,Z" "-m" "1610612736" "--network" "none" "ghcr.io/rust-lang/crates-build-env/linux@sha256:77db811e55d90add9212f6832c23229e3de5f1c1f9905e8cb07319ea15df73ac" "sleep" "infinity", kill_on_drop: false }`
[INFO] [stdout] 8f683da9f362da7797ad2f98ca4362b9343b350f64b4ff3942013d2f2c6c40fc
[INFO] running `Command { std: "docker" "start" "8f683da9f362da7797ad2f98ca4362b9343b350f64b4ff3942013d2f2c6c40fc", kill_on_drop: false }`
[INFO] running `Command { std: "docker" "inspect" "8f683da9f362da7797ad2f98ca4362b9343b350f64b4ff3942013d2f2c6c40fc", kill_on_drop: false }`
[INFO] running `Command { std: "docker" "exec" "-e" "SOURCE_DIR=/opt/rustwide/workdir" "-e" "CARGO_HOME=/opt/rustwide/cargo-home" "-e" "RUSTUP_HOME=/opt/rustwide/rustup-home" "-e" "CARGO_TARGET_DIR=/opt/rustwide/target" "-w" "/opt/rustwide/workdir" "--user" "0:0" "8f683da9f362da7797ad2f98ca4362b9343b350f64b4ff3942013d2f2c6c40fc" "/opt/rustwide/cargo-home/bin/cargo" "+1.99.0-beta.8" "metadata" "--no-deps" "--format-version=1", kill_on_drop: false }`
[INFO] running `Command { std: "docker" "inspect" "8f683da9f362da7797ad2f98ca4362b9343b350f64b4ff3942013d2f2c6c40fc", kill_on_drop: false }`
[INFO] running `Command { std: "docker" "exec" "-e" "SOURCE_DIR=/opt/rustwide/workdir" "-e" "CARGO_HOME=/opt/rustwide/cargo-home" "-e" "RUSTUP_HOME=/opt/rustwide/rustup-home" "-e" "CARGO_TARGET_DIR=/opt/rustwide/target" "-e" "CARGO_INCREMENTAL=0" "-e" "RUST_BACKTRACE=full" "-e" "RUSTFLAGS=--cap-lints=warn" "-e" "RUSTDOCFLAGS=--cap-lints=warn" "-w" "/opt/rustwide/workdir" "--user" "0:0" "8f683da9f362da7797ad2f98ca4362b9343b350f64b4ff3942013d2f2c6c40fc" "/opt/rustwide/cargo-home/bin/cargo" "+1.99.0-beta.8" "build" "--frozen" "--message-format=json" "--release", kill_on_drop: false }`
[INFO] [stderr]    Compiling libc v0.2.134
[INFO] [stderr]    Compiling proc-macro2 v1.0.46
[INFO] [stderr]    Compiling unicode-ident v1.0.4
[INFO] [stderr]    Compiling syn v1.0.102
[INFO] [stderr]    Compiling pkg-config v0.3.25
[INFO] [stderr]    Compiling bitflags v1.2.1
[INFO] [stderr]    Compiling bytes v1.2.1
[INFO] [stderr]    Compiling pin-project-lite v0.2.9
[INFO] [stderr]    Compiling futures-core v0.3.24
[INFO] [stderr]    Compiling tokio v1.21.2
[INFO] [stderr]    Compiling slab v0.4.7
[INFO] [stderr]    Compiling indexmap v1.9.1
[INFO] [stderr]    Compiling futures-task v0.3.24
[INFO] [stderr]    Compiling tracing-core v0.1.30
[INFO] [stderr]    Compiling proc-macro-error-attr v1.0.4
[INFO] [stderr]    Compiling futures-util v0.3.24
[INFO] [stderr]    Compiling openssl v0.10.42
[INFO] [stderr]    Compiling tinyvec_macros v0.1.0
[INFO] [stderr]    Compiling tinyvec v1.6.0
[INFO] [stderr]    Compiling proc-macro-error v1.0.4
[INFO] [stderr]    Compiling futures-sink v0.3.24
[INFO] [stderr]    Compiling native-tls v0.2.10
[INFO] [stderr]    Compiling percent-encoding v2.2.0
[INFO] [stderr]    Compiling futures-channel v0.3.24
[INFO] [stderr]    Compiling futures-io v0.3.24
[INFO] [stderr]    Compiling try-lock v0.2.3
[INFO] [stderr]    Compiling unicode-bidi v0.3.8
[INFO] [stderr]    Compiling io-lifetimes v0.7.3
[INFO] [stderr]    Compiling want v0.3.0
[INFO] [stderr]    Compiling polling v2.3.0
[INFO] [stderr]    Compiling os_str_bytes v6.3.0
[INFO] [stderr]    Compiling form_urlencoded v1.1.0
[INFO] [stderr]    Compiling httpdate v1.0.2
[INFO] [stderr]    Compiling heck v0.4.0
[INFO] [stderr]    Compiling serde_json v1.0.86
[INFO] [stderr]    Compiling quote v1.0.21
[INFO] [stderr]    Compiling rustix v0.35.11
[INFO] [stderr]    Compiling tracing v0.1.37
[INFO] [stderr]    Compiling encoding_rs v0.8.31
[INFO] [stderr]    Compiling http v0.2.8
[INFO] [stderr]    Compiling mio v0.8.4
[INFO] [stderr]    Compiling socket2 v0.4.7
[INFO] [stderr]    Compiling num_cpus v1.13.1
[INFO] [stderr]    Compiling clap_lex v0.3.0
[INFO] [stderr]    Compiling jobserver v0.1.25
[INFO] [stderr]    Compiling nix v0.21.2
[INFO] [stderr]    Compiling atty v0.2.14
[INFO] [stderr]    Compiling unicode-normalization v0.1.22
[INFO] [stderr]    Compiling strsim v0.10.0
[INFO] [stderr]    Compiling termcolor v1.1.3
[INFO] [stderr]    Compiling either v1.8.0
[INFO] [stderr]    Compiling linux-raw-sys v0.0.46
[INFO] [stderr]    Compiling cc v1.0.73
[INFO] [stderr]    Compiling nix v0.25.0
[INFO] [stderr]    Compiling itertools v0.10.5
[INFO] [stderr]    Compiling idna v0.3.0
[INFO] [stderr]    Compiling combine v4.6.6
[INFO] [stderr]    Compiling base64 v0.13.0
[INFO] [stderr]    Compiling mime v0.3.16
[INFO] [stderr]    Compiling ipnet v2.5.0
[INFO] [stderr]    Compiling http-body v0.4.5
[INFO] [stderr]    Compiling url v2.3.1
[INFO] [stderr]    Compiling fs_extra v1.2.0
[INFO] [stderr]    Compiling openssl-sys v0.9.76
[INFO] [stderr]    Compiling libz-sys v1.1.8
[INFO] [stderr]    Compiling libssh2-sys v0.2.23
[INFO] [stderr]    Compiling libgit2-sys v0.14.0+1.5.0
[INFO] [stderr]    Compiling glob v0.3.0
[INFO] [stderr]    Compiling terminal_size v0.2.1
[INFO] [stderr]    Compiling serde_derive v1.0.145
[INFO] [stderr]    Compiling openssl-macros v0.1.0
[INFO] [stderr]    Compiling clap_derive v4.0.21
[INFO] [stderr]    Compiling ptyprocess v0.3.0
[INFO] [stderr]    Compiling thiserror-impl v1.0.37
[INFO] [stderr]    Compiling expectrl v0.6.0
[INFO] [stderr]    Compiling thiserror v1.0.37
[INFO] [stderr]    Compiling tokio-util v0.7.4
[INFO] [stderr]    Compiling h2 v0.3.14
[INFO] [stderr]    Compiling clap v4.0.23
[INFO] [stderr]    Compiling serde v1.0.145
[INFO] [stderr]    Compiling tokio-native-tls v0.3.0
[INFO] [stderr]    Compiling clap_complete v4.0.5
[INFO] [stderr]    Compiling hyper v0.14.20
[INFO] [stderr]    Compiling serde_urlencoded v0.7.1
[INFO] [stderr]    Compiling toml v0.5.9
[INFO] [stderr]    Compiling toml_edit v0.14.4
[INFO] [stderr]    Compiling hyper-tls v0.5.0
[INFO] [stderr]    Compiling pyproject-toml v0.3.1
[INFO] [stderr]    Compiling reqwest v0.11.12
[INFO] [stderr]    Compiling git2 v0.15.0
[INFO] [stderr]    Compiling huak v0.0.8-alpha.2 (/opt/rustwide/workdir)
[INFO] [stdout] warning: trait `BinaryError` is never used
[INFO] [stdout]  --> src/huak/errors.rs:5:7
[INFO] [stdout]   |
[INFO] [stdout] 5 | trait BinaryError {}
[INFO] [stdout]   |       ^^^^^^^^^^^
[INFO] [stdout]   |
[INFO] [stdout]   = note: `#[warn(dead_code)]` (part of `#[warn(unused)]`) on by default
[INFO] [stdout] 
[INFO] [stdout] 
[INFO] [stdout] warning: field `status_code` is never read
[INFO] [stdout]   --> src/bin/huak/errors.rs:14:9
[INFO] [stdout]    |
[INFO] [stdout] 10 | pub struct CliError {
[INFO] [stdout]    |            -------- field in this struct
[INFO] [stdout] ...
[INFO] [stdout] 14 |     pub status_code: Option<i32>,
[INFO] [stdout]    |         ^^^^^^^^^^^
[INFO] [stdout]    |
[INFO] [stdout]    = note: `CliError` has a derived impl for the trait `Debug`, but this is intentionally ignored during dead code analysis
[INFO] [stdout]    = note: `#[warn(dead_code)]` (part of `#[warn(unused)]`) on by default
[INFO] [stdout] 
[INFO] [stdout] 
[INFO] [stderr]     Finished `release` profile [optimized] target(s) in 2m 24s
[INFO] [stderr] warning: the following packages contain code that will be rejected by a future version of Rust: fs_extra v1.2.0, openssl v0.10.42
[INFO] [stderr] note: to see what the problems were, use the option `--future-incompat-report`, or run `cargo report future-incompatibilities --id 3`
[INFO] running `Command { std: "docker" "inspect" "8f683da9f362da7797ad2f98ca4362b9343b350f64b4ff3942013d2f2c6c40fc", kill_on_drop: false }`
[INFO] running `Command { std: "docker" "exec" "-e" "SOURCE_DIR=/opt/rustwide/workdir" "-e" "CARGO_HOME=/opt/rustwide/cargo-home" "-e" "RUSTUP_HOME=/opt/rustwide/rustup-home" "-e" "CARGO_TARGET_DIR=/opt/rustwide/target" "-e" "CARGO_INCREMENTAL=0" "-e" "RUST_BACKTRACE=full" "-e" "RUSTFLAGS=--cap-lints=warn" "-e" "RUSTDOCFLAGS=--cap-lints=warn" "-w" "/opt/rustwide/workdir" "--user" "0:0" "8f683da9f362da7797ad2f98ca4362b9343b350f64b4ff3942013d2f2c6c40fc" "/opt/rustwide/cargo-home/bin/cargo" "+1.99.0-beta.8" "test" "--frozen" "--no-run" "--message-format=json" "--release", kill_on_drop: false }`
[INFO] [stderr]    Compiling remove_dir_all v0.5.3
[INFO] [stderr]    Compiling fastrand v1.8.0
[INFO] [stdout] warning: trait `BinaryError` is never used
[INFO] [stdout]  --> src/huak/errors.rs:5:7
[INFO] [stdout]   |
[INFO] [stdout] 5 | trait BinaryError {}
[INFO] [stdout]   |       ^^^^^^^^^^^
[INFO] [stdout]   |
[INFO] [stdout]   = note: `#[warn(dead_code)]` (part of `#[warn(unused)]`) on by default
[INFO] [stdout] 
[INFO] [stdout] 
[INFO] [stderr]    Compiling tempfile v3.3.0
[INFO] [stderr]    Compiling huak v0.0.8-alpha.2 (/opt/rustwide/workdir)
[INFO] [stdout] warning: field `status_code` is never read
[INFO] [stdout]   --> src/bin/huak/errors.rs:14:9
[INFO] [stdout]    |
[INFO] [stdout] 10 | pub struct CliError {
[INFO] [stdout]    |            -------- field in this struct
[INFO] [stdout] ...
[INFO] [stdout] 14 |     pub status_code: Option<i32>,
[INFO] [stdout]    |         ^^^^^^^^^^^
[INFO] [stdout]    |
[INFO] [stdout]    = note: `CliError` has a derived impl for the trait `Debug`, but this is intentionally ignored during dead code analysis
[INFO] [stdout]    = note: `#[warn(dead_code)]` (part of `#[warn(unused)]`) on by default
[INFO] [stdout] 
[INFO] [stdout] 
[INFO] [stdout] warning: trait `BinaryError` is never used
[INFO] [stdout]  --> src/huak/errors.rs:5:7
[INFO] [stdout]   |
[INFO] [stdout] 5 | trait BinaryError {}
[INFO] [stdout]   |       ^^^^^^^^^^^
[INFO] [stdout]   |
[INFO] [stdout]   = note: `#[warn(dead_code)]` (part of `#[warn(unused)]`) on by default
[INFO] [stdout] 
[INFO] [stdout] 
[INFO] [stderr]     Finished `release` profile [optimized] target(s) in 6.95s
[INFO] [stderr] warning: the following packages contain code that will be rejected by a future version of Rust: fs_extra v1.2.0, openssl v0.10.42
[INFO] [stderr] note: to see what the problems were, use the option `--future-incompat-report`, or run `cargo report future-incompatibilities --id 3`
[INFO] running `Command { std: "docker" "inspect" "8f683da9f362da7797ad2f98ca4362b9343b350f64b4ff3942013d2f2c6c40fc", kill_on_drop: false }`
[INFO] running `Command { std: "docker" "exec" "-e" "SOURCE_DIR=/opt/rustwide/workdir" "-e" "CARGO_HOME=/opt/rustwide/cargo-home" "-e" "RUSTUP_HOME=/opt/rustwide/rustup-home" "-e" "CARGO_TARGET_DIR=/opt/rustwide/target" "-e" "CARGO_INCREMENTAL=0" "-e" "RUST_BACKTRACE=full" "-e" "RUSTFLAGS=--cap-lints=warn" "-e" "RUSTDOCFLAGS=--cap-lints=warn" "-w" "/opt/rustwide/workdir" "--user" "0:0" "8f683da9f362da7797ad2f98ca4362b9343b350f64b4ff3942013d2f2c6c40fc" "/opt/rustwide/cargo-home/bin/cargo" "+1.99.0-beta.8" "test" "--frozen" "--release", kill_on_drop: false }`
[INFO] [stderr] warning: trait `BinaryError` is never used
[INFO] [stderr]  --> src/huak/errors.rs:5:7
[INFO] [stderr]   |
[INFO] [stderr] 5 | trait BinaryError {}
[INFO] [stderr]   |       ^^^^^^^^^^^
[INFO] [stderr]   |
[INFO] [stderr]   = note: `#[warn(dead_code)]` (part of `#[warn(unused)]`) on by default
[INFO] [stderr] 
[INFO] [stderr] warning: `huak` (lib) generated 1 warning
[INFO] [stderr] warning: field `status_code` is never read
[INFO] [stderr]   --> src/bin/huak/errors.rs:14:9
[INFO] [stderr]    |
[INFO] [stderr] 10 | pub struct CliError {
[INFO] [stderr]    |            -------- field in this struct
[INFO] [stderr] ...
[INFO] [stderr] 14 |     pub status_code: Option<i32>,
[INFO] [stderr]    |         ^^^^^^^^^^^
[INFO] [stderr]    |
[INFO] [stderr]    = note: `CliError` has a derived impl for the trait `Debug`, but this is intentionally ignored during dead code analysis
[INFO] [stderr]    = note: `#[warn(dead_code)]` (part of `#[warn(unused)]`) on by default
[INFO] [stderr] 
[INFO] [stderr] warning: `huak` (bin "huak" test) generated 1 warning
[INFO] [stderr] warning: `huak` (lib test) generated 1 warning (1 duplicate)
[INFO] [stderr]     Finished `release` profile [optimized] target(s) in 0.18s
[INFO] [stderr] warning: the following packages contain code that will be rejected by a future version of Rust: fs_extra v1.2.0, openssl v0.10.42
[INFO] [stderr] note: to see what the problems were, use the option `--future-incompat-report`, or run `cargo report future-incompatibilities --id 3`
[INFO] [stderr]      Running unittests src/huak/lib.rs (/opt/rustwide/target/release/deps/huak-b3d2603ca98be5bd)
[INFO] [stdout] 
[INFO] [stdout] running 30 tests
[INFO] [stdout] test ops::activate::tests::venv_can_be_activated ... ignored, currently untestable
[INFO] [stdout] test config::pyproject::toml::tests::deserialize ... ok
[INFO] [stdout] test config::pyproject::toml::tests::deserialize_array_of_authors ... ok
[INFO] [stdout] test config::pyproject::build_system::tests::build_system ... ok
[INFO] [stdout] test ops::init::tests::toml ... ok
[INFO] [stdout] test ops::new::tests::create_lib_project ... ok
[INFO] [stdout] test ops::run::tests::run ... ignored, currently untestable
[INFO] [stdout] test env::system::tests::test_python_search_linux ... ok
[INFO] [stdout] test package::python::tests::display_python_package ... ok
[INFO] [stdout] test package::python::tests::display_version_operator ... ok
[INFO] [stdout] test package::python::tests::create_python_package_struct_from_string ... ok
[INFO] [stdout] test package::python::tests::enum_version_operator_from_string ... ok
[INFO] [stdout] test config::pyproject::toml::tests::serialize ... ok
[INFO] [stdout] test env::venv::tests::default ... ok
[INFO] [stdout] test package::python::tests::py_pkg_with_multiple_version_specifier ... ok
[INFO] [stdout] test ops::new::tests::create_app_project ... ok
[INFO] [stdout] test utils::path::tests::test_search_parents_for_filepath ... ok
[INFO] [stdout] test utils::path::tests::test_copy_dir ... ok
[INFO] [stdout] test project::tests::from ... ok
[INFO] [stdout] test ops::new::tests::initialize_git ... ok
[INFO] [stderr] Error: [Errno 30] Read-only file system: '/opt/rustwide/workdir/.venv'
[INFO] [stderr] Error: [Errno 30] Read-only file system: '/opt/rustwide/workdir/.venv'
[INFO] [stderr] Error: [Errno 30] Read-only file system: '/opt/rustwide/workdir/.venv'
[INFO] [stderr] Error: [Errno 30] Read-only file system: '/opt/rustwide/workdir/.venv'
[INFO] [stdout] test ops::clean::tests::clean ... FAILED
[INFO] [stdout] test ops::activate::tests::venv_cant_be_activated ... FAILED
[INFO] [stderr] Error: [Errno 30] Read-only file system: '/opt/rustwide/workdir/.venv'
[INFO] [stderr] Error: [Errno 30] Read-only file system: '/opt/rustwide/workdir/.venv'
[INFO] [stderr] Error: [Errno 30] Read-only file system: '/opt/rustwide/workdir/.venv'
[INFO] [stderr] Error: [Errno 30] Read-only file system: '/opt/rustwide/workdir/.venv'
[INFO] [stderr] Error: [Errno 30] Read-only file system: '/opt/rustwide/workdir/.venv'
[INFO] [stdout] The virtual environment was not created successfully because ensurepip is not
[INFO] [stdout] available.  On Debian/Ubuntu systems, you need to install the python3-venv
[INFO] [stdout] package using the following command.
[INFO] [stdout] 
[INFO] [stdout]     apt install python3.14-venv
[INFO] [stdout] 
[INFO] [stdout] You may need to use sudo with that command.  After installing the python3-venv
[INFO] [stdout] package, recreate your virtual environment.
[INFO] [stdout] 
[INFO] [stdout] Failing command: /tmp/.tmpQnhNa7/.venv/bin/python3
[INFO] [stdout] 
[INFO] [stdout] test ops::build::tests::build ... FAILED
[INFO] [stdout] test ops::fix::tests::fix ... FAILED
[INFO] [stdout] test env::venv::tests::from ... FAILED
[INFO] [stdout] test ops::install::tests::installs_dependencies ... FAILED
[INFO] [stdout] test ops::remove::tests::removes_dependencies ... FAILED
[INFO] [stdout] test ops::fmt::tests::fmt ... FAILED
[INFO] [stdout] test ops::new::tests::creates_project ... FAILED
[INFO] [stdout] test ops::add::tests::adds_dependencies ... FAILED
[INFO] [stdout] 
[INFO] [stdout] failures:
[INFO] [stdout] 
[INFO] [stderr] error: test failed, to rerun pass `--lib`
[INFO] [stdout] ---- ops::clean::tests::clean stdout ----
[INFO] [stdout] resource archive does not exist
[INFO] [stdout] Creating venv /opt/rustwide/workdir/.venv
[INFO] [stdout] 
[INFO] [stdout] thread 'ops::clean::tests::clean' (3552) panicked at src/huak/ops/clean.rs:101:65:
[INFO] [stdout] called `Result::unwrap()` on an `Err` value: UnknownError("")
[INFO] [stdout] stack backtrace:
[INFO] [stdout]    0:     0x611a0bd14d91 - <<std[70759c8f55707aa4]::sys::backtrace::BacktraceLock>::print::DisplayBacktrace as core[df12db4294e9bfd3]::fmt::Display>::fmt
[INFO] [stdout]    1:     0x611a0bd2c69a - core[df12db4294e9bfd3]::fmt::write
[INFO] [stdout]    2:     0x611a0bd19e8c - <alloc[2182bb758b4b3781]::vec::Vec<u8> as core[df12db4294e9bfd3]::io::write::Write>::write_fmt
[INFO] [stdout]    3:     0x611a0bcec516 - std[70759c8f55707aa4]::panicking::default_hook::{closure#0}
[INFO] [stdout]    4:     0x611a0bd0ab89 - std[70759c8f55707aa4]::panicking::default_hook
[INFO] [stdout]    5:     0x611a0bbcbba0 - test[9d35eded1c95d3be]::test_main_inner::<test[9d35eded1c95d3be]::test_main_static::{closure#0}>::{closure#0}
[INFO] [stdout]    6:     0x611a0bd0aeb2 - std[70759c8f55707aa4]::panicking::panic_with_hook
[INFO] [stdout]    7:     0x611a0bcec5c2 - std[70759c8f55707aa4]::panicking::panic_handler::{closure#0}
[INFO] [stdout]    8:     0x611a0bce4d09 - std[70759c8f55707aa4]::sys::backtrace::__rust_end_short_backtrace::<std[70759c8f55707aa4]::panicking::panic_handler::{closure#0}, !>
[INFO] [stdout]    9:     0x611a0bced64d - __rustc[8fa7c3cbc660c2b3]::rust_begin_unwind
[INFO] [stdout]   10:     0x611a0bd2cdfc - core[df12db4294e9bfd3]::panicking::panic_fmt
[INFO] [stdout]   11:     0x611a0bd2cbd2 - core[df12db4294e9bfd3]::result::unwrap_failed
[INFO] [stdout]   12:     0x611a0b9ee44d - huak[ec34a830b512df8c]::ops::clean::tests::clean
[INFO] [stdout]   13:     0x611a0ba0c4e9 - <huak[ec34a830b512df8c]::ops::clean::tests::clean::{closure#0} as core[df12db4294e9bfd3]::ops::function::FnOnce<()>>::call_once
[INFO] [stdout]   14:     0x611a0bbbee8b - test[9d35eded1c95d3be]::__rust_begin_short_backtrace::<core[df12db4294e9bfd3]::result::Result<(), alloc[2182bb758b4b3781]::string::String>, fn() -> core[df12db4294e9bfd3]::result::Result<(), alloc[2182bb758b4b3781]::string::String>>
[INFO] [stdout]   15:     0x611a0bbcc4f5 - test[9d35eded1c95d3be]::run_test::{closure#0}
[INFO] [stdout]   16:     0x611a0bbc5db4 - std[70759c8f55707aa4]::sys::backtrace::__rust_begin_short_backtrace::<test[9d35eded1c95d3be]::run_test::{closure#1}, ()>
[INFO] [stdout]   17:     0x611a0bbcf652 - <std[70759c8f55707aa4]::thread::lifecycle::spawn_unchecked<test[9d35eded1c95d3be]::run_test::{closure#1}, ()>::{closure#1} as core[df12db4294e9bfd3]::ops::function::FnOnce<()>>::call_once::{shim:vtable#0}
[INFO] [stdout]   18:     0x611a0bd13af9 - <std[70759c8f55707aa4]::sys::thread::unix::Thread>::new::thread_start
[INFO] [stdout]   19:     0x7fb0a08e8dfa - <unknown>
[INFO] [stdout]   20:     0x7fb0a097c3d4 - clone
[INFO] [stdout]   21:                0x0 - <unknown>
[INFO] [stdout] 
[INFO] [stdout] ---- ops::activate::tests::venv_cant_be_activated stdout ----
[INFO] [stdout] resource archive does not exist
[INFO] [stdout] Creating venv /opt/rustwide/workdir/.venv
[INFO] [stdout] 
[INFO] [stdout] thread 'ops::activate::tests::venv_cant_be_activated' (3549) panicked at src/huak/ops/activate.rs:39:50:
[INFO] [stdout] called `Result::unwrap()` on an `Err` value: UnknownError("")
[INFO] [stdout] stack backtrace:
[INFO] [stdout]    0:     0x611a0bd14d91 - <<std[70759c8f55707aa4]::sys::backtrace::BacktraceLock>::print::DisplayBacktrace as core[df12db4294e9bfd3]::fmt::Display>::fmt
[INFO] [stdout]    1:     0x611a0bd2c69a - core[df12db4294e9bfd3]::fmt::write
[INFO] [stdout]    2:     0x611a0bd19e8c - <alloc[2182bb758b4b3781]::vec::Vec<u8> as core[df12db4294e9bfd3]::io::write::Write>::write_fmt
[INFO] [stdout]    3:     0x611a0bcec516 - std[70759c8f55707aa4]::panicking::default_hook::{closure#0}
[INFO] [stdout]    4:     0x611a0bd0ab89 - std[70759c8f55707aa4]::panicking::default_hook
[INFO] [stdout]    5:     0x611a0bbcbba0 - test[9d35eded1c95d3be]::test_main_inner::<test[9d35eded1c95d3be]::test_main_static::{closure#0}>::{closure#0}
[INFO] [stdout]    6:     0x611a0bd0aeb2 - std[70759c8f55707aa4]::panicking::panic_with_hook
[INFO] [stdout]    7:     0x611a0bcec5c2 - std[70759c8f55707aa4]::panicking::panic_handler::{closure#0}
[INFO] [stdout]    8:     0x611a0bce4d09 - std[70759c8f55707aa4]::sys::backtrace::__rust_end_short_backtrace::<std[70759c8f55707aa4]::panicking::panic_handler::{closure#0}, !>
[INFO] [stdout]    9:     0x611a0bced64d - __rustc[8fa7c3cbc660c2b3]::rust_begin_unwind
[INFO] [stdout]   10:     0x611a0bd2cdfc - core[df12db4294e9bfd3]::panicking::panic_fmt
[INFO] [stdout]   11:     0x611a0bd2cbd2 - core[df12db4294e9bfd3]::result::unwrap_failed
[INFO] [stdout]   12:     0x611a0ba1011e - huak[ec34a830b512df8c]::ops::activate::tests::venv_cant_be_activated
[INFO] [stdout]   13:     0x611a0ba0c569 - <huak[ec34a830b512df8c]::ops::activate::tests::venv_cant_be_activated::{closure#0} as core[df12db4294e9bfd3]::ops::function::FnOnce<()>>::call_once
[INFO] [stdout]   14:     0x611a0bbbee8b - test[9d35eded1c95d3be]::__rust_begin_short_backtrace::<core[df12db4294e9bfd3]::result::Result<(), alloc[2182bb758b4b3781]::string::String>, fn() -> core[df12db4294e9bfd3]::result::Result<(), alloc[2182bb758b4b3781]::string::String>>
[INFO] [stdout]   15:     0x611a0bbcc4f5 - test[9d35eded1c95d3be]::run_test::{closure#0}
[INFO] [stdout]   16:     0x611a0bbc5db4 - std[70759c8f55707aa4]::sys::backtrace::__rust_begin_short_backtrace::<test[9d35eded1c95d3be]::run_test::{closure#1}, ()>
[INFO] [stdout]   17:     0x611a0bbcf652 - <std[70759c8f55707aa4]::thread::lifecycle::spawn_unchecked<test[9d35eded1c95d3be]::run_test::{closure#1}, ()>::{closure#1} as core[df12db4294e9bfd3]::ops::function::FnOnce<()>>::call_once::{shim:vtable#0}
[INFO] [stdout]   18:     0x611a0bd13af9 - <std[70759c8f55707aa4]::sys::thread::unix::Thread>::new::thread_start
[INFO] [stdout]   19:     0x7fb0a08e8dfa - <unknown>
[INFO] [stdout]   20:     0x7fb0a097c3d4 - clone
[INFO] [stdout]   21:                0x0 - <unknown>
[INFO] [stdout] 
[INFO] [stdout] ---- ops::build::tests::build stdout ----
[INFO] [stdout] resource archive does not exist
[INFO] [stdout] Creating venv /opt/rustwide/workdir/.venv
[INFO] [stdout] 
[INFO] [stdout] thread 'ops::build::tests::build' (3551) panicked at src/huak/ops/build.rs:36:50:
[INFO] [stdout] called `Result::unwrap()` on an `Err` value: UnknownError("")
[INFO] [stdout] stack backtrace:
[INFO] [stdout]    0:     0x611a0bd14d91 - <<std[70759c8f55707aa4]::sys::backtrace::BacktraceLock>::print::DisplayBacktrace as core[df12db4294e9bfd3]::fmt::Display>::fmt
[INFO] [stdout]    1:     0x611a0bd2c69a - core[df12db4294e9bfd3]::fmt::write
[INFO] [stdout]    2:     0x611a0bd19e8c - <alloc[2182bb758b4b3781]::vec::Vec<u8> as core[df12db4294e9bfd3]::io::write::Write>::write_fmt
[INFO] [stdout]    3:     0x611a0bcec516 - std[70759c8f55707aa4]::panicking::default_hook::{closure#0}
[INFO] [stdout]    4:     0x611a0bd0ab89 - std[70759c8f55707aa4]::panicking::default_hook
[INFO] [stdout]    5:     0x611a0bbcbba0 - test[9d35eded1c95d3be]::test_main_inner::<test[9d35eded1c95d3be]::test_main_static::{closure#0}>::{closure#0}
[INFO] [stdout]    6:     0x611a0bd0aeb2 - std[70759c8f55707aa4]::panicking::panic_with_hook
[INFO] [stdout]    7:     0x611a0bcec5c2 - std[70759c8f55707aa4]::panicking::panic_handler::{closure#0}
[INFO] [stdout]    8:     0x611a0bce4d09 - std[70759c8f55707aa4]::sys::backtrace::__rust_end_short_backtrace::<std[70759c8f55707aa4]::panicking::panic_handler::{closure#0}, !>
[INFO] [stdout]    9:     0x611a0bced64d - __rustc[8fa7c3cbc660c2b3]::rust_begin_unwind
[INFO] [stdout]   10:     0x611a0bd2cdfc - core[df12db4294e9bfd3]::panicking::panic_fmt
[INFO] [stdout]   11:     0x611a0bd2cbd2 - core[df12db4294e9bfd3]::result::unwrap_failed
[INFO] [stdout]   12:     0x611a0ba14137 - huak[ec34a830b512df8c]::ops::build::tests::build
[INFO] [stdout]   13:     0x611a0ba0c4c9 - <huak[ec34a830b512df8c]::ops::build::tests::build::{closure#0} as core[df12db4294e9bfd3]::ops::function::FnOnce<()>>::call_once
[INFO] [stdout]   14:     0x611a0bbbee8b - test[9d35eded1c95d3be]::__rust_begin_short_backtrace::<core[df12db4294e9bfd3]::result::Result<(), alloc[2182bb758b4b3781]::string::String>, fn() -> core[df12db4294e9bfd3]::result::Result<(), alloc[2182bb758b4b3781]::string::String>>
[INFO] [stdout]   15:     0x611a0bbcc4f5 - test[9d35eded1c95d3be]::run_test::{closure#0}
[INFO] [stdout]   16:     0x611a0bbc5db4 - std[70759c8f55707aa4]::sys::backtrace::__rust_begin_short_backtrace::<test[9d35eded1c95d3be]::run_test::{closure#1}, ()>
[INFO] [stdout]   17:     0x611a0bbcf652 - <std[70759c8f55707aa4]::thread::lifecycle::spawn_unchecked<test[9d35eded1c95d3be]::run_test::{closure#1}, ()>::{closure#1} as core[df12db4294e9bfd3]::ops::function::FnOnce<()>>::call_once::{shim:vtable#0}
[INFO] [stdout]   18:     0x611a0bd13af9 - <std[70759c8f55707aa4]::sys::thread::unix::Thread>::new::thread_start
[INFO] [stdout]   19:     0x7fb0a08e8dfa - <unknown>
[INFO] [stdout]   20:     0x7fb0a097c3d4 - clone
[INFO] [stdout]   21:                0x0 - <unknown>
[INFO] [stdout] 
[INFO] [stdout] ---- ops::fix::tests::fix stdout ----
[INFO] [stdout] resource archive does not exist
[INFO] [stdout] Creating venv /opt/rustwide/workdir/.venv
[INFO] [stdout] 
[INFO] [stdout] thread 'ops::fix::tests::fix' (3553) panicked at src/huak/ops/fix.rs:31:50:
[INFO] [stdout] called `Result::unwrap()` on an `Err` value: UnknownError("")
[INFO] [stdout] stack backtrace:
[INFO] [stdout]    0:     0x611a0bd14d91 - <<std[70759c8f55707aa4]::sys::backtrace::BacktraceLock>::print::DisplayBacktrace as core[df12db4294e9bfd3]::fmt::Display>::fmt
[INFO] [stdout]    1:     0x611a0bd2c69a - core[df12db4294e9bfd3]::fmt::write
[INFO] [stdout]    2:     0x611a0bd19e8c - <alloc[2182bb758b4b3781]::vec::Vec<u8> as core[df12db4294e9bfd3]::io::write::Write>::write_fmt
[INFO] [stdout]    3:     0x611a0bcec516 - std[70759c8f55707aa4]::panicking::default_hook::{closure#0}
[INFO] [stdout]    4:     0x611a0bd0ab89 - std[70759c8f55707aa4]::panicking::default_hook
[INFO] [stdout]    5:     0x611a0bbcbba0 - test[9d35eded1c95d3be]::test_main_inner::<test[9d35eded1c95d3be]::test_main_static::{closure#0}>::{closure#0}
[INFO] [stdout]    6:     0x611a0bd0aeb2 - std[70759c8f55707aa4]::panicking::panic_with_hook
[INFO] [stdout]    7:     0x611a0bcec5c2 - std[70759c8f55707aa4]::panicking::panic_handler::{closure#0}
[INFO] [stdout]    8:     0x611a0bce4d09 - std[70759c8f55707aa4]::sys::backtrace::__rust_end_short_backtrace::<std[70759c8f55707aa4]::panicking::panic_handler::{closure#0}, !>
[INFO] [stdout]    9:     0x611a0bced64d - __rustc[8fa7c3cbc660c2b3]::rust_begin_unwind
[INFO] [stdout]   10:     0x611a0bd2cdfc - core[df12db4294e9bfd3]::panicking::panic_fmt
[INFO] [stdout]   11:     0x611a0bd2cbd2 - core[df12db4294e9bfd3]::result::unwrap_failed
[INFO] [stdout]   12:     0x611a0b9f5ecf - huak[ec34a830b512df8c]::ops::fix::tests::fix
[INFO] [stdout]   13:     0x611a0ba0c3c9 - <huak[ec34a830b512df8c]::ops::fix::tests::fix::{closure#0} as core[df12db4294e9bfd3]::ops::function::FnOnce<()>>::call_once
[INFO] [stdout]   14:     0x611a0bbbee8b - test[9d35eded1c95d3be]::__rust_begin_short_backtrace::<core[df12db4294e9bfd3]::result::Result<(), alloc[2182bb758b4b3781]::string::String>, fn() -> core[df12db4294e9bfd3]::result::Result<(), alloc[2182bb758b4b3781]::string::String>>
[INFO] [stdout]   15:     0x611a0bbcc4f5 - test[9d35eded1c95d3be]::run_test::{closure#0}
[INFO] [stdout]   16:     0x611a0bbc5db4 - std[70759c8f55707aa4]::sys::backtrace::__rust_begin_short_backtrace::<test[9d35eded1c95d3be]::run_test::{closure#1}, ()>
[INFO] [stdout]   17:     0x611a0bbcf652 - <std[70759c8f55707aa4]::thread::lifecycle::spawn_unchecked<test[9d35eded1c95d3be]::run_test::{closure#1}, ()>::{closure#1} as core[df12db4294e9bfd3]::ops::function::FnOnce<()>>::call_once::{shim:vtable#0}
[INFO] [stdout]   18:     0x611a0bd13af9 - <std[70759c8f55707aa4]::sys::thread::unix::Thread>::new::thread_start
[INFO] [stdout]   19:     0x7fb0a08e8dfa - <unknown>
[INFO] [stdout]   20:     0x7fb0a097c3d4 - clone
[INFO] [stdout]   21:                0x0 - <unknown>
[INFO] [stdout] 
[INFO] [stdout] ---- env::venv::tests::from stdout ----
[INFO] [stdout] Creating venv /tmp/.tmpQnhNa7/.venv
[INFO] [stdout] 
[INFO] [stdout] thread 'env::venv::tests::from' (3548) panicked at src/huak/env/venv.rs:331:29:
[INFO] [stdout] called `Result::unwrap()` on an `Err` value: UnknownError("")
[INFO] [stdout] stack backtrace:
[INFO] [stdout]    0:     0x611a0bd14d91 - <<std[70759c8f55707aa4]::sys::backtrace::BacktraceLock>::print::DisplayBacktrace as core[df12db4294e9bfd3]::fmt::Display>::fmt
[INFO] [stdout]    1:     0x611a0bd2c69a - core[df12db4294e9bfd3]::fmt::write
[INFO] [stdout]    2:     0x611a0bd19e8c - <alloc[2182bb758b4b3781]::vec::Vec<u8> as core[df12db4294e9bfd3]::io::write::Write>::write_fmt
[INFO] [stdout]    3:     0x611a0bcec516 - std[70759c8f55707aa4]::panicking::default_hook::{closure#0}
[INFO] [stdout]    4:     0x611a0bd0ab89 - std[70759c8f55707aa4]::panicking::default_hook
[INFO] [stdout]    5:     0x611a0bbcbba0 - test[9d35eded1c95d3be]::test_main_inner::<test[9d35eded1c95d3be]::test_main_static::{closure#0}>::{closure#0}
[INFO] [stdout]    6:     0x611a0bd0aeb2 - std[70759c8f55707aa4]::panicking::panic_with_hook
[INFO] [stdout]    7:     0x611a0bcec5c2 - std[70759c8f55707aa4]::panicking::panic_handler::{closure#0}
[INFO] [stdout]    8:     0x611a0bce4d09 - std[70759c8f55707aa4]::sys::backtrace::__rust_end_short_backtrace::<std[70759c8f55707aa4]::panicking::panic_handler::{closure#0}, !>
[INFO] [stdout]    9:     0x611a0bced64d - __rustc[8fa7c3cbc660c2b3]::rust_begin_unwind
[INFO] [stdout]   10:     0x611a0bd2cdfc - core[df12db4294e9bfd3]::panicking::panic_fmt
[INFO] [stdout]   11:     0x611a0bd2cbd2 - core[df12db4294e9bfd3]::result::unwrap_failed
[INFO] [stdout]   12:     0x611a0ba1337f - huak[ec34a830b512df8c]::env::venv::tests::from
[INFO] [stdout]   13:     0x611a0ba0c349 - <huak[ec34a830b512df8c]::env::venv::tests::from::{closure#0} as core[df12db4294e9bfd3]::ops::function::FnOnce<()>>::call_once
[INFO] [stdout]   14:     0x611a0bbbee8b - test[9d35eded1c95d3be]::__rust_begin_short_backtrace::<core[df12db4294e9bfd3]::result::Result<(), alloc[2182bb758b4b3781]::string::String>, fn() -> core[df12db4294e9bfd3]::result::Result<(), alloc[2182bb758b4b3781]::string::String>>
[INFO] [stdout]   15:     0x611a0bbcc4f5 - test[9d35eded1c95d3be]::run_test::{closure#0}
[INFO] [stdout]   16:     0x611a0bbc5db4 - std[70759c8f55707aa4]::sys::backtrace::__rust_begin_short_backtrace::<test[9d35eded1c95d3be]::run_test::{closure#1}, ()>
[INFO] [stdout]   17:     0x611a0bbcf652 - <std[70759c8f55707aa4]::thread::lifecycle::spawn_unchecked<test[9d35eded1c95d3be]::run_test::{closure#1}, ()>::{closure#1} as core[df12db4294e9bfd3]::ops::function::FnOnce<()>>::call_once::{shim:vtable#0}
[INFO] [stdout]   18:     0x611a0bd13af9 - <std[70759c8f55707aa4]::sys::thread::unix::Thread>::new::thread_start
[INFO] [stdout]   19:     0x7fb0a08e8dfa - <unknown>
[INFO] [stdout]   20:     0x7fb0a097c3d4 - clone
[INFO] [stdout]   21:                0x0 - <unknown>
[INFO] [stdout] 
[INFO] [stdout] ---- ops::install::tests::installs_dependencies stdout ----
[INFO] [stdout] resource archive does not exist
[INFO] [stdout] Creating venv /opt/rustwide/workdir/.venv
[INFO] [stdout] 
[INFO] [stdout] thread 'ops::install::tests::installs_dependencies' (3556) panicked at src/huak/ops/install.rs:70:50:
[INFO] [stdout] called `Result::unwrap()` on an `Err` value: UnknownError("")
[INFO] [stdout] stack backtrace:
[INFO] [stdout]    0:     0x611a0bd14d91 - <<std[70759c8f55707aa4]::sys::backtrace::BacktraceLock>::print::DisplayBacktrace as core[df12db4294e9bfd3]::fmt::Display>::fmt
[INFO] [stdout]    1:     0x611a0bd2c69a - core[df12db4294e9bfd3]::fmt::write
[INFO] [stdout]    2:     0x611a0bd19e8c - <alloc[2182bb758b4b3781]::vec::Vec<u8> as core[df12db4294e9bfd3]::io::write::Write>::write_fmt
[INFO] [stdout]    3:     0x611a0bcec516 - std[70759c8f55707aa4]::panicking::default_hook::{closure#0}
[INFO] [stdout]    4:     0x611a0bd0ab89 - std[70759c8f55707aa4]::panicking::default_hook
[INFO] [stdout]    5:     0x611a0bbcbba0 - test[9d35eded1c95d3be]::test_main_inner::<test[9d35eded1c95d3be]::test_main_static::{closure#0}>::{closure#0}
[INFO] [stdout]    6:     0x611a0bd0aeb2 - std[70759c8f55707aa4]::panicking::panic_with_hook
[INFO] [stdout]    7:     0x611a0bcec5c2 - std[70759c8f55707aa4]::panicking::panic_handler::{closure#0}
[INFO] [stdout]    8:     0x611a0bce4d09 - std[70759c8f55707aa4]::sys::backtrace::__rust_end_short_backtrace::<std[70759c8f55707aa4]::panicking::panic_handler::{closure#0}, !>
[INFO] [stdout]    9:     0x611a0bced64d - __rustc[8fa7c3cbc660c2b3]::rust_begin_unwind
[INFO] [stdout]   10:     0x611a0bd2cdfc - core[df12db4294e9bfd3]::panicking::panic_fmt
[INFO] [stdout]   11:     0x611a0bd2cbd2 - core[df12db4294e9bfd3]::result::unwrap_failed
[INFO] [stdout]   12:     0x611a0b9f843e - huak[ec34a830b512df8c]::ops::install::tests::installs_dependencies
[INFO] [stdout]   13:     0x611a0ba0c529 - <huak[ec34a830b512df8c]::ops::install::tests::installs_dependencies::{closure#0} as core[df12db4294e9bfd3]::ops::function::FnOnce<()>>::call_once
[INFO] [stdout]   14:     0x611a0bbbee8b - test[9d35eded1c95d3be]::__rust_begin_short_backtrace::<core[df12db4294e9bfd3]::result::Result<(), alloc[2182bb758b4b3781]::string::String>, fn() -> core[df12db4294e9bfd3]::result::Result<(), alloc[2182bb758b4b3781]::string::String>>
[INFO] [stdout]   15:     0x611a0bbcc4f5 - test[9d35eded1c95d3be]::run_test::{closure#0}
[INFO] [stdout]   16:     0x611a0bbc5db4 - std[70759c8f55707aa4]::sys::backtrace::__rust_begin_short_backtrace::<test[9d35eded1c95d3be]::run_test::{closure#1}, ()>
[INFO] [stdout]   17:     0x611a0bbcf652 - <std[70759c8f55707aa4]::thread::lifecycle::spawn_unchecked<test[9d35eded1c95d3be]::run_test::{closure#1}, ()>::{closure#1} as core[df12db4294e9bfd3]::ops::function::FnOnce<()>>::call_once::{shim:vtable#0}
[INFO] [stdout]   18:     0x611a0bd13af9 - <std[70759c8f55707aa4]::sys::thread::unix::Thread>::new::thread_start
[INFO] [stdout]   19:     0x7fb0a08e8dfa - <unknown>
[INFO] [stdout]   20:     0x7fb0a097c3d4 - clone
[INFO] [stdout]   21:                0x0 - <unknown>
[INFO] [stdout] 
[INFO] [stdout] ---- ops::remove::tests::removes_dependencies stdout ----
[INFO] [stdout] resource archive does not exist
[INFO] [stdout] Creating venv /opt/rustwide/workdir/.venv
[INFO] [stdout] 
[INFO] [stdout] thread 'ops::remove::tests::removes_dependencies' (3561) panicked at src/huak/ops/remove.rs:40:50:
[INFO] [stdout] called `Result::unwrap()` on an `Err` value: UnknownError("")
[INFO] [stdout] stack backtrace:
[INFO] [stdout]    0:     0x611a0bd14d91 - <<std[70759c8f55707aa4]::sys::backtrace::BacktraceLock>::print::DisplayBacktrace as core[df12db4294e9bfd3]::fmt::Display>::fmt
[INFO] [stdout]    1:     0x611a0bd2c69a - core[df12db4294e9bfd3]::fmt::write
[INFO] [stdout]    2:     0x611a0bd19e8c - <alloc[2182bb758b4b3781]::vec::Vec<u8> as core[df12db4294e9bfd3]::io::write::Write>::write_fmt
[INFO] [stdout]    3:     0x611a0bcec516 - std[70759c8f55707aa4]::panicking::default_hook::{closure#0}
[INFO] [stdout]    4:     0x611a0bd0ab89 - std[70759c8f55707aa4]::panicking::default_hook
[INFO] [stdout]    5:     0x611a0bbcbba0 - test[9d35eded1c95d3be]::test_main_inner::<test[9d35eded1c95d3be]::test_main_static::{closure#0}>::{closure#0}
[INFO] [stdout]    6:     0x611a0bd0aeb2 - std[70759c8f55707aa4]::panicking::panic_with_hook
[INFO] [stdout]    7:     0x611a0bcec5c2 - std[70759c8f55707aa4]::panicking::panic_handler::{closure#0}
[INFO] [stdout]    8:     0x611a0bce4d09 - std[70759c8f55707aa4]::sys::backtrace::__rust_end_short_backtrace::<std[70759c8f55707aa4]::panicking::panic_handler::{closure#0}, !>
[INFO] [stdout]    9:     0x611a0bced64d - __rustc[8fa7c3cbc660c2b3]::rust_begin_unwind
[INFO] [stdout]   10:     0x611a0bd2cdfc - core[df12db4294e9bfd3]::panicking::panic_fmt
[INFO] [stdout]   11:     0x611a0bd2cbd2 - core[df12db4294e9bfd3]::result::unwrap_failed
[INFO] [stdout]   12:     0x611a0b9f773b - huak[ec34a830b512df8c]::ops::remove::tests::removes_dependencies
[INFO] [stdout]   13:     0x611a0ba0c509 - <huak[ec34a830b512df8c]::ops::remove::tests::removes_dependencies::{closure#0} as core[df12db4294e9bfd3]::ops::function::FnOnce<()>>::call_once
[INFO] [stdout]   14:     0x611a0bbbee8b - test[9d35eded1c95d3be]::__rust_begin_short_backtrace::<core[df12db4294e9bfd3]::result::Result<(), alloc[2182bb758b4b3781]::string::String>, fn() -> core[df12db4294e9bfd3]::result::Result<(), alloc[2182bb758b4b3781]::string::String>>
[INFO] [stdout]   15:     0x611a0bbcc4f5 - test[9d35eded1c95d3be]::run_test::{closure#0}
[INFO] [stdout]   16:     0x611a0bbc5db4 - std[70759c8f55707aa4]::sys::backtrace::__rust_begin_short_backtrace::<test[9d35eded1c95d3be]::run_test::{closure#1}, ()>
[INFO] [stdout]   17:     0x611a0bbcf652 - <std[70759c8f55707aa4]::thread::lifecycle::spawn_unchecked<test[9d35eded1c95d3be]::run_test::{closure#1}, ()>::{closure#1} as core[df12db4294e9bfd3]::ops::function::FnOnce<()>>::call_once::{shim:vtable#0}
[INFO] [stdout]   18:     0x611a0bd13af9 - <std[70759c8f55707aa4]::sys::thread::unix::Thread>::new::thread_start
[INFO] [stdout]   19:     0x7fb0a08e8dfa - <unknown>
[INFO] [stdout]   20:     0x7fb0a097c3d4 - clone
[INFO] [stdout]   21:                0x0 - <unknown>
[INFO] [stdout] 
[INFO] [stdout] ---- ops::fmt::tests::fmt stdout ----
[INFO] [stdout] resource archive does not exist
[INFO] [stdout] Creating venv /opt/rustwide/workdir/.venv
[INFO] [stdout] 
[INFO] [stdout] thread 'ops::fmt::tests::fmt' (3554) panicked at src/huak/ops/fmt.rs:40:50:
[INFO] [stdout] called `Result::unwrap()` on an `Err` value: UnknownError("")
[INFO] [stdout] stack backtrace:
[INFO] [stdout]    0:     0x611a0bd14d91 - <<std[70759c8f55707aa4]::sys::backtrace::BacktraceLock>::print::DisplayBacktrace as core[df12db4294e9bfd3]::fmt::Display>::fmt
[INFO] [stdout]    1:     0x611a0bd2c69a - core[df12db4294e9bfd3]::fmt::write
[INFO] [stdout]    2:     0x611a0bd19e8c - <alloc[2182bb758b4b3781]::vec::Vec<u8> as core[df12db4294e9bfd3]::io::write::Write>::write_fmt
[INFO] [stdout]    3:     0x611a0bcec516 - std[70759c8f55707aa4]::panicking::default_hook::{closure#0}
[INFO] [stdout]    4:     0x611a0bd0ab89 - std[70759c8f55707aa4]::panicking::default_hook
[INFO] [stdout]    5:     0x611a0bbcbba0 - test[9d35eded1c95d3be]::test_main_inner::<test[9d35eded1c95d3be]::test_main_static::{closure#0}>::{closure#0}
[INFO] [stdout]    6:     0x611a0bd0aeb2 - std[70759c8f55707aa4]::panicking::panic_with_hook
[INFO] [stdout]    7:     0x611a0bcec5c2 - std[70759c8f55707aa4]::panicking::panic_handler::{closure#0}
[INFO] [stdout]    8:     0x611a0bce4d09 - std[70759c8f55707aa4]::sys::backtrace::__rust_end_short_backtrace::<std[70759c8f55707aa4]::panicking::panic_handler::{closure#0}, !>
[INFO] [stdout]    9:     0x611a0bced64d - __rustc[8fa7c3cbc660c2b3]::rust_begin_unwind
[INFO] [stdout]   10:     0x611a0bd2cdfc - core[df12db4294e9bfd3]::panicking::panic_fmt
[INFO] [stdout]   11:     0x611a0bd2cbd2 - core[df12db4294e9bfd3]::result::unwrap_failed
[INFO] [stdout]   12:     0x611a0b9f6438 - huak[ec34a830b512df8c]::ops::fmt::tests::fmt
[INFO] [stdout]   13:     0x611a0ba0c3e9 - <huak[ec34a830b512df8c]::ops::fmt::tests::fmt::{closure#0} as core[df12db4294e9bfd3]::ops::function::FnOnce<()>>::call_once
[INFO] [stdout]   14:     0x611a0bbbee8b - test[9d35eded1c95d3be]::__rust_begin_short_backtrace::<core[df12db4294e9bfd3]::result::Result<(), alloc[2182bb758b4b3781]::string::String>, fn() -> core[df12db4294e9bfd3]::result::Result<(), alloc[2182bb758b4b3781]::string::String>>
[INFO] [stdout]   15:     0x611a0bbcc4f5 - test[9d35eded1c95d3be]::run_test::{closure#0}
[INFO] [stdout]   16:     0x611a0bbc5db4 - std[70759c8f55707aa4]::sys::backtrace::__rust_begin_short_backtrace::<test[9d35eded1c95d3be]::run_test::{closure#1}, ()>
[INFO] [stdout]   17:     0x611a0bbcf652 - <std[70759c8f55707aa4]::thread::lifecycle::spawn_unchecked<test[9d35eded1c95d3be]::run_test::{closure#1}, ()>::{closure#1} as core[df12db4294e9bfd3]::ops::function::FnOnce<()>>::call_once::{shim:vtable#0}
[INFO] [stdout]   18:     0x611a0bd13af9 - <std[70759c8f55707aa4]::sys::thread::unix::Thread>::new::thread_start
[INFO] [stdout]   19:     0x7fb0a08e8dfa - <unknown>
[INFO] [stdout]   20:     0x7fb0a097c3d4 - clone
[INFO] [stdout]   21:                0x0 - <unknown>
[INFO] [stdout] 
[INFO] [stdout] ---- ops::new::tests::creates_project stdout ----
[INFO] [stdout] Creating venv /opt/rustwide/workdir/.venv
[INFO] [stdout] 
[INFO] [stdout] thread 'ops::new::tests::creates_project' (3559) panicked at src/huak/ops/new.rs:50:54:
[INFO] [stdout] called `Result::unwrap()` on an `Err` value: UnknownError("")
[INFO] [stdout] stack backtrace:
[INFO] [stdout]    0:     0x611a0bd14d91 - <<std[70759c8f55707aa4]::sys::backtrace::BacktraceLock>::print::DisplayBacktrace as core[df12db4294e9bfd3]::fmt::Display>::fmt
[INFO] [stdout]    1:     0x611a0bd2c69a - core[df12db4294e9bfd3]::fmt::write
[INFO] [stdout]    2:     0x611a0bd19e8c - <alloc[2182bb758b4b3781]::vec::Vec<u8> as core[df12db4294e9bfd3]::io::write::Write>::write_fmt
[INFO] [stdout]    3:     0x611a0bcec516 - std[70759c8f55707aa4]::panicking::default_hook::{closure#0}
[INFO] [stdout]    4:     0x611a0bd0ab89 - std[70759c8f55707aa4]::panicking::default_hook
[INFO] [stdout]    5:     0x611a0bbcbba0 - test[9d35eded1c95d3be]::test_main_inner::<test[9d35eded1c95d3be]::test_main_static::{closure#0}>::{closure#0}
[INFO] [stdout]    6:     0x611a0bd0aeb2 - std[70759c8f55707aa4]::panicking::panic_with_hook
[INFO] [stdout]    7:     0x611a0bcec5c2 - std[70759c8f55707aa4]::panicking::panic_handler::{closure#0}
[INFO] [stdout]    8:     0x611a0bce4d09 - std[70759c8f55707aa4]::sys::backtrace::__rust_end_short_backtrace::<std[70759c8f55707aa4]::panicking::panic_handler::{closure#0}, !>
[INFO] [stdout]    9:     0x611a0bced64d - __rustc[8fa7c3cbc660c2b3]::rust_begin_unwind
[INFO] [stdout]   10:     0x611a0bd2cdfc - core[df12db4294e9bfd3]::panicking::panic_fmt
[INFO] [stdout]   11:     0x611a0bd2cbd2 - core[df12db4294e9bfd3]::result::unwrap_failed
[INFO] [stdout]   12:     0x611a0b9ebf85 - huak[ec34a830b512df8c]::ops::new::tests::creates_project
[INFO] [stdout]   13:     0x611a0ba0c429 - <huak[ec34a830b512df8c]::ops::new::tests::creates_project::{closure#0} as core[df12db4294e9bfd3]::ops::function::FnOnce<()>>::call_once
[INFO] [stdout]   14:     0x611a0bbbee8b - test[9d35eded1c95d3be]::__rust_begin_short_backtrace::<core[df12db4294e9bfd3]::result::Result<(), alloc[2182bb758b4b3781]::string::String>, fn() -> core[df12db4294e9bfd3]::result::Result<(), alloc[2182bb758b4b3781]::string::String>>
[INFO] [stdout]   15:     0x611a0bbcc4f5 - test[9d35eded1c95d3be]::run_test::{closure#0}
[INFO] [stdout]   16:     0x611a0bbc5db4 - std[70759c8f55707aa4]::sys::backtrace::__rust_begin_short_backtrace::<test[9d35eded1c95d3be]::run_test::{closure#1}, ()>
[INFO] [stdout]   17:     0x611a0bbcf652 - <std[70759c8f55707aa4]::thread::lifecycle::spawn_unchecked<test[9d35eded1c95d3be]::run_test::{closure#1}, ()>::{closure#1} as core[df12db4294e9bfd3]::ops::function::FnOnce<()>>::call_once::{shim:vtable#0}
[INFO] [stdout]   18:     0x611a0bd13af9 - <std[70759c8f55707aa4]::sys::thread::unix::Thread>::new::thread_start
[INFO] [stdout]   19:     0x7fb0a08e8dfa - <unknown>
[INFO] [stdout]   20:     0x7fb0a097c3d4 - clone
[INFO] [stdout]   21:                0x0 - <unknown>
[INFO] [stdout] 
[INFO] [stdout] ---- ops::add::tests::adds_dependencies stdout ----
[INFO] [stdout] resource archive does not exist
[INFO] [stdout] Creating venv /opt/rustwide/workdir/.venv
[INFO] [stdout] 
[INFO] [stdout] thread 'ops::add::tests::adds_dependencies' (3550) panicked at src/huak/ops/add.rs:82:50:
[INFO] [stdout] called `Result::unwrap()` on an `Err` value: UnknownError("")
[INFO] [stdout] stack backtrace:
[INFO] [stdout]    0:     0x611a0bd14d91 - <<std[70759c8f55707aa4]::sys::backtrace::BacktraceLock>::print::DisplayBacktrace as core[df12db4294e9bfd3]::fmt::Display>::fmt
[INFO] [stdout]    1:     0x611a0bd2c69a - core[df12db4294e9bfd3]::fmt::write
[INFO] [stdout]    2:     0x611a0bd19e8c - <alloc[2182bb758b4b3781]::vec::Vec<u8> as core[df12db4294e9bfd3]::io::write::Write>::write_fmt
[INFO] [stdout]    3:     0x611a0bcec516 - std[70759c8f55707aa4]::panicking::default_hook::{closure#0}
[INFO] [stdout]    4:     0x611a0bd0ab89 - std[70759c8f55707aa4]::panicking::default_hook
[INFO] [stdout]    5:     0x611a0bbcbba0 - test[9d35eded1c95d3be]::test_main_inner::<test[9d35eded1c95d3be]::test_main_static::{closure#0}>::{closure#0}
[INFO] [stdout]    6:     0x611a0bd0aeb2 - std[70759c8f55707aa4]::panicking::panic_with_hook
[INFO] [stdout]    7:     0x611a0bcec5c2 - std[70759c8f55707aa4]::panicking::panic_handler::{closure#0}
[INFO] [stdout]    8:     0x611a0bce4d09 - std[70759c8f55707aa4]::sys::backtrace::__rust_end_short_backtrace::<std[70759c8f55707aa4]::panicking::panic_handler::{closure#0}, !>
[INFO] [stdout]    9:     0x611a0bced64d - __rustc[8fa7c3cbc660c2b3]::rust_begin_unwind
[INFO] [stdout]   10:     0x611a0bd2cdfc - core[df12db4294e9bfd3]::panicking::panic_fmt
[INFO] [stdout]   11:     0x611a0bd2cbd2 - core[df12db4294e9bfd3]::result::unwrap_failed
[INFO] [stdout]   12:     0x611a0b9eb8c5 - huak[ec34a830b512df8c]::ops::add::tests::adds_dependencies
[INFO] [stdout]   13:     0x611a0ba0c3a9 - <huak[ec34a830b512df8c]::ops::add::tests::adds_dependencies::{closure#0} as core[df12db4294e9bfd3]::ops::function::FnOnce<()>>::call_once
[INFO] [stdout]   14:     0x611a0bbbee8b - test[9d35eded1c95d3be]::__rust_begin_short_backtrace::<core[df12db4294e9bfd3]::result::Result<(), alloc[2182bb758b4b3781]::string::String>, fn() -> core[df12db4294e9bfd3]::result::Result<(), alloc[2182bb758b4b3781]::string::String>>
[INFO] [stdout]   15:     0x611a0bbcc4f5 - test[9d35eded1c95d3be]::run_test::{closure#0}
[INFO] [stdout]   16:     0x611a0bbc5db4 - std[70759c8f55707aa4]::sys::backtrace::__rust_begin_short_backtrace::<test[9d35eded1c95d3be]::run_test::{closure#1}, ()>
[INFO] [stdout]   17:     0x611a0bbcf652 - <std[70759c8f55707aa4]::thread::lifecycle::spawn_unchecked<test[9d35eded1c95d3be]::run_test::{closure#1}, ()>::{closure#1} as core[df12db4294e9bfd3]::ops::function::FnOnce<()>>::call_once::{shim:vtable#0}
[INFO] [stdout]   18:     0x611a0bd13af9 - <std[70759c8f55707aa4]::sys::thread::unix::Thread>::new::thread_start
[INFO] [stdout]   19:     0x7fb0a08e8dfa - <unknown>
[INFO] [stdout]   20:     0x7fb0a097c3d4 - clone
[INFO] [stdout]   21:                0x0 - <unknown>
[INFO] [stdout] 
[INFO] [stdout] 
[INFO] [stdout] failures:
[INFO] [stdout]     env::venv::tests::from
[INFO] [stdout]     ops::activate::tests::venv_cant_be_activated
[INFO] [stdout]     ops::add::tests::adds_dependencies
[INFO] [stdout]     ops::build::tests::build
[INFO] [stdout]     ops::clean::tests::clean
[INFO] [stdout]     ops::fix::tests::fix
[INFO] [stdout]     ops::fmt::tests::fmt
[INFO] [stdout]     ops::install::tests::installs_dependencies
[INFO] [stdout]     ops::new::tests::creates_project
[INFO] [stdout]     ops::remove::tests::removes_dependencies
[INFO] [stdout] 
[INFO] [stdout] test result: FAILED. 18 passed; 10 failed; 2 ignored; 0 measured; 0 filtered out; finished in 0.65s
[INFO] [stdout] 
[INFO] running `Command { std: "docker" "inspect" "8f683da9f362da7797ad2f98ca4362b9343b350f64b4ff3942013d2f2c6c40fc", kill_on_drop: false }`
[INFO] running `Command { std: "docker" "rm" "-f" "8f683da9f362da7797ad2f98ca4362b9343b350f64b4ff3942013d2f2c6c40fc", kill_on_drop: false }`
[INFO] [stdout] 8f683da9f362da7797ad2f98ca4362b9343b350f64b4ff3942013d2f2c6c40fc
