[INFO] fetching crate htvg-core 0.1.0...
[INFO] testing htvg-core-0.1.0 against 1.99.0-beta.8+cargoflags=--release for beta-release-1.100-2
[INFO] extracting crate htvg-core 0.1.0 into /workspace/builds/worker-2-tc1/source
[INFO] started tweaking crates.io crate htvg-core 0.1.0
[INFO] finished tweaking crates.io crate htvg-core 0.1.0
[INFO] tweaked toml for crates.io crate htvg-core 0.1.0 written to /workspace/builds/worker-2-tc1/source/Cargo.toml
[INFO] validating manifest of crates.io crate htvg-core 0.1.0 on toolchain 1.99.0-beta.8
[INFO] running `Command { std: CARGO_HOME="/workspace/cargo-home" RUSTUP_HOME="/workspace/rustup-home" "/workspace/cargo-home/bin/cargo" "+1.99.0-beta.8" "metadata" "--manifest-path" "Cargo.toml" "--no-deps", kill_on_drop: false }`
[INFO] crate crates.io crate htvg-core 0.1.0 already has a lockfile, it will not be regenerated
[INFO] running `Command { std: CARGO_HOME="/workspace/cargo-home" RUSTUP_HOME="/workspace/rustup-home" "/workspace/cargo-home/bin/cargo" "+1.99.0-beta.8" "fetch" "--manifest-path" "Cargo.toml", kill_on_drop: false }`
[INFO] [stderr]  Downloading crates ...
[INFO] [stderr]   Downloaded yeslogic-fontconfig-sys v6.0.0
[INFO] [stderr]   Downloaded proc-macro2 v1.0.105
[INFO] [stderr]   Downloaded parley v0.7.0
[INFO] [stderr]   Downloaded fontique v0.7.0
[INFO] running `Command { std: "docker" "create" "-v" "/var/lib/crater-agent-workspace/builds/worker-2-tc1/source:/opt/rustwide/workdir:ro,Z" "-v" "/var/lib/crater-agent-workspace/builds/worker-2-tc1/target:/opt/rustwide/target:rw,Z" "-v" "/var/lib/crater-agent-workspace/cargo-home:/opt/rustwide/cargo-home:ro,Z" "-v" "/var/lib/crater-agent-workspace/rustup-home:/opt/rustwide/rustup-home:ro,Z" "-m" "1610612736" "--network" "none" "ghcr.io/rust-lang/crates-build-env/linux@sha256:77db811e55d90add9212f6832c23229e3de5f1c1f9905e8cb07319ea15df73ac" "sleep" "infinity", kill_on_drop: false }`
[INFO] [stdout] c2a616d29055128623f3e37342b7ab88bdf20c56e11e3beae05a1f4ed12939d8
[INFO] running `Command { std: "docker" "start" "c2a616d29055128623f3e37342b7ab88bdf20c56e11e3beae05a1f4ed12939d8", kill_on_drop: false }`
[INFO] running `Command { std: "docker" "inspect" "c2a616d29055128623f3e37342b7ab88bdf20c56e11e3beae05a1f4ed12939d8", kill_on_drop: false }`
[INFO] running `Command { std: "docker" "exec" "-e" "SOURCE_DIR=/opt/rustwide/workdir" "-e" "CARGO_HOME=/opt/rustwide/cargo-home" "-e" "RUSTUP_HOME=/opt/rustwide/rustup-home" "-e" "CARGO_TARGET_DIR=/opt/rustwide/target" "-w" "/opt/rustwide/workdir" "--user" "0:0" "c2a616d29055128623f3e37342b7ab88bdf20c56e11e3beae05a1f4ed12939d8" "/opt/rustwide/cargo-home/bin/cargo" "+1.99.0-beta.8" "metadata" "--no-deps" "--format-version=1", kill_on_drop: false }`
[INFO] running `Command { std: "docker" "inspect" "c2a616d29055128623f3e37342b7ab88bdf20c56e11e3beae05a1f4ed12939d8", kill_on_drop: false }`
[INFO] running `Command { std: "docker" "exec" "-e" "SOURCE_DIR=/opt/rustwide/workdir" "-e" "CARGO_HOME=/opt/rustwide/cargo-home" "-e" "RUSTUP_HOME=/opt/rustwide/rustup-home" "-e" "CARGO_TARGET_DIR=/opt/rustwide/target" "-e" "CARGO_INCREMENTAL=0" "-e" "RUST_BACKTRACE=full" "-e" "RUSTFLAGS=--cap-lints=warn" "-e" "RUSTDOCFLAGS=--cap-lints=warn" "-w" "/opt/rustwide/workdir" "--user" "0:0" "c2a616d29055128623f3e37342b7ab88bdf20c56e11e3beae05a1f4ed12939d8" "/opt/rustwide/cargo-home/bin/cargo" "+1.99.0-beta.8" "build" "--frozen" "--message-format=json" "--release", kill_on_drop: false }`
[INFO] [stderr]    Compiling proc-macro2 v1.0.105
[INFO] [stderr]    Compiling quote v1.0.43
[INFO] [stderr]    Compiling libc v0.2.180
[INFO] [stderr]    Compiling yeslogic-fontconfig-sys v6.0.0
[INFO] [stderr]    Compiling dlib v0.5.2
[INFO] [stderr]    Compiling slotmap v1.1.1
[INFO] [stderr]    Compiling core_maths v0.1.1
[INFO] [stderr]    Compiling writeable v0.6.2
[INFO] [stderr]    Compiling zmij v1.0.16
[INFO] [stderr]    Compiling litemap v0.8.1
[INFO] [stderr]    Compiling bitflags v2.10.0
[INFO] [stderr]    Compiling linebender_resource_handle v0.1.1
[INFO] [stderr]    Compiling serde_json v1.0.149
[INFO] [stderr]    Compiling grid v1.0.0
[INFO] [stderr]    Compiling ttf-parser v0.25.1
[INFO] [stderr]    Compiling taffy v0.9.2
[INFO] [stderr]    Compiling syn v2.0.114
[INFO] [stderr]    Compiling memmap2 v0.9.9
[INFO] [stderr]    Compiling bytemuck_derive v1.10.2
[INFO] [stderr]    Compiling displaydoc v0.2.5
[INFO] [stderr]    Compiling serde_derive v1.0.228
[INFO] [stderr]    Compiling thiserror-impl v2.0.18
[INFO] [stderr]    Compiling tinystr v0.8.2
[INFO] [stderr]    Compiling icu_locale_core v2.1.1
[INFO] [stderr]    Compiling thiserror v2.0.18
[INFO] [stderr]    Compiling bytemuck v1.24.0
[INFO] [stderr]    Compiling font-types v0.10.1
[INFO] [stderr]    Compiling read-fonts v0.35.0
[INFO] [stderr]    Compiling serde v1.0.228
[INFO] [stderr]    Compiling skrifa v0.37.0
[INFO] [stderr]    Compiling fontique v0.7.0
[INFO] [stderr]    Compiling harfrust v0.3.2
[INFO] [stderr]    Compiling swash v0.2.6
[INFO] [stderr]    Compiling parley v0.7.0
[INFO] [stderr]    Compiling htvg-core v0.1.0 (/opt/rustwide/workdir)
[INFO] [stderr]     Finished `release` profile [optimized] target(s) in 2m 15s
[INFO] running `Command { std: "docker" "inspect" "c2a616d29055128623f3e37342b7ab88bdf20c56e11e3beae05a1f4ed12939d8", kill_on_drop: false }`
[INFO] running `Command { std: "docker" "exec" "-e" "SOURCE_DIR=/opt/rustwide/workdir" "-e" "CARGO_HOME=/opt/rustwide/cargo-home" "-e" "RUSTUP_HOME=/opt/rustwide/rustup-home" "-e" "CARGO_TARGET_DIR=/opt/rustwide/target" "-e" "CARGO_INCREMENTAL=0" "-e" "RUST_BACKTRACE=full" "-e" "RUSTFLAGS=--cap-lints=warn" "-e" "RUSTDOCFLAGS=--cap-lints=warn" "-w" "/opt/rustwide/workdir" "--user" "0:0" "c2a616d29055128623f3e37342b7ab88bdf20c56e11e3beae05a1f4ed12939d8" "/opt/rustwide/cargo-home/bin/cargo" "+1.99.0-beta.8" "test" "--frozen" "--no-run" "--message-format=json" "--release", kill_on_drop: false }`
[INFO] [stderr]    Compiling htvg-core v0.1.0 (/opt/rustwide/workdir)
[INFO] [stderr]     Finished `release` profile [optimized] target(s) in 22.55s
[INFO] running `Command { std: "docker" "inspect" "c2a616d29055128623f3e37342b7ab88bdf20c56e11e3beae05a1f4ed12939d8", kill_on_drop: false }`
[INFO] running `Command { std: "docker" "exec" "-e" "SOURCE_DIR=/opt/rustwide/workdir" "-e" "CARGO_HOME=/opt/rustwide/cargo-home" "-e" "RUSTUP_HOME=/opt/rustwide/rustup-home" "-e" "CARGO_TARGET_DIR=/opt/rustwide/target" "-e" "CARGO_INCREMENTAL=0" "-e" "RUST_BACKTRACE=full" "-e" "RUSTFLAGS=--cap-lints=warn" "-e" "RUSTDOCFLAGS=--cap-lints=warn" "-w" "/opt/rustwide/workdir" "--user" "0:0" "c2a616d29055128623f3e37342b7ab88bdf20c56e11e3beae05a1f4ed12939d8" "/opt/rustwide/cargo-home/bin/cargo" "+1.99.0-beta.8" "test" "--frozen" "--release", kill_on_drop: false }`
[INFO] [stderr]     Finished `release` profile [optimized] target(s) in 0.09s
[INFO] [stderr]      Running unittests src/lib.rs (/opt/rustwide/target/release/deps/htvg_core-b66cb3be3788bae2)
[INFO] [stdout] 
[INFO] [stdout] running 8 tests
[INFO] [stdout] test element::tests::test_spacing_edges ... ok
[INFO] [stdout] test svg::tests::test_all_same ... ok
[INFO] [stdout] test element::tests::test_parse_element ... ok
[INFO] [stdout] test element::tests::test_parse_color ... ok
[INFO] [stdout] test svg::tests::test_escape_xml ... ok
[INFO] [stdout] test tests::test_invalid_json ... ok
[INFO] [stdout] test tests::test_compile_box_element ... ok
[INFO] [stdout] test tests::test_compile_simple ... FAILED
[INFO] [stdout] 
[INFO] [stdout] failures:
[INFO] [stdout] 
[INFO] [stdout] ---- tests::test_compile_simple stdout ----
[INFO] [stdout] 
[INFO] [stdout] thread 'tests::test_compile_simple' (987) panicked at src/lib.rs:242:9:
[INFO] [stdout] assertion failed: result.svg.contains("Hello World")
[INFO] [stdout] stack backtrace:
[INFO] [stdout]    0:     0x575b958187c1 - <<std[70759c8f55707aa4]::sys::backtrace::BacktraceLock>::print::DisplayBacktrace as core[df12db4294e9bfd3]::fmt::Display>::fmt
[INFO] [stdout]    1:     0x575b9582f16a - core[df12db4294e9bfd3]::fmt::write
[INFO] [stdout]    2:     0x575b9581cd0c - <alloc[2182bb758b4b3781]::vec::Vec<u8> as core[df12db4294e9bfd3]::io::write::Write>::write_fmt
[INFO] [stdout]    3:     0x575b957f4b86 - std[70759c8f55707aa4]::panicking::default_hook::{closure#0}
[INFO] [stdout]    4:     0x575b95810e79 - std[70759c8f55707aa4]::panicking::default_hook
[INFO] [stdout]    5:     0x575b9570ac20 - test[9d35eded1c95d3be]::test_main_inner::<test[9d35eded1c95d3be]::test_main_static::{closure#0}>::{closure#0}
[INFO] [stdout]    6:     0x575b95811032 - std[70759c8f55707aa4]::panicking::panic_with_hook
[INFO] [stdout]    7:     0x575b957f4c64 - std[70759c8f55707aa4]::panicking::panic_handler::{closure#0}
[INFO] [stdout]    8:     0x575b957ed989 - std[70759c8f55707aa4]::sys::backtrace::__rust_end_short_backtrace::<std[70759c8f55707aa4]::panicking::panic_handler::{closure#0}, !>
[INFO] [stdout]    9:     0x575b957f582d - __rustc[8fa7c3cbc660c2b3]::rust_begin_unwind
[INFO] [stdout]   10:     0x575b9582f89c - core[df12db4294e9bfd3]::panicking::panic_fmt
[INFO] [stdout]   11:     0x575b9582f862 - core[df12db4294e9bfd3]::panicking::panic
[INFO] [stdout]   12:     0x575b956e1d3d - htvg_core[5d1c081b88fe9e8d]::tests::test_compile_simple
[INFO] [stdout]   13:     0x575b956d6c79 - <htvg_core[5d1c081b88fe9e8d]::tests::test_compile_simple::{closure#0} as core[df12db4294e9bfd3]::ops::function::FnOnce<()>>::call_once
[INFO] [stdout]   14:     0x575b956fdf0b - test[9d35eded1c95d3be]::__rust_begin_short_backtrace::<core[df12db4294e9bfd3]::result::Result<(), alloc[2182bb758b4b3781]::string::String>, fn() -> core[df12db4294e9bfd3]::result::Result<(), alloc[2182bb758b4b3781]::string::String>>
[INFO] [stdout]   15:     0x575b9570b575 - test[9d35eded1c95d3be]::run_test::{closure#0}
[INFO] [stdout]   16:     0x575b95704e34 - std[70759c8f55707aa4]::sys::backtrace::__rust_begin_short_backtrace::<test[9d35eded1c95d3be]::run_test::{closure#1}, ()>
[INFO] [stdout]   17:     0x575b9570e6d2 - <std[70759c8f55707aa4]::thread::lifecycle::spawn_unchecked<test[9d35eded1c95d3be]::run_test::{closure#1}, ()>::{closure#1} as core[df12db4294e9bfd3]::ops::function::FnOnce<()>>::call_once::{shim:vtable#0}
[INFO] [stdout]   18:     0x575b95818099 - <std[70759c8f55707aa4]::sys::thread::unix::Thread>::new::thread_start
[INFO] [stdout]   19:     0x70883ab64dfa - <unknown>
[INFO] [stdout]   20:     0x70883abf83d4 - clone
[INFO] [stdout]   21:                0x0 - <unknown>
[INFO] [stdout] 
[INFO] [stdout] 
[INFO] [stdout] failures:
[INFO] [stdout]     tests::test_compile_simple
[INFO] [stdout] 
[INFO] [stdout] test result: FAILED. 7 passed; 1 failed; 0 ignored; 0 measured; 0 filtered out; finished in 0.33s
[INFO] [stdout] 
[INFO] [stderr] error: test failed, to rerun pass `--lib`
[INFO] running `Command { std: "docker" "inspect" "c2a616d29055128623f3e37342b7ab88bdf20c56e11e3beae05a1f4ed12939d8", kill_on_drop: false }`
[INFO] running `Command { std: "docker" "rm" "-f" "c2a616d29055128623f3e37342b7ab88bdf20c56e11e3beae05a1f4ed12939d8", kill_on_drop: false }`
[INFO] [stdout] c2a616d29055128623f3e37342b7ab88bdf20c56e11e3beae05a1f4ed12939d8
