[INFO] fetching crate httpgenerator 1.1.0...
[INFO] testing httpgenerator-1.1.0 against 1.100.0-beta.1+cargoflags=--release for beta-release-1.100-2
[INFO] extracting crate httpgenerator 1.1.0 into /workspace/builds/worker-3-tc2/source
[INFO] started tweaking crates.io crate httpgenerator 1.1.0
[INFO] removed 0 missing tests
[INFO] finished tweaking crates.io crate httpgenerator 1.1.0
[INFO] tweaked toml for crates.io crate httpgenerator 1.1.0 written to /workspace/builds/worker-3-tc2/source/Cargo.toml
[INFO] validating manifest of crates.io crate httpgenerator 1.1.0 on toolchain 1.100.0-beta.1
[INFO] running `Command { std: CARGO_HOME="/workspace/cargo-home" RUSTUP_HOME="/workspace/rustup-home" "/workspace/cargo-home/bin/cargo" "+1.100.0-beta.1" "metadata" "--manifest-path" "Cargo.toml" "--no-deps", kill_on_drop: false }`
[INFO] crate crates.io crate httpgenerator 1.1.0 already has a lockfile, it will not be regenerated
[INFO] running `Command { std: CARGO_HOME="/workspace/cargo-home" RUSTUP_HOME="/workspace/rustup-home" "/workspace/cargo-home/bin/cargo" "+1.100.0-beta.1" "fetch" "--manifest-path" "Cargo.toml", kill_on_drop: false }`
[INFO] running `Command { std: "docker" "create" "-v" "/var/lib/crater-agent-workspace/builds/worker-3-tc2/source:/opt/rustwide/workdir:ro,Z" "-v" "/var/lib/crater-agent-workspace/builds/worker-3-tc2/target:/opt/rustwide/target:rw,Z" "-v" "/var/lib/crater-agent-workspace/cargo-home:/opt/rustwide/cargo-home:ro,Z" "-v" "/var/lib/crater-agent-workspace/rustup-home:/opt/rustwide/rustup-home:ro,Z" "-m" "1610612736" "--network" "none" "ghcr.io/rust-lang/crates-build-env/linux@sha256:77db811e55d90add9212f6832c23229e3de5f1c1f9905e8cb07319ea15df73ac" "sleep" "infinity", kill_on_drop: false }`
[INFO] [stdout] 4a19cc241b9d41676bfdff90e1dadad67a400a3c34d3c261d9583508dab4e35d
[INFO] running `Command { std: "docker" "start" "4a19cc241b9d41676bfdff90e1dadad67a400a3c34d3c261d9583508dab4e35d", kill_on_drop: false }`
[INFO] running `Command { std: "docker" "inspect" "4a19cc241b9d41676bfdff90e1dadad67a400a3c34d3c261d9583508dab4e35d", kill_on_drop: false }`
[INFO] running `Command { std: "docker" "exec" "-e" "SOURCE_DIR=/opt/rustwide/workdir" "-e" "CARGO_HOME=/opt/rustwide/cargo-home" "-e" "RUSTUP_HOME=/opt/rustwide/rustup-home" "-e" "CARGO_TARGET_DIR=/opt/rustwide/target" "-w" "/opt/rustwide/workdir" "--user" "0:0" "4a19cc241b9d41676bfdff90e1dadad67a400a3c34d3c261d9583508dab4e35d" "/opt/rustwide/cargo-home/bin/cargo" "+1.100.0-beta.1" "metadata" "--no-deps" "--format-version=1", kill_on_drop: false }`
[INFO] running `Command { std: "docker" "inspect" "4a19cc241b9d41676bfdff90e1dadad67a400a3c34d3c261d9583508dab4e35d", kill_on_drop: false }`
[INFO] running `Command { std: "docker" "exec" "-e" "SOURCE_DIR=/opt/rustwide/workdir" "-e" "CARGO_HOME=/opt/rustwide/cargo-home" "-e" "RUSTUP_HOME=/opt/rustwide/rustup-home" "-e" "CARGO_TARGET_DIR=/opt/rustwide/target" "-e" "CARGO_INCREMENTAL=0" "-e" "RUST_BACKTRACE=full" "-e" "RUSTFLAGS=--cap-lints=warn" "-e" "RUSTDOCFLAGS=--cap-lints=warn" "-w" "/opt/rustwide/workdir" "--user" "0:0" "4a19cc241b9d41676bfdff90e1dadad67a400a3c34d3c261d9583508dab4e35d" "/opt/rustwide/cargo-home/bin/cargo" "+1.100.0-beta.1" "build" "--frozen" "--message-format=json" "--release", kill_on_drop: false }`
[INFO] [stderr]    Compiling proc-macro2 v1.0.106
[INFO] [stderr]    Compiling unicode-ident v1.0.24
[INFO] [stderr]    Compiling quote v1.0.45
[INFO] [stderr]    Compiling libc v0.2.186
[INFO] [stderr]    Compiling pin-project-lite v0.2.17
[INFO] [stderr]    Compiling cfg-if v1.0.4
[INFO] [stderr]    Compiling shlex v1.3.0
[INFO] [stderr]    Compiling memchr v2.8.0
[INFO] [stderr]    Compiling find-msvc-tools v0.1.9
[INFO] [stderr]    Compiling stable_deref_trait v1.2.1
[INFO] [stderr]    Compiling itoa v1.0.18
[INFO] [stderr]    Compiling futures-core v0.3.32
[INFO] [stderr]    Compiling bytes v1.11.1
[INFO] [stderr]    Compiling serde_core v1.0.228
[INFO] [stderr]    Compiling dunce v1.0.5
[INFO] [stderr]    Compiling futures-sink v0.3.32
[INFO] [stderr]    Compiling fs_extra v1.3.0
[INFO] [stderr]    Compiling futures-channel v0.3.32
[INFO] [stderr]    Compiling litemap v0.8.2
[INFO] [stderr]    Compiling zeroize v1.8.2
[INFO] [stderr]    Compiling writeable v0.6.3
[INFO] [stderr]    Compiling smallvec v1.15.1
[INFO] [stderr]    Compiling aws-lc-rs v1.16.3
[INFO] [stderr]    Compiling syn v2.0.117
[INFO] [stderr]    Compiling icu_properties_data v2.2.0
[INFO] [stderr]    Compiling futures-task v0.3.32
[INFO] [stderr]    Compiling icu_normalizer_data v2.2.0
[INFO] [stderr]    Compiling utf8_iter v1.0.4
[INFO] [stderr]    Compiling slab v0.4.12
[INFO] [stderr]    Compiling socket2 v0.6.3
[INFO] [stderr]    Compiling mio v1.2.0
[INFO] [stderr]    Compiling futures-io v0.3.32
[INFO] [stderr]    Compiling rustls-pki-types v1.14.1
[INFO] [stderr]    Compiling percent-encoding v2.3.2
[INFO] [stderr]    Compiling once_cell v1.21.4
[INFO] [stderr]    Compiling jobserver v0.1.34
[INFO] [stderr]    Compiling serde v1.0.228
[INFO] [stderr]    Compiling cc v1.2.61
[INFO] [stderr]    Compiling getrandom v0.2.17
[INFO] [stderr]    Compiling http v1.4.0
[INFO] [stderr]    Compiling untrusted v0.9.0
[INFO] [stderr]    Compiling crc32fast v1.5.0
[INFO] [stderr]    Compiling httparse v1.10.1
[INFO] [stderr]    Compiling adler2 v2.0.1
[INFO] [stderr]    Compiling rustls v0.23.40
[INFO] [stderr]    Compiling simd-adler32 v0.3.9
[INFO] [stderr]    Compiling form_urlencoded v1.2.2
[INFO] [stderr]    Compiling try-lock v0.2.5
[INFO] [stderr]    Compiling subtle v2.6.1
[INFO] [stderr]    Compiling miniz_oxide v0.8.9
[INFO] [stderr]    Compiling equivalent v1.0.2
[INFO] [stderr]    Compiling tower-service v0.3.3
[INFO] [stderr]    Compiling hashbrown v0.17.0
[INFO] [stderr]    Compiling zmij v1.0.21
[INFO] [stderr]    Compiling want v0.3.1
[INFO] [stderr]    Compiling cmake v0.1.58
[INFO] [stderr]    Compiling http-body v1.0.1
[INFO] [stderr]    Compiling flate2 v1.1.9
[INFO] [stderr]    Compiling indexmap v2.14.0
[INFO] [stderr]    Compiling tracing-core v0.1.36
[INFO] [stderr]    Compiling aws-lc-sys v0.40.0
[INFO] [stderr]    Compiling ring v0.17.14
[INFO] [stderr]    Compiling atomic-waker v1.1.2
[INFO] [stderr]    Compiling base64 v0.22.1
[INFO] [stderr]    Compiling serde_json v1.0.149
[INFO] [stderr]    Compiling compression-core v0.4.32
[INFO] [stderr]    Compiling compression-codecs v0.4.38
[INFO] [stderr]    Compiling sync_wrapper v1.0.2
[INFO] [stderr]    Compiling crossbeam-utils v0.8.21
[INFO] [stderr]    Compiling tower-layer v0.3.3
[INFO] [stderr]    Compiling ipnet v2.12.0
[INFO] [stderr]    Compiling http-body-util v0.1.3
[INFO] [stderr]    Compiling webpki-roots v1.0.7
[INFO] [stderr]    Compiling log v0.4.29
[INFO] [stderr]    Compiling semver v1.0.28
[INFO] [stderr]    Compiling bitflags v2.11.1
[INFO] [stderr]    Compiling cpufeatures v0.3.0
[INFO] [stderr]    Compiling strsim v0.11.1
[INFO] [stderr]    Compiling rand_core v0.10.1
[INFO] [stderr]    Compiling ident_case v1.0.1
[INFO] [stderr]    Compiling getrandom v0.4.2
[INFO] [stderr]    Compiling rustc_version v0.4.1
[INFO] [stderr]    Compiling rustversion v1.0.22
[INFO] [stderr]    Compiling openssl-probe v0.2.1
[INFO] [stderr]    Compiling prettyplease v0.2.37
[INFO] [stderr]    Compiling syn v1.0.109
[INFO] [stderr]    Compiling typenum v1.20.0
[INFO] [stderr]    Compiling autocfg v1.5.0
[INFO] [stderr]    Compiling concurrent-queue v2.5.0
[INFO] [stderr]    Compiling rustls-native-certs v0.8.3
[INFO] [stderr]    Compiling synstructure v0.13.2
[INFO] [stderr]    Compiling darling_core v0.23.0
[INFO] [stderr]    Compiling num-traits v0.2.19
[INFO] [stderr]    Compiling hybrid-array v0.4.11
[INFO] [stderr]    Compiling num-conv v0.2.1
[INFO] [stderr]    Compiling powerfmt v0.2.0
[INFO] [stderr]    Compiling parking v2.2.1
[INFO] [stderr]    Compiling time-core v0.1.8
[INFO] [stderr]    Compiling event-listener v5.4.1
[INFO] [stderr]    Compiling time-macros v0.2.27
[INFO] [stderr]    Compiling deranged v0.5.8
[INFO] [stderr]    Compiling zerofrom-derive v0.1.7
[INFO] [stderr]    Compiling yoke-derive v0.8.2
[INFO] [stderr]    Compiling zerovec-derive v0.11.3
[INFO] [stderr]    Compiling displaydoc v0.2.5
[INFO] [stderr]    Compiling tokio-macros v2.7.0
[INFO] [stderr]    Compiling zerofrom v0.1.7
[INFO] [stderr]    Compiling futures-macro v0.3.32
[INFO] [stderr]    Compiling yoke v0.8.2
[INFO] [stderr]    Compiling serde_derive v1.0.228
[INFO] [stderr]    Compiling tracing-attributes v0.1.31
[INFO] [stderr]    Compiling zerovec v0.11.6
[INFO] [stderr]    Compiling zerotrie v0.2.4
[INFO] [stderr]    Compiling tokio v1.52.2
[INFO] [stderr]    Compiling futures-util v0.3.32
[INFO] [stderr]    Compiling darling_macro v0.23.0
[INFO] [stderr]    Compiling darling v0.23.0
[INFO] [stderr]    Compiling pin-project-internal v1.1.12
[INFO] [stderr]    Compiling tinystr v0.8.3
[INFO] [stderr]    Compiling icu_locale_core v2.2.0
[INFO] [stderr]    Compiling potential_utf v0.1.5
[INFO] [stderr]    Compiling icu_collections v2.2.0
[INFO] [stderr]    Compiling tracing v0.1.44
[INFO] [stderr]    Compiling icu_provider v2.2.0
[INFO] [stderr]    Compiling icu_properties v2.2.0
[INFO] [stderr]    Compiling icu_normalizer v2.2.0
[INFO] [stderr]    Compiling futures-executor v0.3.32
[INFO] [stderr]    Compiling futures v0.3.32
[INFO] [stderr]    Compiling chacha20 v0.10.0
[INFO] [stderr]    Compiling utf8parse v0.2.2
[INFO] [stderr]    Compiling idna_adapter v1.2.2
[INFO] [stderr]    Compiling idna v1.1.0
[INFO] [stderr]    Compiling ryu v1.0.23
[INFO] [stderr]    Compiling time v0.3.47
[INFO] [stderr]    Compiling url v2.5.8
[INFO] [stderr]    Compiling rand v0.10.1
[INFO] [stderr]    Compiling anstyle-parse v1.0.0
[INFO] [stderr]    Compiling is_empty_derive v0.1.0
[INFO] [stderr]    Compiling bon-macros v3.9.1
[INFO] [stderr]    Compiling hyper v1.9.0
[INFO] [stderr]    Compiling hyper-util v0.1.20
[INFO] [stderr]    Compiling tokio-util v0.7.18
[INFO] [stderr]    Compiling async-compression v0.4.42
[INFO] [stderr]    Compiling tower v0.5.3
[INFO] [stderr]    Compiling tower-http v0.6.10
[INFO] [stderr]    Compiling typespec v0.14.0
[INFO] [stderr]    Compiling pin-project v1.1.12
[INFO] [stderr]    Compiling typespec_macros v0.13.0
[INFO] [stderr]    Compiling async-trait v0.1.89
[INFO] [stderr]    Compiling block-buffer v0.12.0
[INFO] [stderr]    Compiling crypto-common v0.2.1
[INFO] [stderr]    Compiling event-listener-strategy v0.5.4
[INFO] [stderr]    Compiling uuid v1.23.1
[INFO] [stderr]    Compiling azure_core v0.35.0
[INFO] [stderr]    Compiling aho-corasick v1.1.4
[INFO] [stderr]    Compiling const-oid v0.10.2
[INFO] [stderr]    Compiling dyn-clone v1.0.20
[INFO] [stderr]    Compiling is_terminal_polyfill v1.70.2
[INFO] [stderr]    Compiling regex-syntax v0.8.10
[INFO] [stderr]    Compiling anstyle v1.0.14
[INFO] [stderr]    Compiling anstyle-query v1.1.5
[INFO] [stderr]    Compiling colorchoice v1.0.5
[INFO] [stderr]    Compiling anstream v1.0.0
[INFO] [stderr]    Compiling digest v0.11.3
[INFO] [stderr]    Compiling bon v3.9.1
[INFO] [stderr]    Compiling async-lock v3.4.2
[INFO] [stderr]    Compiling ordered-float v5.3.0
[INFO] [stderr]    Compiling is_empty v0.3.0
[INFO] [stderr]    Compiling azure_core_macros v0.8.0
[INFO] [stderr]    Compiling serde_urlencoded v0.7.1
[INFO] [stderr]    Compiling heck v0.5.0
[INFO] [stderr]    Compiling libyaml-rs v0.3.0
[INFO] [stderr]    Compiling clap_lex v1.1.0
[INFO] [stderr]    Compiling workspace-hack v0.1.0
[INFO] [stderr]    Compiling openapiv3_1 v0.1.5
[INFO] [stderr]    Compiling clap_builder v4.6.0
[INFO] [stderr]    Compiling yaml_serde v0.10.4
[INFO] [stderr]    Compiling clap_derive v4.6.1
[INFO] [stderr]    Compiling regex-automata v0.4.14
[INFO] [stderr]    Compiling sha2 v0.11.0
[INFO] [stderr]    Compiling openapiv3 v2.2.0
[INFO] [stderr]    Compiling hostname v0.4.2
[INFO] [stderr]    Compiling unicode-width v0.2.2
[INFO] [stderr]    Compiling clap v4.6.1
[INFO] [stderr]    Compiling pollster v0.4.0
[INFO] [stderr]    Compiling regex v1.12.3
[INFO] [stderr]    Compiling console v0.16.3
[INFO] [stderr]    Compiling rustls-webpki v0.103.13
[INFO] [stderr]    Compiling tokio-rustls v0.26.4
[INFO] [stderr]    Compiling rustls-platform-verifier v0.7.0
[INFO] [stderr]    Compiling hyper-rustls v0.27.9
[INFO] [stderr]    Compiling reqwest v0.13.3
[INFO] [stderr]    Compiling reqwest v0.12.28
[INFO] [stderr]    Compiling typespec_client_core v0.14.0
[INFO] [stderr]    Compiling httpgenerator-core v1.1.0
[INFO] [stderr]    Compiling azure_identity v0.35.0
[INFO] [stderr]    Compiling httpgenerator v1.1.0 (/opt/rustwide/workdir)
[INFO] [stderr] warning: unused dependency `console`
[INFO] [stderr]   --> Cargo.toml:15:15
[INFO] [stderr]    |
[INFO] [stderr] 15 | [dependencies.console]
[INFO] [stderr]    |               ^^^^^^^^
[INFO] [stderr]    |
[INFO] [stderr]    = note: `cargo::unused_dependencies` is set to `warn` by default
[INFO] [stderr] help: consider removing the dependency on `console`
[INFO] [stderr] warning: `httpgenerator` (manifest) generated 1 warning
[INFO] [stderr]     Finished `release` profile [optimized] target(s) in 7m 13s
[INFO] running `Command { std: "docker" "inspect" "4a19cc241b9d41676bfdff90e1dadad67a400a3c34d3c261d9583508dab4e35d", kill_on_drop: false }`
[INFO] running `Command { std: "docker" "exec" "-e" "SOURCE_DIR=/opt/rustwide/workdir" "-e" "CARGO_HOME=/opt/rustwide/cargo-home" "-e" "RUSTUP_HOME=/opt/rustwide/rustup-home" "-e" "CARGO_TARGET_DIR=/opt/rustwide/target" "-e" "CARGO_INCREMENTAL=0" "-e" "RUST_BACKTRACE=full" "-e" "RUSTFLAGS=--cap-lints=warn" "-e" "RUSTDOCFLAGS=--cap-lints=warn" "-w" "/opt/rustwide/workdir" "--user" "0:0" "4a19cc241b9d41676bfdff90e1dadad67a400a3c34d3c261d9583508dab4e35d" "/opt/rustwide/cargo-home/bin/cargo" "+1.100.0-beta.1" "test" "--frozen" "--no-run" "--message-format=json" "--release", kill_on_drop: false }`
[INFO] [stderr]    Compiling httpgenerator v1.1.0 (/opt/rustwide/workdir)
[INFO] [stderr] warning: unused dependency `console`
[INFO] [stderr]   --> Cargo.toml:15:15
[INFO] [stderr]    |
[INFO] [stderr] 15 | [dependencies.console]
[INFO] [stderr]    |               ^^^^^^^^
[INFO] [stderr]    |
[INFO] [stderr]    = note: `cargo::unused_dependencies` is set to `warn` by default
[INFO] [stderr] help: consider removing the dependency on `console`
[INFO] [stderr] warning: `httpgenerator` (manifest) generated 1 warning
[INFO] [stderr]     Finished `release` profile [optimized] target(s) in 12.39s
[INFO] running `Command { std: "docker" "inspect" "4a19cc241b9d41676bfdff90e1dadad67a400a3c34d3c261d9583508dab4e35d", kill_on_drop: false }`
[INFO] running `Command { std: "docker" "exec" "-e" "SOURCE_DIR=/opt/rustwide/workdir" "-e" "CARGO_HOME=/opt/rustwide/cargo-home" "-e" "RUSTUP_HOME=/opt/rustwide/rustup-home" "-e" "CARGO_TARGET_DIR=/opt/rustwide/target" "-e" "CARGO_INCREMENTAL=0" "-e" "RUST_BACKTRACE=full" "-e" "RUSTFLAGS=--cap-lints=warn" "-e" "RUSTDOCFLAGS=--cap-lints=warn" "-w" "/opt/rustwide/workdir" "--user" "0:0" "4a19cc241b9d41676bfdff90e1dadad67a400a3c34d3c261d9583508dab4e35d" "/opt/rustwide/cargo-home/bin/cargo" "+1.100.0-beta.1" "test" "--frozen" "--release", kill_on_drop: false }`
[INFO] [stderr] warning: unused dependency `console`
[INFO] [stderr]   --> Cargo.toml:15:15
[INFO] [stderr]    |
[INFO] [stderr] 15 | [dependencies.console]
[INFO] [stderr]    |               ^^^^^^^^
[INFO] [stderr]    |
[INFO] [stderr]    = note: `cargo::unused_dependencies` is set to `warn` by default
[INFO] [stderr] help: consider removing the dependency on `console`
[INFO] [stderr] warning: `httpgenerator` (manifest) generated 1 warning
[INFO] [stderr]     Finished `release` profile [optimized] target(s) in 0.39s
[INFO] [stdout] 
[INFO] [stderr]      Running unittests src/lib.rs (/opt/rustwide/target/release/build/httpgenerator/0168f3b3339ddbd4/out/httpgenerator_cli-0168f3b3339ddbd4)
[INFO] [stdout] running 20 tests
[INFO] [stdout] test auth::tests::summarize_error_removes_traceback_noise ... ok
[INFO] [stdout] test args::tests::help_command_uses_httpgenerator_identity_and_examples ... ok
[INFO] [stdout] test args::tests::parses_repeated_headers_and_explicit_output_type ... ok
[INFO] [stdout] test args::tests::defaults_match_current_cli_surface ... ok
[INFO] [stdout] test execution::tests::execute_continues_when_azure_token_lookup_fails ... FAILED
[INFO] [stdout] test execution::tests::execute_continues_when_azure_scope_is_missing ... FAILED
[INFO] [stdout] test execution::tests::execute_allows_invalid_openapi31_with_skip_validation ... FAILED
[INFO] [stdout] test telemetry::tests::feature_usage_matches_dotnet_rules_for_default_args ... ok
[INFO] [stdout] test telemetry::tests::feature_usage_tracks_enabled_and_configured_options ... ok
[INFO] [stdout] test telemetry::tests::no_logging_disables_feature_and_error_events ... ok
[INFO] [stdout] test execution::tests::execute_notifies_observer_in_cli_lifecycle_order ... FAILED
[INFO] [stdout] test execution::tests::execute_respects_one_file_mode_and_custom_headers ... FAILED
[INFO] [stdout] test execution::tests::execute_uses_acquired_azure_token_as_authorization_header ... FAILED
[INFO] [stdout] test execution::tests::execute_writes_petstore_files ... FAILED
[INFO] [stdout] test execution::tests::should_attempt_azure_auth_only_when_scope_or_tenant_is_present_without_header ... ok
[INFO] [stdout] test telemetry::tests::record_error_captures_redacted_settings_and_support_context ... ok
[INFO] [stdout] test execution::tests::execute_allows_openapi31_with_skip_validation ... FAILED
[INFO] [stdout] test telemetry::tests::record_feature_usage_emits_ordered_feature_events ... ok
[INFO] [stdout] test telemetry::tests::redacted_command_line_hides_authorization_headers_and_normalizes_program_name ... ok
[INFO] [stdout] test execution::tests::execute_rejects_openapi31_without_skip_validation ... FAILED
[INFO] [stdout] 
[INFO] [stdout] failures:
[INFO] [stdout] 
[INFO] [stdout] ---- execution::tests::execute_continues_when_azure_token_lookup_fails stdout ----
[INFO] [stdout] 
[INFO] [stdout] thread 'execution::tests::execute_continues_when_azure_token_lookup_fails' (4820) panicked at src/execution/tests.rs:263:6:
[INFO] [stdout] called `Result::unwrap()` on an `Err` value: InspectOpenApi("failed to read OpenAPI file '/opt/rustwide/workdir/../../../test/OpenAPI/v3.0/petstore.json': No such file or directory (os error 2)")
[INFO] [stdout] stack backtrace:
[INFO] [stdout]    0:     0x5e12edf1f141 - <<std[617be2ca0a6fd877]::sys::backtrace::BacktraceLock>::print::DisplayBacktrace as core[a373ad73a504971]::fmt::Display>::fmt
[INFO] [stdout]    1:     0x5e12edf3713a - core[a373ad73a504971]::fmt::write
[INFO] [stdout]    2:     0x5e12edf2485c - <alloc[2e1b2a31b91974c5]::vec::Vec<u8> as core[a373ad73a504971]::io::write::Write>::write_fmt
[INFO] [stdout]    3:     0x5e12edef8256 - std[617be2ca0a6fd877]::panicking::default_hook::{closure#0}
[INFO] [stdout]    4:     0x5e12edf16179 - std[617be2ca0a6fd877]::panicking::default_hook
[INFO] [stdout]    5:     0x5e12eda03390 - test[aada8e7e76ba119b]::test_main_inner::{closure#0}
[INFO] [stdout]    6:     0x5e12edf164a2 - std[617be2ca0a6fd877]::panicking::panic_with_hook
[INFO] [stdout]    7:     0x5e12edef8302 - std[617be2ca0a6fd877]::panicking::panic_handler::{closure#0}
[INFO] [stdout]    8:     0x5e12edef0c89 - std[617be2ca0a6fd877]::sys::backtrace::__rust_end_short_backtrace::<std[617be2ca0a6fd877]::panicking::panic_handler::{closure#0}, !>
[INFO] [stdout]    9:     0x5e12edef90fd - __rustc[ea4f61d10b84890b]::rust_begin_unwind
[INFO] [stdout]   10:     0x5e12edf3791c - core[a373ad73a504971]::panicking::panic_fmt
[INFO] [stdout]   11:     0x5e12edf376f2 - core[a373ad73a504971]::result::unwrap_failed
[INFO] [stdout]   12:     0x5e12ed9c43ad - <httpgenerator_cli[fa14859404eaf694]::execution::tests::execute_continues_when_azure_token_lookup_fails::{closure#0} as core[a373ad73a504971]::ops::function::FnOnce<()>>::call_once
[INFO] [stdout]   13:     0x5e12ed9f67db - test[aada8e7e76ba119b]::__rust_begin_short_backtrace::<core[a373ad73a504971]::result::Result<(), alloc[2e1b2a31b91974c5]::string::String>, fn() -> core[a373ad73a504971]::result::Result<(), alloc[2e1b2a31b91974c5]::string::String>>
[INFO] [stdout]   14:     0x5e12eda039b5 - test[aada8e7e76ba119b]::run_test::{closure#0}
[INFO] [stdout]   15:     0x5e12ed9fd2a4 - std[617be2ca0a6fd877]::sys::backtrace::__rust_begin_short_backtrace::<test[aada8e7e76ba119b]::run_test::{closure#1}, ()>
[INFO] [stdout]   16:     0x5e12eda06a42 - <std[617be2ca0a6fd877]::thread::lifecycle::spawn_unchecked<test[aada8e7e76ba119b]::run_test::{closure#1}, ()>::{closure#1} as core[a373ad73a504971]::ops::function::FnOnce<()>>::call_once::{shim:vtable#0}
[INFO] [stdout]   17:     0x5e12edf1e0af - <std[617be2ca0a6fd877]::sys::thread::unix::Thread>::new::thread_start
[INFO] [stdout]   18:     0x7100753e9dfa - <unknown>
[INFO] [stdout]   19:     0x71007547d3d4 - clone
[INFO] [stdout]   20:                0x0 - <unknown>
[INFO] [stdout] 
[INFO] [stdout] ---- execution::tests::execute_continues_when_azure_scope_is_missing stdout ----
[INFO] [stdout] 
[INFO] [stdout] thread 'execution::tests::execute_continues_when_azure_scope_is_missing' (4819) panicked at src/execution/tests.rs:290:6:
[INFO] [stdout] called `Result::unwrap()` on an `Err` value: InspectOpenApi("failed to read OpenAPI file '/opt/rustwide/workdir/../../../test/OpenAPI/v3.0/petstore.json': No such file or directory (os error 2)")
[INFO] [stdout] stack backtrace:
[INFO] [stdout]    0:     0x5e12edf1f141 - <<std[617be2ca0a6fd877]::sys::backtrace::BacktraceLock>::print::DisplayBacktrace as core[a373ad73a504971]::fmt::Display>::fmt
[INFO] [stdout]    1:     0x5e12edf3713a - core[a373ad73a504971]::fmt::write
[INFO] [stdout]    2:     0x5e12edf2485c - <alloc[2e1b2a31b91974c5]::vec::Vec<u8> as core[a373ad73a504971]::io::write::Write>::write_fmt
[INFO] [stdout]    3:     0x5e12edef8256 - std[617be2ca0a6fd877]::panicking::default_hook::{closure#0}
[INFO] [stdout]    4:     0x5e12edf16179 - std[617be2ca0a6fd877]::panicking::default_hook
[INFO] [stdout]    5:     0x5e12eda03390 - test[aada8e7e76ba119b]::test_main_inner::{closure#0}
[INFO] [stdout]    6:     0x5e12edf164a2 - std[617be2ca0a6fd877]::panicking::panic_with_hook
[INFO] [stdout]    7:     0x5e12edef8302 - std[617be2ca0a6fd877]::panicking::panic_handler::{closure#0}
[INFO] [stdout]    8:     0x5e12edef0c89 - std[617be2ca0a6fd877]::sys::backtrace::__rust_end_short_backtrace::<std[617be2ca0a6fd877]::panicking::panic_handler::{closure#0}, !>
[INFO] [stdout]    9:     0x5e12edef90fd - __rustc[ea4f61d10b84890b]::rust_begin_unwind
[INFO] [stdout]   10:     0x5e12edf3791c - core[a373ad73a504971]::panicking::panic_fmt
[INFO] [stdout]   11:     0x5e12edf376f2 - core[a373ad73a504971]::result::unwrap_failed
[INFO] [stdout]   12:     0x5e12ed9c3d95 - <httpgenerator_cli[fa14859404eaf694]::execution::tests::execute_continues_when_azure_scope_is_missing::{closure#0} as core[a373ad73a504971]::ops::function::FnOnce<()>>::call_once
[INFO] [stdout]   13:     0x5e12ed9f67db - test[aada8e7e76ba119b]::__rust_begin_short_backtrace::<core[a373ad73a504971]::result::Result<(), alloc[2e1b2a31b91974c5]::string::String>, fn() -> core[a373ad73a504971]::result::Result<(), alloc[2e1b2a31b91974c5]::string::String>>
[INFO] [stdout]   14:     0x5e12eda039b5 - test[aada8e7e76ba119b]::run_test::{closure#0}
[INFO] [stdout]   15:     0x5e12ed9fd2a4 - std[617be2ca0a6fd877]::sys::backtrace::__rust_begin_short_backtrace::<test[aada8e7e76ba119b]::run_test::{closure#1}, ()>
[INFO] [stdout]   16:     0x5e12eda06a42 - <std[617be2ca0a6fd877]::thread::lifecycle::spawn_unchecked<test[aada8e7e76ba119b]::run_test::{closure#1}, ()>::{closure#1} as core[a373ad73a504971]::ops::function::FnOnce<()>>::call_once::{shim:vtable#0}
[INFO] [stdout]   17:     0x5e12edf1e0af - <std[617be2ca0a6fd877]::sys::thread::unix::Thread>::new::thread_start
[INFO] [stdout]   18:     0x7100753e9dfa - <unknown>
[INFO] [stdout]   19:     0x71007547d3d4 - clone
[INFO] [stdout]   20:                0x0 - <unknown>
[INFO] [stdout] 
[INFO] [stdout] ---- execution::tests::execute_allows_invalid_openapi31_with_skip_validation stdout ----
[INFO] [stdout] 
[INFO] [stdout] thread 'execution::tests::execute_allows_invalid_openapi31_with_skip_validation' (4817) panicked at src/execution/tests.rs:208:6:
[INFO] [stdout] called `Result::unwrap()` on an `Err` value: LoadOpenApi("failed to read OpenAPI file '/opt/rustwide/workdir/../../../test/OpenAPI/v3.1/non-oauth-scopes.json': No such file or directory (os error 2)")
[INFO] [stdout] stack backtrace:
[INFO] [stdout]    0:     0x5e12edf1f141 - <<std[617be2ca0a6fd877]::sys::backtrace::BacktraceLock>::print::DisplayBacktrace as core[a373ad73a504971]::fmt::Display>::fmt
[INFO] [stdout]    1:     0x5e12edf3713a - core[a373ad73a504971]::fmt::write
[INFO] [stdout]    2:     0x5e12edf2485c - <alloc[2e1b2a31b91974c5]::vec::Vec<u8> as core[a373ad73a504971]::io::write::Write>::write_fmt
[INFO] [stdout]    3:     0x5e12edef8256 - std[617be2ca0a6fd877]::panicking::default_hook::{closure#0}
[INFO] [stdout]    4:     0x5e12edf16179 - std[617be2ca0a6fd877]::panicking::default_hook
[INFO] [stdout]    5:     0x5e12eda03390 - test[aada8e7e76ba119b]::test_main_inner::{closure#0}
[INFO] [stdout]    6:     0x5e12edf164a2 - std[617be2ca0a6fd877]::panicking::panic_with_hook
[INFO] [stdout]    7:     0x5e12edef8302 - std[617be2ca0a6fd877]::panicking::panic_handler::{closure#0}
[INFO] [stdout]    8:     0x5e12edef0c89 - std[617be2ca0a6fd877]::sys::backtrace::__rust_end_short_backtrace::<std[617be2ca0a6fd877]::panicking::panic_handler::{closure#0}, !>
[INFO] [stdout]    9:     0x5e12edef90fd - __rustc[ea4f61d10b84890b]::rust_begin_unwind
[INFO] [stdout]   10:     0x5e12edf3791c - core[a373ad73a504971]::panicking::panic_fmt
[INFO] [stdout]   11:     0x5e12edf376f2 - core[a373ad73a504971]::result::unwrap_failed
[INFO] [stdout]   12:     0x5e12ed9c5973 - <httpgenerator_cli[fa14859404eaf694]::execution::tests::execute_allows_invalid_openapi31_with_skip_validation::{closure#0} as core[a373ad73a504971]::ops::function::FnOnce<()>>::call_once
[INFO] [stdout]   13:     0x5e12ed9f67db - test[aada8e7e76ba119b]::__rust_begin_short_backtrace::<core[a373ad73a504971]::result::Result<(), alloc[2e1b2a31b91974c5]::string::String>, fn() -> core[a373ad73a504971]::result::Result<(), alloc[2e1b2a31b91974c5]::string::String>>
[INFO] [stdout]   14:     0x5e12eda039b5 - test[aada8e7e76ba119b]::run_test::{closure#0}
[INFO] [stdout]   15:     0x5e12ed9fd2a4 - std[617be2ca0a6fd877]::sys::backtrace::__rust_begin_short_backtrace::<test[aada8e7e76ba119b]::run_test::{closure#1}, ()>
[INFO] [stdout]   16:     0x5e12eda06a42 - <std[617be2ca0a6fd877]::thread::lifecycle::spawn_unchecked<test[aada8e7e76ba119b]::run_test::{closure#1}, ()>::{closure#1} as core[a373ad73a504971]::ops::function::FnOnce<()>>::call_once::{shim:vtable#0}
[INFO] [stdout]   17:     0x5e12edf1e0af - <std[617be2ca0a6fd877]::sys::thread::unix::Thread>::new::thread_start
[INFO] [stdout]   18:     0x7100753e9dfa - <unknown>
[INFO] [stdout]   19:     0x71007547d3d4 - clone
[INFO] [stdout]   20:                0x0 - <unknown>
[INFO] [stdout] 
[INFO] [stdout] ---- execution::tests::execute_notifies_observer_in_cli_lifecycle_order stdout ----
[INFO] [stdout] 
[INFO] [stdout] thread 'execution::tests::execute_notifies_observer_in_cli_lifecycle_order' (4821) panicked at src/execution/tests.rs:135:6:
[INFO] [stdout] called `Result::unwrap()` on an `Err` value: InspectOpenApi("failed to read OpenAPI file '/opt/rustwide/workdir/../../../test/OpenAPI/v3.0/petstore.json': No such file or directory (os error 2)")
[INFO] [stdout] stack backtrace:
[INFO] [stdout]    0:     0x5e12edf1f141 - <<std[617be2ca0a6fd877]::sys::backtrace::BacktraceLock>::print::DisplayBacktrace as core[a373ad73a504971]::fmt::Display>::fmt
[INFO] [stdout]    1:     0x5e12edf3713a - core[a373ad73a504971]::fmt::write
[INFO] [stdout]    2:     0x5e12edf2485c - <alloc[2e1b2a31b91974c5]::vec::Vec<u8> as core[a373ad73a504971]::io::write::Write>::write_fmt
[INFO] [stdout]    3:     0x5e12edef8256 - std[617be2ca0a6fd877]::panicking::default_hook::{closure#0}
[INFO] [stdout]    4:     0x5e12edf16179 - std[617be2ca0a6fd877]::panicking::default_hook
[INFO] [stdout]    5:     0x5e12eda03390 - test[aada8e7e76ba119b]::test_main_inner::{closure#0}
[INFO] [stdout]    6:     0x5e12edf164a2 - std[617be2ca0a6fd877]::panicking::panic_with_hook
[INFO] [stdout]    7:     0x5e12edef8302 - std[617be2ca0a6fd877]::panicking::panic_handler::{closure#0}
[INFO] [stdout]    8:     0x5e12edef0c89 - std[617be2ca0a6fd877]::sys::backtrace::__rust_end_short_backtrace::<std[617be2ca0a6fd877]::panicking::panic_handler::{closure#0}, !>
[INFO] [stdout]    9:     0x5e12edef90fd - __rustc[ea4f61d10b84890b]::rust_begin_unwind
[INFO] [stdout]   10:     0x5e12edf3791c - core[a373ad73a504971]::panicking::panic_fmt
[INFO] [stdout]   11:     0x5e12edf376f2 - core[a373ad73a504971]::result::unwrap_failed
[INFO] [stdout]   12:     0x5e12ed9c4afd - <httpgenerator_cli[fa14859404eaf694]::execution::tests::execute_notifies_observer_in_cli_lifecycle_order::{closure#0} as core[a373ad73a504971]::ops::function::FnOnce<()>>::call_once
[INFO] [stdout]   13:     0x5e12ed9f67db - test[aada8e7e76ba119b]::__rust_begin_short_backtrace::<core[a373ad73a504971]::result::Result<(), alloc[2e1b2a31b91974c5]::string::String>, fn() -> core[a373ad73a504971]::result::Result<(), alloc[2e1b2a31b91974c5]::string::String>>
[INFO] [stdout]   14:     0x5e12eda039b5 - test[aada8e7e76ba119b]::run_test::{closure#0}
[INFO] [stdout]   15:     0x5e12ed9fd2a4 - std[617be2ca0a6fd877]::sys::backtrace::__rust_begin_short_backtrace::<test[aada8e7e76ba119b]::run_test::{closure#1}, ()>
[INFO] [stdout]   16:     0x5e12eda06a42 - <std[617be2ca0a6fd877]::thread::lifecycle::spawn_unchecked<test[aada8e7e76ba119b]::run_test::{closure#1}, ()>::{closure#1} as core[a373ad73a504971]::ops::function::FnOnce<()>>::call_once::{shim:vtable#0}
[INFO] [stdout]   17:     0x5e12edf1e0af - <std[617be2ca0a6fd877]::sys::thread::unix::Thread>::new::thread_start
[INFO] [stdout]   18:     0x7100753e9dfa - <unknown>
[INFO] [stdout]   19:     0x71007547d3d4 - clone
[INFO] [stdout]   20:                0x0 - <unknown>
[INFO] [stdout] 
[INFO] [stdout] ---- execution::tests::execute_respects_one_file_mode_and_custom_headers stdout ----
[INFO] [stdout] 
[INFO] [stdout] thread 'execution::tests::execute_respects_one_file_mode_and_custom_headers' (4823) panicked at src/execution/tests.rs:159:6:
[INFO] [stdout] called `Result::unwrap()` on an `Err` value: InspectOpenApi("failed to read OpenAPI file '/opt/rustwide/workdir/../../../test/OpenAPI/v3.0/petstore.json': No such file or directory (os error 2)")
[INFO] [stdout] stack backtrace:
[INFO] [stdout]    0:     0x5e12edf1f141 - <<std[617be2ca0a6fd877]::sys::backtrace::BacktraceLock>::print::DisplayBacktrace as core[a373ad73a504971]::fmt::Display>::fmt
[INFO] [stdout]    1:     0x5e12edf3713a - core[a373ad73a504971]::fmt::write
[INFO] [stdout]    2:     0x5e12edf2485c - <alloc[2e1b2a31b91974c5]::vec::Vec<u8> as core[a373ad73a504971]::io::write::Write>::write_fmt
[INFO] [stdout]    3:     0x5e12edef8256 - std[617be2ca0a6fd877]::panicking::default_hook::{closure#0}
[INFO] [stdout]    4:     0x5e12edf16179 - std[617be2ca0a6fd877]::panicking::default_hook
[INFO] [stdout]    5:     0x5e12eda03390 - test[aada8e7e76ba119b]::test_main_inner::{closure#0}
[INFO] [stdout]    6:     0x5e12edf164a2 - std[617be2ca0a6fd877]::panicking::panic_with_hook
[INFO] [stdout]    7:     0x5e12edef8302 - std[617be2ca0a6fd877]::panicking::panic_handler::{closure#0}
[INFO] [stdout]    8:     0x5e12edef0c89 - std[617be2ca0a6fd877]::sys::backtrace::__rust_end_short_backtrace::<std[617be2ca0a6fd877]::panicking::panic_handler::{closure#0}, !>
[INFO] [stdout]    9:     0x5e12edef90fd - __rustc[ea4f61d10b84890b]::rust_begin_unwind
[INFO] [stdout]   10:     0x5e12edf3791c - core[a373ad73a504971]::panicking::panic_fmt
[INFO] [stdout]   11:     0x5e12edf376f2 - core[a373ad73a504971]::result::unwrap_failed
[INFO] [stdout]   12:     0x5e12ed9c5215 - <httpgenerator_cli[fa14859404eaf694]::execution::tests::execute_respects_one_file_mode_and_custom_headers::{closure#0} as core[a373ad73a504971]::ops::function::FnOnce<()>>::call_once
[INFO] [stdout]   13:     0x5e12ed9f67db - test[aada8e7e76ba119b]::__rust_begin_short_backtrace::<core[a373ad73a504971]::result::Result<(), alloc[2e1b2a31b91974c5]::string::String>, fn() -> core[a373ad73a504971]::result::Result<(), alloc[2e1b2a31b91974c5]::string::String>>
[INFO] [stdout]   14:     0x5e12eda039b5 - test[aada8e7e76ba119b]::run_test::{closure#0}
[INFO] [stdout]   15:     0x5e12ed9fd2a4 - std[617be2ca0a6fd877]::sys::backtrace::__rust_begin_short_backtrace::<test[aada8e7e76ba119b]::run_test::{closure#1}, ()>
[INFO] [stdout]   16:     0x5e12eda06a42 - <std[617be2ca0a6fd877]::thread::lifecycle::spawn_unchecked<test[aada8e7e76ba119b]::run_test::{closure#1}, ()>::{closure#1} as core[a373ad73a504971]::ops::function::FnOnce<()>>::call_once::{shim:vtable#0}
[INFO] [stdout]   17:     0x5e12edf1e0af - <std[617be2ca0a6fd877]::sys::thread::unix::Thread>::new::thread_start
[INFO] [stdout]   18:     0x7100753e9dfa - <unknown>
[INFO] [stdout]   19:     0x71007547d3d4 - clone
[INFO] [stdout]   20:                0x0 - <unknown>
[INFO] [stdout] 
[INFO] [stdout] ---- execution::tests::execute_uses_acquired_azure_token_as_authorization_header stdout ----
[INFO] [stdout] 
[INFO] [stdout] thread 'execution::tests::execute_uses_acquired_azure_token_as_authorization_header' (4824) panicked at src/execution/tests.rs:236:6:
[INFO] [stdout] called `Result::unwrap()` on an `Err` value: InspectOpenApi("failed to read OpenAPI file '/opt/rustwide/workdir/../../../test/OpenAPI/v3.0/petstore.json': No such file or directory (os error 2)")
[INFO] [stdout] stack backtrace:
[INFO] [stdout]    0:     0x5e12edf1f141 - <<std[617be2ca0a6fd877]::sys::backtrace::BacktraceLock>::print::DisplayBacktrace as core[a373ad73a504971]::fmt::Display>::fmt
[INFO] [stdout]    1:     0x5e12edf3713a - core[a373ad73a504971]::fmt::write
[INFO] [stdout]    2:     0x5e12edf2485c - <alloc[2e1b2a31b91974c5]::vec::Vec<u8> as core[a373ad73a504971]::io::write::Write>::write_fmt
[INFO] [stdout]    3:     0x5e12edef8256 - std[617be2ca0a6fd877]::panicking::default_hook::{closure#0}
[INFO] [stdout]    4:     0x5e12edf16179 - std[617be2ca0a6fd877]::panicking::default_hook
[INFO] [stdout]    5:     0x5e12eda03390 - test[aada8e7e76ba119b]::test_main_inner::{closure#0}
[INFO] [stdout]    6:     0x5e12edf164a2 - std[617be2ca0a6fd877]::panicking::panic_with_hook
[INFO] [stdout]    7:     0x5e12edef8302 - std[617be2ca0a6fd877]::panicking::panic_handler::{closure#0}
[INFO] [stdout]    8:     0x5e12edef0c89 - std[617be2ca0a6fd877]::sys::backtrace::__rust_end_short_backtrace::<std[617be2ca0a6fd877]::panicking::panic_handler::{closure#0}, !>
[INFO] [stdout]    9:     0x5e12edef90fd - __rustc[ea4f61d10b84890b]::rust_begin_unwind
[INFO] [stdout]   10:     0x5e12edf3791c - core[a373ad73a504971]::panicking::panic_fmt
[INFO] [stdout]   11:     0x5e12edf376f2 - core[a373ad73a504971]::result::unwrap_failed
[INFO] [stdout]   12:     0x5e12ed9c5fb4 - <httpgenerator_cli[fa14859404eaf694]::execution::tests::execute_uses_acquired_azure_token_as_authorization_header::{closure#0} as core[a373ad73a504971]::ops::function::FnOnce<()>>::call_once
[INFO] [stdout]   13:     0x5e12ed9f67db - test[aada8e7e76ba119b]::__rust_begin_short_backtrace::<core[a373ad73a504971]::result::Result<(), alloc[2e1b2a31b91974c5]::string::String>, fn() -> core[a373ad73a504971]::result::Result<(), alloc[2e1b2a31b91974c5]::string::String>>
[INFO] [stdout]   14:     0x5e12eda039b5 - test[aada8e7e76ba119b]::run_test::{closure#0}
[INFO] [stdout]   15:     0x5e12ed9fd2a4 - std[617be2ca0a6fd877]::sys::backtrace::__rust_begin_short_backtrace::<test[aada8e7e76ba119b]::run_test::{closure#1}, ()>
[INFO] [stdout]   16:     0x5e12eda06a42 - <std[617be2ca0a6fd877]::thread::lifecycle::spawn_unchecked<test[aada8e7e76ba119b]::run_test::{closure#1}, ()>::{closure#1} as core[a373ad73a504971]::ops::function::FnOnce<()>>::call_once::{shim:vtable#0}
[INFO] [stdout]   17:     0x5e12edf1e0af - <std[617be2ca0a6fd877]::sys::thread::unix::Thread>::new::thread_start
[INFO] [stdout]   18:     0x7100753e9dfa - <unknown>
[INFO] [stdout]   19:     0x71007547d3d4 - clone
[INFO] [stdout]   20:                0x0 - <unknown>
[INFO] [stdout] 
[INFO] [stdout] ---- execution::tests::execute_writes_petstore_files stdout ----
[INFO] [stdout] 
[INFO] [stdout] thread 'execution::tests::execute_writes_petstore_files' (4825) panicked at src/execution/tests.rs:70:57:
[INFO] [stdout] called `Result::unwrap()` on an `Err` value: InspectOpenApi("failed to read OpenAPI file '/opt/rustwide/workdir/../../../test/OpenAPI/v3.0/petstore.json': No such file or directory (os error 2)")
[INFO] [stdout] stack backtrace:
[INFO] [stdout]    0:     0x5e12edf1f141 - <<std[617be2ca0a6fd877]::sys::backtrace::BacktraceLock>::print::DisplayBacktrace as core[a373ad73a504971]::fmt::Display>::fmt
[INFO] [stdout]    1:     0x5e12edf3713a - core[a373ad73a504971]::fmt::write
[INFO] [stdout]    2:     0x5e12edf2485c - <alloc[2e1b2a31b91974c5]::vec::Vec<u8> as core[a373ad73a504971]::io::write::Write>::write_fmt
[INFO] [stdout]    3:     0x5e12edef8256 - std[617be2ca0a6fd877]::panicking::default_hook::{closure#0}
[INFO] [stdout]    4:     0x5e12edf16179 - std[617be2ca0a6fd877]::panicking::default_hook
[INFO] [stdout]    5:     0x5e12eda03390 - test[aada8e7e76ba119b]::test_main_inner::{closure#0}
[INFO] [stdout]    6:     0x5e12edf164a2 - std[617be2ca0a6fd877]::panicking::panic_with_hook
[INFO] [stdout]    7:     0x5e12edef8302 - std[617be2ca0a6fd877]::panicking::panic_handler::{closure#0}
[INFO] [stdout]    8:     0x5e12edef0c89 - std[617be2ca0a6fd877]::sys::backtrace::__rust_end_short_backtrace::<std[617be2ca0a6fd877]::panicking::panic_handler::{closure#0}, !>
[INFO] [stdout]    9:     0x5e12edef90fd - __rustc[ea4f61d10b84890b]::rust_begin_unwind
[INFO] [stdout]   10:     0x5e12edf3791c - core[a373ad73a504971]::panicking::panic_fmt
[INFO] [stdout]   11:     0x5e12edf376f2 - core[a373ad73a504971]::result::unwrap_failed
[INFO] [stdout]   12:     0x5e12ed9c355e - <httpgenerator_cli[fa14859404eaf694]::execution::tests::execute_writes_petstore_files::{closure#0} as core[a373ad73a504971]::ops::function::FnOnce<()>>::call_once
[INFO] [stdout]   13:     0x5e12ed9f67db - test[aada8e7e76ba119b]::__rust_begin_short_backtrace::<core[a373ad73a504971]::result::Result<(), alloc[2e1b2a31b91974c5]::string::String>, fn() -> core[a373ad73a504971]::result::Result<(), alloc[2e1b2a31b91974c5]::string::String>>
[INFO] [stdout]   14:     0x5e12eda039b5 - test[aada8e7e76ba119b]::run_test::{closure#0}
[INFO] [stdout]   15:     0x5e12ed9fd2a4 - std[617be2ca0a6fd877]::sys::backtrace::__rust_begin_short_backtrace::<test[aada8e7e76ba119b]::run_test::{closure#1}, ()>
[INFO] [stdout]   16:     0x5e12eda06a42 - <std[617be2ca0a6fd877]::thread::lifecycle::spawn_unchecked<test[aada8e7e76ba119b]::run_test::{closure#1}, ()>::{closure#1} as core[a373ad73a504971]::ops::function::FnOnce<()>>::call_once::{shim:vtable#0}
[INFO] [stdout]   17:     0x5e12edf1e0af - <std[617be2ca0a6fd877]::sys::thread::unix::Thread>::new::thread_start
[INFO] [stdout]   18:     0x7100753e9dfa - <unknown>
[INFO] [stdout]   19:     0x71007547d3d4 - clone
[INFO] [stdout]   20:                0x0 - <unknown>
[INFO] [stdout] 
[INFO] [stdout] ---- execution::tests::execute_allows_openapi31_with_skip_validation stdout ----
[INFO] [stdout] 
[INFO] [stdout] thread 'execution::tests::execute_allows_openapi31_with_skip_validation' (4818) panicked at src/execution/tests.rs:192:6:
[INFO] [stdout] called `Result::unwrap()` on an `Err` value: LoadOpenApi("failed to read OpenAPI file '/opt/rustwide/workdir/../../../test/OpenAPI/v3.1/webhook-example.json': No such file or directory (os error 2)")
[INFO] [stdout] stack backtrace:
[INFO] [stdout]    0:     0x5e12edf1f141 - <<std[617be2ca0a6fd877]::sys::backtrace::BacktraceLock>::print::DisplayBacktrace as core[a373ad73a504971]::fmt::Display>::fmt
[INFO] [stdout]    1:     0x5e12edf3713a - core[a373ad73a504971]::fmt::write
[INFO] [stdout]    2:     0x5e12edf2485c - <alloc[2e1b2a31b91974c5]::vec::Vec<u8> as core[a373ad73a504971]::io::write::Write>::write_fmt
[INFO] [stdout]    3:     0x5e12edef8256 - std[617be2ca0a6fd877]::panicking::default_hook::{closure#0}
[INFO] [stdout]    4:     0x5e12edf16179 - std[617be2ca0a6fd877]::panicking::default_hook
[INFO] [stdout]    5:     0x5e12eda03390 - test[aada8e7e76ba119b]::test_main_inner::{closure#0}
[INFO] [stdout]    6:     0x5e12edf164a2 - std[617be2ca0a6fd877]::panicking::panic_with_hook
[INFO] [stdout]    7:     0x5e12edef8302 - std[617be2ca0a6fd877]::panicking::panic_handler::{closure#0}
[INFO] [stdout]    8:     0x5e12edef0c89 - std[617be2ca0a6fd877]::sys::backtrace::__rust_end_short_backtrace::<std[617be2ca0a6fd877]::panicking::panic_handler::{closure#0}, !>
[INFO] [stdout]    9:     0x5e12edef90fd - __rustc[ea4f61d10b84890b]::rust_begin_unwind
[INFO] [stdout]   10:     0x5e12edf3791c - core[a373ad73a504971]::panicking::panic_fmt
[INFO] [stdout]   11:     0x5e12edf376f2 - core[a373ad73a504971]::result::unwrap_failed
[INFO] [stdout]   12:     0x5e12ed9c38b7 - <httpgenerator_cli[fa14859404eaf694]::execution::tests::execute_allows_openapi31_with_skip_validation::{closure#0} as core[a373ad73a504971]::ops::function::FnOnce<()>>::call_once
[INFO] [stdout]   13:     0x5e12ed9f67db - test[aada8e7e76ba119b]::__rust_begin_short_backtrace::<core[a373ad73a504971]::result::Result<(), alloc[2e1b2a31b91974c5]::string::String>, fn() -> core[a373ad73a504971]::result::Result<(), alloc[2e1b2a31b91974c5]::string::String>>
[INFO] [stdout]   14:     0x5e12eda039b5 - test[aada8e7e76ba119b]::run_test::{closure#0}
[INFO] [stdout]   15:     0x5e12ed9fd2a4 - std[617be2ca0a6fd877]::sys::backtrace::__rust_begin_short_backtrace::<test[aada8e7e76ba119b]::run_test::{closure#1}, ()>
[INFO] [stdout]   16:     0x5e12eda06a42 - <std[617be2ca0a6fd877]::thread::lifecycle::spawn_unchecked<test[aada8e7e76ba119b]::run_test::{closure#1}, ()>::{closure#1} as core[a373ad73a504971]::ops::function::FnOnce<()>>::call_once::{shim:vtable#0}
[INFO] [stdout]   17:     0x5e12edf1e0af - <std[617be2ca0a6fd877]::sys::thread::unix::Thread>::new::thread_start
[INFO] [stdout]   18:     0x7100753e9dfa - <unknown>
[INFO] [stdout]   19:     0x71007547d3d4 - clone
[INFO] [stdout]   20:                0x0 - <unknown>
[INFO] [stdout] 
[INFO] [stdout] ---- execution::tests::execute_rejects_openapi31_without_skip_validation stdout ----
[INFO] [stdout] 
[INFO] [stdout] thread 'execution::tests::execute_rejects_openapi31_without_skip_validation' (4822) panicked at src/execution/tests.rs:177:5:
[INFO] [stdout] assertion `left == right` failed
[INFO] [stdout]   left: InspectOpenApi("failed to read OpenAPI file '/opt/rustwide/workdir/../../../test/OpenAPI/v3.1/webhook-example.json': No such file or directory (os error 2)")
[INFO] [stdout]  right: UnsupportedValidationVersion { version: OpenApi31 }
[INFO] [stdout] stack backtrace:
[INFO] [stdout]    0:     0x5e12edf1f141 - <<std[617be2ca0a6fd877]::sys::backtrace::BacktraceLock>::print::DisplayBacktrace as core[a373ad73a504971]::fmt::Display>::fmt
[INFO] [stdout]    1:     0x5e12edf3713a - core[a373ad73a504971]::fmt::write
[INFO] [stdout]    2:     0x5e12edf2485c - <alloc[2e1b2a31b91974c5]::vec::Vec<u8> as core[a373ad73a504971]::io::write::Write>::write_fmt
[INFO] [stdout]    3:     0x5e12edef8256 - std[617be2ca0a6fd877]::panicking::default_hook::{closure#0}
[INFO] [stdout]    4:     0x5e12edf16179 - std[617be2ca0a6fd877]::panicking::default_hook
[INFO] [stdout]    5:     0x5e12eda03390 - test[aada8e7e76ba119b]::test_main_inner::{closure#0}
[INFO] [stdout]    6:     0x5e12edf164a2 - std[617be2ca0a6fd877]::panicking::panic_with_hook
[INFO] [stdout]    7:     0x5e12edef8302 - std[617be2ca0a6fd877]::panicking::panic_handler::{closure#0}
[INFO] [stdout]    8:     0x5e12edef0c89 - std[617be2ca0a6fd877]::sys::backtrace::__rust_end_short_backtrace::<std[617be2ca0a6fd877]::panicking::panic_handler::{closure#0}, !>
[INFO] [stdout]    9:     0x5e12edef90fd - __rustc[ea4f61d10b84890b]::rust_begin_unwind
[INFO] [stdout]   10:     0x5e12edf3791c - core[a373ad73a504971]::panicking::panic_fmt
[INFO] [stdout]   11:     0x5e12edf37833 - core[a373ad73a504971]::panicking::assert_failed_inner
[INFO] [stdout]   12:     0x5e12ed9de37e - core[a373ad73a504971]::panicking::assert_failed::<httpgenerator_cli[fa14859404eaf694]::error::CliError, httpgenerator_cli[fa14859404eaf694]::error::CliError>
[INFO] [stdout]   13:     0x5e12ed9c4d2c - <httpgenerator_cli[fa14859404eaf694]::execution::tests::execute_rejects_openapi31_without_skip_validation::{closure#0} as core[a373ad73a504971]::ops::function::FnOnce<()>>::call_once
[INFO] [stdout]   14:     0x5e12ed9f67db - test[aada8e7e76ba119b]::__rust_begin_short_backtrace::<core[a373ad73a504971]::result::Result<(), alloc[2e1b2a31b91974c5]::string::String>, fn() -> core[a373ad73a504971]::result::Result<(), alloc[2e1b2a31b91974c5]::string::String>>
[INFO] [stdout]   15:     0x5e12eda039b5 - test[aada8e7e76ba119b]::run_test::{closure#0}
[INFO] [stdout]   16:     0x5e12ed9fd2a4 - std[617be2ca0a6fd877]::sys::backtrace::__rust_begin_short_backtrace::<test[aada8e7e76ba119b]::run_test::{closure#1}, ()>
[INFO] [stdout]   17:     0x5e12eda06a42 - <std[617be2ca0a6fd877]::thread::lifecycle::spawn_unchecked<test[aada8e7e76ba119b]::run_test::{closure#1}, ()>::{closure#1} as core[a373ad73a504971]::ops::function::FnOnce<()>>::call_once::{shim:vtable#0}
[INFO] [stdout]   18:     0x5e12edf1e0af - <std[617be2ca0a6fd877]::sys::thread::unix::Thread>::new::thread_start
[INFO] [stdout]   19:     0x7100753e9dfa - <unknown>
[INFO] [stdout]   20:     0x71007547d3d4 - clone
[INFO] [stdout]   21:                0x0 - <unknown>
[INFO] [stdout] 
[INFO] [stdout] 
[INFO] [stdout] failures:
[INFO] [stdout]     execution::tests::execute_allows_invalid_openapi31_with_skip_validation
[INFO] [stdout]     execution::tests::execute_allows_openapi31_with_skip_validation
[INFO] [stdout]     execution::tests::execute_continues_when_azure_scope_is_missing
[INFO] [stdout]     execution::tests::execute_continues_when_azure_token_lookup_fails
[INFO] [stdout]     execution::tests::execute_notifies_observer_in_cli_lifecycle_order
[INFO] [stdout]     execution::tests::execute_rejects_openapi31_without_skip_validation
[INFO] [stdout]     execution::tests::execute_respects_one_file_mode_and_custom_headers
[INFO] [stdout]     execution::tests::execute_uses_acquired_azure_token_as_authorization_header
[INFO] [stdout]     execution::tests::execute_writes_petstore_files
[INFO] [stdout] 
[INFO] [stdout] test result: FAILED. 11 passed; 9 failed; 0 ignored; 0 measured; 0 filtered out; finished in 0.05s
[INFO] [stdout] 
[INFO] [stderr] error: test failed, to rerun pass `--lib`
[INFO] running `Command { std: "docker" "inspect" "4a19cc241b9d41676bfdff90e1dadad67a400a3c34d3c261d9583508dab4e35d", kill_on_drop: false }`
[INFO] running `Command { std: "docker" "rm" "-f" "4a19cc241b9d41676bfdff90e1dadad67a400a3c34d3c261d9583508dab4e35d", kill_on_drop: false }`
[INFO] [stdout] 4a19cc241b9d41676bfdff90e1dadad67a400a3c34d3c261d9583508dab4e35d
