[INFO] fetching crate httpfile-build 0.1.1...
[INFO] testing httpfile-build-0.1.1 against 1.99.0-beta.8+cargoflags=--release for beta-release-1.100-2
[INFO] extracting crate httpfile-build 0.1.1 into /workspace/builds/worker-1-tc1/source
[INFO] started tweaking crates.io crate httpfile-build 0.1.1
[INFO] finished tweaking crates.io crate httpfile-build 0.1.1
[INFO] tweaked toml for crates.io crate httpfile-build 0.1.1 written to /workspace/builds/worker-1-tc1/source/Cargo.toml
[INFO] validating manifest of crates.io crate httpfile-build 0.1.1 on toolchain 1.99.0-beta.8
[INFO] running `Command { std: CARGO_HOME="/workspace/cargo-home" RUSTUP_HOME="/workspace/rustup-home" "/workspace/cargo-home/bin/cargo" "+1.99.0-beta.8" "metadata" "--manifest-path" "Cargo.toml" "--no-deps", kill_on_drop: false }`
[INFO] running `Command { std: CARGO_HOME="/workspace/cargo-home" RUSTUP_HOME="/workspace/rustup-home" "/workspace/cargo-home/bin/cargo" "+1.99.0-beta.8" "generate-lockfile" "--manifest-path" "Cargo.toml", kill_on_drop: false }`
[INFO] [stderr]     Updating crates.io index
[INFO] [stderr]      Locking 32 packages to highest compatible versions
[INFO] [stderr]       Adding handlebars v4.5.0 (available: v6.4.4)
[INFO] [stderr]       Adding psm v0.1.24 (available: v0.1.32)
[INFO] [stderr]       Adding syn v1.0.109 (available: v3.0.9)
[INFO] running `Command { std: CARGO_HOME="/workspace/cargo-home" RUSTUP_HOME="/workspace/rustup-home" "/workspace/cargo-home/bin/cargo" "+1.99.0-beta.8" "fetch" "--manifest-path" "Cargo.toml", kill_on_drop: false }`
[INFO] [stderr]  Downloading crates ...
[INFO] [stderr]   Downloaded handlebars v4.5.0
[INFO] running `Command { std: "docker" "create" "-v" "/var/lib/crater-agent-workspace/builds/worker-1-tc1/source:/opt/rustwide/workdir:ro,Z" "-v" "/var/lib/crater-agent-workspace/builds/worker-1-tc1/target:/opt/rustwide/target:rw,Z" "-v" "/var/lib/crater-agent-workspace/cargo-home:/opt/rustwide/cargo-home:ro,Z" "-v" "/var/lib/crater-agent-workspace/rustup-home:/opt/rustwide/rustup-home:ro,Z" "-m" "1610612736" "--network" "none" "ghcr.io/rust-lang/crates-build-env/linux@sha256:77db811e55d90add9212f6832c23229e3de5f1c1f9905e8cb07319ea15df73ac" "sleep" "infinity", kill_on_drop: false }`
[INFO] [stdout] a19020d61444b6d854466248fb31e762863b3f57c7a7d594bab28a1a438d7b86
[INFO] running `Command { std: "docker" "start" "a19020d61444b6d854466248fb31e762863b3f57c7a7d594bab28a1a438d7b86", kill_on_drop: false }`
[INFO] running `Command { std: "docker" "inspect" "a19020d61444b6d854466248fb31e762863b3f57c7a7d594bab28a1a438d7b86", kill_on_drop: false }`
[INFO] running `Command { std: "docker" "exec" "-e" "SOURCE_DIR=/opt/rustwide/workdir" "-e" "CARGO_HOME=/opt/rustwide/cargo-home" "-e" "RUSTUP_HOME=/opt/rustwide/rustup-home" "-e" "CARGO_TARGET_DIR=/opt/rustwide/target" "-w" "/opt/rustwide/workdir" "--user" "0:0" "a19020d61444b6d854466248fb31e762863b3f57c7a7d594bab28a1a438d7b86" "/opt/rustwide/cargo-home/bin/cargo" "+1.99.0-beta.8" "metadata" "--no-deps" "--format-version=1", kill_on_drop: false }`
[INFO] running `Command { std: "docker" "inspect" "a19020d61444b6d854466248fb31e762863b3f57c7a7d594bab28a1a438d7b86", kill_on_drop: false }`
[INFO] running `Command { std: "docker" "exec" "-e" "SOURCE_DIR=/opt/rustwide/workdir" "-e" "CARGO_HOME=/opt/rustwide/cargo-home" "-e" "RUSTUP_HOME=/opt/rustwide/rustup-home" "-e" "CARGO_TARGET_DIR=/opt/rustwide/target" "-e" "CARGO_INCREMENTAL=0" "-e" "RUST_BACKTRACE=full" "-e" "RUSTFLAGS=--cap-lints=warn" "-e" "RUSTDOCFLAGS=--cap-lints=warn" "-w" "/opt/rustwide/workdir" "--user" "0:0" "a19020d61444b6d854466248fb31e762863b3f57c7a7d594bab28a1a438d7b86" "/opt/rustwide/cargo-home/bin/cargo" "+1.99.0-beta.8" "build" "--frozen" "--message-format=json" "--release", kill_on_drop: false }`
[INFO] [stderr]    Compiling syn v3.0.9
[INFO] [stderr]    Compiling syn v1.0.109
[INFO] [stderr]    Compiling pest v2.9.4
[INFO] [stderr]    Compiling pest_generator v2.9.4
[INFO] [stderr]    Compiling serde_derive v1.0.229
[INFO] [stderr]    Compiling pest_derive v2.9.4
[INFO] [stderr]    Compiling serde v1.0.229
[INFO] [stderr]    Compiling handlebars v4.5.0
[INFO] [stderr]    Compiling httpfile-build v0.1.1 (/opt/rustwide/workdir)
[INFO] [stdout] warning: fields `index` and `variable_names` are never read
[INFO] [stdout]   --> src/models.rs:18:9
[INFO] [stdout]    |
[INFO] [stdout] 17 | pub struct HttpRequest {
[INFO] [stdout]    |            ----------- fields in this struct
[INFO] [stdout] 18 |     pub index: u32,
[INFO] [stdout]    |         ^^^^^
[INFO] [stdout] ...
[INFO] [stdout] 34 |     pub variable_names: Vec<String>,
[INFO] [stdout]    |         ^^^^^^^^^^^^^^
[INFO] [stdout]    |
[INFO] [stdout]    = note: `HttpRequest` has a derived impl for the trait `Debug`, but this is intentionally ignored during dead code analysis
[INFO] [stdout]    = note: `#[warn(dead_code)]` (part of `#[warn(unused)]`) on by default
[INFO] [stdout] 
[INFO] [stdout] 
[INFO] [stderr]     Finished `release` profile [optimized] target(s) in 19.30s
[INFO] running `Command { std: "docker" "inspect" "a19020d61444b6d854466248fb31e762863b3f57c7a7d594bab28a1a438d7b86", kill_on_drop: false }`
[INFO] running `Command { std: "docker" "exec" "-e" "SOURCE_DIR=/opt/rustwide/workdir" "-e" "CARGO_HOME=/opt/rustwide/cargo-home" "-e" "RUSTUP_HOME=/opt/rustwide/rustup-home" "-e" "CARGO_TARGET_DIR=/opt/rustwide/target" "-e" "CARGO_INCREMENTAL=0" "-e" "RUST_BACKTRACE=full" "-e" "RUSTFLAGS=--cap-lints=warn" "-e" "RUSTDOCFLAGS=--cap-lints=warn" "-w" "/opt/rustwide/workdir" "--user" "0:0" "a19020d61444b6d854466248fb31e762863b3f57c7a7d594bab28a1a438d7b86" "/opt/rustwide/cargo-home/bin/cargo" "+1.99.0-beta.8" "test" "--frozen" "--no-run" "--message-format=json" "--release", kill_on_drop: false }`
[INFO] [stdout] warning: fields `index` and `variable_names` are never read
[INFO] [stdout]   --> src/models.rs:18:9
[INFO] [stdout]    |
[INFO] [stdout] 17 | pub struct HttpRequest {
[INFO] [stdout]    |            ----------- fields in this struct
[INFO] [stdout] 18 |     pub index: u32,
[INFO] [stdout]    |         ^^^^^
[INFO] [stdout] ...
[INFO] [stdout] 34 |     pub variable_names: Vec<String>,
[INFO] [stdout]    |         ^^^^^^^^^^^^^^
[INFO] [stdout]    |
[INFO] [stdout]    = note: `HttpRequest` has a derived impl for the trait `Debug`, but this is intentionally ignored during dead code analysis
[INFO] [stdout]    = note: `#[warn(dead_code)]` (part of `#[warn(unused)]`) on by default
[INFO] [stdout] 
[INFO] [stdout] 
[INFO] [stderr]    Compiling httpfile-build v0.1.1 (/opt/rustwide/workdir)
[INFO] [stdout] warning: fields `index` and `variable_names` are never read
[INFO] [stdout]   --> src/models.rs:18:9
[INFO] [stdout]    |
[INFO] [stdout] 17 | pub struct HttpRequest {
[INFO] [stdout]    |            ----------- fields in this struct
[INFO] [stdout] 18 |     pub index: u32,
[INFO] [stdout]    |         ^^^^^
[INFO] [stdout] ...
[INFO] [stdout] 34 |     pub variable_names: Vec<String>,
[INFO] [stdout]    |         ^^^^^^^^^^^^^^
[INFO] [stdout]    |
[INFO] [stdout]    = note: `HttpRequest` has a derived impl for the trait `Debug`, but this is intentionally ignored during dead code analysis
[INFO] [stdout]    = note: `#[warn(dead_code)]` (part of `#[warn(unused)]`) on by default
[INFO] [stdout] 
[INFO] [stdout] 
[INFO] [stderr]     Finished `release` profile [optimized] target(s) in 2.13s
[INFO] running `Command { std: "docker" "inspect" "a19020d61444b6d854466248fb31e762863b3f57c7a7d594bab28a1a438d7b86", kill_on_drop: false }`
[INFO] running `Command { std: "docker" "exec" "-e" "SOURCE_DIR=/opt/rustwide/workdir" "-e" "CARGO_HOME=/opt/rustwide/cargo-home" "-e" "RUSTUP_HOME=/opt/rustwide/rustup-home" "-e" "CARGO_TARGET_DIR=/opt/rustwide/target" "-e" "CARGO_INCREMENTAL=0" "-e" "RUST_BACKTRACE=full" "-e" "RUSTFLAGS=--cap-lints=warn" "-e" "RUSTDOCFLAGS=--cap-lints=warn" "-w" "/opt/rustwide/workdir" "--user" "0:0" "a19020d61444b6d854466248fb31e762863b3f57c7a7d594bab28a1a438d7b86" "/opt/rustwide/cargo-home/bin/cargo" "+1.99.0-beta.8" "test" "--frozen" "--release", kill_on_drop: false }`
[INFO] [stderr] warning: fields `index` and `variable_names` are never read
[INFO] [stderr]   --> src/models.rs:18:9
[INFO] [stderr]    |
[INFO] [stderr] 17 | pub struct HttpRequest {
[INFO] [stderr]    |            ----------- fields in this struct
[INFO] [stderr] 18 |     pub index: u32,
[INFO] [stderr]    |         ^^^^^
[INFO] [stderr] ...
[INFO] [stderr] 34 |     pub variable_names: Vec<String>,
[INFO] [stderr]    |         ^^^^^^^^^^^^^^
[INFO] [stderr]    |
[INFO] [stderr]    = note: `HttpRequest` has a derived impl for the trait `Debug`, but this is intentionally ignored during dead code analysis
[INFO] [stderr]    = note: `#[warn(dead_code)]` (part of `#[warn(unused)]`) on by default
[INFO] [stderr] 
[INFO] [stderr] warning: `httpfile-build` (lib) generated 1 warning
[INFO] [stderr] warning: `httpfile-build` (lib test) generated 1 warning (1 duplicate)
[INFO] [stderr]     Finished `release` profile [optimized] target(s) in 0.05s
[INFO] [stderr]      Running unittests src/lib.rs (/opt/rustwide/target/release/deps/httpfile_build-158ec851282b8508)
[INFO] [stdout] 
[INFO] [stdout] running 7 tests
[INFO] [stdout] test models::tests::test_graphql_to_rust_code ... ok
[INFO] [stdout] test models::tests::test_handlerbars ... ok
[INFO] [stdout] test parser::tests::test_parse_post ... ok
[INFO] [stdout] test models::tests::test_replace_variables ... ok
[INFO] [stdout] test parser::tests::test_parse_code ... ok
[INFO] [stdout] test models::tests::test_to_rust_code ... ok
[INFO] [stdout] test tests::test_parser ... FAILED
[INFO] [stdout] 
[INFO] [stdout] failures:
[INFO] [stdout] 
[INFO] [stdout] ---- tests::test_parser stdout ----
[INFO] [stdout] dest_path = "/opt/rustwide/workdir/temp/index.rs"
[INFO] [stdout] 
[INFO] [stdout] thread 'tests::test_parser' (376) panicked at src/lib.rs:85:14:
[INFO] [stdout] called `Result::unwrap()` on an `Err` value: Os { code: 2, kind: NotFound, message: "No such file or directory" }
[INFO] [stdout] stack backtrace:
[INFO] [stdout]    0:     0x5d9de99c73a1 - <<std[70759c8f55707aa4]::sys::backtrace::BacktraceLock>::print::DisplayBacktrace as core[df12db4294e9bfd3]::fmt::Display>::fmt
[INFO] [stdout]    1:     0x5d9de99dc71a - core[df12db4294e9bfd3]::fmt::write
[INFO] [stdout]    2:     0x5d9de99cb83c - <alloc[2182bb758b4b3781]::vec::Vec<u8> as core[df12db4294e9bfd3]::io::write::Write>::write_fmt
[INFO] [stdout]    3:     0x5d9de99a31b6 - std[70759c8f55707aa4]::panicking::default_hook::{closure#0}
[INFO] [stdout]    4:     0x5d9de99bf5d9 - std[70759c8f55707aa4]::panicking::default_hook
[INFO] [stdout]    5:     0x5d9de98f5e20 - test[9d35eded1c95d3be]::test_main_inner::<test[9d35eded1c95d3be]::test_main_static::{closure#0}>::{closure#0}
[INFO] [stdout]    6:     0x5d9de99bf792 - std[70759c8f55707aa4]::panicking::panic_with_hook
[INFO] [stdout]    7:     0x5d9de99a3262 - std[70759c8f55707aa4]::panicking::panic_handler::{closure#0}
[INFO] [stdout]    8:     0x5d9de999bc19 - std[70759c8f55707aa4]::sys::backtrace::__rust_end_short_backtrace::<std[70759c8f55707aa4]::panicking::panic_handler::{closure#0}, !>
[INFO] [stdout]    9:     0x5d9de99a3efd - __rustc[8fa7c3cbc660c2b3]::rust_begin_unwind
[INFO] [stdout]   10:     0x5d9de99dce4c - core[df12db4294e9bfd3]::panicking::panic_fmt
[INFO] [stdout]   11:     0x5d9de99dcc22 - core[df12db4294e9bfd3]::result::unwrap_failed
[INFO] [stdout]   12:     0x5d9de98dc4c4 - httpfile_build[44d54d7c3c3f9578]::tests::test_parser
[INFO] [stdout]   13:     0x5d9de98e29f9 - <httpfile_build[44d54d7c3c3f9578]::tests::test_parser::{closure#0} as core[df12db4294e9bfd3]::ops::function::FnOnce<()>>::call_once
[INFO] [stdout]   14:     0x5d9de98e910b - test[9d35eded1c95d3be]::__rust_begin_short_backtrace::<core[df12db4294e9bfd3]::result::Result<(), alloc[2182bb758b4b3781]::string::String>, fn() -> core[df12db4294e9bfd3]::result::Result<(), alloc[2182bb758b4b3781]::string::String>>
[INFO] [stdout]   15:     0x5d9de98f6775 - test[9d35eded1c95d3be]::run_test::{closure#0}
[INFO] [stdout]   16:     0x5d9de98f0034 - std[70759c8f55707aa4]::sys::backtrace::__rust_begin_short_backtrace::<test[9d35eded1c95d3be]::run_test::{closure#1}, ()>
[INFO] [stdout]   17:     0x5d9de98f98d2 - <std[70759c8f55707aa4]::thread::lifecycle::spawn_unchecked<test[9d35eded1c95d3be]::run_test::{closure#1}, ()>::{closure#1} as core[df12db4294e9bfd3]::ops::function::FnOnce<()>>::call_once::{shim:vtable#0}
[INFO] [stdout]   18:     0x5d9de99c6909 - <std[70759c8f55707aa4]::sys::thread::unix::Thread>::new::thread_start
[INFO] [stdout]   19:     0x7d950a0cedfa - <unknown>
[INFO] [stdout]   20:     0x7d950a1623d4 - clone
[INFO] [stdout]   21:                0x0 - <unknown>
[INFO] [stdout] 
[INFO] [stdout] 
[INFO] [stdout] failures:
[INFO] [stdout]     tests::test_parser
[INFO] [stdout] 
[INFO] [stdout] test result: FAILED. 6 passed; 1 failed; 0 ignored; 0 measured; 0 filtered out; finished in 0.01s
[INFO] [stdout] 
[INFO] [stderr] error: test failed, to rerun pass `--lib`
[INFO] running `Command { std: "docker" "inspect" "a19020d61444b6d854466248fb31e762863b3f57c7a7d594bab28a1a438d7b86", kill_on_drop: false }`
[INFO] running `Command { std: "docker" "rm" "-f" "a19020d61444b6d854466248fb31e762863b3f57c7a7d594bab28a1a438d7b86", kill_on_drop: false }`
[INFO] [stdout] a19020d61444b6d854466248fb31e762863b3f57c7a7d594bab28a1a438d7b86
