[INFO] fetching crate http_req 0.14.6...
[INFO] testing http_req-0.14.6 against 1.100.0-beta.1+cargoflags=--release for beta-release-1.100-2
[INFO] extracting crate http_req 0.14.6 into /workspace/builds/worker-6-tc2/source
[INFO] started tweaking crates.io crate http_req 0.14.6
[INFO] removed 0 missing examples
[INFO] finished tweaking crates.io crate http_req 0.14.6
[INFO] tweaked toml for crates.io crate http_req 0.14.6 written to /workspace/builds/worker-6-tc2/source/Cargo.toml
[INFO] validating manifest of crates.io crate http_req 0.14.6 on toolchain 1.100.0-beta.1
[INFO] running `Command { std: CARGO_HOME="/workspace/cargo-home" RUSTUP_HOME="/workspace/rustup-home" "/workspace/cargo-home/bin/cargo" "+1.100.0-beta.1" "metadata" "--manifest-path" "Cargo.toml" "--no-deps", kill_on_drop: false }`
[INFO] crate crates.io crate http_req 0.14.6 already has a lockfile, it will not be regenerated
[INFO] running `Command { std: CARGO_HOME="/workspace/cargo-home" RUSTUP_HOME="/workspace/rustup-home" "/workspace/cargo-home/bin/cargo" "+1.100.0-beta.1" "fetch" "--manifest-path" "Cargo.toml", kill_on_drop: false }`
[INFO] running `Command { std: "docker" "create" "-v" "/var/lib/crater-agent-workspace/builds/worker-6-tc2/source:/opt/rustwide/workdir:ro,Z" "-v" "/var/lib/crater-agent-workspace/builds/worker-6-tc2/target:/opt/rustwide/target:rw,Z" "-v" "/var/lib/crater-agent-workspace/cargo-home:/opt/rustwide/cargo-home:ro,Z" "-v" "/var/lib/crater-agent-workspace/rustup-home:/opt/rustwide/rustup-home:ro,Z" "-m" "1610612736" "--network" "none" "ghcr.io/rust-lang/crates-build-env/linux@sha256:77db811e55d90add9212f6832c23229e3de5f1c1f9905e8cb07319ea15df73ac" "sleep" "infinity", kill_on_drop: false }`
[INFO] [stdout] 454d7a15143688b9245e8915a1ebaf7f2ed6cacebeae51799de9463581d5c011
[INFO] running `Command { std: "docker" "start" "454d7a15143688b9245e8915a1ebaf7f2ed6cacebeae51799de9463581d5c011", kill_on_drop: false }`
[INFO] running `Command { std: "docker" "inspect" "454d7a15143688b9245e8915a1ebaf7f2ed6cacebeae51799de9463581d5c011", kill_on_drop: false }`
[INFO] running `Command { std: "docker" "exec" "-e" "SOURCE_DIR=/opt/rustwide/workdir" "-e" "CARGO_HOME=/opt/rustwide/cargo-home" "-e" "RUSTUP_HOME=/opt/rustwide/rustup-home" "-e" "CARGO_TARGET_DIR=/opt/rustwide/target" "-w" "/opt/rustwide/workdir" "--user" "0:0" "454d7a15143688b9245e8915a1ebaf7f2ed6cacebeae51799de9463581d5c011" "/opt/rustwide/cargo-home/bin/cargo" "+1.100.0-beta.1" "metadata" "--no-deps" "--format-version=1", kill_on_drop: false }`
[INFO] running `Command { std: "docker" "inspect" "454d7a15143688b9245e8915a1ebaf7f2ed6cacebeae51799de9463581d5c011", kill_on_drop: false }`
[INFO] running `Command { std: "docker" "exec" "-e" "SOURCE_DIR=/opt/rustwide/workdir" "-e" "CARGO_HOME=/opt/rustwide/cargo-home" "-e" "RUSTUP_HOME=/opt/rustwide/rustup-home" "-e" "CARGO_TARGET_DIR=/opt/rustwide/target" "-e" "CARGO_INCREMENTAL=0" "-e" "RUST_BACKTRACE=full" "-e" "RUSTFLAGS=--cap-lints=warn" "-e" "RUSTDOCFLAGS=--cap-lints=warn" "-w" "/opt/rustwide/workdir" "--user" "0:0" "454d7a15143688b9245e8915a1ebaf7f2ed6cacebeae51799de9463581d5c011" "/opt/rustwide/cargo-home/bin/cargo" "+1.100.0-beta.1" "build" "--frozen" "--message-format=json" "--release", kill_on_drop: false }`
[INFO] [stderr]    Compiling openssl v0.10.80
[INFO] [stderr]    Compiling unicase v2.9.0
[INFO] [stderr]    Compiling cc v1.2.62
[INFO] [stderr]    Compiling syn v2.0.117
[INFO] [stderr]    Compiling openssl-sys v0.9.116
[INFO] [stderr]    Compiling native-tls v0.2.18
[INFO] [stderr]    Compiling openssl-macros v0.1.1
[INFO] [stderr]    Compiling zeroize_derive v1.4.3
[INFO] [stderr]    Compiling zeroize v1.8.2
[INFO] [stderr]    Compiling http_req v0.14.6 (/opt/rustwide/workdir)
[INFO] [stderr]     Finished `release` profile [optimized] target(s) in 11.56s
[INFO] running `Command { std: "docker" "inspect" "454d7a15143688b9245e8915a1ebaf7f2ed6cacebeae51799de9463581d5c011", kill_on_drop: false }`
[INFO] running `Command { std: "docker" "exec" "-e" "SOURCE_DIR=/opt/rustwide/workdir" "-e" "CARGO_HOME=/opt/rustwide/cargo-home" "-e" "RUSTUP_HOME=/opt/rustwide/rustup-home" "-e" "CARGO_TARGET_DIR=/opt/rustwide/target" "-e" "CARGO_INCREMENTAL=0" "-e" "RUST_BACKTRACE=full" "-e" "RUSTFLAGS=--cap-lints=warn" "-e" "RUSTDOCFLAGS=--cap-lints=warn" "-w" "/opt/rustwide/workdir" "--user" "0:0" "454d7a15143688b9245e8915a1ebaf7f2ed6cacebeae51799de9463581d5c011" "/opt/rustwide/cargo-home/bin/cargo" "+1.100.0-beta.1" "test" "--frozen" "--no-run" "--message-format=json" "--release", kill_on_drop: false }`
[INFO] [stderr]    Compiling http_req v0.14.6 (/opt/rustwide/workdir)
[INFO] [stderr]     Finished `release` profile [optimized] target(s) in 8.93s
[INFO] running `Command { std: "docker" "inspect" "454d7a15143688b9245e8915a1ebaf7f2ed6cacebeae51799de9463581d5c011", kill_on_drop: false }`
[INFO] running `Command { std: "docker" "exec" "-e" "SOURCE_DIR=/opt/rustwide/workdir" "-e" "CARGO_HOME=/opt/rustwide/cargo-home" "-e" "RUSTUP_HOME=/opt/rustwide/rustup-home" "-e" "CARGO_TARGET_DIR=/opt/rustwide/target" "-e" "CARGO_INCREMENTAL=0" "-e" "RUST_BACKTRACE=full" "-e" "RUSTFLAGS=--cap-lints=warn" "-e" "RUSTDOCFLAGS=--cap-lints=warn" "-w" "/opt/rustwide/workdir" "--user" "0:0" "454d7a15143688b9245e8915a1ebaf7f2ed6cacebeae51799de9463581d5c011" "/opt/rustwide/cargo-home/bin/cargo" "+1.100.0-beta.1" "test" "--frozen" "--release", kill_on_drop: false }`
[INFO] [stderr]     Finished `release` profile [optimized] target(s) in 0.07s
[INFO] [stderr]      Running unittests src/lib.rs (/opt/rustwide/target/release/build/http_req/9d9376491a19f925/out/http_req-9d9376491a19f925)
[INFO] [stdout] 
[INFO] [stdout] running 99 tests
[INFO] [stdout] test chunked::tests::read_ignore_extensions ... ok
[INFO] [stdout] test chunked::tests::read ... ok
[INFO] [stdout] test chunked::tests::read_multiple ... ok
[INFO] [stdout] test chunked::tests::read_partial ... ok
[INFO] [stdout] test request::tests::fn_get ... ignored
[INFO] [stdout] test request::tests::fn_head ... ignored
[INFO] [stdout] test request::tests::fn_post ... ignored
[INFO] [stdout] test request::tests::method_display ... ok
[INFO] [stdout] test request::tests::authentication_header ... ok
[INFO] [stdout] test request::tests::request_body ... ok
[INFO] [stdout] test request::tests::request_m_body ... ok
[INFO] [stdout] test request::tests::request_headers ... ok
[INFO] [stdout] test request::tests::authentication_basic ... ok
[INFO] [stdout] test request::tests::request_header ... ok
[INFO] [stdout] test request::tests::request_m_new ... ok
[INFO] [stdout] test request::tests::request_write_timeout ... ok
[INFO] [stdout] test response::tests::find_slice_e ... ok
[INFO] [stdout] test response::tests::headers_default_http ... ok
[INFO] [stdout] test response::tests::headers_from ... ok
[INFO] [stdout] test request::tests::request_read_timeout ... ok
[INFO] [stdout] test response::tests::hash_map_from_headers ... ok
[INFO] [stdout] test response::tests::headers_from_str ... ok
[INFO] [stdout] test response::tests::headers_insert ... ok
[INFO] [stdout] test response::tests::headers_get ... ok
[INFO] [stdout] test request::tests::request_new ... ok
[INFO] [stdout] test response::tests::res_basic_info ... ok
[INFO] [stdout] test request::tests::request_m_headers ... ok
[INFO] [stdout] test response::tests::headers_new ... ok
[INFO] [stdout] test request::tests::request_m_authentication ... ok
[INFO] [stdout] test request::tests::request_m_header ... ok
[INFO] [stdout] test response::tests::headers_case_insensitive ... ok
[INFO] [stdout] test request::tests::request_m_method ... ok
[INFO] [stdout] test request::tests::request_timeout ... ok
[INFO] [stdout] test response::tests::res_reason ... ok
[INFO] [stdout] test request::tests::request_connect_timeout ... FAILED
[INFO] [stdout] test response::tests::res_version ... ok
[INFO] [stdout] test response::tests::res_content_len ... ok
[INFO] [stdout] test request::tests::request_send ... FAILED
[INFO] [stdout] test response::tests::status_code_client_err ... ok
[INFO] [stdout] test response::tests::res_from_empty - should panic ... ok
[INFO] [stdout] test response::tests::status_code_info ... ok
[INFO] [stdout] test response::tests::res_headers ... ok
[INFO] [stdout] test response::tests::res_is_chunked ... ok
[INFO] [stdout] test response::tests::res_status_code ... ok
[INFO] [stdout] test response::tests::res_body ... ok
[INFO] [stdout] test response::tests::status_code_display ... ok
[INFO] [stdout] test response::tests::res_from_head ... ok
[INFO] [stdout] test response::tests::res_try_from ... ok
[INFO] [stdout] test response::tests::status_code_from_str ... ok
[INFO] [stdout] test response::tests::status_code_from ... ok
[INFO] [stdout] test stream::tests::fn_execute_with_deadline ... ignored
[INFO] [stdout] test response::tests::status_code_server_err ... ok
[INFO] [stdout] test response::tests::status_code_success ... ok
[INFO] [stdout] test stream::tests::stream_new ... FAILED
[INFO] [stdout] test response::tests::status_from_str ... ok
[INFO] [stdout] test response::tests::status_code_new ... ok
[INFO] [stdout] test stream::tests::fn_read_head ... ok
[INFO] [stdout] test request::tests::authentication_baerer ... ok
[INFO] [stdout] test response::tests::status_code_is ... ok
[INFO] [stdout] test response::tests::u16_from_status_code ... ok
[INFO] [stdout] test response::tests::status_code_reason ... ok
[INFO] [stdout] test stream::tests::thread_receive_receive ... ok
[INFO] [stdout] test uri::tests::authority_host ... ok
[INFO] [stdout] test response::tests::status_from ... ok
[INFO] [stdout] test stream::tests::thread_send_send_all ... ok
[INFO] [stdout] test uri::tests::authority_username ... ok
[INFO] [stdout] test response::tests::status_code_redirect ... ok
[INFO] [stdout] test uri::tests::authority_port ... ok
[INFO] [stdout] test request::tests::request_m_parse ... ok
[INFO] [stdout] test uri::tests::authority_password ... ok
[INFO] [stdout] test request::tests::request_method ... ok
[INFO] [stdout] test stream::tests::stream_set_read_timeot ... FAILED
[INFO] [stdout] test stream::tests::stream_try_to_https ... FAILED
[INFO] [stdout] test stream::tests::stream_set_write_timeot ... FAILED
[INFO] [stdout] test uri::tests::authority_display ... ok
[INFO] [stdout] test uri::tests::authority_from_str ... ok
[INFO] [stdout] test stream::tests::thread_send_send_head ... ok
[INFO] [stdout] test uri::tests::range_c_new ... ok
[INFO] [stdout] test uri::tests::uri_parse ... ok
[INFO] [stdout] test uri::tests::uri_corr_port ... ok
[INFO] [stdout] test uri::tests::uri_path ... ok
[INFO] [stdout] test uri::tests::uri_add_part_start ... ok
[INFO] [stdout] test uri::tests::uri_port ... ok
[INFO] [stdout] test uri::tests::uri_query ... ok
[INFO] [stdout] test uri::tests::range_c_index ... ok
[INFO] [stdout] test stream::tests::thread_receive_receive_all ... ok
[INFO] [stdout] test uri::tests::uri_resource ... ok
[INFO] [stdout] test uri::tests::uri_uesr_info ... ok
[INFO] [stdout] test uri::tests::uri_add_part_end ... ok
[INFO] [stdout] test uri::tests::uri_fragment ... ok
[INFO] [stdout] test uri::tests::uri_host_header ... ok
[INFO] [stdout] test uri::tests::range_from_range_c ... ok
[INFO] [stdout] test uri::tests::uri_is_relative ... ok
[INFO] [stdout] test uri::tests::uri_display ... ok
[INFO] [stdout] test uri::tests::uri_from_relative ... ok
[INFO] [stdout] test uri::tests::uri_host ... ok
[INFO] [stdout] test uri::tests::uri_scheme ... ok
[INFO] [stdout] test uri::tests::uri_full_parse ... ok
[INFO] [stdout] test uri::tests::uri_add_part ... ok
[INFO] [stdout] 
[INFO] [stdout] failures:
[INFO] [stdout] 
[INFO] [stdout] ---- request::tests::request_connect_timeout stdout ----
[INFO] [stdout] 
[INFO] [stdout] thread 'request::tests::request_connect_timeout' (650) panicked at src/request.rs:1184:31:
[INFO] [stdout] assertion `left == right` failed
[INFO] [stdout]   left: Uncategorized
[INFO] [stdout]  right: TimedOut
[INFO] [stdout] stack backtrace:
[INFO] [stdout]    0:     0x59926bfbded1 - <<std[617be2ca0a6fd877]::sys::backtrace::BacktraceLock>::print::DisplayBacktrace as core[a373ad73a504971]::fmt::Display>::fmt
[INFO] [stdout]    1:     0x59926bfd2c6a - core[a373ad73a504971]::fmt::write
[INFO] [stdout]    2:     0x59926bfc237c - <alloc[2e1b2a31b91974c5]::vec::Vec<u8> as core[a373ad73a504971]::io::write::Write>::write_fmt
[INFO] [stdout]    3:     0x59926bf98f76 - std[617be2ca0a6fd877]::panicking::default_hook::{closure#0}
[INFO] [stdout]    4:     0x59926bfb5de9 - std[617be2ca0a6fd877]::panicking::default_hook
[INFO] [stdout]    5:     0x59926bf51110 - test[aada8e7e76ba119b]::test_main_inner::{closure#0}
[INFO] [stdout]    6:     0x59926bfb6112 - std[617be2ca0a6fd877]::panicking::panic_with_hook
[INFO] [stdout]    7:     0x59926bf99022 - std[617be2ca0a6fd877]::panicking::panic_handler::{closure#0}
[INFO] [stdout]    8:     0x59926bf91c89 - std[617be2ca0a6fd877]::sys::backtrace::__rust_end_short_backtrace::<std[617be2ca0a6fd877]::panicking::panic_handler::{closure#0}, !>
[INFO] [stdout]    9:     0x59926bf99e1d - __rustc[ea4f61d10b84890b]::rust_begin_unwind
[INFO] [stdout]   10:     0x59926bfd339c - core[a373ad73a504971]::panicking::panic_fmt
[INFO] [stdout]   11:     0x59926bfd32b3 - core[a373ad73a504971]::panicking::assert_failed_inner
[INFO] [stdout]   12:     0x59926bf31ae8 - core[a373ad73a504971]::panicking::assert_failed::<core[a373ad73a504971]::io::error::ErrorKind, core[a373ad73a504971]::io::error::ErrorKind>
[INFO] [stdout]   13:     0x59926bf12cc4 - <http_req[b17691464e5752ac]::request::tests::request_connect_timeout::{closure#0} as core[a373ad73a504971]::ops::function::FnOnce<()>>::call_once
[INFO] [stdout]   14:     0x59926bf4455b - test[aada8e7e76ba119b]::__rust_begin_short_backtrace::<core[a373ad73a504971]::result::Result<(), alloc[2e1b2a31b91974c5]::string::String>, fn() -> core[a373ad73a504971]::result::Result<(), alloc[2e1b2a31b91974c5]::string::String>>
[INFO] [stdout]   15:     0x59926bf51735 - test[aada8e7e76ba119b]::run_test::{closure#0}
[INFO] [stdout]   16:     0x59926bf4b024 - std[617be2ca0a6fd877]::sys::backtrace::__rust_begin_short_backtrace::<test[aada8e7e76ba119b]::run_test::{closure#1}, ()>
[INFO] [stdout]   17:     0x59926bf547c2 - <std[617be2ca0a6fd877]::thread::lifecycle::spawn_unchecked<test[aada8e7e76ba119b]::run_test::{closure#1}, ()>::{closure#1} as core[a373ad73a504971]::ops::function::FnOnce<()>>::call_once::{shim:vtable#0}
[INFO] [stdout]   18:     0x59926bfbd1ff - <std[617be2ca0a6fd877]::sys::thread::unix::Thread>::new::thread_start
[INFO] [stdout]   19:     0x7a8a18836dfa - <unknown>
[INFO] [stdout]   20:     0x7a8a188ca3d4 - clone
[INFO] [stdout]   21:                0x0 - <unknown>
[INFO] [stdout] 
[INFO] [stdout] ---- request::tests::request_send stdout ----
[INFO] [stdout] 
[INFO] [stdout] thread 'request::tests::request_send' (663) panicked at src/request.rs:1221:56:
[INFO] [stdout] called `Result::unwrap()` on an `Err` value: IO(Custom { kind: Uncategorized, error: "failed to lookup address information: Temporary failure in name resolution" })
[INFO] [stdout] stack backtrace:
[INFO] [stdout]    0:     0x59926bfbded1 - <<std[617be2ca0a6fd877]::sys::backtrace::BacktraceLock>::print::DisplayBacktrace as core[a373ad73a504971]::fmt::Display>::fmt
[INFO] [stdout]    1:     0x59926bfd2c6a - core[a373ad73a504971]::fmt::write
[INFO] [stdout]    2:     0x59926bfc237c - <alloc[2e1b2a31b91974c5]::vec::Vec<u8> as core[a373ad73a504971]::io::write::Write>::write_fmt
[INFO] [stdout]    3:     0x59926bf98f76 - std[617be2ca0a6fd877]::panicking::default_hook::{closure#0}
[INFO] [stdout]    4:     0x59926bfb5de9 - std[617be2ca0a6fd877]::panicking::default_hook
[INFO] [stdout]    5:     0x59926bf51110 - test[aada8e7e76ba119b]::test_main_inner::{closure#0}
[INFO] [stdout]    6:     0x59926bfb6112 - std[617be2ca0a6fd877]::panicking::panic_with_hook
[INFO] [stdout]    7:     0x59926bf99022 - std[617be2ca0a6fd877]::panicking::panic_handler::{closure#0}
[INFO] [stdout]    8:     0x59926bf91c89 - std[617be2ca0a6fd877]::sys::backtrace::__rust_end_short_backtrace::<std[617be2ca0a6fd877]::panicking::panic_handler::{closure#0}, !>
[INFO] [stdout]    9:     0x59926bf99e1d - __rustc[ea4f61d10b84890b]::rust_begin_unwind
[INFO] [stdout]   10:     0x59926bfd339c - core[a373ad73a504971]::panicking::panic_fmt
[INFO] [stdout]   11:     0x59926bfd3172 - core[a373ad73a504971]::result::unwrap_failed
[INFO] [stdout]   12:     0x59926bf106a2 - <http_req[b17691464e5752ac]::request::tests::request_send::{closure#0} as core[a373ad73a504971]::ops::function::FnOnce<()>>::call_once
[INFO] [stdout]   13:     0x59926bf4455b - test[aada8e7e76ba119b]::__rust_begin_short_backtrace::<core[a373ad73a504971]::result::Result<(), alloc[2e1b2a31b91974c5]::string::String>, fn() -> core[a373ad73a504971]::result::Result<(), alloc[2e1b2a31b91974c5]::string::String>>
[INFO] [stdout]   14:     0x59926bf51735 - test[aada8e7e76ba119b]::run_test::{closure#0}
[INFO] [stdout]   15:     0x59926bf4b024 - std[617be2ca0a6fd877]::sys::backtrace::__rust_begin_short_backtrace::<test[aada8e7e76ba119b]::run_test::{closure#1}, ()>
[INFO] [stdout]   16:     0x59926bf547c2 - <std[617be2ca0a6fd877]::thread::lifecycle::spawn_unchecked<test[aada8e7e76ba119b]::run_test::{closure#1}, ()>::{closure#1} as core[a373ad73a504971]::ops::function::FnOnce<()>>::call_once::{shim:vtable#0}
[INFO] [stdout]   17:     0x59926bfbd1ff - <std[617be2ca0a6fd877]::sys::thread::unix::Thread>::new::thread_start
[INFO] [stdout]   18:     0x7a8a18836dfa - <unknown>
[INFO] [stdout]   19:     0x7a8a188ca3d4 - clone
[INFO] [stdout]   20:                0x0 - <unknown>
[INFO] [stdout] 
[INFO] [stdout] ---- stream::tests::stream_new stdout ----
[INFO] [stdout] 
[INFO] [stdout] thread 'stream::tests::stream_new' (701) panicked at src/stream.rs:319:13:
[INFO] [stdout] assertion failed: stream.is_ok()
[INFO] [stdout] stack backtrace:
[INFO] [stdout]    0:     0x59926bfbded1 - <<std[617be2ca0a6fd877]::sys::backtrace::BacktraceLock>::print::DisplayBacktrace as core[a373ad73a504971]::fmt::Display>::fmt
[INFO] [stdout]    1:     0x59926bfd2c6a - core[a373ad73a504971]::fmt::write
[INFO] [stdout]    2:     0x59926bfc237c - <alloc[2e1b2a31b91974c5]::vec::Vec<u8> as core[a373ad73a504971]::io::write::Write>::write_fmt
[INFO] [stdout]    3:     0x59926bf98f76 - std[617be2ca0a6fd877]::panicking::default_hook::{closure#0}
[INFO] [stdout]    4:     0x59926bfb5de9 - std[617be2ca0a6fd877]::panicking::default_hook
[INFO] [stdout]    5:     0x59926bf51110 - test[aada8e7e76ba119b]::test_main_inner::{closure#0}
[INFO] [stdout]    6:     0x59926bfb6112 - std[617be2ca0a6fd877]::panicking::panic_with_hook
[INFO] [stdout]    7:     0x59926bf99054 - std[617be2ca0a6fd877]::panicking::panic_handler::{closure#0}
[INFO] [stdout]    8:     0x59926bf91c89 - std[617be2ca0a6fd877]::sys::backtrace::__rust_end_short_backtrace::<std[617be2ca0a6fd877]::panicking::panic_handler::{closure#0}, !>
[INFO] [stdout]    9:     0x59926bf99e1d - __rustc[ea4f61d10b84890b]::rust_begin_unwind
[INFO] [stdout]   10:     0x59926bfd339c - core[a373ad73a504971]::panicking::panic_fmt
[INFO] [stdout]   11:     0x59926bfd3362 - core[a373ad73a504971]::panicking::panic
[INFO] [stdout]   12:     0x59926bf27f96 - <http_req[b17691464e5752ac]::stream::tests::stream_new::{closure#0} as core[a373ad73a504971]::ops::function::FnOnce<()>>::call_once
[INFO] [stdout]   13:     0x59926bf4455b - test[aada8e7e76ba119b]::__rust_begin_short_backtrace::<core[a373ad73a504971]::result::Result<(), alloc[2e1b2a31b91974c5]::string::String>, fn() -> core[a373ad73a504971]::result::Result<(), alloc[2e1b2a31b91974c5]::string::String>>
[INFO] [stdout]   14:     0x59926bf51735 - test[aada8e7e76ba119b]::run_test::{closure#0}
[INFO] [stdout]   15:     0x59926bf4b024 - std[617be2ca0a6fd877]::sys::backtrace::__rust_begin_short_backtrace::<test[aada8e7e76ba119b]::run_test::{closure#1}, ()>
[INFO] [stdout]   16:     0x59926bf547c2 - <std[617be2ca0a6fd877]::thread::lifecycle::spawn_unchecked<test[aada8e7e76ba119b]::run_test::{closure#1}, ()>::{closure#1} as core[a373ad73a504971]::ops::function::FnOnce<()>>::call_once::{shim:vtable#0}
[INFO] [stdout]   17:     0x59926bfbd1ff - <std[617be2ca0a6fd877]::sys::thread::unix::Thread>::new::thread_start
[INFO] [stdout]   18:     0x7a8a18836dfa - <unknown>
[INFO] [stdout]   19:     0x7a8a188ca3d4 - clone
[INFO] [stdout]   20:                0x0 - <unknown>
[INFO] [stdout] 
[INFO] [stdout] ---- stream::tests::stream_set_read_timeot stdout ----
[INFO] [stdout] 
[INFO] [stdout] thread 'stream::tests::stream_set_read_timeot' (702) panicked at src/stream.rs:364:58:
[INFO] [stdout] called `Result::unwrap()` on an `Err` value: IO(Custom { kind: Uncategorized, error: "failed to lookup address information: Temporary failure in name resolution" })
[INFO] [stdout] stack backtrace:
[INFO] [stdout]    0:     0x59926bfbded1 - <<std[617be2ca0a6fd877]::sys::backtrace::BacktraceLock>::print::DisplayBacktrace as core[a373ad73a504971]::fmt::Display>::fmt
[INFO] [stdout]    1:     0x59926bfd2c6a - core[a373ad73a504971]::fmt::write
[INFO] [stdout]    2:     0x59926bfc237c - <alloc[2e1b2a31b91974c5]::vec::Vec<u8> as core[a373ad73a504971]::io::write::Write>::write_fmt
[INFO] [stdout]    3:     0x59926bf98f76 - std[617be2ca0a6fd877]::panicking::default_hook::{closure#0}
[INFO] [stdout]    4:     0x59926bfb5de9 - std[617be2ca0a6fd877]::panicking::default_hook
[INFO] [stdout]    5:     0x59926bf51110 - test[aada8e7e76ba119b]::test_main_inner::{closure#0}
[INFO] [stdout]    6:     0x59926bfb6112 - std[617be2ca0a6fd877]::panicking::panic_with_hook
[INFO] [stdout]    7:     0x59926bf99022 - std[617be2ca0a6fd877]::panicking::panic_handler::{closure#0}
[INFO] [stdout]    8:     0x59926bf91c89 - std[617be2ca0a6fd877]::sys::backtrace::__rust_end_short_backtrace::<std[617be2ca0a6fd877]::panicking::panic_handler::{closure#0}, !>
[INFO] [stdout]    9:     0x59926bf99e1d - __rustc[ea4f61d10b84890b]::rust_begin_unwind
[INFO] [stdout]   10:     0x59926bfd339c - core[a373ad73a504971]::panicking::panic_fmt
[INFO] [stdout]   11:     0x59926bfd3172 - core[a373ad73a504971]::result::unwrap_failed
[INFO] [stdout]   12:     0x59926bf28df7 - <http_req[b17691464e5752ac]::stream::tests::stream_set_read_timeot::{closure#0} as core[a373ad73a504971]::ops::function::FnOnce<()>>::call_once
[INFO] [stdout]   13:     0x59926bf4455b - test[aada8e7e76ba119b]::__rust_begin_short_backtrace::<core[a373ad73a504971]::result::Result<(), alloc[2e1b2a31b91974c5]::string::String>, fn() -> core[a373ad73a504971]::result::Result<(), alloc[2e1b2a31b91974c5]::string::String>>
[INFO] [stdout]   14:     0x59926bf51735 - test[aada8e7e76ba119b]::run_test::{closure#0}
[INFO] [stdout]   15:     0x59926bf4b024 - std[617be2ca0a6fd877]::sys::backtrace::__rust_begin_short_backtrace::<test[aada8e7e76ba119b]::run_test::{closure#1}, ()>
[INFO] [stdout]   16:     0x59926bf547c2 - <std[617be2ca0a6fd877]::thread::lifecycle::spawn_unchecked<test[aada8e7e76ba119b]::run_test::{closure#1}, ()>::{closure#1} as core[a373ad73a504971]::ops::function::FnOnce<()>>::call_once::{shim:vtable#0}
[INFO] [stdout]   17:     0x59926bfbd1ff - <std[617be2ca0a6fd877]::sys::thread::unix::Thread>::new::thread_start
[INFO] [stdout]   18:     0x7a8a18836dfa - <unknown>
[INFO] [stdout]   19:     0x7a8a188ca3d4 - clone
[INFO] [stdout]   20:                0x0 - <unknown>
[INFO] [stdout] 
[INFO] [stdout] ---- stream::tests::stream_try_to_https stdout ----
[INFO] [stdout] 
[INFO] [stdout] thread 'stream::tests::stream_try_to_https' (704) panicked at src/stream.rs:334:54:
[INFO] [stdout] called `Result::unwrap()` on an `Err` value: IO(Custom { kind: Uncategorized, error: "failed to lookup address information: Temporary failure in name resolution" })
[INFO] [stdout] stack backtrace:
[INFO] [stdout]    0:     0x59926bfbded1 - <<std[617be2ca0a6fd877]::sys::backtrace::BacktraceLock>::print::DisplayBacktrace as core[a373ad73a504971]::fmt::Display>::fmt
[INFO] [stdout]    1:     0x59926bfd2c6a - core[a373ad73a504971]::fmt::write
[INFO] [stdout]    2:     0x59926bfc237c - <alloc[2e1b2a31b91974c5]::vec::Vec<u8> as core[a373ad73a504971]::io::write::Write>::write_fmt
[INFO] [stdout]    3:     0x59926bf98f76 - std[617be2ca0a6fd877]::panicking::default_hook::{closure#0}
[INFO] [stdout]    4:     0x59926bfb5de9 - std[617be2ca0a6fd877]::panicking::default_hook
[INFO] [stdout]    5:     0x59926bf51110 - test[aada8e7e76ba119b]::test_main_inner::{closure#0}
[INFO] [stdout]    6:     0x59926bfb6112 - std[617be2ca0a6fd877]::panicking::panic_with_hook
[INFO] [stdout]    7:     0x59926bf99022 - std[617be2ca0a6fd877]::panicking::panic_handler::{closure#0}
[INFO] [stdout]    8:     0x59926bf91c89 - std[617be2ca0a6fd877]::sys::backtrace::__rust_end_short_backtrace::<std[617be2ca0a6fd877]::panicking::panic_handler::{closure#0}, !>
[INFO] [stdout]    9:     0x59926bf99e1d - __rustc[ea4f61d10b84890b]::rust_begin_unwind
[INFO] [stdout]   10:     0x59926bfd339c - core[a373ad73a504971]::panicking::panic_fmt
[INFO] [stdout]   11:     0x59926bfd3172 - core[a373ad73a504971]::result::unwrap_failed
[INFO] [stdout]   12:     0x59926bf283a0 - <http_req[b17691464e5752ac]::stream::tests::stream_try_to_https::{closure#0} as core[a373ad73a504971]::ops::function::FnOnce<()>>::call_once
[INFO] [stdout]   13:     0x59926bf4455b - test[aada8e7e76ba119b]::__rust_begin_short_backtrace::<core[a373ad73a504971]::result::Result<(), alloc[2e1b2a31b91974c5]::string::String>, fn() -> core[a373ad73a504971]::result::Result<(), alloc[2e1b2a31b91974c5]::string::String>>
[INFO] [stdout]   14:     0x59926bf51735 - test[aada8e7e76ba119b]::run_test::{closure#0}
[INFO] [stdout]   15:     0x59926bf4b024 - std[617be2ca0a6fd877]::sys::backtrace::__rust_begin_short_backtrace::<test[aada8e7e76ba119b]::run_test::{closure#1}, ()>
[INFO] [stdout]   16:     0x59926bf547c2 - <std[617be2ca0a6fd877]::thread::lifecycle::spawn_unchecked<test[aada8e7e76ba119b]::run_test::{closure#1}, ()>::{closure#1} as core[a373ad73a504971]::ops::function::FnOnce<()>>::call_once::{shim:vtable#0}
[INFO] [stdout]   17:     0x59926bfbd1ff - <std[617be2ca0a6fd877]::sys::thread::unix::Thread>::new::thread_start
[INFO] [stdout]   18:     0x7a8a18836dfa - <unknown>
[INFO] [stdout]   19:     0x7a8a188ca3d4 - clone
[INFO] [stdout]   20:                0x0 - <unknown>
[INFO] [stdout] 
[INFO] [stdout] ---- stream::tests::stream_set_write_timeot stdout ----
[INFO] [stdout] 
[INFO] [stdout] thread 'stream::tests::stream_set_write_timeot' (703) panicked at src/stream.rs:396:58:
[INFO] [stdout] called `Result::unwrap()` on an `Err` value: IO(Custom { kind: Uncategorized, error: "failed to lookup address information: Temporary failure in name resolution" })
[INFO] [stdout] stack backtrace:
[INFO] [stdout]    0:     0x59926bfbded1 - <<std[617be2ca0a6fd877]::sys::backtrace::BacktraceLock>::print::DisplayBacktrace as core[a373ad73a504971]::fmt::Display>::fmt
[INFO] [stdout]    1:     0x59926bfd2c6a - core[a373ad73a504971]::fmt::write
[INFO] [stdout]    2:     0x59926bfc237c - <alloc[2e1b2a31b91974c5]::vec::Vec<u8> as core[a373ad73a504971]::io::write::Write>::write_fmt
[INFO] [stdout]    3:     0x59926bf98f76 - std[617be2ca0a6fd877]::panicking::default_hook::{closure#0}
[INFO] [stdout]    4:     0x59926bfb5de9 - std[617be2ca0a6fd877]::panicking::default_hook
[INFO] [stdout]    5:     0x59926bf51110 - test[aada8e7e76ba119b]::test_main_inner::{closure#0}
[INFO] [stdout]    6:     0x59926bfb6112 - std[617be2ca0a6fd877]::panicking::panic_with_hook
[INFO] [stdout]    7:     0x59926bf99022 - std[617be2ca0a6fd877]::panicking::panic_handler::{closure#0}
[INFO] [stdout]    8:     0x59926bf91c89 - std[617be2ca0a6fd877]::sys::backtrace::__rust_end_short_backtrace::<std[617be2ca0a6fd877]::panicking::panic_handler::{closure#0}, !>
[INFO] [stdout]    9:     0x59926bf99e1d - __rustc[ea4f61d10b84890b]::rust_begin_unwind
[INFO] [stdout]   10:     0x59926bfd339c - core[a373ad73a504971]::panicking::panic_fmt
[INFO] [stdout]   11:     0x59926bfd3172 - core[a373ad73a504971]::result::unwrap_failed
[INFO] [stdout]   12:     0x59926bf29847 - <http_req[b17691464e5752ac]::stream::tests::stream_set_write_timeot::{closure#0} as core[a373ad73a504971]::ops::function::FnOnce<()>>::call_once
[INFO] [stdout]   13:     0x59926bf4455b - test[aada8e7e76ba119b]::__rust_begin_short_backtrace::<core[a373ad73a504971]::result::Result<(), alloc[2e1b2a31b91974c5]::string::String>, fn() -> core[a373ad73a504971]::result::Result<(), alloc[2e1b2a31b91974c5]::string::String>>
[INFO] [stdout]   14:     0x59926bf51735 - test[aada8e7e76ba119b]::run_test::{closure#0}
[INFO] [stdout]   15:     0x59926bf4b024 - std[617be2ca0a6fd877]::sys::backtrace::__rust_begin_short_backtrace::<test[aada8e7e76ba119b]::run_test::{closure#1}, ()>
[INFO] [stdout]   16:     0x59926bf547c2 - <std[617be2ca0a6fd877]::thread::lifecycle::spawn_unchecked<test[aada8e7e76ba119b]::run_test::{closure#1}, ()>::{closure#1} as core[a373ad73a504971]::ops::function::FnOnce<()>>::call_once::{shim:vtable#0}
[INFO] [stdout]   17:     0x59926bfbd1ff - <std[617be2ca0a6fd877]::sys::thread::unix::Thread>::new::thread_start
[INFO] [stdout]   18:     0x7a8a18836dfa - <unknown>
[INFO] [stdout]   19:     0x7a8a188ca3d4 - clone
[INFO] [stdout]   20:                0x0 - <unknown>
[INFO] [stdout] 
[INFO] [stdout] 
[INFO] [stdout] failures:
[INFO] [stdout]     request::tests::request_connect_timeout
[INFO] [stdout]     request::tests::request_send
[INFO] [stdout]     stream::tests::stream_new
[INFO] [stdout]     stream::tests::stream_set_read_timeot
[INFO] [stdout]     stream::tests::stream_set_write_timeot
[INFO] [stdout]     stream::tests::stream_try_to_https
[INFO] [stdout] 
[INFO] [stdout] test result: FAILED. 89 passed; 6 failed; 4 ignored; 0 measured; 0 filtered out; finished in 0.03s
[INFO] [stdout] 
[INFO] [stderr] error: test failed, to rerun pass `--lib`
[INFO] running `Command { std: "docker" "inspect" "454d7a15143688b9245e8915a1ebaf7f2ed6cacebeae51799de9463581d5c011", kill_on_drop: false }`
[INFO] running `Command { std: "docker" "rm" "-f" "454d7a15143688b9245e8915a1ebaf7f2ed6cacebeae51799de9463581d5c011", kill_on_drop: false }`
[INFO] [stdout] 454d7a15143688b9245e8915a1ebaf7f2ed6cacebeae51799de9463581d5c011
