[INFO] fetching crate http_parsex 0.2.0...
[INFO] testing http_parsex-0.2.0 against 1.100.0-beta.1+cargoflags=--release for beta-release-1.100-2
[INFO] extracting crate http_parsex 0.2.0 into /workspace/builds/worker-7-tc2/source
[INFO] started tweaking crates.io crate http_parsex 0.2.0
[INFO] finished tweaking crates.io crate http_parsex 0.2.0
[INFO] tweaked toml for crates.io crate http_parsex 0.2.0 written to /workspace/builds/worker-7-tc2/source/Cargo.toml
[INFO] validating manifest of crates.io crate http_parsex 0.2.0 on toolchain 1.100.0-beta.1
[INFO] running `Command { std: CARGO_HOME="/workspace/cargo-home" RUSTUP_HOME="/workspace/rustup-home" "/workspace/cargo-home/bin/cargo" "+1.100.0-beta.1" "metadata" "--manifest-path" "Cargo.toml" "--no-deps", kill_on_drop: false }`
[INFO] crate crates.io crate http_parsex 0.2.0 already has a lockfile, it will not be regenerated
[INFO] running `Command { std: CARGO_HOME="/workspace/cargo-home" RUSTUP_HOME="/workspace/rustup-home" "/workspace/cargo-home/bin/cargo" "+1.100.0-beta.1" "fetch" "--manifest-path" "Cargo.toml", kill_on_drop: false }`
[INFO] [stderr] warning: `package.homepage` is redundant with `package.repository`
[INFO] [stderr]   --> Cargo.toml:18:12
[INFO] [stderr]    |
[INFO] [stderr] 18 | homepage = "https://github.com/Cheapstar/http_parsex.git"
[INFO] [stderr]    |            ^^^^^^^^^^^^^^^^^^^^^^^^^^^^^^^^^^^^^^^^^^^^^^
[INFO] [stderr] ...
[INFO] [stderr] 23 | repository = "https://github.com/Cheapstar/http_parsex.git"
[INFO] [stderr]    |              ----------------------------------------------
[INFO] [stderr]    |
[INFO] [stderr]    = note: `cargo::redundant_homepage` is set to `warn` by default
[INFO] [stderr] help: consider removing `package.homepage`
[INFO] [stderr] warning: `http_parsex` (manifest) generated 1 warning
[INFO] running `Command { std: "docker" "create" "-v" "/var/lib/crater-agent-workspace/builds/worker-7-tc2/source:/opt/rustwide/workdir:ro,Z" "-v" "/var/lib/crater-agent-workspace/builds/worker-7-tc2/target:/opt/rustwide/target:rw,Z" "-v" "/var/lib/crater-agent-workspace/cargo-home:/opt/rustwide/cargo-home:ro,Z" "-v" "/var/lib/crater-agent-workspace/rustup-home:/opt/rustwide/rustup-home:ro,Z" "-m" "1610612736" "--network" "none" "ghcr.io/rust-lang/crates-build-env/linux@sha256:77db811e55d90add9212f6832c23229e3de5f1c1f9905e8cb07319ea15df73ac" "sleep" "infinity", kill_on_drop: false }`
[INFO] [stdout] c97d3130f6b9e062d20dcc2bf2ab2ef78420f30c87bddf0f4c1c6770b94cbaf5
[INFO] running `Command { std: "docker" "start" "c97d3130f6b9e062d20dcc2bf2ab2ef78420f30c87bddf0f4c1c6770b94cbaf5", kill_on_drop: false }`
[INFO] running `Command { std: "docker" "inspect" "c97d3130f6b9e062d20dcc2bf2ab2ef78420f30c87bddf0f4c1c6770b94cbaf5", kill_on_drop: false }`
[INFO] running `Command { std: "docker" "exec" "-e" "SOURCE_DIR=/opt/rustwide/workdir" "-e" "CARGO_HOME=/opt/rustwide/cargo-home" "-e" "RUSTUP_HOME=/opt/rustwide/rustup-home" "-e" "CARGO_TARGET_DIR=/opt/rustwide/target" "-w" "/opt/rustwide/workdir" "--user" "0:0" "c97d3130f6b9e062d20dcc2bf2ab2ef78420f30c87bddf0f4c1c6770b94cbaf5" "/opt/rustwide/cargo-home/bin/cargo" "+1.100.0-beta.1" "metadata" "--no-deps" "--format-version=1", kill_on_drop: false }`
[INFO] running `Command { std: "docker" "inspect" "c97d3130f6b9e062d20dcc2bf2ab2ef78420f30c87bddf0f4c1c6770b94cbaf5", kill_on_drop: false }`
[INFO] running `Command { std: "docker" "exec" "-e" "SOURCE_DIR=/opt/rustwide/workdir" "-e" "CARGO_HOME=/opt/rustwide/cargo-home" "-e" "RUSTUP_HOME=/opt/rustwide/rustup-home" "-e" "CARGO_TARGET_DIR=/opt/rustwide/target" "-e" "CARGO_INCREMENTAL=0" "-e" "RUST_BACKTRACE=full" "-e" "RUSTFLAGS=--cap-lints=warn" "-e" "RUSTDOCFLAGS=--cap-lints=warn" "-w" "/opt/rustwide/workdir" "--user" "0:0" "c97d3130f6b9e062d20dcc2bf2ab2ef78420f30c87bddf0f4c1c6770b94cbaf5" "/opt/rustwide/cargo-home/bin/cargo" "+1.100.0-beta.1" "build" "--frozen" "--message-format=json" "--release", kill_on_drop: false }`
[INFO] [stderr] warning: `package.homepage` is redundant with `package.repository`
[INFO] [stderr]   --> Cargo.toml:18:12
[INFO] [stderr]    |
[INFO] [stderr] 18 | homepage = "https://github.com/Cheapstar/http_parsex.git"
[INFO] [stderr]    |            ^^^^^^^^^^^^^^^^^^^^^^^^^^^^^^^^^^^^^^^^^^^^^^
[INFO] [stderr] ...
[INFO] [stderr] 23 | repository = "https://github.com/Cheapstar/http_parsex.git"
[INFO] [stderr]    |              ----------------------------------------------
[INFO] [stderr]    |
[INFO] [stderr]    = note: `cargo::redundant_homepage` is set to `warn` by default
[INFO] [stderr] help: consider removing `package.homepage`
[INFO] [stderr] warning: `http_parsex` (manifest) generated 1 warning
[INFO] [stderr]    Compiling http_parsex v0.2.0 (/opt/rustwide/workdir)
[INFO] [stdout] warning: method `get_mut` is never used
[INFO] [stdout]   --> src/headers.rs:37:19
[INFO] [stdout]    |
[INFO] [stdout] 22 | impl HttpRequest {
[INFO] [stdout]    | ---------------- method in this implementation
[INFO] [stdout] ...
[INFO] [stdout] 37 |     pub(crate) fn get_mut(&mut self) -> &mut Self {
[INFO] [stdout]    |                   ^^^^^^^
[INFO] [stdout]    |
[INFO] [stdout]    = note: `#[warn(dead_code)]` (part of `#[warn(unused)]`) on by default
[INFO] [stdout] 
[INFO] [stdout] 
[INFO] [stderr]     Finished `release` profile [optimized] target(s) in 0.97s
[INFO] running `Command { std: "docker" "inspect" "c97d3130f6b9e062d20dcc2bf2ab2ef78420f30c87bddf0f4c1c6770b94cbaf5", kill_on_drop: false }`
[INFO] running `Command { std: "docker" "exec" "-e" "SOURCE_DIR=/opt/rustwide/workdir" "-e" "CARGO_HOME=/opt/rustwide/cargo-home" "-e" "RUSTUP_HOME=/opt/rustwide/rustup-home" "-e" "CARGO_TARGET_DIR=/opt/rustwide/target" "-e" "CARGO_INCREMENTAL=0" "-e" "RUST_BACKTRACE=full" "-e" "RUSTFLAGS=--cap-lints=warn" "-e" "RUSTDOCFLAGS=--cap-lints=warn" "-w" "/opt/rustwide/workdir" "--user" "0:0" "c97d3130f6b9e062d20dcc2bf2ab2ef78420f30c87bddf0f4c1c6770b94cbaf5" "/opt/rustwide/cargo-home/bin/cargo" "+1.100.0-beta.1" "test" "--frozen" "--no-run" "--message-format=json" "--release", kill_on_drop: false }`
[INFO] [stderr] warning: `package.homepage` is redundant with `package.repository`
[INFO] [stderr]   --> Cargo.toml:18:12
[INFO] [stderr]    |
[INFO] [stderr] 18 | homepage = "https://github.com/Cheapstar/http_parsex.git"
[INFO] [stderr]    |            ^^^^^^^^^^^^^^^^^^^^^^^^^^^^^^^^^^^^^^^^^^^^^^
[INFO] [stderr] ...
[INFO] [stderr] 23 | repository = "https://github.com/Cheapstar/http_parsex.git"
[INFO] [stderr]    |              ----------------------------------------------
[INFO] [stderr]    |
[INFO] [stderr]    = note: `cargo::redundant_homepage` is set to `warn` by default
[INFO] [stderr] help: consider removing `package.homepage`
[INFO] [stderr] warning: `http_parsex` (manifest) generated 1 warning
[INFO] [stderr]    Compiling http_parsex v0.2.0 (/opt/rustwide/workdir)
[INFO] [stdout] warning: method `get_mut` is never used
[INFO] [stdout]   --> src/headers.rs:37:19
[INFO] [stdout]    |
[INFO] [stdout] 22 | impl HttpRequest {
[INFO] [stdout]    | ---------------- method in this implementation
[INFO] [stdout] ...
[INFO] [stdout] 37 |     pub(crate) fn get_mut(&mut self) -> &mut Self {
[INFO] [stdout]    |                   ^^^^^^^
[INFO] [stdout]    |
[INFO] [stdout]    = note: `#[warn(dead_code)]` (part of `#[warn(unused)]`) on by default
[INFO] [stdout] 
[INFO] [stdout] 
[INFO] [stdout] warning: method `get_mut` is never used
[INFO] [stdout]   --> src/headers.rs:37:19
[INFO] [stdout]    |
[INFO] [stdout] 22 | impl HttpRequest {
[INFO] [stdout]    | ---------------- method in this implementation
[INFO] [stdout] ...
[INFO] [stdout] 37 |     pub(crate) fn get_mut(&mut self) -> &mut Self {
[INFO] [stdout]    |                   ^^^^^^^
[INFO] [stdout]    |
[INFO] [stdout]    = note: `#[warn(dead_code)]` (part of `#[warn(unused)]`) on by default
[INFO] [stdout] 
[INFO] [stdout] 
[INFO] [stderr]     Finished `release` profile [optimized] target(s) in 1.59s
[INFO] running `Command { std: "docker" "inspect" "c97d3130f6b9e062d20dcc2bf2ab2ef78420f30c87bddf0f4c1c6770b94cbaf5", kill_on_drop: false }`
[INFO] running `Command { std: "docker" "exec" "-e" "SOURCE_DIR=/opt/rustwide/workdir" "-e" "CARGO_HOME=/opt/rustwide/cargo-home" "-e" "RUSTUP_HOME=/opt/rustwide/rustup-home" "-e" "CARGO_TARGET_DIR=/opt/rustwide/target" "-e" "CARGO_INCREMENTAL=0" "-e" "RUST_BACKTRACE=full" "-e" "RUSTFLAGS=--cap-lints=warn" "-e" "RUSTDOCFLAGS=--cap-lints=warn" "-w" "/opt/rustwide/workdir" "--user" "0:0" "c97d3130f6b9e062d20dcc2bf2ab2ef78420f30c87bddf0f4c1c6770b94cbaf5" "/opt/rustwide/cargo-home/bin/cargo" "+1.100.0-beta.1" "test" "--frozen" "--release", kill_on_drop: false }`
[INFO] [stderr] warning: `package.homepage` is redundant with `package.repository`
[INFO] [stderr]   --> Cargo.toml:18:12
[INFO] [stderr]    |
[INFO] [stderr] 18 | homepage = "https://github.com/Cheapstar/http_parsex.git"
[INFO] [stderr]    |            ^^^^^^^^^^^^^^^^^^^^^^^^^^^^^^^^^^^^^^^^^^^^^^
[INFO] [stderr] ...
[INFO] [stderr] 23 | repository = "https://github.com/Cheapstar/http_parsex.git"
[INFO] [stderr]    |              ----------------------------------------------
[INFO] [stderr]    |
[INFO] [stderr]    = note: `cargo::redundant_homepage` is set to `warn` by default
[INFO] [stderr] help: consider removing `package.homepage`
[INFO] [stderr] warning: `http_parsex` (manifest) generated 1 warning
[INFO] [stderr] warning: method `get_mut` is never used
[INFO] [stderr]   --> src/headers.rs:37:19
[INFO] [stderr]    |
[INFO] [stderr] 22 | impl HttpRequest {
[INFO] [stderr]    | ---------------- method in this implementation
[INFO] [stderr] ...
[INFO] [stderr] 37 |     pub(crate) fn get_mut(&mut self) -> &mut Self {
[INFO] [stderr]    |                   ^^^^^^^
[INFO] [stderr]    |
[INFO] [stderr]    = note: `#[warn(dead_code)]` (part of `#[warn(unused)]`) on by default
[INFO] [stderr] 
[INFO] [stderr] warning: `http_parsex` (lib) generated 1 warning
[INFO] [stderr] warning: `http_parsex` (lib test) generated 1 warning (1 duplicate)
[INFO] [stderr]     Finished `release` profile [optimized] target(s) in 0.04s
[INFO] [stderr]      Running unittests src/lib.rs (/opt/rustwide/target/release/build/http_parsex/6e55d89295ce5a2d/out/http_parsex-6e55d89295ce5a2d)
[INFO] [stdout] 
[INFO] [stdout] running 29 tests
[INFO] [stdout] test parser::tests::fragmented_headers_produce_correct_request_fields ... ok
[INFO] [stdout] test parser::tests::split_mid_header_name ... ok
[INFO] [stdout] test url::tests::empty_input_errors ... ok
[INFO] [stdout] test url::tests::invalid_port_errors ... ok
[INFO] [stdout] test parser::tests::partial_body_bytes_in_same_chunk_as_header_completion_are_returned ... ok
[INFO] [stdout] test url::tests::ipv4_host ... ok
[INFO] [stdout] test url::tests::bare_url ... ok
[INFO] [stdout] test url::tests::localhost_host ... ok
[INFO] [stdout] test url::tests::multi_part_tld_host ... ok
[INFO] [stdout] test headers::test::header_extracting_correctly ... ok
[INFO] [stdout] test parser::tests::body_arrives_in_multiple_chunks ... ok
[INFO] [stdout] test parser::tests::split_mid_content_length_digits ... ok
[INFO] [stdout] test parser::tests::malformed_request_line_errors ... ok
[INFO] [stdout] test url::tests::url_without_fragment ... ok
[INFO] [stdout] test parser::tests::single_shot_whole_request ... ok
[INFO] [stdout] test url::tests::url_without_port ... ok
[INFO] [stdout] test parser::tests::no_body_request_completes_immediately_after_headers ... ok
[INFO] [stdout] test url::tests::full_url_with_everything ... ok
[INFO] [stdout] test parser::tests::split_one_byte_before_boundary ... ok
[INFO] [stdout] test parser::tests::split_exactly_at_header_body_boundary ... ok
[INFO] [stdout] test url::tests::multiple_query_params ... ok
[INFO] [stdout] test url::tests::out_of_range_port_errors ... ok
[INFO] [stdout] test url::tests::origin_form_no_scheme_no_host ... ok
[INFO] [stderr]    Doc-tests http_parsex
[INFO] [stdout] test url::tests::no_path_defaults_to_root ... ok
[INFO] [stdout] test parser::tests::byte_by_byte_feed ... ok
[INFO] [stdout] test url::tests::root_path_only ... ok
[INFO] [stdout] test url::tests::query_and_fragment_ordering ... ok
[INFO] [stdout] test url::tests::query_param_without_value ... ok
[INFO] [stdout] test url::tests::url_without_query ... ok
[INFO] [stdout] 
[INFO] [stdout] test result: ok. 29 passed; 0 failed; 0 ignored; 0 measured; 0 filtered out; finished in 0.01s
[INFO] [stdout] 
[INFO] [stdout] 
[INFO] [stdout] running 7 tests
[INFO] [stdout] test src/parser.rs - parser::HttpParser::parse (line 61) ... FAILED
[INFO] [stdout] test src/url.rs - url::URL::parse (line 32) ... FAILED
[INFO] [stdout] test src/url.rs - url::URL::parse (line 34) ... FAILED
[INFO] [stdout] test src/parser.rs - parser::HttpParser::parse (line 58) ... FAILED
[INFO] [stdout] test src/url.rs - url::URL::parse (line 37) ... FAILED
[INFO] [stdout] test src/parser.rs - parser::HttpParser::parse (line 64) ... FAILED
[INFO] [stdout] test src/lib.rs - (line 13) - compile ... FAILED
[INFO] [stdout] 
[INFO] [stdout] failures:
[INFO] [stdout] 
[INFO] [stdout] ---- src/parser.rs - parser::HttpParser::parse (line 61) stdout ----
[INFO] [stdout] error: unknown start of token: `
[INFO] [stdout]   --> src/parser.rs:62:3
[INFO] [stdout]    |
[INFO] [stdout] 62 | * `bytes` if parsing is finished else None
[INFO] [stdout]    |   ^
[INFO] [stdout]    |
[INFO] [stdout] help: Unicode character '`' (Grave Accent) looks like ''' (Single Quote), but it is not
[INFO] [stdout]    |
[INFO] [stdout] 62 - * `bytes` if parsing is finished else None
[INFO] [stdout] 62 + * 'bytes` if parsing is finished else None
[INFO] [stdout]    |
[INFO] [stdout] 
[INFO] [stdout] error: unknown start of token: `
[INFO] [stdout]   --> src/parser.rs:62:9
[INFO] [stdout]    |
[INFO] [stdout] 62 | * `bytes` if parsing is finished else None
[INFO] [stdout]    |         ^
[INFO] [stdout]    |
[INFO] [stdout] help: Unicode character '`' (Grave Accent) looks like ''' (Single Quote), but it is not
[INFO] [stdout]    |
[INFO] [stdout] 62 - * `bytes` if parsing is finished else None
[INFO] [stdout] 62 + * `bytes' if parsing is finished else None
[INFO] [stdout]    |
[INFO] [stdout] 
[INFO] [stdout] error: expected item, found `*`
[INFO] [stdout]   --> src/parser.rs:62:1
[INFO] [stdout]    |
[INFO] [stdout] 62 | * `bytes` if parsing is finished else None
[INFO] [stdout]    | ^ expected item
[INFO] [stdout]    |
[INFO] [stdout]    = note: for a full list of items that can appear in modules, see <https://doc.rust-lang.org/reference/items.html>
[INFO] [stdout] 
[INFO] [stdout] error: aborting due to 3 previous errors
[INFO] [stdout] 
[INFO] [stdout] Couldn't compile the test.
[INFO] [stdout] ---- src/url.rs - url::URL::parse (line 32) stdout ----
[INFO] [stdout] error: unknown start of token: `
[INFO] [stdout]   --> src/url.rs:33:3
[INFO] [stdout]    |
[INFO] [stdout] 33 | * `unparsed_url` : unparsed string.
[INFO] [stdout]    |   ^
[INFO] [stdout]    |
[INFO] [stdout] help: Unicode character '`' (Grave Accent) looks like ''' (Single Quote), but it is not
[INFO] [stdout]    |
[INFO] [stdout] 33 - * `unparsed_url` : unparsed string.
[INFO] [stdout] 33 + * 'unparsed_url` : unparsed string.
[INFO] [stdout]    |
[INFO] [stdout] 
[INFO] [stdout] error: unknown start of token: `
[INFO] [stdout]   --> src/url.rs:33:16
[INFO] [stdout]    |
[INFO] [stdout] 33 | * `unparsed_url` : unparsed string.
[INFO] [stdout]    |                ^
[INFO] [stdout]    |
[INFO] [stdout] help: Unicode character '`' (Grave Accent) looks like ''' (Single Quote), but it is not
[INFO] [stdout]    |
[INFO] [stdout] 33 - * `unparsed_url` : unparsed string.
[INFO] [stdout] 33 + * `unparsed_url' : unparsed string.
[INFO] [stdout]    |
[INFO] [stdout] 
[INFO] [stdout] error: expected item, found `*`
[INFO] [stdout]   --> src/url.rs:33:1
[INFO] [stdout]    |
[INFO] [stdout] 33 | * `unparsed_url` : unparsed string.
[INFO] [stdout]    | ^ expected item
[INFO] [stdout]    |
[INFO] [stdout]    = note: for a full list of items that can appear in modules, see <https://doc.rust-lang.org/reference/items.html>
[INFO] [stdout] 
[INFO] [stdout] error: aborting due to 3 previous errors
[INFO] [stdout] 
[INFO] [stdout] Couldn't compile the test.
[INFO] [stdout] ---- src/url.rs - url::URL::parse (line 34) stdout ----
[INFO] [stdout] error: unknown start of token: `
[INFO] [stdout]   --> src/url.rs:35:1
[INFO] [stdout]    |
[INFO] [stdout] 35 | `URL` instance
[INFO] [stdout]    | ^
[INFO] [stdout]    |
[INFO] [stdout] help: Unicode character '`' (Grave Accent) looks like ''' (Single Quote), but it is not
[INFO] [stdout]    |
[INFO] [stdout] 35 - `URL` instance
[INFO] [stdout] 35 + 'URL` instance
[INFO] [stdout]    |
[INFO] [stdout] 
[INFO] [stdout] error: unknown start of token: `
[INFO] [stdout]   --> src/url.rs:35:5
[INFO] [stdout]    |
[INFO] [stdout] 35 | `URL` instance
[INFO] [stdout]    |     ^
[INFO] [stdout]    |
[INFO] [stdout] help: Unicode character '`' (Grave Accent) looks like ''' (Single Quote), but it is not
[INFO] [stdout]    |
[INFO] [stdout] 35 - `URL` instance
[INFO] [stdout] 35 + `URL' instance
[INFO] [stdout]    |
[INFO] [stdout] 
[INFO] [stdout] error: expected one of `!` or `::`, found `instance`
[INFO] [stdout]   --> src/url.rs:35:7
[INFO] [stdout]    |
[INFO] [stdout] 35 | `URL` instance
[INFO] [stdout]    |       ^^^^^^^^ expected one of `!` or `::`
[INFO] [stdout] 
[INFO] [stdout] error: aborting due to 3 previous errors
[INFO] [stdout] 
[INFO] [stdout] Couldn't compile the test.
[INFO] [stdout] ---- src/parser.rs - parser::HttpParser::parse (line 58) stdout ----
[INFO] [stdout] error: unknown start of token: `
[INFO] [stdout]   --> src/parser.rs:59:3
[INFO] [stdout]    |
[INFO] [stdout] 59 | * `chunk` : slice of bytes
[INFO] [stdout]    |   ^
[INFO] [stdout]    |
[INFO] [stdout] help: Unicode character '`' (Grave Accent) looks like ''' (Single Quote), but it is not
[INFO] [stdout]    |
[INFO] [stdout] 59 - * `chunk` : slice of bytes
[INFO] [stdout] 59 + * 'chunk` : slice of bytes
[INFO] [stdout]    |
[INFO] [stdout] 
[INFO] [stdout] error: unknown start of token: `
[INFO] [stdout]   --> src/parser.rs:59:9
[INFO] [stdout]    |
[INFO] [stdout] 59 | * `chunk` : slice of bytes
[INFO] [stdout]    |         ^
[INFO] [stdout]    |
[INFO] [stdout] help: Unicode character '`' (Grave Accent) looks like ''' (Single Quote), but it is not
[INFO] [stdout]    |
[INFO] [stdout] 59 - * `chunk` : slice of bytes
[INFO] [stdout] 59 + * `chunk' : slice of bytes
[INFO] [stdout]    |
[INFO] [stdout] 
[INFO] [stdout] error: expected item, found `*`
[INFO] [stdout]   --> src/parser.rs:59:1
[INFO] [stdout]    |
[INFO] [stdout] 59 | * `chunk` : slice of bytes
[INFO] [stdout]    | ^ expected item
[INFO] [stdout]    |
[INFO] [stdout]    = note: for a full list of items that can appear in modules, see <https://doc.rust-lang.org/reference/items.html>
[INFO] [stdout] 
[INFO] [stdout] error: aborting due to 3 previous errors
[INFO] [stdout] 
[INFO] [stdout] Couldn't compile the test.
[INFO] [stdout] ---- src/url.rs - url::URL::parse (line 37) stdout ----
[INFO] [stdout] error: unknown start of token: `
[INFO] [stdout]   --> src/url.rs:38:1
[INFO] [stdout]    |
[INFO] [stdout] 38 | `HttpParserError
[INFO] [stdout]    | ^
[INFO] [stdout]    |
[INFO] [stdout] help: Unicode character '`' (Grave Accent) looks like ''' (Single Quote), but it is not
[INFO] [stdout]    |
[INFO] [stdout] 38 - `HttpParserError
[INFO] [stdout] 38 + 'HttpParserError
[INFO] [stdout]    |
[INFO] [stdout] 
[INFO] [stdout] error[E0425]: cannot find value `HttpParserError` in this scope
[INFO] [stdout]   --> src/url.rs:38:2
[INFO] [stdout]    |
[INFO] [stdout] 38 | `HttpParserError
[INFO] [stdout]    |  ^^^^^^^^^^^^^^^ not found in this scope
[INFO] [stdout] 
[INFO] [stdout] error: aborting due to 2 previous errors
[INFO] [stdout] 
[INFO] [stdout] For more information about this error, try `rustc --explain E0425`.
[INFO] [stdout] Couldn't compile the test.
[INFO] [stdout] ---- src/parser.rs - parser::HttpParser::parse (line 64) stdout ----
[INFO] [stdout] error: unknown start of token: `
[INFO] [stdout]   --> src/parser.rs:65:1
[INFO] [stdout]    |
[INFO] [stdout] 65 | `HttpParserError
[INFO] [stdout]    | ^
[INFO] [stdout]    |
[INFO] [stdout] help: Unicode character '`' (Grave Accent) looks like ''' (Single Quote), but it is not
[INFO] [stdout]    |
[INFO] [stdout] 65 - `HttpParserError
[INFO] [stdout] 65 + 'HttpParserError
[INFO] [stdout]    |
[INFO] [stdout] 
[INFO] [stdout] error[E0425]: cannot find value `HttpParserError` in this scope
[INFO] [stdout]   --> src/parser.rs:65:2
[INFO] [stdout]    |
[INFO] [stdout] 65 | `HttpParserError
[INFO] [stdout]    |  ^^^^^^^^^^^^^^^ not found in this scope
[INFO] [stdout] 
[INFO] [stdout] error: aborting due to 2 previous errors
[INFO] [stdout] 
[INFO] [stdout] For more information about this error, try `rustc --explain E0425`.
[INFO] [stdout] Couldn't compile the test.
[INFO] [stdout] ---- src/lib.rs - (line 13) stdout ----
[INFO] [stdout] error[E0425]: cannot find value `RAW_REQ` in this scope
[INFO] [stdout]   --> src/lib.rs:16:31
[INFO] [stdout]    |
[INFO] [stdout] 16 |     let result = parser.parse(RAW_REQ.as_bytes()).unwrap();
[INFO] [stdout]    |                               ^^^^^^^ not found in this scope
[INFO] [stdout] 
[INFO] [stdout] error[E0425]: cannot find value `EXPECTED_BODY` in this scope
[INFO] [stdout]   --> src/lib.rs:18:48
[INFO] [stdout]    |
[INFO] [stdout] 18 |     assert_eq!(str::from_utf8(&body).unwrap(), EXPECTED_BODY);
[INFO] [stdout]    |                                                ^^^^^^^^^^^^^ not found in this scope
[INFO] [stderr] error: doctest failed, to rerun pass `--doc`
[INFO] [stdout] 
[INFO] [stdout] error[E0433]: cannot find type `HttpParser` in this scope
[INFO] [stdout]   --> src/lib.rs:14:18
[INFO] [stdout]    |
[INFO] [stdout] 14 | let mut parser = HttpParser::new();
[INFO] [stdout]    |                  ^^^^^^^^^^ use of undeclared type `HttpParser`
[INFO] [stdout] 
[INFO] [stdout] error: aborting due to 3 previous errors
[INFO] [stdout] 
[INFO] [stdout] Some errors have detailed explanations: E0425, E0433.
[INFO] [stdout] For more information about an error, try `rustc --explain E0425`.
[INFO] [stdout] Couldn't compile the test.
[INFO] [stdout] 
[INFO] [stdout] failures:
[INFO] [stdout]     src/lib.rs - (line 13)
[INFO] [stdout]     src/parser.rs - parser::HttpParser::parse (line 58)
[INFO] [stdout]     src/parser.rs - parser::HttpParser::parse (line 61)
[INFO] [stdout]     src/parser.rs - parser::HttpParser::parse (line 64)
[INFO] [stdout]     src/url.rs - url::URL::parse (line 32)
[INFO] [stdout]     src/url.rs - url::URL::parse (line 34)
[INFO] [stdout]     src/url.rs - url::URL::parse (line 37)
[INFO] [stdout] 
[INFO] [stdout] test result: FAILED. 0 passed; 7 failed; 0 ignored; 0 measured; 0 filtered out; finished in 0.13s
[INFO] [stdout] 
[INFO] [stdout] all doctests ran in 0.22s; merged doctests compilation took 0.09s
[INFO] running `Command { std: "docker" "inspect" "c97d3130f6b9e062d20dcc2bf2ab2ef78420f30c87bddf0f4c1c6770b94cbaf5", kill_on_drop: false }`
[INFO] running `Command { std: "docker" "rm" "-f" "c97d3130f6b9e062d20dcc2bf2ab2ef78420f30c87bddf0f4c1c6770b94cbaf5", kill_on_drop: false }`
[INFO] [stdout] c97d3130f6b9e062d20dcc2bf2ab2ef78420f30c87bddf0f4c1c6770b94cbaf5
