[INFO] fetching crate http-cache 1.0.0-alpha.8...
[INFO] testing http-cache-1.0.0-alpha.8 against 1.99.0-beta.8+cargoflags=--release for beta-release-1.100-2
[INFO] extracting crate http-cache 1.0.0-alpha.8 into /workspace/builds/worker-4-tc1/source
[INFO] started tweaking crates.io crate http-cache 1.0.0-alpha.8
[INFO] finished tweaking crates.io crate http-cache 1.0.0-alpha.8
[INFO] tweaked toml for crates.io crate http-cache 1.0.0-alpha.8 written to /workspace/builds/worker-4-tc1/source/Cargo.toml
[INFO] validating manifest of crates.io crate http-cache 1.0.0-alpha.8 on toolchain 1.99.0-beta.8
[INFO] running `Command { std: CARGO_HOME="/workspace/cargo-home" RUSTUP_HOME="/workspace/rustup-home" "/workspace/cargo-home/bin/cargo" "+1.99.0-beta.8" "metadata" "--manifest-path" "Cargo.toml" "--no-deps", kill_on_drop: false }`
[INFO] crate crates.io crate http-cache 1.0.0-alpha.8 already has a lockfile, it will not be regenerated
[INFO] running `Command { std: CARGO_HOME="/workspace/cargo-home" RUSTUP_HOME="/workspace/rustup-home" "/workspace/cargo-home/bin/cargo" "+1.99.0-beta.8" "fetch" "--manifest-path" "Cargo.toml", kill_on_drop: false }`
[INFO] [stderr]     Updating crates.io index
[INFO] [stderr]  Downloading crates ...
[INFO] [stderr]   Downloaded http-cache-semantics v3.0.0
[INFO] [stderr]   Downloaded foyer-tokio v0.22.5
[INFO] [stderr]   Downloaded foyer v0.22.5
[INFO] [stderr]   Downloaded foyer-storage v0.22.5
[INFO] [stderr]   Downloaded redb v4.2.0
[INFO] [stderr]   Downloaded core_affinity v0.8.3
[INFO] [stderr]   Downloaded foyer-common v0.22.5
[INFO] [stderr]   Downloaded foyer-memory v0.22.5
[INFO] [stderr]   Downloaded foyer-intrusive-collections v0.10.0-dev
[INFO] [stderr]   Downloaded small_ctor v0.1.2
[INFO] [stderr]   Downloaded fastant v0.1.11
[INFO] [stderr]   Downloaded mixtrics v0.2.5
[INFO] [stderr]   Downloaded io-uring v0.7.15
[INFO] [stderr]   Downloaded asyncband v0.7.1
[INFO] [stderr]   Downloaded datasketches v0.3.0
[INFO] [stderr]   Downloaded link_args v0.6.0
[INFO] [stderr]   Downloaded ada-url v4.0.0
[INFO] running `Command { std: "docker" "create" "-v" "/var/lib/crater-agent-workspace/builds/worker-4-tc1/source:/opt/rustwide/workdir:ro,Z" "-v" "/var/lib/crater-agent-workspace/builds/worker-4-tc1/target:/opt/rustwide/target:rw,Z" "-v" "/var/lib/crater-agent-workspace/cargo-home:/opt/rustwide/cargo-home:ro,Z" "-v" "/var/lib/crater-agent-workspace/rustup-home:/opt/rustwide/rustup-home:ro,Z" "-m" "1610612736" "--network" "none" "ghcr.io/rust-lang/crates-build-env/linux@sha256:77db811e55d90add9212f6832c23229e3de5f1c1f9905e8cb07319ea15df73ac" "sleep" "infinity", kill_on_drop: false }`
[INFO] [stdout] 4591d219af29e87d09f263d808eea94bb7192bef86ba3e29187ddb14630f2bfc
[INFO] running `Command { std: "docker" "start" "4591d219af29e87d09f263d808eea94bb7192bef86ba3e29187ddb14630f2bfc", kill_on_drop: false }`
[INFO] running `Command { std: "docker" "inspect" "4591d219af29e87d09f263d808eea94bb7192bef86ba3e29187ddb14630f2bfc", kill_on_drop: false }`
[INFO] running `Command { std: "docker" "exec" "-e" "SOURCE_DIR=/opt/rustwide/workdir" "-e" "CARGO_HOME=/opt/rustwide/cargo-home" "-e" "RUSTUP_HOME=/opt/rustwide/rustup-home" "-e" "CARGO_TARGET_DIR=/opt/rustwide/target" "-w" "/opt/rustwide/workdir" "--user" "0:0" "4591d219af29e87d09f263d808eea94bb7192bef86ba3e29187ddb14630f2bfc" "/opt/rustwide/cargo-home/bin/cargo" "+1.99.0-beta.8" "metadata" "--no-deps" "--format-version=1", kill_on_drop: false }`
[INFO] running `Command { std: "docker" "inspect" "4591d219af29e87d09f263d808eea94bb7192bef86ba3e29187ddb14630f2bfc", kill_on_drop: false }`
[INFO] running `Command { std: "docker" "exec" "-e" "SOURCE_DIR=/opt/rustwide/workdir" "-e" "CARGO_HOME=/opt/rustwide/cargo-home" "-e" "RUSTUP_HOME=/opt/rustwide/rustup-home" "-e" "CARGO_TARGET_DIR=/opt/rustwide/target" "-e" "CARGO_INCREMENTAL=0" "-e" "RUST_BACKTRACE=full" "-e" "RUSTFLAGS=--cap-lints=warn" "-e" "RUSTDOCFLAGS=--cap-lints=warn" "-w" "/opt/rustwide/workdir" "--user" "0:0" "4591d219af29e87d09f263d808eea94bb7192bef86ba3e29187ddb14630f2bfc" "/opt/rustwide/cargo-home/bin/cargo" "+1.99.0-beta.8" "build" "--frozen" "--message-format=json" "--release", kill_on_drop: false }`
[INFO] [stderr]    Compiling syn v3.0.5
[INFO] [stderr]    Compiling syn v2.0.119
[INFO] [stderr]    Compiling thiserror v2.0.20
[INFO] [stderr]    Compiling smallvec v1.16.0
[INFO] [stderr]    Compiling redb v4.2.0
[INFO] [stderr]    Compiling zerovec-derive v0.11.6
[INFO] [stderr]    Compiling displaydoc v0.2.7
[INFO] [stderr]    Compiling serde_derive v1.0.229
[INFO] [stderr]    Compiling thiserror-impl v2.0.20
[INFO] [stderr]    Compiling synstructure v0.13.2
[INFO] [stderr]    Compiling zerofrom-derive v0.1.7
[INFO] [stderr]    Compiling yoke-derive v0.8.2
[INFO] [stderr]    Compiling cobs v0.3.0
[INFO] [stderr]    Compiling zerofrom v0.1.8
[INFO] [stderr]    Compiling yoke v0.8.3
[INFO] [stderr]    Compiling zerovec v0.11.8
[INFO] [stderr]    Compiling zerotrie v0.2.5
[INFO] [stderr]    Compiling tinystr v0.8.4
[INFO] [stderr]    Compiling potential_utf v0.1.6
[INFO] [stderr]    Compiling icu_locale_core v2.3.0
[INFO] [stderr]    Compiling icu_collections v2.3.0
[INFO] [stderr]    Compiling serde v1.0.229
[INFO] [stderr]    Compiling http-serde v2.1.1
[INFO] [stderr]    Compiling postcard v1.1.3
[INFO] [stderr]    Compiling http-cache-semantics v3.0.0
[INFO] [stderr]    Compiling icu_provider v2.3.1
[INFO] [stderr]    Compiling icu_normalizer v2.3.0
[INFO] [stderr]    Compiling icu_properties v2.3.0
[INFO] [stderr]    Compiling idna_adapter v1.2.2
[INFO] [stderr]    Compiling idna v1.1.0
[INFO] [stderr]    Compiling url v2.5.8
[INFO] [stderr]    Compiling http-cache v1.0.0-alpha.8 (/opt/rustwide/workdir)
[INFO] [stderr]     Finished `release` profile [optimized] target(s) in 37.02s
[INFO] running `Command { std: "docker" "inspect" "4591d219af29e87d09f263d808eea94bb7192bef86ba3e29187ddb14630f2bfc", kill_on_drop: false }`
[INFO] running `Command { std: "docker" "exec" "-e" "SOURCE_DIR=/opt/rustwide/workdir" "-e" "CARGO_HOME=/opt/rustwide/cargo-home" "-e" "RUSTUP_HOME=/opt/rustwide/rustup-home" "-e" "CARGO_TARGET_DIR=/opt/rustwide/target" "-e" "CARGO_INCREMENTAL=0" "-e" "RUST_BACKTRACE=full" "-e" "RUSTFLAGS=--cap-lints=warn" "-e" "RUSTDOCFLAGS=--cap-lints=warn" "-w" "/opt/rustwide/workdir" "--user" "0:0" "4591d219af29e87d09f263d808eea94bb7192bef86ba3e29187ddb14630f2bfc" "/opt/rustwide/cargo-home/bin/cargo" "+1.99.0-beta.8" "test" "--frozen" "--no-run" "--message-format=json" "--release", kill_on_drop: false }`
[INFO] [stderr]    Compiling syn v3.0.5
[INFO] [stderr]    Compiling crossbeam-utils v0.8.23
[INFO] [stderr]    Compiling rustix v1.1.4
[INFO] [stderr]    Compiling linux-raw-sys v0.12.1
[INFO] [stderr]    Compiling futures-lite v2.6.1
[INFO] [stderr]    Compiling async-io v2.6.0
[INFO] [stderr]    Compiling piper v0.2.5
[INFO] [stderr]    Compiling concurrent-queue v2.5.0
[INFO] [stderr]    Compiling async-channel v2.5.0
[INFO] [stderr]    Compiling async-executor v1.14.0
[INFO] [stderr]    Compiling blocking v1.7.0
[INFO] [stderr]    Compiling async-fs v2.2.0
[INFO] [stderr]    Compiling zerovec-derive v0.11.6
[INFO] [stderr]    Compiling displaydoc v0.2.7
[INFO] [stderr]    Compiling serde_derive v1.0.229
[INFO] [stderr]    Compiling thiserror-impl v2.0.20
[INFO] [stderr]    Compiling tokio-macros v2.7.2
[INFO] [stderr]    Compiling zerotrie v0.2.5
[INFO] [stderr]    Compiling tokio v1.53.1
[INFO] [stderr]    Compiling zerovec v0.11.8
[INFO] [stderr]    Compiling thiserror v2.0.20
[INFO] [stderr]    Compiling cobs v0.3.0
[INFO] [stderr]    Compiling tinystr v0.8.4
[INFO] [stderr]    Compiling potential_utf v0.1.6
[INFO] [stderr]    Compiling icu_collections v2.3.0
[INFO] [stderr]    Compiling icu_locale_core v2.3.0
[INFO] [stderr]    Compiling polling v3.11.0
[INFO] [stderr]    Compiling tempfile v3.27.0
[INFO] [stderr]    Compiling serde v1.0.229
[INFO] [stderr]    Compiling icu_provider v2.3.1
[INFO] [stderr]    Compiling async-signal v0.2.14
[INFO] [stderr]    Compiling async-net v2.0.0
[INFO] [stderr]    Compiling async-process v2.5.0
[INFO] [stderr]    Compiling http-serde v2.1.1
[INFO] [stderr]    Compiling icu_normalizer v2.3.0
[INFO] [stderr]    Compiling icu_properties v2.3.0
[INFO] [stderr]    Compiling http-cache-semantics v3.0.0
[INFO] [stderr]    Compiling postcard v1.1.3
[INFO] [stderr]    Compiling bincode v1.3.3
[INFO] [stderr]    Compiling smol v2.0.2
[INFO] [stderr]    Compiling idna_adapter v1.2.2
[INFO] [stderr]    Compiling idna v1.1.0
[INFO] [stderr]    Compiling url v2.5.8
[INFO] [stderr]    Compiling http-cache v1.0.0-alpha.8 (/opt/rustwide/workdir)
[INFO] [stderr]     Finished `release` profile [optimized] target(s) in 38.97s
[INFO] running `Command { std: "docker" "inspect" "4591d219af29e87d09f263d808eea94bb7192bef86ba3e29187ddb14630f2bfc", kill_on_drop: false }`
[INFO] running `Command { std: "docker" "exec" "-e" "SOURCE_DIR=/opt/rustwide/workdir" "-e" "CARGO_HOME=/opt/rustwide/cargo-home" "-e" "RUSTUP_HOME=/opt/rustwide/rustup-home" "-e" "CARGO_TARGET_DIR=/opt/rustwide/target" "-e" "CARGO_INCREMENTAL=0" "-e" "RUST_BACKTRACE=full" "-e" "RUSTFLAGS=--cap-lints=warn" "-e" "RUSTDOCFLAGS=--cap-lints=warn" "-w" "/opt/rustwide/workdir" "--user" "0:0" "4591d219af29e87d09f263d808eea94bb7192bef86ba3e29187ddb14630f2bfc" "/opt/rustwide/cargo-home/bin/cargo" "+1.99.0-beta.8" "test" "--frozen" "--release", kill_on_drop: false }`
[INFO] [stderr]     Finished `release` profile [optimized] target(s) in 0.18s
[INFO] [stderr]      Running unittests src/lib.rs (/opt/rustwide/target/release/deps/http_cache-29b06b4b62301e8b)
[INFO] [stdout] 
[INFO] [stdout] running 12 tests
[INFO] [stdout] test test::hit_miss ... ok
[INFO] [stdout] test test::version_http ... ok
[INFO] [stdout] test test::cache_mode ... ok
[INFO] [stdout] test test::can_convert_versions_from_http ... ok
[INFO] [stdout] test test::update_headers_keeps_headers_with_unconvertible_values ... ok
[INFO] [stdout] test test::test_errors ... ok
[INFO] [stdout] test test::response_methods_work ... ok
[INFO] [stdout] test test::with_redb::redb_batched_writes_persist_across_instances ... ok
[INFO] [stdout] test test::with_redb::redb_persists_across_instances ... ok
[INFO] [stdout] test test::with_redb::redb_corrupt_data_returns_none ... ok
[INFO] [stdout] test test::with_redb::redb_works_without_tokio_runtime ... ok
[INFO] [stdout] test test::with_redb::redb ... ok
[INFO] [stdout] 
[INFO] [stdout] test result: ok. 12 passed; 0 failed; 0 ignored; 0 measured; 0 filtered out; finished in 0.15s
[INFO] [stdout] 
[INFO] [stderr]    Doc-tests http_cache
[INFO] [stdout] 
[INFO] [stdout] running 25 tests
[INFO] [stdout] test src/body.rs - body (line 15) ... FAILED
[INFO] [stdout] test src/error.rs - error::HttpCacheError::client (line 129) ... ok
[INFO] [stdout] test src/error.rs - error::HttpCacheError::http (line 103) ... ok
[INFO] [stdout] test src/error.rs - error::ClientStreamingError (line 418) ... ok
[INFO] [stdout] test src/error.rs - error::HttpCacheError::body (line 116) ... ok
[INFO] [stdout] test src/error.rs - error::HttpCacheError (line 52) ... ok
[INFO] [stdout] test src/lib.rs - (line 123) ... ok
[INFO] [stdout] test src/lib.rs - (line 190) ... ok
[INFO] [stdout] test src/lib.rs - (line 237) ... ok
[INFO] [stdout] test src/lib.rs - CacheMode (line 1294) ... ok
[INFO] [stdout] test src/lib.rs - (line 92) ... ok
[INFO] [stdout] test src/lib.rs - (line 56) ... ok
[INFO] [stdout] test src/lib.rs - (line 153) ... ok
[INFO] [stdout] test src/error.rs - error::ClientStreamingError::other (line 476) ... ok
[INFO] [stdout] test src/lib.rs - (line 33) ... ok
[INFO] [stdout] test src/error.rs - error::ClientStreamingError::http_cache (line 462) ... ok
[INFO] [stdout] test src/error.rs - error::ClientStreamingError::client (line 445) ... ok
[INFO] [stdout] test src/error.rs - error::HttpCacheError::cache (line 90) ... ok
[INFO] [stdout] test src/lib.rs - HttpCacheOptions (line 1559) ... ok
[INFO] [stdout] test src/lib.rs - HttpCacheOptions (line 1519) ... ok
[INFO] [stdout] test src/error.rs - error::HttpCacheError::other (line 142) ... ok
[INFO] [stdout] test src/lib.rs - HttpCacheOptions (line 1537) ... ok
[INFO] [stdout] test src/lib.rs - HttpCacheOptions (line 1505) ... ok
[INFO] [stdout] test src/lib.rs - HttpCacheOptions (line 1584) ... ok
[INFO] [stdout] test src/lib.rs - HttpCacheOptions (line 1605) ... ok
[INFO] [stdout] 
[INFO] [stdout] failures:
[INFO] [stdout] 
[INFO] [stdout] ---- src/body.rs - body (line 15) stdout ----
[INFO] [stdout] error[E0432]: unresolved import `http_body_util`
[INFO] [stdout]   --> src/body.rs:19:5
[INFO] [stdout]    |
[INFO] [stdout] 19 | use http_body_util::Full;
[INFO] [stdout]    |     ^^^^^^^^^^^^^^ use of unresolved module or unlinked crate `http_body_util`
[INFO] [stdout]    |
[INFO] [stdout]    = help: if you wanted to use a crate named `http_body_util`, use `cargo add http_body_util` to add it to your `Cargo.toml`
[INFO] [stdout] 
[INFO] [stdout] error: aborting due to 1 previous error
[INFO] [stdout] 
[INFO] [stdout] For more information about this error, try `rustc --explain E0432`.
[INFO] [stdout] Couldn't compile the test.
[INFO] [stdout] 
[INFO] [stdout] failures:
[INFO] [stdout]     src/body.rs - body (line 15)
[INFO] [stdout] 
[INFO] [stdout] test result: FAILED. 24 passed; 1 failed; 0 ignored; 0 measured; 0 filtered out; finished in 1.82s
[INFO] [stdout] 
[INFO] [stderr] error: doctest failed, to rerun pass `--doc`
[INFO] running `Command { std: "docker" "inspect" "4591d219af29e87d09f263d808eea94bb7192bef86ba3e29187ddb14630f2bfc", kill_on_drop: false }`
[INFO] running `Command { std: "docker" "rm" "-f" "4591d219af29e87d09f263d808eea94bb7192bef86ba3e29187ddb14630f2bfc", kill_on_drop: false }`
[INFO] [stdout] 4591d219af29e87d09f263d808eea94bb7192bef86ba3e29187ddb14630f2bfc
