[INFO] fetching crate htmlmd-cli 0.1.2...
[INFO] testing htmlmd-cli-0.1.2 against 1.100.0-beta.1+cargoflags=--release for beta-release-1.100-2
[INFO] extracting crate htmlmd-cli 0.1.2 into /workspace/builds/worker-2-tc2/source
[INFO] started tweaking crates.io crate htmlmd-cli 0.1.2
[INFO] removed 0 missing tests
[INFO] finished tweaking crates.io crate htmlmd-cli 0.1.2
[INFO] tweaked toml for crates.io crate htmlmd-cli 0.1.2 written to /workspace/builds/worker-2-tc2/source/Cargo.toml
[INFO] validating manifest of crates.io crate htmlmd-cli 0.1.2 on toolchain 1.100.0-beta.1
[INFO] running `Command { std: CARGO_HOME="/workspace/cargo-home" RUSTUP_HOME="/workspace/rustup-home" "/workspace/cargo-home/bin/cargo" "+1.100.0-beta.1" "metadata" "--manifest-path" "Cargo.toml" "--no-deps", kill_on_drop: false }`
[INFO] crate crates.io crate htmlmd-cli 0.1.2 already has a lockfile, it will not be regenerated
[INFO] running `Command { std: CARGO_HOME="/workspace/cargo-home" RUSTUP_HOME="/workspace/rustup-home" "/workspace/cargo-home/bin/cargo" "+1.100.0-beta.1" "fetch" "--manifest-path" "Cargo.toml", kill_on_drop: false }`
[INFO] running `Command { std: "docker" "create" "-v" "/var/lib/crater-agent-workspace/builds/worker-2-tc2/source:/opt/rustwide/workdir:ro,Z" "-v" "/var/lib/crater-agent-workspace/builds/worker-2-tc2/target:/opt/rustwide/target:rw,Z" "-v" "/var/lib/crater-agent-workspace/cargo-home:/opt/rustwide/cargo-home:ro,Z" "-v" "/var/lib/crater-agent-workspace/rustup-home:/opt/rustwide/rustup-home:ro,Z" "-m" "1610612736" "--network" "none" "ghcr.io/rust-lang/crates-build-env/linux@sha256:77db811e55d90add9212f6832c23229e3de5f1c1f9905e8cb07319ea15df73ac" "sleep" "infinity", kill_on_drop: false }`
[INFO] [stdout] c5d538a3315ced35f411d8b51fbfccd844b962ae7352149e691752a107d9b7cf
[INFO] running `Command { std: "docker" "start" "c5d538a3315ced35f411d8b51fbfccd844b962ae7352149e691752a107d9b7cf", kill_on_drop: false }`
[INFO] running `Command { std: "docker" "inspect" "c5d538a3315ced35f411d8b51fbfccd844b962ae7352149e691752a107d9b7cf", kill_on_drop: false }`
[INFO] running `Command { std: "docker" "exec" "-e" "SOURCE_DIR=/opt/rustwide/workdir" "-e" "CARGO_HOME=/opt/rustwide/cargo-home" "-e" "RUSTUP_HOME=/opt/rustwide/rustup-home" "-e" "CARGO_TARGET_DIR=/opt/rustwide/target" "-w" "/opt/rustwide/workdir" "--user" "0:0" "c5d538a3315ced35f411d8b51fbfccd844b962ae7352149e691752a107d9b7cf" "/opt/rustwide/cargo-home/bin/cargo" "+1.100.0-beta.1" "metadata" "--no-deps" "--format-version=1", kill_on_drop: false }`
[INFO] running `Command { std: "docker" "inspect" "c5d538a3315ced35f411d8b51fbfccd844b962ae7352149e691752a107d9b7cf", kill_on_drop: false }`
[INFO] running `Command { std: "docker" "exec" "-e" "SOURCE_DIR=/opt/rustwide/workdir" "-e" "CARGO_HOME=/opt/rustwide/cargo-home" "-e" "RUSTUP_HOME=/opt/rustwide/rustup-home" "-e" "CARGO_TARGET_DIR=/opt/rustwide/target" "-e" "CARGO_INCREMENTAL=0" "-e" "RUST_BACKTRACE=full" "-e" "RUSTFLAGS=--cap-lints=warn" "-e" "RUSTDOCFLAGS=--cap-lints=warn" "-w" "/opt/rustwide/workdir" "--user" "0:0" "c5d538a3315ced35f411d8b51fbfccd844b962ae7352149e691752a107d9b7cf" "/opt/rustwide/cargo-home/bin/cargo" "+1.100.0-beta.1" "build" "--frozen" "--message-format=json" "--release", kill_on_drop: false }`
[INFO] [stderr]    Compiling phf_shared v0.13.1
[INFO] [stderr]    Compiling smallvec v1.15.2
[INFO] [stderr]    Compiling tendril v0.5.1
[INFO] [stderr]    Compiling syn v2.0.118
[INFO] [stderr]    Compiling rustix v1.1.4
[INFO] [stderr]    Compiling aho-corasick v1.1.4
[INFO] [stderr]    Compiling crossbeam-epoch v0.9.20
[INFO] [stderr]    Compiling dtoa v1.0.11
[INFO] [stderr]    Compiling indexmap v2.14.0
[INFO] [stderr]    Compiling cc v1.2.67
[INFO] [stderr]    Compiling crossbeam-deque v0.8.7
[INFO] [stderr]    Compiling serde_json v1.0.150
[INFO] [stderr]    Compiling uncased v0.9.10
[INFO] [stderr]    Compiling servo_arc v0.4.3
[INFO] [stderr]    Compiling getopts v0.2.24
[INFO] [stderr]    Compiling dtoa-short v0.3.5
[INFO] [stderr]    Compiling figment v0.10.19
[INFO] [stderr]    Compiling yansi v1.0.1
[INFO] [stderr]    Compiling inlinable_string v0.1.15
[INFO] [stderr]    Compiling phf_generator v0.13.1
[INFO] [stderr]    Compiling ego-tree v0.11.0
[INFO] [stderr]    Compiling phf_codegen v0.13.1
[INFO] [stderr]    Compiling string_cache_codegen v0.6.1
[INFO] [stderr]    Compiling dirs-sys v0.5.0
[INFO] [stderr]    Compiling parking_lot_core v0.9.12
[INFO] [stderr]    Compiling selectors v0.38.0
[INFO] [stderr]    Compiling parking_lot v0.12.5
[INFO] [stderr]    Compiling rayon-core v1.13.0
[INFO] [stderr]    Compiling getrandom v0.4.3
[INFO] [stderr]    Compiling tracing-log v0.2.0
[INFO] [stderr]    Compiling thread_local v1.1.10
[INFO] [stderr]    Compiling either v1.16.0
[INFO] [stderr]    Compiling web_atoms v0.2.5
[INFO] [stderr]    Compiling dirs v6.0.0
[INFO] [stderr]    Compiling filetime v0.2.29
[INFO] [stderr]    Compiling similar v2.7.0
[INFO] [stderr]    Compiling rayon v1.12.0
[INFO] [stderr]    Compiling regex-automata v0.4.15
[INFO] [stderr]    Compiling libmimalloc-sys v0.1.49
[INFO] [stderr]    Compiling terminal_size v0.4.4
[INFO] [stderr]    Compiling tempfile v3.27.0
[INFO] [stderr]    Compiling clap_builder v4.6.0
[INFO] [stderr]    Compiling synstructure v0.13.2
[INFO] [stderr]    Compiling proc-macro2-diagnostics v0.10.1
[INFO] [stderr]    Compiling serde_derive v1.0.228
[INFO] [stderr]    Compiling zerofrom-derive v0.1.7
[INFO] [stderr]    Compiling yoke-derive v0.8.2
[INFO] [stderr]    Compiling phf_macros v0.13.1
[INFO] [stderr]    Compiling zerovec-derive v0.11.3
[INFO] [stderr]    Compiling displaydoc v0.2.6
[INFO] [stderr]    Compiling derive_more-impl v2.1.1
[INFO] [stderr]    Compiling cssparser-macros v0.7.0
[INFO] [stderr]    Compiling pear_codegen v0.2.9
[INFO] [stderr]    Compiling thiserror-impl v2.0.18
[INFO] [stderr]    Compiling tracing-attributes v0.1.31
[INFO] [stderr]    Compiling clap_derive v4.6.1
[INFO] [stderr]    Compiling pear v0.2.9
[INFO] [stderr]    Compiling phf v0.13.1
[INFO] [stderr]    Compiling zerofrom v0.1.8
[INFO] [stderr]    Compiling cssparser v0.37.0
[INFO] [stderr]    Compiling yoke v0.8.3
[INFO] [stderr]    Compiling derive_more v2.1.1
[INFO] [stderr]    Compiling tracing v0.1.44
[INFO] [stderr]    Compiling zerovec v0.11.6
[INFO] [stderr]    Compiling zerotrie v0.2.4
[INFO] [stderr]    Compiling thiserror v2.0.18
[INFO] [stderr]    Compiling tinystr v0.8.3
[INFO] [stderr]    Compiling potential_utf v0.1.5
[INFO] [stderr]    Compiling icu_locale_core v2.1.1
[INFO] [stderr]    Compiling icu_collections v2.1.1
[INFO] [stderr]    Compiling regex v1.13.0
[INFO] [stderr]    Compiling matchers v0.2.0
[INFO] [stderr]    Compiling icu_provider v2.1.1
[INFO] [stderr]    Compiling clap v4.6.1
[INFO] [stderr]    Compiling icu_normalizer v2.1.1
[INFO] [stderr]    Compiling icu_properties v2.1.2
[INFO] [stderr]    Compiling serde v1.0.228
[INFO] [stderr]    Compiling string_cache v0.9.0
[INFO] [stderr]    Compiling serde_spanned v0.6.9
[INFO] [stderr]    Compiling toml_datetime v0.6.11
[INFO] [stderr]    Compiling tracing-serde v0.2.0
[INFO] [stderr]    Compiling mimalloc v0.1.52
[INFO] [stderr]    Compiling toml_edit v0.22.27
[INFO] [stderr]    Compiling tracing-subscriber v0.3.23
[INFO] [stderr]    Compiling markup5ever v0.38.0
[INFO] [stderr]    Compiling markup5ever v0.39.0
[INFO] [stderr]    Compiling idna_adapter v1.2.1
[INFO] [stderr]    Compiling xml5ever v0.38.0
[INFO] [stderr]    Compiling html5ever v0.38.0
[INFO] [stderr]    Compiling idna v1.1.0
[INFO] [stderr]    Compiling html5ever v0.39.0
[INFO] [stderr]    Compiling url v2.5.8
[INFO] [stderr]    Compiling scraper v0.27.0
[INFO] [stderr]    Compiling markup5ever_rcdom v0.38.0+unofficial
[INFO] [stderr]    Compiling htmd v0.5.4
[INFO] [stderr]    Compiling htmlmd-core v0.1.2
[INFO] [stderr]    Compiling toml v0.8.23
[INFO] [stderr]    Compiling htmlmd-cli v0.1.2 (/opt/rustwide/workdir)
[INFO] [stderr] warning: unused dependency `anyhow`
[INFO] [stderr]  --> Cargo.toml:5:15
[INFO] [stderr]   |
[INFO] [stderr] 5 | [dependencies.anyhow]
[INFO] [stderr]   |               ^^^^^^^
[INFO] [stderr]   |
[INFO] [stderr]   = note: `cargo::unused_dependencies` is set to `warn` by default
[INFO] [stderr] help: consider removing the dependency on `anyhow`
[INFO] [stderr] warning: unused dependency `tracing-subscriber`
[INFO] [stderr]   --> Cargo.toml:64:15
[INFO] [stderr]    |
[INFO] [stderr] 64 | [dependencies.tracing-subscriber]
[INFO] [stderr]    |               ^^^^^^^^^^^^^^^^^^^
[INFO] [stderr]    |
[INFO] [stderr] help: consider removing the dependency on `tracing-subscriber`
[INFO] [stderr] warning: `htmlmd-cli` (manifest) generated 2 warnings
[INFO] [stderr]     Finished `release` profile [optimized] target(s) in 1m 44s
[INFO] running `Command { std: "docker" "inspect" "c5d538a3315ced35f411d8b51fbfccd844b962ae7352149e691752a107d9b7cf", kill_on_drop: false }`
[INFO] running `Command { std: "docker" "exec" "-e" "SOURCE_DIR=/opt/rustwide/workdir" "-e" "CARGO_HOME=/opt/rustwide/cargo-home" "-e" "RUSTUP_HOME=/opt/rustwide/rustup-home" "-e" "CARGO_TARGET_DIR=/opt/rustwide/target" "-e" "CARGO_INCREMENTAL=0" "-e" "RUST_BACKTRACE=full" "-e" "RUSTFLAGS=--cap-lints=warn" "-e" "RUSTDOCFLAGS=--cap-lints=warn" "-w" "/opt/rustwide/workdir" "--user" "0:0" "c5d538a3315ced35f411d8b51fbfccd844b962ae7352149e691752a107d9b7cf" "/opt/rustwide/cargo-home/bin/cargo" "+1.100.0-beta.1" "test" "--frozen" "--no-run" "--message-format=json" "--release", kill_on_drop: false }`
[INFO] [stderr]    Compiling regex-automata v0.4.15
[INFO] [stderr]    Compiling serde_json v1.0.150
[INFO] [stderr]    Compiling pest v2.8.7
[INFO] [stderr]    Compiling predicates-core v1.0.10
[INFO] [stderr]    Compiling float-cmp v0.10.0
[INFO] [stderr]    Compiling difflib v0.4.0
[INFO] [stderr]    Compiling assert_cmd v2.2.2
[INFO] [stderr]    Compiling termtree v0.5.1
[INFO] [stderr]    Compiling similar v2.7.0
[INFO] [stderr]    Compiling normalize-line-endings v0.3.0
[INFO] [stderr]    Compiling console v0.16.4
[INFO] [stderr]    Compiling wait-timeout v0.2.1
[INFO] [stderr]    Compiling predicates-tree v1.0.13
[INFO] [stderr]    Compiling figment v0.10.19
[INFO] [stderr]    Compiling pest_meta v2.8.7
[INFO] [stderr]    Compiling pest_generator v2.8.7
[INFO] [stderr]    Compiling pest_derive v2.8.7
[INFO] [stderr]    Compiling insta v1.48.0
[INFO] [stderr]    Compiling regex v1.13.0
[INFO] [stderr]    Compiling matchers v0.2.0
[INFO] [stderr]    Compiling bstr v1.12.3
[INFO] [stderr]    Compiling tracing-subscriber v0.3.23
[INFO] [stderr]    Compiling htmlmd-core v0.1.2
[INFO] [stderr]    Compiling predicates v3.1.4
[INFO] [stderr]    Compiling htmlmd-cli v0.1.2 (/opt/rustwide/workdir)
[INFO] [stderr]     Finished `release` profile [optimized] target(s) in 1m 04s
[INFO] running `Command { std: "docker" "inspect" "c5d538a3315ced35f411d8b51fbfccd844b962ae7352149e691752a107d9b7cf", kill_on_drop: false }`
[INFO] running `Command { std: "docker" "exec" "-e" "SOURCE_DIR=/opt/rustwide/workdir" "-e" "CARGO_HOME=/opt/rustwide/cargo-home" "-e" "RUSTUP_HOME=/opt/rustwide/rustup-home" "-e" "CARGO_TARGET_DIR=/opt/rustwide/target" "-e" "CARGO_INCREMENTAL=0" "-e" "RUST_BACKTRACE=full" "-e" "RUSTFLAGS=--cap-lints=warn" "-e" "RUSTDOCFLAGS=--cap-lints=warn" "-w" "/opt/rustwide/workdir" "--user" "0:0" "c5d538a3315ced35f411d8b51fbfccd844b962ae7352149e691752a107d9b7cf" "/opt/rustwide/cargo-home/bin/cargo" "+1.100.0-beta.1" "test" "--frozen" "--release", kill_on_drop: false }`
[INFO] [stderr]     Finished `release` profile [optimized] target(s) in 0.22s
[INFO] [stderr]      Running unittests src/main.rs (/opt/rustwide/target/release/build/htmlmd-cli/87e6b9a97e29ae91/out/htmlmd-87e6b9a97e29ae91)
[INFO] [stderr]      Running tests/cli.rs (/opt/rustwide/target/release/build/htmlmd-cli/e7bd88662cd88ec1/out/cli-e7bd88662cd88ec1)
[INFO] [stdout] 
[INFO] [stdout] running 0 tests
[INFO] [stdout] 
[INFO] [stdout] test result: ok. 0 passed; 0 failed; 0 ignored; 0 measured; 0 filtered out; finished in 0.00s
[INFO] [stdout] 
[INFO] [stdout] 
[INFO] [stdout] running 43 tests
[INFO] [stdout] test converts_stdin ... FAILED
[INFO] [stdout] test atomic_write ... FAILED
[INFO] [stdout] test check_mode_passes_when_unchanged ... FAILED
[INFO] [stdout] test dry_run_does_not_write ... FAILED
[INFO] [stdout] test config_file_overrides_profile ... FAILED
[INFO] [stdout] test batch_output_dir ... FAILED
[INFO] [stdout] test directory_with_multiple_files_rejects_output_file ... ok
[INFO] [stdout] test extract_selector ... FAILED
[INFO] [stdout] test bullet_asterisk ... FAILED
[INFO] [stdout] test base_url_resolves_relative ... FAILED
[INFO] [stdout] test glob_input_defaults_to_cwd ... ok
[INFO] [stdout] test image_mode_alt_text ... FAILED
[INFO] [stdout] test converts_file_to_stdout ... FAILED
[INFO] [stdout] test check_mode_fails_when_changed ... FAILED
[INFO] [stdout] test metadata_canonical_url_flag ... FAILED
[INFO] [stdout] test metadata_flags_extract_title ... FAILED
[INFO] [stdout] test mirror_glob_uses_the_non_glob_prefix ... ok
[INFO] [stdout] test directory_with_one_file_honors_output_file ... ok
[INFO] [stdout] test flat_batch_rejects_duplicate_output_names ... ok
[INFO] [stdout] test directory_input_defaults_to_cwd_and_reads_only_direct_html_files ... ok
[INFO] [stdout] test invalid_config_selector_fails ... ok
[INFO] [stdout] test heading_style_setex ... FAILED
[INFO] [stdout] test manifest_written ... FAILED
[INFO] [stdout] test print_default_config ... ok
[INFO] [stdout] test link_style_reference ... FAILED
[INFO] [stdout] test image_mode_skip ... FAILED
[INFO] [stdout] test encoding_override ... ok
[INFO] [stdout] test output_policy_fail_if_exists ... FAILED
[INFO] [stdout] test skip_tags_flag ... FAILED
[INFO] [stdout] test profile_pandoc_preserves_raw_html ... FAILED
[INFO] [stdout] test reference_placement_adjacent ... FAILED
[INFO] [stdout] test multiple_file_inputs_default_to_cwd ... ok
[INFO] [stdout] test tracking_params_stripped ... FAILED
[INFO] [stdout] test remove_selectors ... FAILED
[INFO] [stdout] test output_policy_skip_existing ... FAILED
[INFO] [stdout] test image_mode_reference ... FAILED
[INFO] [stdout] test profile_extended ... FAILED
[INFO] [stdout] test profile_mdx_safe_escapes_braces ... ok
[INFO] [stdout] test profile_plain_text ... FAILED
[INFO] [stdout] test reference_placement_section_end ... ok
[INFO] [stdout] test directory_input_recurses_only_when_requested ... ok
[INFO] [stdout] test mirror_recursive_directory ... ok
[INFO] [stdout] test profile_obsidian_frontmatter_and_wikilink ... ok
[INFO] [stdout] 
[INFO] [stdout] failures:
[INFO] [stdout] 
[INFO] [stdout] ---- converts_stdin stdout ----
[INFO] [stdout] 
[INFO] [stdout] thread 'converts_stdin' (2693) panicked at tests/cli.rs:24:69:
[INFO] [stdout] called `Result::unwrap()` on an `Err` value: Os { code: 2, kind: NotFound, message: "No such file or directory" }
[INFO] [stdout] stack backtrace:
[INFO] [stdout]    0:     0x5e3b41c204f1 - <<std[617be2ca0a6fd877]::sys::backtrace::BacktraceLock>::print::DisplayBacktrace as core[a373ad73a504971]::fmt::Display>::fmt
[INFO] [stdout]    1:     0x5e3b41c370fa - core[a373ad73a504971]::fmt::write
[INFO] [stdout]    2:     0x5e3b41c25e5c - <alloc[2e1b2a31b91974c5]::vec::Vec<u8> as core[a373ad73a504971]::io::write::Write>::write_fmt
[INFO] [stdout]    3:     0x5e3b41bfa5d6 - std[617be2ca0a6fd877]::panicking::default_hook::{closure#0}
[INFO] [stdout]    4:     0x5e3b41c17bb9 - std[617be2ca0a6fd877]::panicking::default_hook
[INFO] [stdout]    5:     0x5e3b41ba2240 - test[aada8e7e76ba119b]::test_main_inner::{closure#0}
[INFO] [stdout]    6:     0x5e3b41c17d72 - std[617be2ca0a6fd877]::panicking::panic_with_hook
[INFO] [stdout]    7:     0x5e3b41bfa682 - std[617be2ca0a6fd877]::panicking::panic_handler::{closure#0}
[INFO] [stdout]    8:     0x5e3b41bf3049 - std[617be2ca0a6fd877]::sys::backtrace::__rust_end_short_backtrace::<std[617be2ca0a6fd877]::panicking::panic_handler::{closure#0}, !>
[INFO] [stdout]    9:     0x5e3b41bfb28d - __rustc[ea4f61d10b84890b]::rust_begin_unwind
[INFO] [stdout]   10:     0x5e3b41c378ac - core[a373ad73a504971]::panicking::panic_fmt
[INFO] [stdout]   11:     0x5e3b41c37682 - core[a373ad73a504971]::result::unwrap_failed
[INFO] [stdout]   12:     0x5e3b41b82259 - <cli[ee37a947b25c1eef]::converts_stdin::{closure#0} as core[a373ad73a504971]::ops::function::FnOnce<()>>::call_once
[INFO] [stdout]   13:     0x5e3b41b9568b - test[aada8e7e76ba119b]::__rust_begin_short_backtrace::<core[a373ad73a504971]::result::Result<(), alloc[2e1b2a31b91974c5]::string::String>, fn() -> core[a373ad73a504971]::result::Result<(), alloc[2e1b2a31b91974c5]::string::String>>
[INFO] [stdout]   14:     0x5e3b41ba2865 - test[aada8e7e76ba119b]::run_test::{closure#0}
[INFO] [stdout]   15:     0x5e3b41b9c154 - std[617be2ca0a6fd877]::sys::backtrace::__rust_begin_short_backtrace::<test[aada8e7e76ba119b]::run_test::{closure#1}, ()>
[INFO] [stdout]   16:     0x5e3b41ba58f2 - <std[617be2ca0a6fd877]::thread::lifecycle::spawn_unchecked<test[aada8e7e76ba119b]::run_test::{closure#1}, ()>::{closure#1} as core[a373ad73a504971]::ops::function::FnOnce<()>>::call_once::{shim:vtable#0}
[INFO] [stdout]   17:     0x5e3b41c1f78f - <std[617be2ca0a6fd877]::sys::thread::unix::Thread>::new::thread_start
[INFO] [stdout]   18:     0x73765a430dfa - <unknown>
[INFO] [stdout]   19:     0x73765a4c43d4 - clone
[INFO] [stdout]   20:                0x0 - <unknown>
[INFO] [stdout] 
[INFO] [stdout] ---- atomic_write stdout ----
[INFO] [stdout] 
[INFO] [stdout] thread 'atomic_write' (2685) panicked at tests/cli.rs:376:18:
[INFO] [stdout] Unexpected failure.
[INFO] [stdout] code=1
[INFO] [stdout] stderr=```"htmlmd: I/O error: No such file or directory (os error 2)\n"```
[INFO] [stdout] command=`"/opt/rustwide/target/release/htmlmd" "--atomic" "--output-dir" "/tmp/.tmpjwqIil" "/opt/rustwide/workdir/../../fixtures/basic.html"`
[INFO] [stdout] code=1
[INFO] [stdout] stdout=""
[INFO] [stdout] stderr="htmlmd: I/O error: No such file or directory (os error 2)\n"
[INFO] [stdout] 
[INFO] [stdout] stack backtrace:
[INFO] [stdout]    0:     0x5e3b41c204f1 - <<std[617be2ca0a6fd877]::sys::backtrace::BacktraceLock>::print::DisplayBacktrace as core[a373ad73a504971]::fmt::Display>::fmt
[INFO] [stdout]    1:     0x5e3b41c370fa - core[a373ad73a504971]::fmt::write
[INFO] [stdout]    2:     0x5e3b41c25e5c - <alloc[2e1b2a31b91974c5]::vec::Vec<u8> as core[a373ad73a504971]::io::write::Write>::write_fmt
[INFO] [stdout]    3:     0x5e3b41bfa5d6 - std[617be2ca0a6fd877]::panicking::default_hook::{closure#0}
[INFO] [stdout]    4:     0x5e3b41c17bb9 - std[617be2ca0a6fd877]::panicking::default_hook
[INFO] [stdout]    5:     0x5e3b41ba2240 - test[aada8e7e76ba119b]::test_main_inner::{closure#0}
[INFO] [stdout]    6:     0x5e3b41c17d72 - std[617be2ca0a6fd877]::panicking::panic_with_hook
[INFO] [stdout]    7:     0x5e3b41bfa682 - std[617be2ca0a6fd877]::panicking::panic_handler::{closure#0}
[INFO] [stdout]    8:     0x5e3b41bf3049 - std[617be2ca0a6fd877]::sys::backtrace::__rust_end_short_backtrace::<std[617be2ca0a6fd877]::panicking::panic_handler::{closure#0}, !>
[INFO] [stdout]    9:     0x5e3b41bfb28d - __rustc[ea4f61d10b84890b]::rust_begin_unwind
[INFO] [stdout]   10:     0x5e3b41c378ac - core[a373ad73a504971]::panicking::panic_fmt
[INFO] [stdout]   11:     0x5e3b41bd60bf - <assert_cmd[337c2331e44d7988]::assert::AssertError>::panic::<assert_cmd[337c2331e44d7988]::assert::Assert>
[INFO] [stdout]   12:     0x5e3b41bd69a9 - <assert_cmd[337c2331e44d7988]::assert::Assert>::success
[INFO] [stdout]   13:     0x5e3b41b81c14 - <cli[ee37a947b25c1eef]::atomic_write::{closure#0} as core[a373ad73a504971]::ops::function::FnOnce<()>>::call_once
[INFO] [stdout]   14:     0x5e3b41b9568b - test[aada8e7e76ba119b]::__rust_begin_short_backtrace::<core[a373ad73a504971]::result::Result<(), alloc[2e1b2a31b91974c5]::string::String>, fn() -> core[a373ad73a504971]::result::Result<(), alloc[2e1b2a31b91974c5]::string::String>>
[INFO] [stdout]   15:     0x5e3b41ba2865 - test[aada8e7e76ba119b]::run_test::{closure#0}
[INFO] [stdout]   16:     0x5e3b41b9c154 - std[617be2ca0a6fd877]::sys::backtrace::__rust_begin_short_backtrace::<test[aada8e7e76ba119b]::run_test::{closure#1}, ()>
[INFO] [stdout]   17:     0x5e3b41ba58f2 - <std[617be2ca0a6fd877]::thread::lifecycle::spawn_unchecked<test[aada8e7e76ba119b]::run_test::{closure#1}, ()>::{closure#1} as core[a373ad73a504971]::ops::function::FnOnce<()>>::call_once::{shim:vtable#0}
[INFO] [stdout]   18:     0x5e3b41c1f78f - <std[617be2ca0a6fd877]::sys::thread::unix::Thread>::new::thread_start
[INFO] [stdout]   19:     0x73765a430dfa - <unknown>
[INFO] [stdout]   20:     0x73765a4c43d4 - clone
[INFO] [stdout]   21:                0x0 - <unknown>
[INFO] [stdout] 
[INFO] [stdout] ---- check_mode_passes_when_unchanged stdout ----
[INFO] [stdout] 
[INFO] [stdout] thread 'check_mode_passes_when_unchanged' (2690) panicked at tests/cli.rs:411:18:
[INFO] [stdout] Unexpected failure.
[INFO] [stdout] code=1
[INFO] [stdout] stderr=```"htmlmd: I/O error: No such file or directory (os error 2)\n"```
[INFO] [stdout] command=`"/opt/rustwide/target/release/htmlmd" "-o" "/tmp/.tmpRSOsdG/basic.md" "/opt/rustwide/workdir/../../fixtures/basic.html"`
[INFO] [stdout] code=1
[INFO] [stdout] stdout=""
[INFO] [stdout] stderr="htmlmd: I/O error: No such file or directory (os error 2)\n"
[INFO] [stdout] 
[INFO] [stdout] stack backtrace:
[INFO] [stdout]    0:     0x5e3b41c204f1 - <<std[617be2ca0a6fd877]::sys::backtrace::BacktraceLock>::print::DisplayBacktrace as core[a373ad73a504971]::fmt::Display>::fmt
[INFO] [stdout]    1:     0x5e3b41c370fa - core[a373ad73a504971]::fmt::write
[INFO] [stdout]    2:     0x5e3b41c25e5c - <alloc[2e1b2a31b91974c5]::vec::Vec<u8> as core[a373ad73a504971]::io::write::Write>::write_fmt
[INFO] [stdout]    3:     0x5e3b41bfa5d6 - std[617be2ca0a6fd877]::panicking::default_hook::{closure#0}
[INFO] [stdout]    4:     0x5e3b41c17bb9 - std[617be2ca0a6fd877]::panicking::default_hook
[INFO] [stdout]    5:     0x5e3b41ba2240 - test[aada8e7e76ba119b]::test_main_inner::{closure#0}
[INFO] [stdout]    6:     0x5e3b41c17d72 - std[617be2ca0a6fd877]::panicking::panic_with_hook
[INFO] [stdout]    7:     0x5e3b41bfa682 - std[617be2ca0a6fd877]::panicking::panic_handler::{closure#0}
[INFO] [stdout]    8:     0x5e3b41bf3049 - std[617be2ca0a6fd877]::sys::backtrace::__rust_end_short_backtrace::<std[617be2ca0a6fd877]::panicking::panic_handler::{closure#0}, !>
[INFO] [stdout]    9:     0x5e3b41bfb28d - __rustc[ea4f61d10b84890b]::rust_begin_unwind
[INFO] [stdout]   10:     0x5e3b41c378ac - core[a373ad73a504971]::panicking::panic_fmt
[INFO] [stdout]   11:     0x5e3b41bd60bf - <assert_cmd[337c2331e44d7988]::assert::AssertError>::panic::<assert_cmd[337c2331e44d7988]::assert::Assert>
[INFO] [stdout]   12:     0x5e3b41bd69a9 - <assert_cmd[337c2331e44d7988]::assert::Assert>::success
[INFO] [stdout]   13:     0x5e3b41b8c5f7 - <cli[ee37a947b25c1eef]::check_mode_passes_when_unchanged::{closure#0} as core[a373ad73a504971]::ops::function::FnOnce<()>>::call_once
[INFO] [stdout]   14:     0x5e3b41b9568b - test[aada8e7e76ba119b]::__rust_begin_short_backtrace::<core[a373ad73a504971]::result::Result<(), alloc[2e1b2a31b91974c5]::string::String>, fn() -> core[a373ad73a504971]::result::Result<(), alloc[2e1b2a31b91974c5]::string::String>>
[INFO] [stdout]   15:     0x5e3b41ba2865 - test[aada8e7e76ba119b]::run_test::{closure#0}
[INFO] [stdout]   16:     0x5e3b41b9c154 - std[617be2ca0a6fd877]::sys::backtrace::__rust_begin_short_backtrace::<test[aada8e7e76ba119b]::run_test::{closure#1}, ()>
[INFO] [stdout]   17:     0x5e3b41ba58f2 - <std[617be2ca0a6fd877]::thread::lifecycle::spawn_unchecked<test[aada8e7e76ba119b]::run_test::{closure#1}, ()>::{closure#1} as core[a373ad73a504971]::ops::function::FnOnce<()>>::call_once::{shim:vtable#0}
[INFO] [stdout]   18:     0x5e3b41c1f78f - <std[617be2ca0a6fd877]::sys::thread::unix::Thread>::new::thread_start
[INFO] [stdout]   19:     0x73765a430dfa - <unknown>
[INFO] [stdout]   20:     0x73765a4c43d4 - clone
[INFO] [stdout]   21:                0x0 - <unknown>
[INFO] [stdout] 
[INFO] [stdout] ---- dry_run_does_not_write stdout ----
[INFO] [stdout] 
[INFO] [stdout] thread 'dry_run_does_not_write' (2699) panicked at tests/cli.rs:454:18:
[INFO] [stdout] Unexpected failure.
[INFO] [stdout] code=1
[INFO] [stdout] stderr=```"htmlmd: I/O error: No such file or directory (os error 2)\n"```
[INFO] [stdout] command=`"/opt/rustwide/target/release/htmlmd" "--dry-run" "--output-dir" "/tmp/.tmprEb2rS" "/opt/rustwide/workdir/../../fixtures/basic.html"`
[INFO] [stdout] code=1
[INFO] [stdout] stdout=""
[INFO] [stdout] stderr="htmlmd: I/O error: No such file or directory (os error 2)\n"
[INFO] [stdout] 
[INFO] [stdout] stack backtrace:
[INFO] [stdout]    0:     0x5e3b41c204f1 - <<std[617be2ca0a6fd877]::sys::backtrace::BacktraceLock>::print::DisplayBacktrace as core[a373ad73a504971]::fmt::Display>::fmt
[INFO] [stdout]    1:     0x5e3b41c370fa - core[a373ad73a504971]::fmt::write
[INFO] [stdout]    2:     0x5e3b41c25e5c - <alloc[2e1b2a31b91974c5]::vec::Vec<u8> as core[a373ad73a504971]::io::write::Write>::write_fmt
[INFO] [stdout]    3:     0x5e3b41bfa5d6 - std[617be2ca0a6fd877]::panicking::default_hook::{closure#0}
[INFO] [stdout]    4:     0x5e3b41c17bb9 - std[617be2ca0a6fd877]::panicking::default_hook
[INFO] [stdout]    5:     0x5e3b41ba2240 - test[aada8e7e76ba119b]::test_main_inner::{closure#0}
[INFO] [stdout]    6:     0x5e3b41c17d72 - std[617be2ca0a6fd877]::panicking::panic_with_hook
[INFO] [stdout]    7:     0x5e3b41bfa682 - std[617be2ca0a6fd877]::panicking::panic_handler::{closure#0}
[INFO] [stdout]    8:     0x5e3b41bf3049 - std[617be2ca0a6fd877]::sys::backtrace::__rust_end_short_backtrace::<std[617be2ca0a6fd877]::panicking::panic_handler::{closure#0}, !>
[INFO] [stdout]    9:     0x5e3b41bfb28d - __rustc[ea4f61d10b84890b]::rust_begin_unwind
[INFO] [stdout]   10:     0x5e3b41c378ac - core[a373ad73a504971]::panicking::panic_fmt
[INFO] [stdout]   11:     0x5e3b41bd60bf - <assert_cmd[337c2331e44d7988]::assert::AssertError>::panic::<assert_cmd[337c2331e44d7988]::assert::Assert>
[INFO] [stdout]   12:     0x5e3b41bd69a9 - <assert_cmd[337c2331e44d7988]::assert::Assert>::success
[INFO] [stdout]   13:     0x5e3b41b86dcf - <cli[ee37a947b25c1eef]::dry_run_does_not_write::{closure#0} as core[a373ad73a504971]::ops::function::FnOnce<()>>::call_once
[INFO] [stdout]   14:     0x5e3b41b9568b - test[aada8e7e76ba119b]::__rust_begin_short_backtrace::<core[a373ad73a504971]::result::Result<(), alloc[2e1b2a31b91974c5]::string::String>, fn() -> core[a373ad73a504971]::result::Result<(), alloc[2e1b2a31b91974c5]::string::String>>
[INFO] [stdout]   15:     0x5e3b41ba2865 - test[aada8e7e76ba119b]::run_test::{closure#0}
[INFO] [stdout]   16:     0x5e3b41b9c154 - std[617be2ca0a6fd877]::sys::backtrace::__rust_begin_short_backtrace::<test[aada8e7e76ba119b]::run_test::{closure#1}, ()>
[INFO] [stdout]   17:     0x5e3b41ba58f2 - <std[617be2ca0a6fd877]::thread::lifecycle::spawn_unchecked<test[aada8e7e76ba119b]::run_test::{closure#1}, ()>::{closure#1} as core[a373ad73a504971]::ops::function::FnOnce<()>>::call_once::{shim:vtable#0}
[INFO] [stdout]   18:     0x5e3b41c1f78f - <std[617be2ca0a6fd877]::sys::thread::unix::Thread>::new::thread_start
[INFO] [stdout]   19:     0x73765a430dfa - <unknown>
[INFO] [stdout]   20:     0x73765a4c43d4 - clone
[INFO] [stdout]   21:                0x0 - <unknown>
[INFO] [stdout] 
[INFO] [stdout] ---- config_file_overrides_profile stdout ----
[INFO] [stdout] 
[INFO] [stdout] thread 'config_file_overrides_profile' (2691) panicked at tests/cli.rs:117:10:
[INFO] [stdout] Unexpected failure.
[INFO] [stdout] code=1
[INFO] [stdout] stderr=```"htmlmd: I/O error: No such file or directory (os error 2)\n"```
[INFO] [stdout] command=`"/opt/rustwide/target/release/htmlmd" "--config" "/tmp/.tmp4FWqv9.toml" "/opt/rustwide/workdir/../../fixtures/table.html"`
[INFO] [stdout] code=1
[INFO] [stdout] stdout=""
[INFO] [stdout] stderr="htmlmd: I/O error: No such file or directory (os error 2)\n"
[INFO] [stdout] 
[INFO] [stdout] stack backtrace:
[INFO] [stdout]    0:     0x5e3b41c204f1 - <<std[617be2ca0a6fd877]::sys::backtrace::BacktraceLock>::print::DisplayBacktrace as core[a373ad73a504971]::fmt::Display>::fmt
[INFO] [stdout]    1:     0x5e3b41c370fa - core[a373ad73a504971]::fmt::write
[INFO] [stdout]    2:     0x5e3b41c25e5c - <alloc[2e1b2a31b91974c5]::vec::Vec<u8> as core[a373ad73a504971]::io::write::Write>::write_fmt
[INFO] [stdout]    3:     0x5e3b41bfa5d6 - std[617be2ca0a6fd877]::panicking::default_hook::{closure#0}
[INFO] [stdout]    4:     0x5e3b41c17bb9 - std[617be2ca0a6fd877]::panicking::default_hook
[INFO] [stdout]    5:     0x5e3b41ba2240 - test[aada8e7e76ba119b]::test_main_inner::{closure#0}
[INFO] [stdout]    6:     0x5e3b41c17d72 - std[617be2ca0a6fd877]::panicking::panic_with_hook
[INFO] [stdout]    7:     0x5e3b41bfa682 - std[617be2ca0a6fd877]::panicking::panic_handler::{closure#0}
[INFO] [stdout]    8:     0x5e3b41bf3049 - std[617be2ca0a6fd877]::sys::backtrace::__rust_end_short_backtrace::<std[617be2ca0a6fd877]::panicking::panic_handler::{closure#0}, !>
[INFO] [stdout]    9:     0x5e3b41bfb28d - __rustc[ea4f61d10b84890b]::rust_begin_unwind
[INFO] [stdout]   10:     0x5e3b41c378ac - core[a373ad73a504971]::panicking::panic_fmt
[INFO] [stdout]   11:     0x5e3b41bd60bf - <assert_cmd[337c2331e44d7988]::assert::AssertError>::panic::<assert_cmd[337c2331e44d7988]::assert::Assert>
[INFO] [stdout]   12:     0x5e3b41bd69a9 - <assert_cmd[337c2331e44d7988]::assert::Assert>::success
[INFO] [stdout]   13:     0x5e3b41b8af5a - <cli[ee37a947b25c1eef]::config_file_overrides_profile::{closure#0} as core[a373ad73a504971]::ops::function::FnOnce<()>>::call_once
[INFO] [stdout]   14:     0x5e3b41b9568b - test[aada8e7e76ba119b]::__rust_begin_short_backtrace::<core[a373ad73a504971]::result::Result<(), alloc[2e1b2a31b91974c5]::string::String>, fn() -> core[a373ad73a504971]::result::Result<(), alloc[2e1b2a31b91974c5]::string::String>>
[INFO] [stdout]   15:     0x5e3b41ba2865 - test[aada8e7e76ba119b]::run_test::{closure#0}
[INFO] [stdout]   16:     0x5e3b41b9c154 - std[617be2ca0a6fd877]::sys::backtrace::__rust_begin_short_backtrace::<test[aada8e7e76ba119b]::run_test::{closure#1}, ()>
[INFO] [stdout]   17:     0x5e3b41ba58f2 - <std[617be2ca0a6fd877]::thread::lifecycle::spawn_unchecked<test[aada8e7e76ba119b]::run_test::{closure#1}, ()>::{closure#1} as core[a373ad73a504971]::ops::function::FnOnce<()>>::call_once::{shim:vtable#0}
[INFO] [stdout]   18:     0x5e3b41c1f78f - <std[617be2ca0a6fd877]::sys::thread::unix::Thread>::new::thread_start
[INFO] [stdout]   19:     0x73765a430dfa - <unknown>
[INFO] [stdout]   20:     0x73765a4c43d4 - clone
[INFO] [stdout]   21:                0x0 - <unknown>
[INFO] [stdout] 
[INFO] [stdout] ---- batch_output_dir stdout ----
[INFO] [stdout] 
[INFO] [stdout] thread 'batch_output_dir' (2687) panicked at tests/cli.rs:147:18:
[INFO] [stdout] Unexpected failure.
[INFO] [stdout] code=1
[INFO] [stdout] stderr=```"htmlmd: I/O error: No such file or directory (os error 2)\n"```
[INFO] [stdout] command=`"/opt/rustwide/target/release/htmlmd" "--output-dir" "/tmp/.tmphgiZw1" "/opt/rustwide/workdir/../../fixtures/basic.html" "/opt/rustwide/workdir/../../fixtures/table.html"`
[INFO] [stdout] code=1
[INFO] [stdout] stdout=""
[INFO] [stdout] stderr="htmlmd: I/O error: No such file or directory (os error 2)\n"
[INFO] [stdout] 
[INFO] [stdout] stack backtrace:
[INFO] [stdout]    0:     0x5e3b41c204f1 - <<std[617be2ca0a6fd877]::sys::backtrace::BacktraceLock>::print::DisplayBacktrace as core[a373ad73a504971]::fmt::Display>::fmt
[INFO] [stdout]    1:     0x5e3b41c370fa - core[a373ad73a504971]::fmt::write
[INFO] [stdout]    2:     0x5e3b41c25e5c - <alloc[2e1b2a31b91974c5]::vec::Vec<u8> as core[a373ad73a504971]::io::write::Write>::write_fmt
[INFO] [stdout]    3:     0x5e3b41bfa5d6 - std[617be2ca0a6fd877]::panicking::default_hook::{closure#0}
[INFO] [stdout]    4:     0x5e3b41c17bb9 - std[617be2ca0a6fd877]::panicking::default_hook
[INFO] [stdout]    5:     0x5e3b41ba2240 - test[aada8e7e76ba119b]::test_main_inner::{closure#0}
[INFO] [stdout]    6:     0x5e3b41c17d72 - std[617be2ca0a6fd877]::panicking::panic_with_hook
[INFO] [stdout]    7:     0x5e3b41bfa682 - std[617be2ca0a6fd877]::panicking::panic_handler::{closure#0}
[INFO] [stdout]    8:     0x5e3b41bf3049 - std[617be2ca0a6fd877]::sys::backtrace::__rust_end_short_backtrace::<std[617be2ca0a6fd877]::panicking::panic_handler::{closure#0}, !>
[INFO] [stdout]    9:     0x5e3b41bfb28d - __rustc[ea4f61d10b84890b]::rust_begin_unwind
[INFO] [stdout]   10:     0x5e3b41c378ac - core[a373ad73a504971]::panicking::panic_fmt
[INFO] [stdout]   11:     0x5e3b41bd60bf - <assert_cmd[337c2331e44d7988]::assert::AssertError>::panic::<assert_cmd[337c2331e44d7988]::assert::Assert>
[INFO] [stdout]   12:     0x5e3b41bd69a9 - <assert_cmd[337c2331e44d7988]::assert::Assert>::success
[INFO] [stdout]   13:     0x5e3b41b8321c - <cli[ee37a947b25c1eef]::batch_output_dir::{closure#0} as core[a373ad73a504971]::ops::function::FnOnce<()>>::call_once
[INFO] [stdout]   14:     0x5e3b41b9568b - test[aada8e7e76ba119b]::__rust_begin_short_backtrace::<core[a373ad73a504971]::result::Result<(), alloc[2e1b2a31b91974c5]::string::String>, fn() -> core[a373ad73a504971]::result::Result<(), alloc[2e1b2a31b91974c5]::string::String>>
[INFO] [stdout]   15:     0x5e3b41ba2865 - test[aada8e7e76ba119b]::run_test::{closure#0}
[INFO] [stdout]   16:     0x5e3b41b9c154 - std[617be2ca0a6fd877]::sys::backtrace::__rust_begin_short_backtrace::<test[aada8e7e76ba119b]::run_test::{closure#1}, ()>
[INFO] [stdout]   17:     0x5e3b41ba58f2 - <std[617be2ca0a6fd877]::thread::lifecycle::spawn_unchecked<test[aada8e7e76ba119b]::run_test::{closure#1}, ()>::{closure#1} as core[a373ad73a504971]::ops::function::FnOnce<()>>::call_once::{shim:vtable#0}
[INFO] [stdout]   18:     0x5e3b41c1f78f - <std[617be2ca0a6fd877]::sys::thread::unix::Thread>::new::thread_start
[INFO] [stdout]   19:     0x73765a430dfa - <unknown>
[INFO] [stdout]   20:     0x73765a4c43d4 - clone
[INFO] [stdout]   21:                0x0 - <unknown>
[INFO] [stdout] 
[INFO] [stdout] ---- extract_selector stdout ----
[INFO] [stdout] 
[INFO] [stdout] thread 'extract_selector' (2713) panicked at tests/cli.rs:72:10:
[INFO] [stdout] Unexpected failure.
[INFO] [stdout] code=1
[INFO] [stdout] stderr=```"htmlmd: I/O error: No such file or directory (os error 2)\n"```
[INFO] [stdout] command=`"/opt/rustwide/target/release/htmlmd" "--extract-selector" "ul" "/opt/rustwide/workdir/../../fixtures/basic.html"`
[INFO] [stdout] code=1
[INFO] [stdout] stdout=""
[INFO] [stdout] stderr="htmlmd: I/O error: No such file or directory (os error 2)\n"
[INFO] [stdout] 
[INFO] [stdout] stack backtrace:
[INFO] [stdout]    0:     0x5e3b41c204f1 - <<std[617be2ca0a6fd877]::sys::backtrace::BacktraceLock>::print::DisplayBacktrace as core[a373ad73a504971]::fmt::Display>::fmt
[INFO] [stdout]    1:     0x5e3b41c370fa - core[a373ad73a504971]::fmt::write
[INFO] [stdout]    2:     0x5e3b41c25e5c - <alloc[2e1b2a31b91974c5]::vec::Vec<u8> as core[a373ad73a504971]::io::write::Write>::write_fmt
[INFO] [stdout]    3:     0x5e3b41bfa5d6 - std[617be2ca0a6fd877]::panicking::default_hook::{closure#0}
[INFO] [stdout]    4:     0x5e3b41c17bb9 - std[617be2ca0a6fd877]::panicking::default_hook
[INFO] [stdout]    5:     0x5e3b41ba2240 - test[aada8e7e76ba119b]::test_main_inner::{closure#0}
[INFO] [stdout]    6:     0x5e3b41c17d72 - std[617be2ca0a6fd877]::panicking::panic_with_hook
[INFO] [stdout]    7:     0x5e3b41bfa682 - std[617be2ca0a6fd877]::panicking::panic_handler::{closure#0}
[INFO] [stdout]    8:     0x5e3b41bf3049 - std[617be2ca0a6fd877]::sys::backtrace::__rust_end_short_backtrace::<std[617be2ca0a6fd877]::panicking::panic_handler::{closure#0}, !>
[INFO] [stdout]    9:     0x5e3b41bfb28d - __rustc[ea4f61d10b84890b]::rust_begin_unwind
[INFO] [stdout]   10:     0x5e3b41c378ac - core[a373ad73a504971]::panicking::panic_fmt
[INFO] [stdout]   11:     0x5e3b41bd60bf - <assert_cmd[337c2331e44d7988]::assert::AssertError>::panic::<assert_cmd[337c2331e44d7988]::assert::Assert>
[INFO] [stdout]   12:     0x5e3b41bd69a9 - <assert_cmd[337c2331e44d7988]::assert::Assert>::success
[INFO] [stdout]   13:     0x5e3b41b838ed - <cli[ee37a947b25c1eef]::extract_selector::{closure#0} as core[a373ad73a504971]::ops::function::FnOnce<()>>::call_once
[INFO] [stdout]   14:     0x5e3b41b9568b - test[aada8e7e76ba119b]::__rust_begin_short_backtrace::<core[a373ad73a504971]::result::Result<(), alloc[2e1b2a31b91974c5]::string::String>, fn() -> core[a373ad73a504971]::result::Result<(), alloc[2e1b2a31b91974c5]::string::String>>
[INFO] [stdout]   15:     0x5e3b41ba2865 - test[aada8e7e76ba119b]::run_test::{closure#0}
[INFO] [stdout]   16:     0x5e3b41b9c154 - std[617be2ca0a6fd877]::sys::backtrace::__rust_begin_short_backtrace::<test[aada8e7e76ba119b]::run_test::{closure#1}, ()>
[INFO] [stdout]   17:     0x5e3b41ba58f2 - <std[617be2ca0a6fd877]::thread::lifecycle::spawn_unchecked<test[aada8e7e76ba119b]::run_test::{closure#1}, ()>::{closure#1} as core[a373ad73a504971]::ops::function::FnOnce<()>>::call_once::{shim:vtable#0}
[INFO] [stdout]   18:     0x5e3b41c1f78f - <std[617be2ca0a6fd877]::sys::thread::unix::Thread>::new::thread_start
[INFO] [stdout]   19:     0x73765a430dfa - <unknown>
[INFO] [stdout]   20:     0x73765a4c43d4 - clone
[INFO] [stdout]   21:                0x0 - <unknown>
[INFO] [stdout] 
[INFO] [stdout] ---- bullet_asterisk stdout ----
[INFO] [stdout] 
[INFO] [stdout] thread 'bullet_asterisk' (2688) panicked at tests/cli.rs:45:18:
[INFO] [stdout] Unexpected failure.
[INFO] [stdout] code=1
[INFO] [stdout] stderr=```"htmlmd: I/O error: No such file or directory (os error 2)\n"```
[INFO] [stdout] command=`"/opt/rustwide/target/release/htmlmd" "--bullet" "asterisk" "/opt/rustwide/workdir/../../fixtures/basic.html"`
[INFO] [stdout] code=1
[INFO] [stdout] stdout=""
[INFO] [stdout] stderr="htmlmd: I/O error: No such file or directory (os error 2)\n"
[INFO] [stdout] 
[INFO] [stdout] stack backtrace:
[INFO] [stdout]    0:     0x5e3b41c204f1 - <<std[617be2ca0a6fd877]::sys::backtrace::BacktraceLock>::print::DisplayBacktrace as core[a373ad73a504971]::fmt::Display>::fmt
[INFO] [stdout]    1:     0x5e3b41c370fa - core[a373ad73a504971]::fmt::write
[INFO] [stdout]    2:     0x5e3b41c25e5c - <alloc[2e1b2a31b91974c5]::vec::Vec<u8> as core[a373ad73a504971]::io::write::Write>::write_fmt
[INFO] [stdout]    3:     0x5e3b41bfa5d6 - std[617be2ca0a6fd877]::panicking::default_hook::{closure#0}
[INFO] [stdout]    4:     0x5e3b41c17bb9 - std[617be2ca0a6fd877]::panicking::default_hook
[INFO] [stdout]    5:     0x5e3b41ba2240 - test[aada8e7e76ba119b]::test_main_inner::{closure#0}
[INFO] [stdout]    6:     0x5e3b41c17d72 - std[617be2ca0a6fd877]::panicking::panic_with_hook
[INFO] [stdout]    7:     0x5e3b41bfa682 - std[617be2ca0a6fd877]::panicking::panic_handler::{closure#0}
[INFO] [stdout]    8:     0x5e3b41bf3049 - std[617be2ca0a6fd877]::sys::backtrace::__rust_end_short_backtrace::<std[617be2ca0a6fd877]::panicking::panic_handler::{closure#0}, !>
[INFO] [stdout]    9:     0x5e3b41bfb28d - __rustc[ea4f61d10b84890b]::rust_begin_unwind
[INFO] [stdout]   10:     0x5e3b41c378ac - core[a373ad73a504971]::panicking::panic_fmt
[INFO] [stdout]   11:     0x5e3b41bd60bf - <assert_cmd[337c2331e44d7988]::assert::AssertError>::panic::<assert_cmd[337c2331e44d7988]::assert::Assert>
[INFO] [stdout]   12:     0x5e3b41bd69a9 - <assert_cmd[337c2331e44d7988]::assert::Assert>::success
[INFO] [stdout]   13:     0x5e3b41b82895 - <cli[ee37a947b25c1eef]::bullet_asterisk::{closure#0} as core[a373ad73a504971]::ops::function::FnOnce<()>>::call_once
[INFO] [stdout]   14:     0x5e3b41b9568b - test[aada8e7e76ba119b]::__rust_begin_short_backtrace::<core[a373ad73a504971]::result::Result<(), alloc[2e1b2a31b91974c5]::string::String>, fn() -> core[a373ad73a504971]::result::Result<(), alloc[2e1b2a31b91974c5]::string::String>>
[INFO] [stdout]   15:     0x5e3b41ba2865 - test[aada8e7e76ba119b]::run_test::{closure#0}
[INFO] [stdout]   16:     0x5e3b41b9c154 - std[617be2ca0a6fd877]::sys::backtrace::__rust_begin_short_backtrace::<test[aada8e7e76ba119b]::run_test::{closure#1}, ()>
[INFO] [stdout]   17:     0x5e3b41ba58f2 - <std[617be2ca0a6fd877]::thread::lifecycle::spawn_unchecked<test[aada8e7e76ba119b]::run_test::{closure#1}, ()>::{closure#1} as core[a373ad73a504971]::ops::function::FnOnce<()>>::call_once::{shim:vtable#0}
[INFO] [stdout]   18:     0x5e3b41c1f78f - <std[617be2ca0a6fd877]::sys::thread::unix::Thread>::new::thread_start
[INFO] [stdout]   19:     0x73765a430dfa - <unknown>
[INFO] [stdout]   20:     0x73765a4c43d4 - clone
[INFO] [stdout]   21:                0x0 - <unknown>
[INFO] [stdout] 
[INFO] [stdout] ---- base_url_resolves_relative stdout ----
[INFO] [stdout] 
[INFO] [stdout] thread 'base_url_resolves_relative' (2686) panicked at tests/cli.rs:83:10:
[INFO] [stdout] Unexpected failure.
[INFO] [stdout] code=1
[INFO] [stdout] stderr=```"htmlmd: I/O error: No such file or directory (os error 2)\n"```
[INFO] [stdout] command=`"/opt/rustwide/target/release/htmlmd" "--base-url" "https://example.com/blog/" "/opt/rustwide/workdir/../../fixtures/links.html"`
[INFO] [stdout] code=1
[INFO] [stdout] stdout=""
[INFO] [stdout] stderr="htmlmd: I/O error: No such file or directory (os error 2)\n"
[INFO] [stdout] 
[INFO] [stdout] stack backtrace:
[INFO] [stdout]    0:     0x5e3b41c204f1 - <<std[617be2ca0a6fd877]::sys::backtrace::BacktraceLock>::print::DisplayBacktrace as core[a373ad73a504971]::fmt::Display>::fmt
[INFO] [stdout]    1:     0x5e3b41c370fa - core[a373ad73a504971]::fmt::write
[INFO] [stdout]    2:     0x5e3b41c25e5c - <alloc[2e1b2a31b91974c5]::vec::Vec<u8> as core[a373ad73a504971]::io::write::Write>::write_fmt
[INFO] [stdout]    3:     0x5e3b41bfa5d6 - std[617be2ca0a6fd877]::panicking::default_hook::{closure#0}
[INFO] [stdout]    4:     0x5e3b41c17bb9 - std[617be2ca0a6fd877]::panicking::default_hook
[INFO] [stdout]    5:     0x5e3b41ba2240 - test[aada8e7e76ba119b]::test_main_inner::{closure#0}
[INFO] [stdout]    6:     0x5e3b41c17d72 - std[617be2ca0a6fd877]::panicking::panic_with_hook
[INFO] [stdout]    7:     0x5e3b41bfa682 - std[617be2ca0a6fd877]::panicking::panic_handler::{closure#0}
[INFO] [stdout]    8:     0x5e3b41bf3049 - std[617be2ca0a6fd877]::sys::backtrace::__rust_end_short_backtrace::<std[617be2ca0a6fd877]::panicking::panic_handler::{closure#0}, !>
[INFO] [stdout]    9:     0x5e3b41bfb28d - __rustc[ea4f61d10b84890b]::rust_begin_unwind
[INFO] [stdout]   10:     0x5e3b41c378ac - core[a373ad73a504971]::panicking::panic_fmt
[INFO] [stdout]   11:     0x5e3b41bd60bf - <assert_cmd[337c2331e44d7988]::assert::AssertError>::panic::<assert_cmd[337c2331e44d7988]::assert::Assert>
[INFO] [stdout]   12:     0x5e3b41bd69a9 - <assert_cmd[337c2331e44d7988]::assert::Assert>::success
[INFO] [stdout]   13:     0x5e3b41b87a25 - <cli[ee37a947b25c1eef]::base_url_resolves_relative::{closure#0} as core[a373ad73a504971]::ops::function::FnOnce<()>>::call_once
[INFO] [stdout]   14:     0x5e3b41b9568b - test[aada8e7e76ba119b]::__rust_begin_short_backtrace::<core[a373ad73a504971]::result::Result<(), alloc[2e1b2a31b91974c5]::string::String>, fn() -> core[a373ad73a504971]::result::Result<(), alloc[2e1b2a31b91974c5]::string::String>>
[INFO] [stdout]   15:     0x5e3b41ba2865 - test[aada8e7e76ba119b]::run_test::{closure#0}
[INFO] [stdout]   16:     0x5e3b41b9c154 - std[617be2ca0a6fd877]::sys::backtrace::__rust_begin_short_backtrace::<test[aada8e7e76ba119b]::run_test::{closure#1}, ()>
[INFO] [stdout]   17:     0x5e3b41ba58f2 - <std[617be2ca0a6fd877]::thread::lifecycle::spawn_unchecked<test[aada8e7e76ba119b]::run_test::{closure#1}, ()>::{closure#1} as core[a373ad73a504971]::ops::function::FnOnce<()>>::call_once::{shim:vtable#0}
[INFO] [stdout]   18:     0x5e3b41c1f78f - <std[617be2ca0a6fd877]::sys::thread::unix::Thread>::new::thread_start
[INFO] [stdout]   19:     0x73765a430dfa - <unknown>
[INFO] [stdout]   20:     0x73765a4c43d4 - clone
[INFO] [stdout]   21:                0x0 - <unknown>
[INFO] [stdout] 
[INFO] [stdout] ---- image_mode_alt_text stdout ----
[INFO] [stdout] 
[INFO] [stdout] thread 'image_mode_alt_text' (2750) panicked at tests/cli.rs:597:10:
[INFO] [stdout] Unexpected failure.
[INFO] [stdout] code=1
[INFO] [stdout] stderr=```"htmlmd: I/O error: No such file or directory (os error 2)\n"```
[INFO] [stdout] command=`"/opt/rustwide/target/release/htmlmd" "--image-mode" "alt-text" "/opt/rustwide/workdir/../../fixtures/image_mode.html"`
[INFO] [stdout] code=1
[INFO] [stdout] stdout=""
[INFO] [stdout] stderr="htmlmd: I/O error: No such file or directory (os error 2)\n"
[INFO] [stdout] 
[INFO] [stdout] stack backtrace:
[INFO] [stdout]    0:     0x5e3b41c204f1 - <<std[617be2ca0a6fd877]::sys::backtrace::BacktraceLock>::print::DisplayBacktrace as core[a373ad73a504971]::fmt::Display>::fmt
[INFO] [stdout]    1:     0x5e3b41c370fa - core[a373ad73a504971]::fmt::write
[INFO] [stdout]    2:     0x5e3b41c25e5c - <alloc[2e1b2a31b91974c5]::vec::Vec<u8> as core[a373ad73a504971]::io::write::Write>::write_fmt
[INFO] [stdout]    3:     0x5e3b41bfa5d6 - std[617be2ca0a6fd877]::panicking::default_hook::{closure#0}
[INFO] [stdout]    4:     0x5e3b41c17bb9 - std[617be2ca0a6fd877]::panicking::default_hook
[INFO] [stdout]    5:     0x5e3b41ba2240 - test[aada8e7e76ba119b]::test_main_inner::{closure#0}
[INFO] [stdout]    6:     0x5e3b41c17d72 - std[617be2ca0a6fd877]::panicking::panic_with_hook
[INFO] [stdout]    7:     0x5e3b41bfa682 - std[617be2ca0a6fd877]::panicking::panic_handler::{closure#0}
[INFO] [stdout]    8:     0x5e3b41bf3049 - std[617be2ca0a6fd877]::sys::backtrace::__rust_end_short_backtrace::<std[617be2ca0a6fd877]::panicking::panic_handler::{closure#0}, !>
[INFO] [stdout]    9:     0x5e3b41bfb28d - __rustc[ea4f61d10b84890b]::rust_begin_unwind
[INFO] [stdout]   10:     0x5e3b41c378ac - core[a373ad73a504971]::panicking::panic_fmt
[INFO] [stdout]   11:     0x5e3b41bd60bf - <assert_cmd[337c2331e44d7988]::assert::AssertError>::panic::<assert_cmd[337c2331e44d7988]::assert::Assert>
[INFO] [stdout]   12:     0x5e3b41bd69a9 - <assert_cmd[337c2331e44d7988]::assert::Assert>::success
[INFO] [stdout]   13:     0x5e3b41b857fd - <cli[ee37a947b25c1eef]::image_mode_alt_text::{closure#0} as core[a373ad73a504971]::ops::function::FnOnce<()>>::call_once
[INFO] [stdout]   14:     0x5e3b41b9568b - test[aada8e7e76ba119b]::__rust_begin_short_backtrace::<core[a373ad73a504971]::result::Result<(), alloc[2e1b2a31b91974c5]::string::String>, fn() -> core[a373ad73a504971]::result::Result<(), alloc[2e1b2a31b91974c5]::string::String>>
[INFO] [stdout]   15:     0x5e3b41ba2865 - test[aada8e7e76ba119b]::run_test::{closure#0}
[INFO] [stdout]   16:     0x5e3b41b9c154 - std[617be2ca0a6fd877]::sys::backtrace::__rust_begin_short_backtrace::<test[aada8e7e76ba119b]::run_test::{closure#1}, ()>
[INFO] [stdout]   17:     0x5e3b41ba58f2 - <std[617be2ca0a6fd877]::thread::lifecycle::spawn_unchecked<test[aada8e7e76ba119b]::run_test::{closure#1}, ()>::{closure#1} as core[a373ad73a504971]::ops::function::FnOnce<()>>::call_once::{shim:vtable#0}
[INFO] [stdout]   18:     0x5e3b41c1f78f - <std[617be2ca0a6fd877]::sys::thread::unix::Thread>::new::thread_start
[INFO] [stdout]   19:     0x73765a430dfa - <unknown>
[INFO] [stdout]   20:     0x73765a4c43d4 - clone
[INFO] [stdout]   21:                0x0 - <unknown>
[INFO] [stdout] 
[INFO] [stdout] ---- converts_file_to_stdout stdout ----
[INFO] [stdout] 
[INFO] [stdout] thread 'converts_file_to_stdout' (2692) panicked at tests/cli.rs:19:18:
[INFO] [stdout] Unexpected failure.
[INFO] [stdout] code=1
[INFO] [stdout] stderr=```"htmlmd: I/O error: No such file or directory (os error 2)\n"```
[INFO] [stdout] command=`"/opt/rustwide/target/release/htmlmd" "/opt/rustwide/workdir/../../fixtures/basic.html"`
[INFO] [stdout] code=1
[INFO] [stdout] stdout=""
[INFO] [stdout] stderr="htmlmd: I/O error: No such file or directory (os error 2)\n"
[INFO] [stdout] 
[INFO] [stdout] stack backtrace:
[INFO] [stdout]    0:     0x5e3b41c204f1 - <<std[617be2ca0a6fd877]::sys::backtrace::BacktraceLock>::print::DisplayBacktrace as core[a373ad73a504971]::fmt::Display>::fmt
[INFO] [stdout]    1:     0x5e3b41c370fa - core[a373ad73a504971]::fmt::write
[INFO] [stdout]    2:     0x5e3b41c25e5c - <alloc[2e1b2a31b91974c5]::vec::Vec<u8> as core[a373ad73a504971]::io::write::Write>::write_fmt
[INFO] [stdout]    3:     0x5e3b41bfa5d6 - std[617be2ca0a6fd877]::panicking::default_hook::{closure#0}
[INFO] [stdout]    4:     0x5e3b41c17bb9 - std[617be2ca0a6fd877]::panicking::default_hook
[INFO] [stdout]    5:     0x5e3b41ba2240 - test[aada8e7e76ba119b]::test_main_inner::{closure#0}
[INFO] [stdout]    6:     0x5e3b41c17d72 - std[617be2ca0a6fd877]::panicking::panic_with_hook
[INFO] [stdout]    7:     0x5e3b41bfa682 - std[617be2ca0a6fd877]::panicking::panic_handler::{closure#0}
[INFO] [stdout]    8:     0x5e3b41bf3049 - std[617be2ca0a6fd877]::sys::backtrace::__rust_end_short_backtrace::<std[617be2ca0a6fd877]::panicking::panic_handler::{closure#0}, !>
[INFO] [stdout]    9:     0x5e3b41bfb28d - __rustc[ea4f61d10b84890b]::rust_begin_unwind
[INFO] [stdout]   10:     0x5e3b41c378ac - core[a373ad73a504971]::panicking::panic_fmt
[INFO] [stdout]   11:     0x5e3b41bd60bf - <assert_cmd[337c2331e44d7988]::assert::AssertError>::panic::<assert_cmd[337c2331e44d7988]::assert::Assert>
[INFO] [stdout]   12:     0x5e3b41bd69a9 - <assert_cmd[337c2331e44d7988]::assert::Assert>::success
[INFO] [stdout]   13:     0x5e3b41b87163 - <cli[ee37a947b25c1eef]::converts_file_to_stdout::{closure#0} as core[a373ad73a504971]::ops::function::FnOnce<()>>::call_once
[INFO] [stdout]   14:     0x5e3b41b9568b - test[aada8e7e76ba119b]::__rust_begin_short_backtrace::<core[a373ad73a504971]::result::Result<(), alloc[2e1b2a31b91974c5]::string::String>, fn() -> core[a373ad73a504971]::result::Result<(), alloc[2e1b2a31b91974c5]::string::String>>
[INFO] [stdout]   15:     0x5e3b41ba2865 - test[aada8e7e76ba119b]::run_test::{closure#0}
[INFO] [stdout]   16:     0x5e3b41b9c154 - std[617be2ca0a6fd877]::sys::backtrace::__rust_begin_short_backtrace::<test[aada8e7e76ba119b]::run_test::{closure#1}, ()>
[INFO] [stdout]   17:     0x5e3b41ba58f2 - <std[617be2ca0a6fd877]::thread::lifecycle::spawn_unchecked<test[aada8e7e76ba119b]::run_test::{closure#1}, ()>::{closure#1} as core[a373ad73a504971]::ops::function::FnOnce<()>>::call_once::{shim:vtable#0}
[INFO] [stdout]   18:     0x5e3b41c1f78f - <std[617be2ca0a6fd877]::sys::thread::unix::Thread>::new::thread_start
[INFO] [stdout]   19:     0x73765a430dfa - <unknown>
[INFO] [stdout]   20:     0x73765a4c43d4 - clone
[INFO] [stdout]   21:                0x0 - <unknown>
[INFO] [stdout] 
[INFO] [stdout] ---- check_mode_fails_when_changed stdout ----
[INFO] [stdout] 
[INFO] [stdout] thread 'check_mode_fails_when_changed' (2689) panicked at tests/cli.rs:432:28:
[INFO] [stdout] Unexpected return code, failed var == 2
[INFO] [stdout] └── var: 1
[INFO] [stdout] 
[INFO] [stdout] command=`"/opt/rustwide/target/release/htmlmd" "--check" "-o" "/tmp/.tmpKKPklf/basic.md" "/opt/rustwide/workdir/../../fixtures/basic.html"`
[INFO] [stdout] code=1
[INFO] [stdout] stdout=""
[INFO] [stdout] stderr="htmlmd: I/O error: No such file or directory (os error 2)\n"
[INFO] [stdout] 
[INFO] [stdout] stack backtrace:
[INFO] [stdout]    0:     0x5e3b41c204f1 - <<std[617be2ca0a6fd877]::sys::backtrace::BacktraceLock>::print::DisplayBacktrace as core[a373ad73a504971]::fmt::Display>::fmt
[INFO] [stdout]    1:     0x5e3b41c370fa - core[a373ad73a504971]::fmt::write
[INFO] [stdout]    2:     0x5e3b41c25e5c - <alloc[2e1b2a31b91974c5]::vec::Vec<u8> as core[a373ad73a504971]::io::write::Write>::write_fmt
[INFO] [stdout]    3:     0x5e3b41bfa5d6 - std[617be2ca0a6fd877]::panicking::default_hook::{closure#0}
[INFO] [stdout]    4:     0x5e3b41c17bb9 - std[617be2ca0a6fd877]::panicking::default_hook
[INFO] [stdout]    5:     0x5e3b41ba2240 - test[aada8e7e76ba119b]::test_main_inner::{closure#0}
[INFO] [stdout]    6:     0x5e3b41c17d72 - std[617be2ca0a6fd877]::panicking::panic_with_hook
[INFO] [stdout]    7:     0x5e3b41bfa682 - std[617be2ca0a6fd877]::panicking::panic_handler::{closure#0}
[INFO] [stdout]    8:     0x5e3b41bf3049 - std[617be2ca0a6fd877]::sys::backtrace::__rust_end_short_backtrace::<std[617be2ca0a6fd877]::panicking::panic_handler::{closure#0}, !>
[INFO] [stdout]    9:     0x5e3b41bfb28d - __rustc[ea4f61d10b84890b]::rust_begin_unwind
[INFO] [stdout]   10:     0x5e3b41c378ac - core[a373ad73a504971]::panicking::panic_fmt
[INFO] [stdout]   11:     0x5e3b41b91730 - <assert_cmd[337c2331e44d7988]::assert::AssertError>::panic::<assert_cmd[337c2331e44d7988]::assert::Assert>
[INFO] [stdout]   12:     0x5e3b41b8abed - <cli[ee37a947b25c1eef]::check_mode_fails_when_changed::{closure#0} as core[a373ad73a504971]::ops::function::FnOnce<()>>::call_once
[INFO] [stdout]   13:     0x5e3b41b9568b - test[aada8e7e76ba119b]::__rust_begin_short_backtrace::<core[a373ad73a504971]::result::Result<(), alloc[2e1b2a31b91974c5]::string::String>, fn() -> core[a373ad73a504971]::result::Result<(), alloc[2e1b2a31b91974c5]::string::String>>
[INFO] [stdout]   14:     0x5e3b41ba2865 - test[aada8e7e76ba119b]::run_test::{closure#0}
[INFO] [stdout]   15:     0x5e3b41b9c154 - std[617be2ca0a6fd877]::sys::backtrace::__rust_begin_short_backtrace::<test[aada8e7e76ba119b]::run_test::{closure#1}, ()>
[INFO] [stdout]   16:     0x5e3b41ba58f2 - <std[617be2ca0a6fd877]::thread::lifecycle::spawn_unchecked<test[aada8e7e76ba119b]::run_test::{closure#1}, ()>::{closure#1} as core[a373ad73a504971]::ops::function::FnOnce<()>>::call_once::{shim:vtable#0}
[INFO] [stdout]   17:     0x5e3b41c1f78f - <std[617be2ca0a6fd877]::sys::thread::unix::Thread>::new::thread_start
[INFO] [stdout]   18:     0x73765a430dfa - <unknown>
[INFO] [stdout]   19:     0x73765a4c43d4 - clone
[INFO] [stdout]   20:                0x0 - <unknown>
[INFO] [stdout] 
[INFO] [stdout] ---- metadata_canonical_url_flag stdout ----
[INFO] [stdout] 
[INFO] [stdout] thread 'metadata_canonical_url_flag' (2820) panicked at tests/cli.rs:637:10:
[INFO] [stdout] Unexpected failure.
[INFO] [stdout] code=1
[INFO] [stdout] stderr=```"htmlmd: I/O error: No such file or directory (os error 2)\n"```
[INFO] [stdout] command=`"/opt/rustwide/target/release/htmlmd" "--profile" "obsidian" "--metadata-title" "--metadata-description" "--metadata-canonical-url" "/opt/rustwide/workdir/../../fixtures/metadata.html"`
[INFO] [stderr] error: test failed, to rerun pass `--test cli`
[INFO] [stdout] code=1
[INFO] [stdout] stdout=""
[INFO] [stdout] stderr="htmlmd: I/O error: No such file or directory (os error 2)\n"
[INFO] [stdout] 
[INFO] [stdout] stack backtrace:
[INFO] [stdout]    0:     0x5e3b41c204f1 - <<std[617be2ca0a6fd877]::sys::backtrace::BacktraceLock>::print::DisplayBacktrace as core[a373ad73a504971]::fmt::Display>::fmt
[INFO] [stdout]    1:     0x5e3b41c370fa - core[a373ad73a504971]::fmt::write
[INFO] [stdout]    2:     0x5e3b41c25e5c - <alloc[2e1b2a31b91974c5]::vec::Vec<u8> as core[a373ad73a504971]::io::write::Write>::write_fmt
[INFO] [stdout]    3:     0x5e3b41bfa5d6 - std[617be2ca0a6fd877]::panicking::default_hook::{closure#0}
[INFO] [stdout]    4:     0x5e3b41c17bb9 - std[617be2ca0a6fd877]::panicking::default_hook
[INFO] [stdout]    5:     0x5e3b41ba2240 - test[aada8e7e76ba119b]::test_main_inner::{closure#0}
[INFO] [stdout]    6:     0x5e3b41c17d72 - std[617be2ca0a6fd877]::panicking::panic_with_hook
[INFO] [stdout]    7:     0x5e3b41bfa682 - std[617be2ca0a6fd877]::panicking::panic_handler::{closure#0}
[INFO] [stdout]    8:     0x5e3b41bf3049 - std[617be2ca0a6fd877]::sys::backtrace::__rust_end_short_backtrace::<std[617be2ca0a6fd877]::panicking::panic_handler::{closure#0}, !>
[INFO] [stdout]    9:     0x5e3b41bfb28d - __rustc[ea4f61d10b84890b]::rust_begin_unwind
[INFO] [stdout]   10:     0x5e3b41c378ac - core[a373ad73a504971]::panicking::panic_fmt
[INFO] [stdout]   11:     0x5e3b41bd60bf - <assert_cmd[337c2331e44d7988]::assert::AssertError>::panic::<assert_cmd[337c2331e44d7988]::assert::Assert>
[INFO] [stdout]   12:     0x5e3b41bd69a9 - <assert_cmd[337c2331e44d7988]::assert::Assert>::success
[INFO] [stdout]   13:     0x5e3b41b88ddb - <cli[ee37a947b25c1eef]::metadata_canonical_url_flag::{closure#0} as core[a373ad73a504971]::ops::function::FnOnce<()>>::call_once
[INFO] [stdout]   14:     0x5e3b41b9568b - test[aada8e7e76ba119b]::__rust_begin_short_backtrace::<core[a373ad73a504971]::result::Result<(), alloc[2e1b2a31b91974c5]::string::String>, fn() -> core[a373ad73a504971]::result::Result<(), alloc[2e1b2a31b91974c5]::string::String>>
[INFO] [stdout]   15:     0x5e3b41ba2865 - test[aada8e7e76ba119b]::run_test::{closure#0}
[INFO] [stdout]   16:     0x5e3b41b9c154 - std[617be2ca0a6fd877]::sys::backtrace::__rust_begin_short_backtrace::<test[aada8e7e76ba119b]::run_test::{closure#1}, ()>
[INFO] [stdout]   17:     0x5e3b41ba58f2 - <std[617be2ca0a6fd877]::thread::lifecycle::spawn_unchecked<test[aada8e7e76ba119b]::run_test::{closure#1}, ()>::{closure#1} as core[a373ad73a504971]::ops::function::FnOnce<()>>::call_once::{shim:vtable#0}
[INFO] [stdout]   18:     0x5e3b41c1f78f - <std[617be2ca0a6fd877]::sys::thread::unix::Thread>::new::thread_start
[INFO] [stdout]   19:     0x73765a430dfa - <unknown>
[INFO] [stdout]   20:     0x73765a4c43d4 - clone
[INFO] [stdout]   21:                0x0 - <unknown>
[INFO] [stdout] 
[INFO] [stdout] ---- metadata_flags_extract_title stdout ----
[INFO] [stdout] 
[INFO] [stdout] thread 'metadata_flags_extract_title' (2821) panicked at tests/cli.rs:513:18:
[INFO] [stdout] Unexpected failure.
[INFO] [stdout] code=1
[INFO] [stdout] stderr=```"htmlmd: I/O error: No such file or directory (os error 2)\n"```
[INFO] [stdout] command=`"/opt/rustwide/target/release/htmlmd" "--metadata-title" "--metadata-description" "/opt/rustwide/workdir/../../fixtures/metadata.html"`
[INFO] [stdout] code=1
[INFO] [stdout] stdout=""
[INFO] [stdout] stderr="htmlmd: I/O error: No such file or directory (os error 2)\n"
[INFO] [stdout] 
[INFO] [stdout] stack backtrace:
[INFO] [stdout]    0:     0x5e3b41c204f1 - <<std[617be2ca0a6fd877]::sys::backtrace::BacktraceLock>::print::DisplayBacktrace as core[a373ad73a504971]::fmt::Display>::fmt
[INFO] [stdout]    1:     0x5e3b41c370fa - core[a373ad73a504971]::fmt::write
[INFO] [stdout]    2:     0x5e3b41c25e5c - <alloc[2e1b2a31b91974c5]::vec::Vec<u8> as core[a373ad73a504971]::io::write::Write>::write_fmt
[INFO] [stdout]    3:     0x5e3b41bfa5d6 - std[617be2ca0a6fd877]::panicking::default_hook::{closure#0}
[INFO] [stdout]    4:     0x5e3b41c17bb9 - std[617be2ca0a6fd877]::panicking::default_hook
[INFO] [stdout]    5:     0x5e3b41ba2240 - test[aada8e7e76ba119b]::test_main_inner::{closure#0}
[INFO] [stdout]    6:     0x5e3b41c17d72 - std[617be2ca0a6fd877]::panicking::panic_with_hook
[INFO] [stdout]    7:     0x5e3b41bfa682 - std[617be2ca0a6fd877]::panicking::panic_handler::{closure#0}
[INFO] [stdout]    8:     0x5e3b41bf3049 - std[617be2ca0a6fd877]::sys::backtrace::__rust_end_short_backtrace::<std[617be2ca0a6fd877]::panicking::panic_handler::{closure#0}, !>
[INFO] [stdout]    9:     0x5e3b41bfb28d - __rustc[ea4f61d10b84890b]::rust_begin_unwind
[INFO] [stdout]   10:     0x5e3b41c378ac - core[a373ad73a504971]::panicking::panic_fmt
[INFO] [stdout]   11:     0x5e3b41bd60bf - <assert_cmd[337c2331e44d7988]::assert::AssertError>::panic::<assert_cmd[337c2331e44d7988]::assert::Assert>
[INFO] [stdout]   12:     0x5e3b41bd69a9 - <assert_cmd[337c2331e44d7988]::assert::Assert>::success
[INFO] [stdout]   13:     0x5e3b41b89991 - <cli[ee37a947b25c1eef]::metadata_flags_extract_title::{closure#0} as core[a373ad73a504971]::ops::function::FnOnce<()>>::call_once
[INFO] [stdout]   14:     0x5e3b41b9568b - test[aada8e7e76ba119b]::__rust_begin_short_backtrace::<core[a373ad73a504971]::result::Result<(), alloc[2e1b2a31b91974c5]::string::String>, fn() -> core[a373ad73a504971]::result::Result<(), alloc[2e1b2a31b91974c5]::string::String>>
[INFO] [stdout]   15:     0x5e3b41ba2865 - test[aada8e7e76ba119b]::run_test::{closure#0}
[INFO] [stdout]   16:     0x5e3b41b9c154 - std[617be2ca0a6fd877]::sys::backtrace::__rust_begin_short_backtrace::<test[aada8e7e76ba119b]::run_test::{closure#1}, ()>
[INFO] [stdout]   17:     0x5e3b41ba58f2 - <std[617be2ca0a6fd877]::thread::lifecycle::spawn_unchecked<test[aada8e7e76ba119b]::run_test::{closure#1}, ()>::{closure#1} as core[a373ad73a504971]::ops::function::FnOnce<()>>::call_once::{shim:vtable#0}
[INFO] [stdout]   18:     0x5e3b41c1f78f - <std[617be2ca0a6fd877]::sys::thread::unix::Thread>::new::thread_start
[INFO] [stdout]   19:     0x73765a430dfa - <unknown>
[INFO] [stdout]   20:     0x73765a4c43d4 - clone
[INFO] [stdout]   21:                0x0 - <unknown>
[INFO] [stdout] 
[INFO] [stdout] ---- heading_style_setex stdout ----
[INFO] [stdout] 
[INFO] [stdout] thread 'heading_style_setex' (2744) panicked at tests/cli.rs:36:10:
[INFO] [stdout] Unexpected failure.
[INFO] [stdout] code=1
[INFO] [stdout] stderr=```"htmlmd: I/O error: No such file or directory (os error 2)\n"```
[INFO] [stdout] command=`"/opt/rustwide/target/release/htmlmd" "--heading-style" "setex" "/opt/rustwide/workdir/../../fixtures/basic.html"`
[INFO] [stdout] code=1
[INFO] [stdout] stdout=""
[INFO] [stdout] stderr="htmlmd: I/O error: No such file or directory (os error 2)\n"
[INFO] [stdout] 
[INFO] [stdout] stack backtrace:
[INFO] [stdout]    0:     0x5e3b41c204f1 - <<std[617be2ca0a6fd877]::sys::backtrace::BacktraceLock>::print::DisplayBacktrace as core[a373ad73a504971]::fmt::Display>::fmt
[INFO] [stdout]    1:     0x5e3b41c370fa - core[a373ad73a504971]::fmt::write
[INFO] [stdout]    2:     0x5e3b41c25e5c - <alloc[2e1b2a31b91974c5]::vec::Vec<u8> as core[a373ad73a504971]::io::write::Write>::write_fmt
[INFO] [stdout]    3:     0x5e3b41bfa5d6 - std[617be2ca0a6fd877]::panicking::default_hook::{closure#0}
[INFO] [stdout]    4:     0x5e3b41c17bb9 - std[617be2ca0a6fd877]::panicking::default_hook
[INFO] [stdout]    5:     0x5e3b41ba2240 - test[aada8e7e76ba119b]::test_main_inner::{closure#0}
[INFO] [stdout]    6:     0x5e3b41c17d72 - std[617be2ca0a6fd877]::panicking::panic_with_hook
[INFO] [stdout]    7:     0x5e3b41bfa682 - std[617be2ca0a6fd877]::panicking::panic_handler::{closure#0}
[INFO] [stdout]    8:     0x5e3b41bf3049 - std[617be2ca0a6fd877]::sys::backtrace::__rust_end_short_backtrace::<std[617be2ca0a6fd877]::panicking::panic_handler::{closure#0}, !>
[INFO] [stdout]    9:     0x5e3b41bfb28d - __rustc[ea4f61d10b84890b]::rust_begin_unwind
[INFO] [stdout]   10:     0x5e3b41c378ac - core[a373ad73a504971]::panicking::panic_fmt
[INFO] [stdout]   11:     0x5e3b41bd60bf - <assert_cmd[337c2331e44d7988]::assert::AssertError>::panic::<assert_cmd[337c2331e44d7988]::assert::Assert>
[INFO] [stdout]   12:     0x5e3b41bd69a9 - <assert_cmd[337c2331e44d7988]::assert::Assert>::success
[INFO] [stdout]   13:     0x5e3b41b85455 - <cli[ee37a947b25c1eef]::heading_style_setex::{closure#0} as core[a373ad73a504971]::ops::function::FnOnce<()>>::call_once
[INFO] [stdout]   14:     0x5e3b41b9568b - test[aada8e7e76ba119b]::__rust_begin_short_backtrace::<core[a373ad73a504971]::result::Result<(), alloc[2e1b2a31b91974c5]::string::String>, fn() -> core[a373ad73a504971]::result::Result<(), alloc[2e1b2a31b91974c5]::string::String>>
[INFO] [stdout]   15:     0x5e3b41ba2865 - test[aada8e7e76ba119b]::run_test::{closure#0}
[INFO] [stdout]   16:     0x5e3b41b9c154 - std[617be2ca0a6fd877]::sys::backtrace::__rust_begin_short_backtrace::<test[aada8e7e76ba119b]::run_test::{closure#1}, ()>
[INFO] [stdout]   17:     0x5e3b41ba58f2 - <std[617be2ca0a6fd877]::thread::lifecycle::spawn_unchecked<test[aada8e7e76ba119b]::run_test::{closure#1}, ()>::{closure#1} as core[a373ad73a504971]::ops::function::FnOnce<()>>::call_once::{shim:vtable#0}
[INFO] [stdout]   18:     0x5e3b41c1f78f - <std[617be2ca0a6fd877]::sys::thread::unix::Thread>::new::thread_start
[INFO] [stdout]   19:     0x73765a430dfa - <unknown>
[INFO] [stdout]   20:     0x73765a4c43d4 - clone
[INFO] [stdout]   21:                0x0 - <unknown>
[INFO] [stdout] 
[INFO] [stdout] ---- manifest_written stdout ----
[INFO] [stdout] 
[INFO] [stdout] thread 'manifest_written' (2819) panicked at tests/cli.rs:394:18:
[INFO] [stdout] Unexpected failure.
[INFO] [stdout] code=1
[INFO] [stdout] stderr=```"htmlmd: I/O error: No such file or directory (os error 2)\n"```
[INFO] [stdout] command=`"/opt/rustwide/target/release/htmlmd" "--output-dir" "/tmp/.tmpBU8JGG" "--manifest" "/tmp/.tmpBU8JGG/manifest.json" "/opt/rustwide/workdir/../../fixtures/basic.html"`
[INFO] [stdout] code=1
[INFO] [stdout] stdout=""
[INFO] [stdout] stderr="htmlmd: I/O error: No such file or directory (os error 2)\n"
[INFO] [stdout] 
[INFO] [stdout] stack backtrace:
[INFO] [stdout]    0:     0x5e3b41c204f1 - <<std[617be2ca0a6fd877]::sys::backtrace::BacktraceLock>::print::DisplayBacktrace as core[a373ad73a504971]::fmt::Display>::fmt
[INFO] [stdout]    1:     0x5e3b41c370fa - core[a373ad73a504971]::fmt::write
[INFO] [stdout]    2:     0x5e3b41c25e5c - <alloc[2e1b2a31b91974c5]::vec::Vec<u8> as core[a373ad73a504971]::io::write::Write>::write_fmt
[INFO] [stdout]    3:     0x5e3b41bfa5d6 - std[617be2ca0a6fd877]::panicking::default_hook::{closure#0}
[INFO] [stdout]    4:     0x5e3b41c17bb9 - std[617be2ca0a6fd877]::panicking::default_hook
[INFO] [stdout]    5:     0x5e3b41ba2240 - test[aada8e7e76ba119b]::test_main_inner::{closure#0}
[INFO] [stdout]    6:     0x5e3b41c17d72 - std[617be2ca0a6fd877]::panicking::panic_with_hook
[INFO] [stdout]    7:     0x5e3b41bfa682 - std[617be2ca0a6fd877]::panicking::panic_handler::{closure#0}
[INFO] [stdout]    8:     0x5e3b41bf3049 - std[617be2ca0a6fd877]::sys::backtrace::__rust_end_short_backtrace::<std[617be2ca0a6fd877]::panicking::panic_handler::{closure#0}, !>
[INFO] [stdout]    9:     0x5e3b41bfb28d - __rustc[ea4f61d10b84890b]::rust_begin_unwind
[INFO] [stdout]   10:     0x5e3b41c378ac - core[a373ad73a504971]::panicking::panic_fmt
[INFO] [stdout]   11:     0x5e3b41bd60bf - <assert_cmd[337c2331e44d7988]::assert::AssertError>::panic::<assert_cmd[337c2331e44d7988]::assert::Assert>
[INFO] [stdout]   12:     0x5e3b41bd69a9 - <assert_cmd[337c2331e44d7988]::assert::Assert>::success
[INFO] [stdout]   13:     0x5e3b41b83ec0 - <cli[ee37a947b25c1eef]::manifest_written::{closure#0} as core[a373ad73a504971]::ops::function::FnOnce<()>>::call_once
[INFO] [stdout]   14:     0x5e3b41b9568b - test[aada8e7e76ba119b]::__rust_begin_short_backtrace::<core[a373ad73a504971]::result::Result<(), alloc[2e1b2a31b91974c5]::string::String>, fn() -> core[a373ad73a504971]::result::Result<(), alloc[2e1b2a31b91974c5]::string::String>>
[INFO] [stdout]   15:     0x5e3b41ba2865 - test[aada8e7e76ba119b]::run_test::{closure#0}
[INFO] [stdout]   16:     0x5e3b41b9c154 - std[617be2ca0a6fd877]::sys::backtrace::__rust_begin_short_backtrace::<test[aada8e7e76ba119b]::run_test::{closure#1}, ()>
[INFO] [stdout]   17:     0x5e3b41ba58f2 - <std[617be2ca0a6fd877]::thread::lifecycle::spawn_unchecked<test[aada8e7e76ba119b]::run_test::{closure#1}, ()>::{closure#1} as core[a373ad73a504971]::ops::function::FnOnce<()>>::call_once::{shim:vtable#0}
[INFO] [stdout]   18:     0x5e3b41c1f78f - <std[617be2ca0a6fd877]::sys::thread::unix::Thread>::new::thread_start
[INFO] [stdout]   19:     0x73765a430dfa - <unknown>
[INFO] [stdout]   20:     0x73765a4c43d4 - clone
[INFO] [stdout]   21:                0x0 - <unknown>
[INFO] [stdout] 
[INFO] [stdout] ---- link_style_reference stdout ----
[INFO] [stdout] 
[INFO] [stdout] thread 'link_style_reference' (2813) panicked at tests/cli.rs:522:10:
[INFO] [stdout] Unexpected failure.
[INFO] [stdout] code=1
[INFO] [stdout] stderr=```"htmlmd: I/O error: No such file or directory (os error 2)\n"```
[INFO] [stdout] command=`"/opt/rustwide/target/release/htmlmd" "--link-style" "reference" "/opt/rustwide/workdir/../../fixtures/links.html"`
[INFO] [stdout] code=1
[INFO] [stdout] stdout=""
[INFO] [stdout] stderr="htmlmd: I/O error: No such file or directory (os error 2)\n"
[INFO] [stdout] 
[INFO] [stdout] stack backtrace:
[INFO] [stdout]    0:     0x5e3b41c204f1 - <<std[617be2ca0a6fd877]::sys::backtrace::BacktraceLock>::print::DisplayBacktrace as core[a373ad73a504971]::fmt::Display>::fmt
[INFO] [stdout]    1:     0x5e3b41c370fa - core[a373ad73a504971]::fmt::write
[INFO] [stdout]    2:     0x5e3b41c25e5c - <alloc[2e1b2a31b91974c5]::vec::Vec<u8> as core[a373ad73a504971]::io::write::Write>::write_fmt
[INFO] [stdout]    3:     0x5e3b41bfa5d6 - std[617be2ca0a6fd877]::panicking::default_hook::{closure#0}
[INFO] [stdout]    4:     0x5e3b41c17bb9 - std[617be2ca0a6fd877]::panicking::default_hook
[INFO] [stdout]    5:     0x5e3b41ba2240 - test[aada8e7e76ba119b]::test_main_inner::{closure#0}
[INFO] [stdout]    6:     0x5e3b41c17d72 - std[617be2ca0a6fd877]::panicking::panic_with_hook
[INFO] [stdout]    7:     0x5e3b41bfa682 - std[617be2ca0a6fd877]::panicking::panic_handler::{closure#0}
[INFO] [stdout]    8:     0x5e3b41bf3049 - std[617be2ca0a6fd877]::sys::backtrace::__rust_end_short_backtrace::<std[617be2ca0a6fd877]::panicking::panic_handler::{closure#0}, !>
[INFO] [stdout]    9:     0x5e3b41bfb28d - __rustc[ea4f61d10b84890b]::rust_begin_unwind
[INFO] [stdout]   10:     0x5e3b41c378ac - core[a373ad73a504971]::panicking::panic_fmt
[INFO] [stdout]   11:     0x5e3b41bd60bf - <assert_cmd[337c2331e44d7988]::assert::AssertError>::panic::<assert_cmd[337c2331e44d7988]::assert::Assert>
[INFO] [stdout]   12:     0x5e3b41bd69a9 - <assert_cmd[337c2331e44d7988]::assert::Assert>::success
[INFO] [stdout]   13:     0x5e3b41b8658d - <cli[ee37a947b25c1eef]::link_style_reference::{closure#0} as core[a373ad73a504971]::ops::function::FnOnce<()>>::call_once
[INFO] [stdout]   14:     0x5e3b41b9568b - test[aada8e7e76ba119b]::__rust_begin_short_backtrace::<core[a373ad73a504971]::result::Result<(), alloc[2e1b2a31b91974c5]::string::String>, fn() -> core[a373ad73a504971]::result::Result<(), alloc[2e1b2a31b91974c5]::string::String>>
[INFO] [stdout]   15:     0x5e3b41ba2865 - test[aada8e7e76ba119b]::run_test::{closure#0}
[INFO] [stdout]   16:     0x5e3b41b9c154 - std[617be2ca0a6fd877]::sys::backtrace::__rust_begin_short_backtrace::<test[aada8e7e76ba119b]::run_test::{closure#1}, ()>
[INFO] [stdout]   17:     0x5e3b41ba58f2 - <std[617be2ca0a6fd877]::thread::lifecycle::spawn_unchecked<test[aada8e7e76ba119b]::run_test::{closure#1}, ()>::{closure#1} as core[a373ad73a504971]::ops::function::FnOnce<()>>::call_once::{shim:vtable#0}
[INFO] [stdout]   18:     0x5e3b41c1f78f - <std[617be2ca0a6fd877]::sys::thread::unix::Thread>::new::thread_start
[INFO] [stdout]   19:     0x73765a430dfa - <unknown>
[INFO] [stdout]   20:     0x73765a4c43d4 - clone
[INFO] [stdout]   21:                0x0 - <unknown>
[INFO] [stdout] 
[INFO] [stdout] ---- image_mode_skip stdout ----
[INFO] [stdout] 
[INFO] [stdout] thread 'image_mode_skip' (2766) panicked at tests/cli.rs:586:10:
[INFO] [stdout] Unexpected failure.
[INFO] [stdout] code=1
[INFO] [stdout] stderr=```"htmlmd: I/O error: No such file or directory (os error 2)\n"```
[INFO] [stdout] command=`"/opt/rustwide/target/release/htmlmd" "--image-mode" "skip" "/opt/rustwide/workdir/../../fixtures/image_mode.html"`
[INFO] [stdout] code=1
[INFO] [stdout] stdout=""
[INFO] [stdout] stderr="htmlmd: I/O error: No such file or directory (os error 2)\n"
[INFO] [stdout] 
[INFO] [stdout] stack backtrace:
[INFO] [stdout]    0:     0x5e3b41c204f1 - <<std[617be2ca0a6fd877]::sys::backtrace::BacktraceLock>::print::DisplayBacktrace as core[a373ad73a504971]::fmt::Display>::fmt
[INFO] [stdout]    1:     0x5e3b41c370fa - core[a373ad73a504971]::fmt::write
[INFO] [stdout]    2:     0x5e3b41c25e5c - <alloc[2e1b2a31b91974c5]::vec::Vec<u8> as core[a373ad73a504971]::io::write::Write>::write_fmt
[INFO] [stdout]    3:     0x5e3b41bfa5d6 - std[617be2ca0a6fd877]::panicking::default_hook::{closure#0}
[INFO] [stdout]    4:     0x5e3b41c17bb9 - std[617be2ca0a6fd877]::panicking::default_hook
[INFO] [stdout]    5:     0x5e3b41ba2240 - test[aada8e7e76ba119b]::test_main_inner::{closure#0}
[INFO] [stdout]    6:     0x5e3b41c17d72 - std[617be2ca0a6fd877]::panicking::panic_with_hook
[INFO] [stdout]    7:     0x5e3b41bfa682 - std[617be2ca0a6fd877]::panicking::panic_handler::{closure#0}
[INFO] [stdout]    8:     0x5e3b41bf3049 - std[617be2ca0a6fd877]::sys::backtrace::__rust_end_short_backtrace::<std[617be2ca0a6fd877]::panicking::panic_handler::{closure#0}, !>
[INFO] [stdout]    9:     0x5e3b41bfb28d - __rustc[ea4f61d10b84890b]::rust_begin_unwind
[INFO] [stdout]   10:     0x5e3b41c378ac - core[a373ad73a504971]::panicking::panic_fmt
[INFO] [stdout]   11:     0x5e3b41bd60bf - <assert_cmd[337c2331e44d7988]::assert::AssertError>::panic::<assert_cmd[337c2331e44d7988]::assert::Assert>
[INFO] [stdout]   12:     0x5e3b41bd69a9 - <assert_cmd[337c2331e44d7988]::assert::Assert>::success
[INFO] [stdout]   13:     0x5e3b41b82c4d - <cli[ee37a947b25c1eef]::image_mode_skip::{closure#0} as core[a373ad73a504971]::ops::function::FnOnce<()>>::call_once
[INFO] [stdout]   14:     0x5e3b41b9568b - test[aada8e7e76ba119b]::__rust_begin_short_backtrace::<core[a373ad73a504971]::result::Result<(), alloc[2e1b2a31b91974c5]::string::String>, fn() -> core[a373ad73a504971]::result::Result<(), alloc[2e1b2a31b91974c5]::string::String>>
[INFO] [stdout]   15:     0x5e3b41ba2865 - test[aada8e7e76ba119b]::run_test::{closure#0}
[INFO] [stdout]   16:     0x5e3b41b9c154 - std[617be2ca0a6fd877]::sys::backtrace::__rust_begin_short_backtrace::<test[aada8e7e76ba119b]::run_test::{closure#1}, ()>
[INFO] [stdout]   17:     0x5e3b41ba58f2 - <std[617be2ca0a6fd877]::thread::lifecycle::spawn_unchecked<test[aada8e7e76ba119b]::run_test::{closure#1}, ()>::{closure#1} as core[a373ad73a504971]::ops::function::FnOnce<()>>::call_once::{shim:vtable#0}
[INFO] [stdout]   18:     0x5e3b41c1f78f - <std[617be2ca0a6fd877]::sys::thread::unix::Thread>::new::thread_start
[INFO] [stdout]   19:     0x73765a430dfa - <unknown>
[INFO] [stdout]   20:     0x73765a4c43d4 - clone
[INFO] [stdout]   21:                0x0 - <unknown>
[INFO] [stdout] 
[INFO] [stdout] ---- output_policy_fail_if_exists stdout ----
[INFO] [stdout] 
[INFO] [stdout] thread 'output_policy_fail_if_exists' (2864) panicked at tests/cli.rs:364:10:
[INFO] [stdout] Unexpected return code, failed var == 2
[INFO] [stdout] └── var: 1
[INFO] [stdout] 
[INFO] [stdout] command=`"/opt/rustwide/target/release/htmlmd" "--output-dir" "/tmp/.tmpTHHIN4" "--output-policy" "fail-if-exists" "/opt/rustwide/workdir/../../fixtures/basic.html"`
[INFO] [stdout] code=1
[INFO] [stdout] stdout=""
[INFO] [stdout] stderr="htmlmd: I/O error: No such file or directory (os error 2)\n"
[INFO] [stdout] 
[INFO] [stdout] stack backtrace:
[INFO] [stdout]    0:     0x5e3b41c204f1 - <<std[617be2ca0a6fd877]::sys::backtrace::BacktraceLock>::print::DisplayBacktrace as core[a373ad73a504971]::fmt::Display>::fmt
[INFO] [stdout]    1:     0x5e3b41c370fa - core[a373ad73a504971]::fmt::write
[INFO] [stdout]    2:     0x5e3b41c25e5c - <alloc[2e1b2a31b91974c5]::vec::Vec<u8> as core[a373ad73a504971]::io::write::Write>::write_fmt
[INFO] [stdout]    3:     0x5e3b41bfa5d6 - std[617be2ca0a6fd877]::panicking::default_hook::{closure#0}
[INFO] [stdout]    4:     0x5e3b41c17bb9 - std[617be2ca0a6fd877]::panicking::default_hook
[INFO] [stdout]    5:     0x5e3b41ba2240 - test[aada8e7e76ba119b]::test_main_inner::{closure#0}
[INFO] [stdout]    6:     0x5e3b41c17d72 - std[617be2ca0a6fd877]::panicking::panic_with_hook
[INFO] [stdout]    7:     0x5e3b41bfa682 - std[617be2ca0a6fd877]::panicking::panic_handler::{closure#0}
[INFO] [stdout]    8:     0x5e3b41bf3049 - std[617be2ca0a6fd877]::sys::backtrace::__rust_end_short_backtrace::<std[617be2ca0a6fd877]::panicking::panic_handler::{closure#0}, !>
[INFO] [stdout]    9:     0x5e3b41bfb28d - __rustc[ea4f61d10b84890b]::rust_begin_unwind
[INFO] [stdout]   10:     0x5e3b41c378ac - core[a373ad73a504971]::panicking::panic_fmt
[INFO] [stdout]   11:     0x5e3b41b91730 - <assert_cmd[337c2331e44d7988]::assert::AssertError>::panic::<assert_cmd[337c2331e44d7988]::assert::Assert>
[INFO] [stdout]   12:     0x5e3b41b89fc5 - <cli[ee37a947b25c1eef]::output_policy_fail_if_exists::{closure#0} as core[a373ad73a504971]::ops::function::FnOnce<()>>::call_once
[INFO] [stdout]   13:     0x5e3b41b9568b - test[aada8e7e76ba119b]::__rust_begin_short_backtrace::<core[a373ad73a504971]::result::Result<(), alloc[2e1b2a31b91974c5]::string::String>, fn() -> core[a373ad73a504971]::result::Result<(), alloc[2e1b2a31b91974c5]::string::String>>
[INFO] [stdout]   14:     0x5e3b41ba2865 - test[aada8e7e76ba119b]::run_test::{closure#0}
[INFO] [stdout]   15:     0x5e3b41b9c154 - std[617be2ca0a6fd877]::sys::backtrace::__rust_begin_short_backtrace::<test[aada8e7e76ba119b]::run_test::{closure#1}, ()>
[INFO] [stdout]   16:     0x5e3b41ba58f2 - <std[617be2ca0a6fd877]::thread::lifecycle::spawn_unchecked<test[aada8e7e76ba119b]::run_test::{closure#1}, ()>::{closure#1} as core[a373ad73a504971]::ops::function::FnOnce<()>>::call_once::{shim:vtable#0}
[INFO] [stdout]   17:     0x5e3b41c1f78f - <std[617be2ca0a6fd877]::sys::thread::unix::Thread>::new::thread_start
[INFO] [stdout]   18:     0x73765a430dfa - <unknown>
[INFO] [stdout]   19:     0x73765a4c43d4 - clone
[INFO] [stdout]   20:                0x0 - <unknown>
[INFO] [stdout] 
[INFO] [stdout] ---- skip_tags_flag stdout ----
[INFO] [stdout] 
[INFO] [stdout] thread 'skip_tags_flag' (2960) panicked at tests/cli.rs:54:10:
[INFO] [stdout] Unexpected failure.
[INFO] [stdout] code=1
[INFO] [stdout] stderr=```"htmlmd: I/O error: No such file or directory (os error 2)\n"```
[INFO] [stdout] command=`"/opt/rustwide/target/release/htmlmd" "--skip-tags" "a" "/opt/rustwide/workdir/../../fixtures/basic.html"`
[INFO] [stdout] code=1
[INFO] [stdout] stdout=""
[INFO] [stdout] stderr="htmlmd: I/O error: No such file or directory (os error 2)\n"
[INFO] [stdout] 
[INFO] [stdout] stack backtrace:
[INFO] [stdout]    0:     0x5e3b41c204f1 - <<std[617be2ca0a6fd877]::sys::backtrace::BacktraceLock>::print::DisplayBacktrace as core[a373ad73a504971]::fmt::Display>::fmt
[INFO] [stdout]    1:     0x5e3b41c370fa - core[a373ad73a504971]::fmt::write
[INFO] [stdout]    2:     0x5e3b41c25e5c - <alloc[2e1b2a31b91974c5]::vec::Vec<u8> as core[a373ad73a504971]::io::write::Write>::write_fmt
[INFO] [stdout]    3:     0x5e3b41bfa5d6 - std[617be2ca0a6fd877]::panicking::default_hook::{closure#0}
[INFO] [stdout]    4:     0x5e3b41c17bb9 - std[617be2ca0a6fd877]::panicking::default_hook
[INFO] [stdout]    5:     0x5e3b41ba2240 - test[aada8e7e76ba119b]::test_main_inner::{closure#0}
[INFO] [stdout]    6:     0x5e3b41c17d72 - std[617be2ca0a6fd877]::panicking::panic_with_hook
[INFO] [stdout]    7:     0x5e3b41bfa682 - std[617be2ca0a6fd877]::panicking::panic_handler::{closure#0}
[INFO] [stdout]    8:     0x5e3b41bf3049 - std[617be2ca0a6fd877]::sys::backtrace::__rust_end_short_backtrace::<std[617be2ca0a6fd877]::panicking::panic_handler::{closure#0}, !>
[INFO] [stdout]    9:     0x5e3b41bfb28d - __rustc[ea4f61d10b84890b]::rust_begin_unwind
[INFO] [stdout]   10:     0x5e3b41c378ac - core[a373ad73a504971]::panicking::panic_fmt
[INFO] [stdout]   11:     0x5e3b41bd60bf - <assert_cmd[337c2331e44d7988]::assert::AssertError>::panic::<assert_cmd[337c2331e44d7988]::assert::Assert>
[INFO] [stdout]   12:     0x5e3b41bd69a9 - <assert_cmd[337c2331e44d7988]::assert::Assert>::success
[INFO] [stdout]   13:     0x5e3b41b82505 - <cli[ee37a947b25c1eef]::skip_tags_flag::{closure#0} as core[a373ad73a504971]::ops::function::FnOnce<()>>::call_once
[INFO] [stdout]   14:     0x5e3b41b9568b - test[aada8e7e76ba119b]::__rust_begin_short_backtrace::<core[a373ad73a504971]::result::Result<(), alloc[2e1b2a31b91974c5]::string::String>, fn() -> core[a373ad73a504971]::result::Result<(), alloc[2e1b2a31b91974c5]::string::String>>
[INFO] [stdout]   15:     0x5e3b41ba2865 - test[aada8e7e76ba119b]::run_test::{closure#0}
[INFO] [stdout]   16:     0x5e3b41b9c154 - std[617be2ca0a6fd877]::sys::backtrace::__rust_begin_short_backtrace::<test[aada8e7e76ba119b]::run_test::{closure#1}, ()>
[INFO] [stdout]   17:     0x5e3b41ba58f2 - <std[617be2ca0a6fd877]::thread::lifecycle::spawn_unchecked<test[aada8e7e76ba119b]::run_test::{closure#1}, ()>::{closure#1} as core[a373ad73a504971]::ops::function::FnOnce<()>>::call_once::{shim:vtable#0}
[INFO] [stdout]   18:     0x5e3b41c1f78f - <std[617be2ca0a6fd877]::sys::thread::unix::Thread>::new::thread_start
[INFO] [stdout]   19:     0x73765a430dfa - <unknown>
[INFO] [stdout]   20:     0x73765a4c43d4 - clone
[INFO] [stdout]   21:                0x0 - <unknown>
[INFO] [stdout] 
[INFO] [stdout] ---- profile_pandoc_preserves_raw_html stdout ----
[INFO] [stdout] 
[INFO] [stdout] thread 'profile_pandoc_preserves_raw_html' (2930) panicked at tests/cli.rs:609:10:
[INFO] [stdout] Unexpected failure.
[INFO] [stdout] code=1
[INFO] [stdout] stderr=```"htmlmd: I/O error: No such file or directory (os error 2)\n"```
[INFO] [stdout] command=`"/opt/rustwide/target/release/htmlmd" "--profile" "pandoc" "/opt/rustwide/workdir/../../fixtures/extended.html"`
[INFO] [stdout] code=1
[INFO] [stdout] stdout=""
[INFO] [stdout] stderr="htmlmd: I/O error: No such file or directory (os error 2)\n"
[INFO] [stdout] 
[INFO] [stdout] stack backtrace:
[INFO] [stdout]    0:     0x5e3b41c204f1 - <<std[617be2ca0a6fd877]::sys::backtrace::BacktraceLock>::print::DisplayBacktrace as core[a373ad73a504971]::fmt::Display>::fmt
[INFO] [stdout]    1:     0x5e3b41c370fa - core[a373ad73a504971]::fmt::write
[INFO] [stdout]    2:     0x5e3b41c25e5c - <alloc[2e1b2a31b91974c5]::vec::Vec<u8> as core[a373ad73a504971]::io::write::Write>::write_fmt
[INFO] [stdout]    3:     0x5e3b41bfa5d6 - std[617be2ca0a6fd877]::panicking::default_hook::{closure#0}
[INFO] [stdout]    4:     0x5e3b41c17bb9 - std[617be2ca0a6fd877]::panicking::default_hook
[INFO] [stdout]    5:     0x5e3b41ba2240 - test[aada8e7e76ba119b]::test_main_inner::{closure#0}
[INFO] [stdout]    6:     0x5e3b41c17d72 - std[617be2ca0a6fd877]::panicking::panic_with_hook
[INFO] [stdout]    7:     0x5e3b41bfa682 - std[617be2ca0a6fd877]::panicking::panic_handler::{closure#0}
[INFO] [stdout]    8:     0x5e3b41bf3049 - std[617be2ca0a6fd877]::sys::backtrace::__rust_end_short_backtrace::<std[617be2ca0a6fd877]::panicking::panic_handler::{closure#0}, !>
[INFO] [stdout]    9:     0x5e3b41bfb28d - __rustc[ea4f61d10b84890b]::rust_begin_unwind
[INFO] [stdout]   10:     0x5e3b41c378ac - core[a373ad73a504971]::panicking::panic_fmt
[INFO] [stdout]   11:     0x5e3b41bd60bf - <assert_cmd[337c2331e44d7988]::assert::AssertError>::panic::<assert_cmd[337c2331e44d7988]::assert::Assert>
[INFO] [stdout]   12:     0x5e3b41bd69a9 - <assert_cmd[337c2331e44d7988]::assert::Assert>::success
[INFO] [stdout]   13:     0x5e3b41b8cafd - <cli[ee37a947b25c1eef]::profile_pandoc_preserves_raw_html::{closure#0} as core[a373ad73a504971]::ops::function::FnOnce<()>>::call_once
[INFO] [stdout]   14:     0x5e3b41b9568b - test[aada8e7e76ba119b]::__rust_begin_short_backtrace::<core[a373ad73a504971]::result::Result<(), alloc[2e1b2a31b91974c5]::string::String>, fn() -> core[a373ad73a504971]::result::Result<(), alloc[2e1b2a31b91974c5]::string::String>>
[INFO] [stdout]   15:     0x5e3b41ba2865 - test[aada8e7e76ba119b]::run_test::{closure#0}
[INFO] [stdout]   16:     0x5e3b41b9c154 - std[617be2ca0a6fd877]::sys::backtrace::__rust_begin_short_backtrace::<test[aada8e7e76ba119b]::run_test::{closure#1}, ()>
[INFO] [stdout]   17:     0x5e3b41ba58f2 - <std[617be2ca0a6fd877]::thread::lifecycle::spawn_unchecked<test[aada8e7e76ba119b]::run_test::{closure#1}, ()>::{closure#1} as core[a373ad73a504971]::ops::function::FnOnce<()>>::call_once::{shim:vtable#0}
[INFO] [stdout]   18:     0x5e3b41c1f78f - <std[617be2ca0a6fd877]::sys::thread::unix::Thread>::new::thread_start
[INFO] [stdout]   19:     0x73765a430dfa - <unknown>
[INFO] [stdout]   20:     0x73765a4c43d4 - clone
[INFO] [stdout]   21:                0x0 - <unknown>
[INFO] [stdout] 
[INFO] [stdout] ---- reference_placement_adjacent stdout ----
[INFO] [stdout] 
[INFO] [stdout] thread 'reference_placement_adjacent' (2955) panicked at tests/cli.rs:538:10:
[INFO] [stdout] Unexpected failure.
[INFO] [stdout] code=1
[INFO] [stdout] stderr=```"htmlmd: I/O error: No such file or directory (os error 2)\n"```
[INFO] [stdout] command=`"/opt/rustwide/target/release/htmlmd" "--link-style" "reference" "--reference-placement" "adjacent" "/opt/rustwide/workdir/../../fixtures/links.html"`
[INFO] [stdout] code=1
[INFO] [stdout] stdout=""
[INFO] [stdout] stderr="htmlmd: I/O error: No such file or directory (os error 2)\n"
[INFO] [stdout] 
[INFO] [stdout] stack backtrace:
[INFO] [stdout]    0:     0x5e3b41c204f1 - <<std[617be2ca0a6fd877]::sys::backtrace::BacktraceLock>::print::DisplayBacktrace as core[a373ad73a504971]::fmt::Display>::fmt
[INFO] [stdout]    1:     0x5e3b41c370fa - core[a373ad73a504971]::fmt::write
[INFO] [stdout]    2:     0x5e3b41c25e5c - <alloc[2e1b2a31b91974c5]::vec::Vec<u8> as core[a373ad73a504971]::io::write::Write>::write_fmt
[INFO] [stdout]    3:     0x5e3b41bfa5d6 - std[617be2ca0a6fd877]::panicking::default_hook::{closure#0}
[INFO] [stdout]    4:     0x5e3b41c17bb9 - std[617be2ca0a6fd877]::panicking::default_hook
[INFO] [stdout]    5:     0x5e3b41ba2240 - test[aada8e7e76ba119b]::test_main_inner::{closure#0}
[INFO] [stdout]    6:     0x5e3b41c17d72 - std[617be2ca0a6fd877]::panicking::panic_with_hook
[INFO] [stdout]    7:     0x5e3b41bfa682 - std[617be2ca0a6fd877]::panicking::panic_handler::{closure#0}
[INFO] [stdout]    8:     0x5e3b41bf3049 - std[617be2ca0a6fd877]::sys::backtrace::__rust_end_short_backtrace::<std[617be2ca0a6fd877]::panicking::panic_handler::{closure#0}, !>
[INFO] [stdout]    9:     0x5e3b41bfb28d - __rustc[ea4f61d10b84890b]::rust_begin_unwind
[INFO] [stdout]   10:     0x5e3b41c378ac - core[a373ad73a504971]::panicking::panic_fmt
[INFO] [stdout]   11:     0x5e3b41bd60bf - <assert_cmd[337c2331e44d7988]::assert::AssertError>::panic::<assert_cmd[337c2331e44d7988]::assert::Assert>
[INFO] [stdout]   12:     0x5e3b41bd69a9 - <assert_cmd[337c2331e44d7988]::assert::Assert>::success
[INFO] [stdout]   13:     0x5e3b41b8a2b1 - <cli[ee37a947b25c1eef]::reference_placement_adjacent::{closure#0} as core[a373ad73a504971]::ops::function::FnOnce<()>>::call_once
[INFO] [stdout]   14:     0x5e3b41b9568b - test[aada8e7e76ba119b]::__rust_begin_short_backtrace::<core[a373ad73a504971]::result::Result<(), alloc[2e1b2a31b91974c5]::string::String>, fn() -> core[a373ad73a504971]::result::Result<(), alloc[2e1b2a31b91974c5]::string::String>>
[INFO] [stdout]   15:     0x5e3b41ba2865 - test[aada8e7e76ba119b]::run_test::{closure#0}
[INFO] [stdout]   16:     0x5e3b41b9c154 - std[617be2ca0a6fd877]::sys::backtrace::__rust_begin_short_backtrace::<test[aada8e7e76ba119b]::run_test::{closure#1}, ()>
[INFO] [stdout]   17:     0x5e3b41ba58f2 - <std[617be2ca0a6fd877]::thread::lifecycle::spawn_unchecked<test[aada8e7e76ba119b]::run_test::{closure#1}, ()>::{closure#1} as core[a373ad73a504971]::ops::function::FnOnce<()>>::call_once::{shim:vtable#0}
[INFO] [stdout]   18:     0x5e3b41c1f78f - <std[617be2ca0a6fd877]::sys::thread::unix::Thread>::new::thread_start
[INFO] [stdout]   19:     0x73765a430dfa - <unknown>
[INFO] [stdout]   20:     0x73765a4c43d4 - clone
[INFO] [stdout]   21:                0x0 - <unknown>
[INFO] [stdout] 
[INFO] [stdout] ---- tracking_params_stripped stdout ----
[INFO] [stdout] 
[INFO] [stdout] thread 'tracking_params_stripped' (2961) panicked at tests/cli.rs:92:10:
[INFO] [stdout] Unexpected failure.
[INFO] [stdout] code=1
[INFO] [stdout] stderr=```"htmlmd: I/O error: No such file or directory (os error 2)\n"```
[INFO] [stdout] command=`"/opt/rustwide/target/release/htmlmd" "/opt/rustwide/workdir/../../fixtures/links.html"`
[INFO] [stdout] code=1
[INFO] [stdout] stdout=""
[INFO] [stdout] stderr="htmlmd: I/O error: No such file or directory (os error 2)\n"
[INFO] [stdout] 
[INFO] [stdout] stack backtrace:
[INFO] [stdout]    0:     0x5e3b41c204f1 - <<std[617be2ca0a6fd877]::sys::backtrace::BacktraceLock>::print::DisplayBacktrace as core[a373ad73a504971]::fmt::Display>::fmt
[INFO] [stdout]    1:     0x5e3b41c370fa - core[a373ad73a504971]::fmt::write
[INFO] [stdout]    2:     0x5e3b41c25e5c - <alloc[2e1b2a31b91974c5]::vec::Vec<u8> as core[a373ad73a504971]::io::write::Write>::write_fmt
[INFO] [stdout]    3:     0x5e3b41bfa5d6 - std[617be2ca0a6fd877]::panicking::default_hook::{closure#0}
[INFO] [stdout]    4:     0x5e3b41c17bb9 - std[617be2ca0a6fd877]::panicking::default_hook
[INFO] [stdout]    5:     0x5e3b41ba2240 - test[aada8e7e76ba119b]::test_main_inner::{closure#0}
[INFO] [stdout]    6:     0x5e3b41c17d72 - std[617be2ca0a6fd877]::panicking::panic_with_hook
[INFO] [stdout]    7:     0x5e3b41bfa682 - std[617be2ca0a6fd877]::panicking::panic_handler::{closure#0}
[INFO] [stdout]    8:     0x5e3b41bf3049 - std[617be2ca0a6fd877]::sys::backtrace::__rust_end_short_backtrace::<std[617be2ca0a6fd877]::panicking::panic_handler::{closure#0}, !>
[INFO] [stdout]    9:     0x5e3b41bfb28d - __rustc[ea4f61d10b84890b]::rust_begin_unwind
[INFO] [stdout]   10:     0x5e3b41c378ac - core[a373ad73a504971]::panicking::panic_fmt
[INFO] [stdout]   11:     0x5e3b41bd60bf - <assert_cmd[337c2331e44d7988]::assert::AssertError>::panic::<assert_cmd[337c2331e44d7988]::assert::Assert>
[INFO] [stdout]   12:     0x5e3b41bd69a9 - <assert_cmd[337c2331e44d7988]::assert::Assert>::success
[INFO] [stdout]   13:     0x5e3b41b874eb - <cli[ee37a947b25c1eef]::tracking_params_stripped::{closure#0} as core[a373ad73a504971]::ops::function::FnOnce<()>>::call_once
[INFO] [stdout]   14:     0x5e3b41b9568b - test[aada8e7e76ba119b]::__rust_begin_short_backtrace::<core[a373ad73a504971]::result::Result<(), alloc[2e1b2a31b91974c5]::string::String>, fn() -> core[a373ad73a504971]::result::Result<(), alloc[2e1b2a31b91974c5]::string::String>>
[INFO] [stdout]   15:     0x5e3b41ba2865 - test[aada8e7e76ba119b]::run_test::{closure#0}
[INFO] [stdout]   16:     0x5e3b41b9c154 - std[617be2ca0a6fd877]::sys::backtrace::__rust_begin_short_backtrace::<test[aada8e7e76ba119b]::run_test::{closure#1}, ()>
[INFO] [stdout]   17:     0x5e3b41ba58f2 - <std[617be2ca0a6fd877]::thread::lifecycle::spawn_unchecked<test[aada8e7e76ba119b]::run_test::{closure#1}, ()>::{closure#1} as core[a373ad73a504971]::ops::function::FnOnce<()>>::call_once::{shim:vtable#0}
[INFO] [stdout]   18:     0x5e3b41c1f78f - <std[617be2ca0a6fd877]::sys::thread::unix::Thread>::new::thread_start
[INFO] [stdout]   19:     0x73765a430dfa - <unknown>
[INFO] [stdout]   20:     0x73765a4c43d4 - clone
[INFO] [stdout]   21:                0x0 - <unknown>
[INFO] [stdout] 
[INFO] [stdout] ---- remove_selectors stdout ----
[INFO] [stdout] 
[INFO] [stdout] thread 'remove_selectors' (2959) panicked at tests/cli.rs:63:18:
[INFO] [stdout] Unexpected failure.
[INFO] [stdout] code=1
[INFO] [stdout] stderr=```"htmlmd: I/O error: No such file or directory (os error 2)\n"```
[INFO] [stdout] command=`"/opt/rustwide/target/release/htmlmd" "--remove-selectors" "ul" "/opt/rustwide/workdir/../../fixtures/basic.html"`
[INFO] [stdout] code=1
[INFO] [stdout] stdout=""
[INFO] [stdout] stderr="htmlmd: I/O error: No such file or directory (os error 2)\n"
[INFO] [stdout] 
[INFO] [stdout] stack backtrace:
[INFO] [stdout]    0:     0x5e3b41c204f1 - <<std[617be2ca0a6fd877]::sys::backtrace::BacktraceLock>::print::DisplayBacktrace as core[a373ad73a504971]::fmt::Display>::fmt
[INFO] [stdout]    1:     0x5e3b41c370fa - core[a373ad73a504971]::fmt::write
[INFO] [stdout]    2:     0x5e3b41c25e5c - <alloc[2e1b2a31b91974c5]::vec::Vec<u8> as core[a373ad73a504971]::io::write::Write>::write_fmt
[INFO] [stdout]    3:     0x5e3b41bfa5d6 - std[617be2ca0a6fd877]::panicking::default_hook::{closure#0}
[INFO] [stdout]    4:     0x5e3b41c17bb9 - std[617be2ca0a6fd877]::panicking::default_hook
[INFO] [stdout]    5:     0x5e3b41ba2240 - test[aada8e7e76ba119b]::test_main_inner::{closure#0}
[INFO] [stdout]    6:     0x5e3b41c17d72 - std[617be2ca0a6fd877]::panicking::panic_with_hook
[INFO] [stdout]    7:     0x5e3b41bfa682 - std[617be2ca0a6fd877]::panicking::panic_handler::{closure#0}
[INFO] [stdout]    8:     0x5e3b41bf3049 - std[617be2ca0a6fd877]::sys::backtrace::__rust_end_short_backtrace::<std[617be2ca0a6fd877]::panicking::panic_handler::{closure#0}, !>
[INFO] [stdout]    9:     0x5e3b41bfb28d - __rustc[ea4f61d10b84890b]::rust_begin_unwind
[INFO] [stdout]   10:     0x5e3b41c378ac - core[a373ad73a504971]::panicking::panic_fmt
[INFO] [stdout]   11:     0x5e3b41bd60bf - <assert_cmd[337c2331e44d7988]::assert::AssertError>::panic::<assert_cmd[337c2331e44d7988]::assert::Assert>
[INFO] [stdout]   12:     0x5e3b41bd69a9 - <assert_cmd[337c2331e44d7988]::assert::Assert>::success
[INFO] [stdout]   13:     0x5e3b41b846f5 - <cli[ee37a947b25c1eef]::remove_selectors::{closure#0} as core[a373ad73a504971]::ops::function::FnOnce<()>>::call_once
[INFO] [stdout]   14:     0x5e3b41b9568b - test[aada8e7e76ba119b]::__rust_begin_short_backtrace::<core[a373ad73a504971]::result::Result<(), alloc[2e1b2a31b91974c5]::string::String>, fn() -> core[a373ad73a504971]::result::Result<(), alloc[2e1b2a31b91974c5]::string::String>>
[INFO] [stdout]   15:     0x5e3b41ba2865 - test[aada8e7e76ba119b]::run_test::{closure#0}
[INFO] [stdout]   16:     0x5e3b41b9c154 - std[617be2ca0a6fd877]::sys::backtrace::__rust_begin_short_backtrace::<test[aada8e7e76ba119b]::run_test::{closure#1}, ()>
[INFO] [stdout]   17:     0x5e3b41ba58f2 - <std[617be2ca0a6fd877]::thread::lifecycle::spawn_unchecked<test[aada8e7e76ba119b]::run_test::{closure#1}, ()>::{closure#1} as core[a373ad73a504971]::ops::function::FnOnce<()>>::call_once::{shim:vtable#0}
[INFO] [stdout]   18:     0x5e3b41c1f78f - <std[617be2ca0a6fd877]::sys::thread::unix::Thread>::new::thread_start
[INFO] [stdout]   19:     0x73765a430dfa - <unknown>
[INFO] [stdout]   20:     0x73765a4c43d4 - clone
[INFO] [stdout]   21:                0x0 - <unknown>
[INFO] [stdout] 
[INFO] [stdout] ---- output_policy_skip_existing stdout ----
[INFO] [stdout] 
[INFO] [stdout] thread 'output_policy_skip_existing' (2872) panicked at tests/cli.rs:345:18:
[INFO] [stdout] Unexpected failure.
[INFO] [stdout] code=1
[INFO] [stdout] stderr=```"htmlmd: I/O error: No such file or directory (os error 2)\n"```
[INFO] [stdout] command=`"/opt/rustwide/target/release/htmlmd" "--output-dir" "/tmp/.tmpTXZ6gq" "--output-policy" "skip-existing" "/opt/rustwide/workdir/../../fixtures/basic.html"`
[INFO] [stdout] code=1
[INFO] [stdout] stdout=""
[INFO] [stdout] stderr="htmlmd: I/O error: No such file or directory (os error 2)\n"
[INFO] [stdout] 
[INFO] [stdout] stack backtrace:
[INFO] [stdout]    0:     0x5e3b41c204f1 - <<std[617be2ca0a6fd877]::sys::backtrace::BacktraceLock>::print::DisplayBacktrace as core[a373ad73a504971]::fmt::Display>::fmt
[INFO] [stdout]    1:     0x5e3b41c370fa - core[a373ad73a504971]::fmt::write
[INFO] [stdout]    2:     0x5e3b41c25e5c - <alloc[2e1b2a31b91974c5]::vec::Vec<u8> as core[a373ad73a504971]::io::write::Write>::write_fmt
[INFO] [stdout]    3:     0x5e3b41bfa5d6 - std[617be2ca0a6fd877]::panicking::default_hook::{closure#0}
[INFO] [stdout]    4:     0x5e3b41c17bb9 - std[617be2ca0a6fd877]::panicking::default_hook
[INFO] [stdout]    5:     0x5e3b41ba2240 - test[aada8e7e76ba119b]::test_main_inner::{closure#0}
[INFO] [stdout]    6:     0x5e3b41c17d72 - std[617be2ca0a6fd877]::panicking::panic_with_hook
[INFO] [stdout]    7:     0x5e3b41bfa682 - std[617be2ca0a6fd877]::panicking::panic_handler::{closure#0}
[INFO] [stdout]    8:     0x5e3b41bf3049 - std[617be2ca0a6fd877]::sys::backtrace::__rust_end_short_backtrace::<std[617be2ca0a6fd877]::panicking::panic_handler::{closure#0}, !>
[INFO] [stdout]    9:     0x5e3b41bfb28d - __rustc[ea4f61d10b84890b]::rust_begin_unwind
[INFO] [stdout]   10:     0x5e3b41c378ac - core[a373ad73a504971]::panicking::panic_fmt
[INFO] [stdout]   11:     0x5e3b41bd60bf - <assert_cmd[337c2331e44d7988]::assert::AssertError>::panic::<assert_cmd[337c2331e44d7988]::assert::Assert>
[INFO] [stdout]   12:     0x5e3b41bd69a9 - <assert_cmd[337c2331e44d7988]::assert::Assert>::success
[INFO] [stdout]   13:     0x5e3b41b8955d - <cli[ee37a947b25c1eef]::output_policy_skip_existing::{closure#0} as core[a373ad73a504971]::ops::function::FnOnce<()>>::call_once
[INFO] [stdout]   14:     0x5e3b41b9568b - test[aada8e7e76ba119b]::__rust_begin_short_backtrace::<core[a373ad73a504971]::result::Result<(), alloc[2e1b2a31b91974c5]::string::String>, fn() -> core[a373ad73a504971]::result::Result<(), alloc[2e1b2a31b91974c5]::string::String>>
[INFO] [stdout]   15:     0x5e3b41ba2865 - test[aada8e7e76ba119b]::run_test::{closure#0}
[INFO] [stdout]   16:     0x5e3b41b9c154 - std[617be2ca0a6fd877]::sys::backtrace::__rust_begin_short_backtrace::<test[aada8e7e76ba119b]::run_test::{closure#1}, ()>
[INFO] [stdout]   17:     0x5e3b41ba58f2 - <std[617be2ca0a6fd877]::thread::lifecycle::spawn_unchecked<test[aada8e7e76ba119b]::run_test::{closure#1}, ()>::{closure#1} as core[a373ad73a504971]::ops::function::FnOnce<()>>::call_once::{shim:vtable#0}
[INFO] [stdout]   18:     0x5e3b41c1f78f - <std[617be2ca0a6fd877]::sys::thread::unix::Thread>::new::thread_start
[INFO] [stdout]   19:     0x73765a430dfa - <unknown>
[INFO] [stdout]   20:     0x73765a4c43d4 - clone
[INFO] [stdout]   21:                0x0 - <unknown>
[INFO] [stdout] 
[INFO] [stdout] ---- image_mode_reference stdout ----
[INFO] [stdout] 
[INFO] [stdout] thread 'image_mode_reference' (2753) panicked at tests/cli.rs:574:10:
[INFO] [stdout] Unexpected failure.
[INFO] [stdout] code=1
[INFO] [stdout] stderr=```"htmlmd: I/O error: No such file or directory (os error 2)\n"```
[INFO] [stdout] command=`"/opt/rustwide/target/release/htmlmd" "--image-mode" "reference" "/opt/rustwide/workdir/../../fixtures/image_mode.html"`
[INFO] [stdout] code=1
[INFO] [stdout] stdout=""
[INFO] [stdout] stderr="htmlmd: I/O error: No such file or directory (os error 2)\n"
[INFO] [stdout] 
[INFO] [stdout] stack backtrace:
[INFO] [stdout]    0:     0x5e3b41c204f1 - <<std[617be2ca0a6fd877]::sys::backtrace::BacktraceLock>::print::DisplayBacktrace as core[a373ad73a504971]::fmt::Display>::fmt
[INFO] [stdout]    1:     0x5e3b41c370fa - core[a373ad73a504971]::fmt::write
[INFO] [stdout]    2:     0x5e3b41c25e5c - <alloc[2e1b2a31b91974c5]::vec::Vec<u8> as core[a373ad73a504971]::io::write::Write>::write_fmt
[INFO] [stdout]    3:     0x5e3b41bfa5d6 - std[617be2ca0a6fd877]::panicking::default_hook::{closure#0}
[INFO] [stdout]    4:     0x5e3b41c17bb9 - std[617be2ca0a6fd877]::panicking::default_hook
[INFO] [stdout]    5:     0x5e3b41ba2240 - test[aada8e7e76ba119b]::test_main_inner::{closure#0}
[INFO] [stdout]    6:     0x5e3b41c17d72 - std[617be2ca0a6fd877]::panicking::panic_with_hook
[INFO] [stdout]    7:     0x5e3b41bfa682 - std[617be2ca0a6fd877]::panicking::panic_handler::{closure#0}
[INFO] [stdout]    8:     0x5e3b41bf3049 - std[617be2ca0a6fd877]::sys::backtrace::__rust_end_short_backtrace::<std[617be2ca0a6fd877]::panicking::panic_handler::{closure#0}, !>
[INFO] [stdout]    9:     0x5e3b41bfb28d - __rustc[ea4f61d10b84890b]::rust_begin_unwind
[INFO] [stdout]   10:     0x5e3b41c378ac - core[a373ad73a504971]::panicking::panic_fmt
[INFO] [stdout]   11:     0x5e3b41bd60bf - <assert_cmd[337c2331e44d7988]::assert::AssertError>::panic::<assert_cmd[337c2331e44d7988]::assert::Assert>
[INFO] [stdout]   12:     0x5e3b41bd69a9 - <assert_cmd[337c2331e44d7988]::assert::Assert>::success
[INFO] [stdout]   13:     0x5e3b41b85ead - <cli[ee37a947b25c1eef]::image_mode_reference::{closure#0} as core[a373ad73a504971]::ops::function::FnOnce<()>>::call_once
[INFO] [stdout]   14:     0x5e3b41b9568b - test[aada8e7e76ba119b]::__rust_begin_short_backtrace::<core[a373ad73a504971]::result::Result<(), alloc[2e1b2a31b91974c5]::string::String>, fn() -> core[a373ad73a504971]::result::Result<(), alloc[2e1b2a31b91974c5]::string::String>>
[INFO] [stdout]   15:     0x5e3b41ba2865 - test[aada8e7e76ba119b]::run_test::{closure#0}
[INFO] [stdout]   16:     0x5e3b41b9c154 - std[617be2ca0a6fd877]::sys::backtrace::__rust_begin_short_backtrace::<test[aada8e7e76ba119b]::run_test::{closure#1}, ()>
[INFO] [stdout]   17:     0x5e3b41ba58f2 - <std[617be2ca0a6fd877]::thread::lifecycle::spawn_unchecked<test[aada8e7e76ba119b]::run_test::{closure#1}, ()>::{closure#1} as core[a373ad73a504971]::ops::function::FnOnce<()>>::call_once::{shim:vtable#0}
[INFO] [stdout]   18:     0x5e3b41c1f78f - <std[617be2ca0a6fd877]::sys::thread::unix::Thread>::new::thread_start
[INFO] [stdout]   19:     0x73765a430dfa - <unknown>
[INFO] [stdout]   20:     0x73765a4c43d4 - clone
[INFO] [stdout]   21:                0x0 - <unknown>
[INFO] [stdout] 
[INFO] [stdout] ---- profile_extended stdout ----
[INFO] [stdout] 
[INFO] [stdout] thread 'profile_extended' (2916) panicked at tests/cli.rs:463:18:
[INFO] [stdout] Unexpected failure.
[INFO] [stdout] code=1
[INFO] [stdout] stderr=```"htmlmd: I/O error: No such file or directory (os error 2)\n"```
[INFO] [stdout] command=`"/opt/rustwide/target/release/htmlmd" "--profile" "extended" "/opt/rustwide/workdir/../../fixtures/extended.html"`
[INFO] [stdout] code=1
[INFO] [stdout] stdout=""
[INFO] [stdout] stderr="htmlmd: I/O error: No such file or directory (os error 2)\n"
[INFO] [stdout] 
[INFO] [stdout] stack backtrace:
[INFO] [stdout]    0:     0x5e3b41c204f1 - <<std[617be2ca0a6fd877]::sys::backtrace::BacktraceLock>::print::DisplayBacktrace as core[a373ad73a504971]::fmt::Display>::fmt
[INFO] [stdout]    1:     0x5e3b41c370fa - core[a373ad73a504971]::fmt::write
[INFO] [stdout]    2:     0x5e3b41c25e5c - <alloc[2e1b2a31b91974c5]::vec::Vec<u8> as core[a373ad73a504971]::io::write::Write>::write_fmt
[INFO] [stdout]    3:     0x5e3b41bfa5d6 - std[617be2ca0a6fd877]::panicking::default_hook::{closure#0}
[INFO] [stdout]    4:     0x5e3b41c17bb9 - std[617be2ca0a6fd877]::panicking::default_hook
[INFO] [stdout]    5:     0x5e3b41ba2240 - test[aada8e7e76ba119b]::test_main_inner::{closure#0}
[INFO] [stdout]    6:     0x5e3b41c17d72 - std[617be2ca0a6fd877]::panicking::panic_with_hook
[INFO] [stdout]    7:     0x5e3b41bfa682 - std[617be2ca0a6fd877]::panicking::panic_handler::{closure#0}
[INFO] [stdout]    8:     0x5e3b41bf3049 - std[617be2ca0a6fd877]::sys::backtrace::__rust_end_short_backtrace::<std[617be2ca0a6fd877]::panicking::panic_handler::{closure#0}, !>
[INFO] [stdout]    9:     0x5e3b41bfb28d - __rustc[ea4f61d10b84890b]::rust_begin_unwind
[INFO] [stdout]   10:     0x5e3b41c378ac - core[a373ad73a504971]::panicking::panic_fmt
[INFO] [stdout]   11:     0x5e3b41bd60bf - <assert_cmd[337c2331e44d7988]::assert::AssertError>::panic::<assert_cmd[337c2331e44d7988]::assert::Assert>
[INFO] [stdout]   12:     0x5e3b41bd69a9 - <assert_cmd[337c2331e44d7988]::assert::Assert>::success
[INFO] [stdout]   13:     0x5e3b41b84355 - <cli[ee37a947b25c1eef]::profile_extended::{closure#0} as core[a373ad73a504971]::ops::function::FnOnce<()>>::call_once
[INFO] [stdout]   14:     0x5e3b41b9568b - test[aada8e7e76ba119b]::__rust_begin_short_backtrace::<core[a373ad73a504971]::result::Result<(), alloc[2e1b2a31b91974c5]::string::String>, fn() -> core[a373ad73a504971]::result::Result<(), alloc[2e1b2a31b91974c5]::string::String>>
[INFO] [stdout]   15:     0x5e3b41ba2865 - test[aada8e7e76ba119b]::run_test::{closure#0}
[INFO] [stdout]   16:     0x5e3b41b9c154 - std[617be2ca0a6fd877]::sys::backtrace::__rust_begin_short_backtrace::<test[aada8e7e76ba119b]::run_test::{closure#1}, ()>
[INFO] [stdout]   17:     0x5e3b41ba58f2 - <std[617be2ca0a6fd877]::thread::lifecycle::spawn_unchecked<test[aada8e7e76ba119b]::run_test::{closure#1}, ()>::{closure#1} as core[a373ad73a504971]::ops::function::FnOnce<()>>::call_once::{shim:vtable#0}
[INFO] [stdout]   18:     0x5e3b41c1f78f - <std[617be2ca0a6fd877]::sys::thread::unix::Thread>::new::thread_start
[INFO] [stdout]   19:     0x73765a430dfa - <unknown>
[INFO] [stdout]   20:     0x73765a4c43d4 - clone
[INFO] [stdout]   21:                0x0 - <unknown>
[INFO] [stdout] 
[INFO] [stdout] ---- profile_plain_text stdout ----
[INFO] [stdout] 
[INFO] [stdout] thread 'profile_plain_text' (2953) panicked at tests/cli.rs:503:10:
[INFO] [stdout] Unexpected failure.
[INFO] [stdout] code=1
[INFO] [stdout] stderr=```"htmlmd: I/O error: No such file or directory (os error 2)\n"```
[INFO] [stdout] command=`"/opt/rustwide/target/release/htmlmd" "--profile" "plain-text" "/opt/rustwide/workdir/../../fixtures/basic.html"`
[INFO] [stdout] code=1
[INFO] [stdout] stdout=""
[INFO] [stdout] stderr="htmlmd: I/O error: No such file or directory (os error 2)\n"
[INFO] [stdout] 
[INFO] [stdout] stack backtrace:
[INFO] [stdout]    0:     0x5e3b41c204f1 - <<std[617be2ca0a6fd877]::sys::backtrace::BacktraceLock>::print::DisplayBacktrace as core[a373ad73a504971]::fmt::Display>::fmt
[INFO] [stdout]    1:     0x5e3b41c370fa - core[a373ad73a504971]::fmt::write
[INFO] [stdout]    2:     0x5e3b41c25e5c - <alloc[2e1b2a31b91974c5]::vec::Vec<u8> as core[a373ad73a504971]::io::write::Write>::write_fmt
[INFO] [stdout]    3:     0x5e3b41bfa5d6 - std[617be2ca0a6fd877]::panicking::default_hook::{closure#0}
[INFO] [stdout]    4:     0x5e3b41c17bb9 - std[617be2ca0a6fd877]::panicking::default_hook
[INFO] [stdout]    5:     0x5e3b41ba2240 - test[aada8e7e76ba119b]::test_main_inner::{closure#0}
[INFO] [stdout]    6:     0x5e3b41c17d72 - std[617be2ca0a6fd877]::panicking::panic_with_hook
[INFO] [stdout]    7:     0x5e3b41bfa682 - std[617be2ca0a6fd877]::panicking::panic_handler::{closure#0}
[INFO] [stdout]    8:     0x5e3b41bf3049 - std[617be2ca0a6fd877]::sys::backtrace::__rust_end_short_backtrace::<std[617be2ca0a6fd877]::panicking::panic_handler::{closure#0}, !>
[INFO] [stdout]    9:     0x5e3b41bfb28d - __rustc[ea4f61d10b84890b]::rust_begin_unwind
[INFO] [stdout]   10:     0x5e3b41c378ac - core[a373ad73a504971]::panicking::panic_fmt
[INFO] [stdout]   11:     0x5e3b41bd60bf - <assert_cmd[337c2331e44d7988]::assert::AssertError>::panic::<assert_cmd[337c2331e44d7988]::assert::Assert>
[INFO] [stdout]   12:     0x5e3b41bd69a9 - <assert_cmd[337c2331e44d7988]::assert::Assert>::success
[INFO] [stdout]   13:     0x5e3b41b84f1d - <cli[ee37a947b25c1eef]::profile_plain_text::{closure#0} as core[a373ad73a504971]::ops::function::FnOnce<()>>::call_once
[INFO] [stdout]   14:     0x5e3b41b9568b - test[aada8e7e76ba119b]::__rust_begin_short_backtrace::<core[a373ad73a504971]::result::Result<(), alloc[2e1b2a31b91974c5]::string::String>, fn() -> core[a373ad73a504971]::result::Result<(), alloc[2e1b2a31b91974c5]::string::String>>
[INFO] [stdout]   15:     0x5e3b41ba2865 - test[aada8e7e76ba119b]::run_test::{closure#0}
[INFO] [stdout]   16:     0x5e3b41b9c154 - std[617be2ca0a6fd877]::sys::backtrace::__rust_begin_short_backtrace::<test[aada8e7e76ba119b]::run_test::{closure#1}, ()>
[INFO] [stdout]   17:     0x5e3b41ba58f2 - <std[617be2ca0a6fd877]::thread::lifecycle::spawn_unchecked<test[aada8e7e76ba119b]::run_test::{closure#1}, ()>::{closure#1} as core[a373ad73a504971]::ops::function::FnOnce<()>>::call_once::{shim:vtable#0}
[INFO] [stdout]   18:     0x5e3b41c1f78f - <std[617be2ca0a6fd877]::sys::thread::unix::Thread>::new::thread_start
[INFO] [stdout]   19:     0x73765a430dfa - <unknown>
[INFO] [stdout]   20:     0x73765a4c43d4 - clone
[INFO] [stdout]   21:                0x0 - <unknown>
[INFO] [stdout] 
[INFO] [stdout] 
[INFO] [stdout] failures:
[INFO] [stdout]     atomic_write
[INFO] [stdout]     base_url_resolves_relative
[INFO] [stdout]     batch_output_dir
[INFO] [stdout]     bullet_asterisk
[INFO] [stdout]     check_mode_fails_when_changed
[INFO] [stdout]     check_mode_passes_when_unchanged
[INFO] [stdout]     config_file_overrides_profile
[INFO] [stdout]     converts_file_to_stdout
[INFO] [stdout]     converts_stdin
[INFO] [stdout]     dry_run_does_not_write
[INFO] [stdout]     extract_selector
[INFO] [stdout]     heading_style_setex
[INFO] [stdout]     image_mode_alt_text
[INFO] [stdout]     image_mode_reference
[INFO] [stdout]     image_mode_skip
[INFO] [stdout]     link_style_reference
[INFO] [stdout]     manifest_written
[INFO] [stdout]     metadata_canonical_url_flag
[INFO] [stdout]     metadata_flags_extract_title
[INFO] [stdout]     output_policy_fail_if_exists
[INFO] [stdout]     output_policy_skip_existing
[INFO] [stdout]     profile_extended
[INFO] [stdout]     profile_pandoc_preserves_raw_html
[INFO] [stdout]     profile_plain_text
[INFO] [stdout]     reference_placement_adjacent
[INFO] [stdout]     remove_selectors
[INFO] [stdout]     skip_tags_flag
[INFO] [stdout]     tracking_params_stripped
[INFO] [stdout] 
[INFO] [stdout] test result: FAILED. 15 passed; 28 failed; 0 ignored; 0 measured; 0 filtered out; finished in 0.31s
[INFO] [stdout] 
[INFO] running `Command { std: "docker" "inspect" "c5d538a3315ced35f411d8b51fbfccd844b962ae7352149e691752a107d9b7cf", kill_on_drop: false }`
[INFO] running `Command { std: "docker" "rm" "-f" "c5d538a3315ced35f411d8b51fbfccd844b962ae7352149e691752a107d9b7cf", kill_on_drop: false }`
[INFO] [stdout] c5d538a3315ced35f411d8b51fbfccd844b962ae7352149e691752a107d9b7cf
