[INFO] fetching crate htmlarc 0.1.1...
[INFO] testing htmlarc-0.1.1 against 1.100.0-beta.1+cargoflags=--release for beta-release-1.100-2
[INFO] extracting crate htmlarc 0.1.1 into /workspace/builds/worker-3-tc2/source
[INFO] started tweaking crates.io crate htmlarc 0.1.1
[INFO] finished tweaking crates.io crate htmlarc 0.1.1
[INFO] tweaked toml for crates.io crate htmlarc 0.1.1 written to /workspace/builds/worker-3-tc2/source/Cargo.toml
[INFO] validating manifest of crates.io crate htmlarc 0.1.1 on toolchain 1.100.0-beta.1
[INFO] running `Command { std: CARGO_HOME="/workspace/cargo-home" RUSTUP_HOME="/workspace/rustup-home" "/workspace/cargo-home/bin/cargo" "+1.100.0-beta.1" "metadata" "--manifest-path" "Cargo.toml" "--no-deps", kill_on_drop: false }`
[INFO] crate crates.io crate htmlarc 0.1.1 already has a lockfile, it will not be regenerated
[INFO] running `Command { std: CARGO_HOME="/workspace/cargo-home" RUSTUP_HOME="/workspace/rustup-home" "/workspace/cargo-home/bin/cargo" "+1.100.0-beta.1" "fetch" "--manifest-path" "Cargo.toml", kill_on_drop: false }`
[INFO] running `Command { std: "docker" "create" "-v" "/var/lib/crater-agent-workspace/builds/worker-3-tc2/source:/opt/rustwide/workdir:ro,Z" "-v" "/var/lib/crater-agent-workspace/builds/worker-3-tc2/target:/opt/rustwide/target:rw,Z" "-v" "/var/lib/crater-agent-workspace/cargo-home:/opt/rustwide/cargo-home:ro,Z" "-v" "/var/lib/crater-agent-workspace/rustup-home:/opt/rustwide/rustup-home:ro,Z" "-m" "1610612736" "--network" "none" "ghcr.io/rust-lang/crates-build-env/linux@sha256:77db811e55d90add9212f6832c23229e3de5f1c1f9905e8cb07319ea15df73ac" "sleep" "infinity", kill_on_drop: false }`
[INFO] [stdout] 192f36b3d408fea02a79713f635da5d67a2bab640f53a7c6b3c7184f656e1531
[INFO] running `Command { std: "docker" "start" "192f36b3d408fea02a79713f635da5d67a2bab640f53a7c6b3c7184f656e1531", kill_on_drop: false }`
[INFO] running `Command { std: "docker" "inspect" "192f36b3d408fea02a79713f635da5d67a2bab640f53a7c6b3c7184f656e1531", kill_on_drop: false }`
[INFO] running `Command { std: "docker" "exec" "-e" "SOURCE_DIR=/opt/rustwide/workdir" "-e" "CARGO_HOME=/opt/rustwide/cargo-home" "-e" "RUSTUP_HOME=/opt/rustwide/rustup-home" "-e" "CARGO_TARGET_DIR=/opt/rustwide/target" "-w" "/opt/rustwide/workdir" "--user" "0:0" "192f36b3d408fea02a79713f635da5d67a2bab640f53a7c6b3c7184f656e1531" "/opt/rustwide/cargo-home/bin/cargo" "+1.100.0-beta.1" "metadata" "--no-deps" "--format-version=1", kill_on_drop: false }`
[INFO] running `Command { std: "docker" "inspect" "192f36b3d408fea02a79713f635da5d67a2bab640f53a7c6b3c7184f656e1531", kill_on_drop: false }`
[INFO] running `Command { std: "docker" "exec" "-e" "SOURCE_DIR=/opt/rustwide/workdir" "-e" "CARGO_HOME=/opt/rustwide/cargo-home" "-e" "RUSTUP_HOME=/opt/rustwide/rustup-home" "-e" "CARGO_TARGET_DIR=/opt/rustwide/target" "-e" "CARGO_INCREMENTAL=0" "-e" "RUST_BACKTRACE=full" "-e" "RUSTFLAGS=--cap-lints=warn" "-e" "RUSTDOCFLAGS=--cap-lints=warn" "-w" "/opt/rustwide/workdir" "--user" "0:0" "192f36b3d408fea02a79713f635da5d67a2bab640f53a7c6b3c7184f656e1531" "/opt/rustwide/cargo-home/bin/cargo" "+1.100.0-beta.1" "build" "--frozen" "--message-format=json" "--release", kill_on_drop: false }`
[INFO] [stderr]    Compiling proc-macro2 v1.0.106
[INFO] [stderr]    Compiling quote v1.0.45
[INFO] [stderr]    Compiling unicode-ident v1.0.24
[INFO] [stderr]    Compiling libc v0.2.186
[INFO] [stderr]    Compiling find-msvc-tools v0.1.9
[INFO] [stderr]    Compiling shlex v2.0.1
[INFO] [stderr]    Compiling pkg-config v0.3.33
[INFO] [stderr]    Compiling allocator-api2 v0.2.21
[INFO] [stderr]    Compiling foldhash v0.2.0
[INFO] [stderr]    Compiling simdutf8 v0.1.5
[INFO] [stderr]    Compiling jetscii v0.5.3
[INFO] [stderr]    Compiling equivalent v1.0.2
[INFO] [stderr]    Compiling zstd-safe v8.0.0
[INFO] [stderr]    Compiling thiserror v2.0.20
[INFO] [stderr]    Compiling autocfg v1.5.1
[INFO] [stderr]    Compiling hashbrown v0.17.1
[INFO] [stderr]    Compiling regex-syntax v0.8.11
[INFO] [stderr]    Compiling function_name-proc-macro v0.3.0
[INFO] [stderr]    Compiling heck v0.5.0
[INFO] [stderr]    Compiling fs-err v3.3.1
[INFO] [stderr]    Compiling function_name v0.3.0
[INFO] [stderr]    Compiling html5gum v0.8.4
[INFO] [stderr]    Compiling tinyvec v1.13.3
[INFO] [stderr]    Compiling html-escape v0.2.15
[INFO] [stderr]    Compiling syn v2.0.118
[INFO] [stderr]    Compiling syn v3.0.2
[INFO] [stderr]    Compiling jobserver v0.1.34
[INFO] [stderr]    Compiling indexmap v2.14.2
[INFO] [stderr]    Compiling strum v0.28.0
[INFO] [stderr]    Compiling self_cell v1.3.0
[INFO] [stderr]    Compiling cc v1.2.64
[INFO] [stderr]    Compiling anyhow v1.0.104
[INFO] [stderr]    Compiling log v0.4.34
[INFO] [stderr]    Compiling memmap2 v0.9.11
[INFO] [stderr]    Compiling xflags-macros v0.3.2
[INFO] [stderr]    Compiling unicode-segmentation v1.13.3
[INFO] [stderr]    Compiling regex-automata v0.4.14
[INFO] [stderr]    Compiling unicode-width v0.2.2
[INFO] [stderr]    Compiling typed-arena v2.0.2
[INFO] [stderr]    Compiling arrayvec v0.5.2
[INFO] [stderr]    Compiling seahash v4.1.0
[INFO] [stderr]    Compiling numtoa v0.2.4
[INFO] [stderr]    Compiling termion v4.0.6
[INFO] [stderr]    Compiling pretty v0.12.5
[INFO] [stderr]    Compiling xflags v0.3.2
[INFO] [stderr]    Compiling zstd-sys v2.1.0+zstd.1.5.7
[INFO] [stderr]    Compiling smallvec v1.16.1
[INFO] [stderr]    Compiling colorful v0.3.2
[INFO] [stderr]    Compiling thiserror-impl v2.0.20
[INFO] [stderr]    Compiling rkyv_derive v0.8.18
[INFO] [stderr]    Compiling ptr_meta_derive v0.3.1
[INFO] [stderr]    Compiling ptr_meta v0.3.1
[INFO] [stderr]    Compiling rancor v0.1.1
[INFO] [stderr]    Compiling bytecheck_derive v0.8.2
[INFO] [stderr]    Compiling munge_macro v0.4.7
[INFO] [stderr]    Compiling strum_macros v0.28.0
[INFO] [stderr]    Compiling regex v1.12.4
[INFO] [stderr]    Compiling munge v0.4.7
[INFO] [stderr]    Compiling bytecheck v0.8.2
[INFO] [stderr]    Compiling rend v0.5.3
[INFO] [stderr]    Compiling sanitize-filename v0.6.0
[INFO] [stderr]    Compiling rkyv v0.8.18
[INFO] [stderr]    Compiling htmlarc-dom v0.1.1
[INFO] [stderr]    Compiling zstd v0.14.0
[INFO] [stderr]    Compiling htmlarc-archive v0.1.1
[INFO] [stderr]    Compiling htmlarc v0.1.1 (/opt/rustwide/workdir)
[INFO] [stderr]     Finished `release` profile [optimized] target(s) in 2m 37s
[INFO] [stderr] warning: the following packages contain code that will be rejected by a future version of Rust: bytecheck v0.8.2, rkyv v0.8.18
[INFO] [stderr] note: to see what the problems were, use the option `--future-incompat-report`, or run `cargo report future-incompatibilities --id 1`
[INFO] running `Command { std: "docker" "inspect" "192f36b3d408fea02a79713f635da5d67a2bab640f53a7c6b3c7184f656e1531", kill_on_drop: false }`
[INFO] running `Command { std: "docker" "exec" "-e" "SOURCE_DIR=/opt/rustwide/workdir" "-e" "CARGO_HOME=/opt/rustwide/cargo-home" "-e" "RUSTUP_HOME=/opt/rustwide/rustup-home" "-e" "CARGO_TARGET_DIR=/opt/rustwide/target" "-e" "CARGO_INCREMENTAL=0" "-e" "RUST_BACKTRACE=full" "-e" "RUSTFLAGS=--cap-lints=warn" "-e" "RUSTDOCFLAGS=--cap-lints=warn" "-w" "/opt/rustwide/workdir" "--user" "0:0" "192f36b3d408fea02a79713f635da5d67a2bab640f53a7c6b3c7184f656e1531" "/opt/rustwide/cargo-home/bin/cargo" "+1.100.0-beta.1" "test" "--frozen" "--no-run" "--message-format=json" "--release", kill_on_drop: false }`
[INFO] [stderr]    Compiling memchr v2.8.2
[INFO] [stderr]    Compiling getrandom v0.4.3
[INFO] [stderr]    Compiling rustix v1.1.4
[INFO] [stderr]    Compiling serde_core v1.0.228
[INFO] [stderr]    Compiling cfg-if v1.0.4
[INFO] [stderr]    Compiling linux-raw-sys v0.12.1
[INFO] [stderr]    Compiling bitflags v2.13.0
[INFO] [stderr]    Compiling serde v1.0.228
[INFO] [stderr]    Compiling once_cell v1.21.4
[INFO] [stderr]    Compiling fastrand v2.4.1
[INFO] [stderr]    Compiling same-file v1.0.6
[INFO] [stderr]    Compiling console v0.16.3
[INFO] [stderr]    Compiling similar v2.7.0
[INFO] [stderr]    Compiling walkdir v2.5.0
[INFO] [stderr]    Compiling aho-corasick v1.1.4
[INFO] [stderr]    Compiling bstr v1.12.1
[INFO] [stderr]    Compiling regex-automata v0.4.14
[INFO] [stderr]    Compiling tempfile v3.27.0
[INFO] [stderr]    Compiling globset v0.4.18
[INFO] [stderr]    Compiling regex v1.12.4
[INFO] [stderr]    Compiling insta v1.48.0
[INFO] [stderr]    Compiling sanitize-filename v0.6.0
[INFO] [stderr]    Compiling htmlarc v0.1.1 (/opt/rustwide/workdir)
[INFO] [stderr] warning: unused dependency `termion`
[INFO] [stderr]   --> Cargo.toml:32:15
[INFO] [stderr]    |
[INFO] [stderr] 32 | [dependencies.termion]
[INFO] [stderr]    |               ^^^^^^^^
[INFO] [stderr]    |
[INFO] [stderr]    = note: `cargo::unused_dependencies` is set to `warn` by default
[INFO] [stderr] help: consider removing the dependency on `termion`
[INFO] [stderr] warning: `htmlarc` (manifest) generated 1 warning
[INFO] [stderr]     Finished `release` profile [optimized] target(s) in 1m 07s
[INFO] [stderr] warning: the following packages contain code that will be rejected by a future version of Rust: bytecheck v0.8.2, rkyv v0.8.18
[INFO] [stderr] note: to see what the problems were, use the option `--future-incompat-report`, or run `cargo report future-incompatibilities --id 1`
[INFO] running `Command { std: "docker" "inspect" "192f36b3d408fea02a79713f635da5d67a2bab640f53a7c6b3c7184f656e1531", kill_on_drop: false }`
[INFO] running `Command { std: "docker" "exec" "-e" "SOURCE_DIR=/opt/rustwide/workdir" "-e" "CARGO_HOME=/opt/rustwide/cargo-home" "-e" "RUSTUP_HOME=/opt/rustwide/rustup-home" "-e" "CARGO_TARGET_DIR=/opt/rustwide/target" "-e" "CARGO_INCREMENTAL=0" "-e" "RUST_BACKTRACE=full" "-e" "RUSTFLAGS=--cap-lints=warn" "-e" "RUSTDOCFLAGS=--cap-lints=warn" "-w" "/opt/rustwide/workdir" "--user" "0:0" "192f36b3d408fea02a79713f635da5d67a2bab640f53a7c6b3c7184f656e1531" "/opt/rustwide/cargo-home/bin/cargo" "+1.100.0-beta.1" "test" "--frozen" "--release", kill_on_drop: false }`
[INFO] [stderr] warning: unused dependency `termion`
[INFO] [stderr]   --> Cargo.toml:32:15
[INFO] [stderr]    |
[INFO] [stderr] 32 | [dependencies.termion]
[INFO] [stderr]    |               ^^^^^^^^
[INFO] [stderr]    |
[INFO] [stderr]    = note: `cargo::unused_dependencies` is set to `warn` by default
[INFO] [stderr] help: consider removing the dependency on `termion`
[INFO] [stderr] warning: `htmlarc` (manifest) generated 1 warning
[INFO] [stderr]     Finished `release` profile [optimized] target(s) in 0.19s
[INFO] [stderr] warning: the following packages contain code that will be rejected by a future version of Rust: bytecheck v0.8.2, rkyv v0.8.18
[INFO] [stderr] note: to see what the problems were, use the option `--future-incompat-report`, or run `cargo report future-incompatibilities --id 1`
[INFO] [stderr]      Running unittests src/main.rs (/opt/rustwide/target/release/build/htmlarc/30c0875b3a1338d5/out/htmlarc-30c0875b3a1338d5)
[INFO] [stdout] 
[INFO] [stdout] running 22 tests
[INFO] [stdout] test probe::format::parse_element_format ... ok
[INFO] [stdout] test probe::format::test_css_terse ... ok
[INFO] [stdout] test probe::expression::parse_probe_expression ... ok
[INFO] [stdout] test operator::tests::html_stem_avoids_double_html_extension ... ok
[INFO] [stdout] test probe::format::attribute_selector::parse_attribute_selector ... ok
[INFO] [stdout] test probe::format::test_css_fmt ... ok
[INFO] [stdout] test probe::format::test_html_fmt ... ok
[INFO] [stdout] test probe::format::test_words_parameter ... ok
[INFO] [stdout] test tests::cmd_list_exclude_css ... ignored, css needs fixing
[INFO] [stdout] test probe::tests::probe_integration_test ... FAILED
[INFO] [stdout] test superscript::test ... ok
[INFO] [stdout] test probe::format::test_extended_element_fmt ... ok
[INFO] [stdout] test probe::node_counter::nodes_insertion ... ok
[INFO] [stdout] test tests::cmd_diff ... ok
[INFO] [stdout] test tests::cmd_list_exclude_tsv ... ok
[INFO] [stdout] test probe::node_counter::nodes_addition ... ok
[INFO] [stdout] test tests::cmd_list_both_include_exclude ... ok
[INFO] [stdout] test tests::cmd_list_exclude_words ... ok
[INFO] [stdout] test tests::cmd_list_plain ... ok
[INFO] [stdout] test tests::cmd_list_include ... ok
[INFO] [stdout] test tests::cmd_to_folder ... ok
[INFO] [stdout] test tests::cmd_navigate ... ok
[INFO] [stdout] 
[INFO] [stdout] failures:
[INFO] [stdout] 
[INFO] [stdout] ---- probe::tests::probe_integration_test stdout ----
[INFO] [stdout] 
[INFO] [stdout] thread 'probe::tests::probe_integration_test' (1903) panicked at src/probe/tests.rs:77:52:
[INFO] [stdout] called `Result::unwrap()` on an `Err` value: Os { code: 30, kind: ReadOnlyFilesystem, message: "Read-only file system" }
[INFO] [stdout] stack backtrace:
[INFO] [stdout]    0:     0x615ce4485921 - <<std[617be2ca0a6fd877]::sys::backtrace::BacktraceLock>::print::DisplayBacktrace as core[a373ad73a504971]::fmt::Display>::fmt
[INFO] [stdout]    1:     0x615ce449dfea - core[a373ad73a504971]::fmt::write
[INFO] [stdout]    2:     0x615ce448a64c - <alloc[2e1b2a31b91974c5]::vec::Vec<u8> as core[a373ad73a504971]::io::write::Write>::write_fmt
[INFO] [stdout]    3:     0x615ce445e0f6 - std[617be2ca0a6fd877]::panicking::default_hook::{closure#0}
[INFO] [stdout]    4:     0x615ce447c8d9 - std[617be2ca0a6fd877]::panicking::default_hook
[INFO] [stdout]    5:     0x615ce418e940 - test[aada8e7e76ba119b]::test_main_inner::{closure#0}
[INFO] [stdout]    6:     0x615ce447ca92 - std[617be2ca0a6fd877]::panicking::panic_with_hook
[INFO] [stdout]    7:     0x615ce445e1a2 - std[617be2ca0a6fd877]::panicking::panic_handler::{closure#0}
[INFO] [stdout]    8:     0x615ce44563e9 - std[617be2ca0a6fd877]::sys::backtrace::__rust_end_short_backtrace::<std[617be2ca0a6fd877]::panicking::panic_handler::{closure#0}, !>
[INFO] [stdout]    9:     0x615ce445f04d - __rustc[ea4f61d10b84890b]::rust_begin_unwind
[INFO] [stdout]   10:     0x615ce449e7cc - core[a373ad73a504971]::panicking::panic_fmt
[INFO] [stdout]   11:     0x615ce449e5a2 - core[a373ad73a504971]::result::unwrap_failed
[INFO] [stdout]   12:     0x615ce41457f2 - <htmlarc[efd023316fb51a41]::probe::tests::probe_integration_test::{closure#0} as core[a373ad73a504971]::ops::function::FnOnce<()>>::call_once
[INFO] [stdout]   13:     0x615ce4181d8b - test[aada8e7e76ba119b]::__rust_begin_short_backtrace::<core[a373ad73a504971]::result::Result<(), alloc[2e1b2a31b91974c5]::string::String>, fn() -> core[a373ad73a504971]::result::Result<(), alloc[2e1b2a31b91974c5]::string::String>>
[INFO] [stdout]   14:     0x615ce418ef65 - test[aada8e7e76ba119b]::run_test::{closure#0}
[INFO] [stdout]   15:     0x615ce4188854 - std[617be2ca0a6fd877]::sys::backtrace::__rust_begin_short_backtrace::<test[aada8e7e76ba119b]::run_test::{closure#1}, ()>
[INFO] [stdout]   16:     0x615ce4191ff2 - <std[617be2ca0a6fd877]::thread::lifecycle::spawn_unchecked<test[aada8e7e76ba119b]::run_test::{closure#1}, ()>::{closure#1} as core[a373ad73a504971]::ops::function::FnOnce<()>>::call_once::{shim:vtable#0}
[INFO] [stdout]   17:     0x615ce44848ff - <std[617be2ca0a6fd877]::sys::thread::unix::Thread>::new::thread_start
[INFO] [stdout]   18:     0x735502d1bdfa - <unknown>
[INFO] [stdout]   19:     0x735502daf3d4 - clone
[INFO] [stdout]   20:                0x0 - <unknown>
[INFO] [stdout] 
[INFO] [stdout] 
[INFO] [stdout] failures:
[INFO] [stdout]     probe::tests::probe_integration_test
[INFO] [stdout] 
[INFO] [stdout] test result: FAILED. 20 passed; 1 failed; 1 ignored; 0 measured; 0 filtered out; finished in 0.09s
[INFO] [stdout] 
[INFO] [stderr] error: test failed, to rerun pass `--bin htmlarc`
[INFO] running `Command { std: "docker" "inspect" "192f36b3d408fea02a79713f635da5d67a2bab640f53a7c6b3c7184f656e1531", kill_on_drop: false }`
[INFO] running `Command { std: "docker" "rm" "-f" "192f36b3d408fea02a79713f635da5d67a2bab640f53a7c6b3c7184f656e1531", kill_on_drop: false }`
[INFO] [stdout] 192f36b3d408fea02a79713f635da5d67a2bab640f53a7c6b3c7184f656e1531
