[INFO] fetching crate hsl-ish 0.1.0...
[INFO] testing hsl-ish-0.1.0 against 1.99.0-beta.8+cargoflags=--release for beta-release-1.100-2
[INFO] extracting crate hsl-ish 0.1.0 into /workspace/builds/worker-5-tc1/source
[INFO] started tweaking crates.io crate hsl-ish 0.1.0
[INFO] finished tweaking crates.io crate hsl-ish 0.1.0
[INFO] tweaked toml for crates.io crate hsl-ish 0.1.0 written to /workspace/builds/worker-5-tc1/source/Cargo.toml
[INFO] validating manifest of crates.io crate hsl-ish 0.1.0 on toolchain 1.99.0-beta.8
[INFO] running `Command { std: CARGO_HOME="/workspace/cargo-home" RUSTUP_HOME="/workspace/rustup-home" "/workspace/cargo-home/bin/cargo" "+1.99.0-beta.8" "metadata" "--manifest-path" "Cargo.toml" "--no-deps", kill_on_drop: false }`
[INFO] crate crates.io crate hsl-ish 0.1.0 already has a lockfile, it will not be regenerated
[INFO] running `Command { std: CARGO_HOME="/workspace/cargo-home" RUSTUP_HOME="/workspace/rustup-home" "/workspace/cargo-home/bin/cargo" "+1.99.0-beta.8" "fetch" "--manifest-path" "Cargo.toml", kill_on_drop: false }`
[INFO] running `Command { std: "docker" "create" "-v" "/var/lib/crater-agent-workspace/builds/worker-5-tc1/source:/opt/rustwide/workdir:ro,Z" "-v" "/var/lib/crater-agent-workspace/builds/worker-5-tc1/target:/opt/rustwide/target:rw,Z" "-v" "/var/lib/crater-agent-workspace/cargo-home:/opt/rustwide/cargo-home:ro,Z" "-v" "/var/lib/crater-agent-workspace/rustup-home:/opt/rustwide/rustup-home:ro,Z" "-m" "1610612736" "--network" "none" "ghcr.io/rust-lang/crates-build-env/linux@sha256:77db811e55d90add9212f6832c23229e3de5f1c1f9905e8cb07319ea15df73ac" "sleep" "infinity", kill_on_drop: false }`
[INFO] [stdout] 67b4ea1457f20abf612307853b8af8f8c5a375a724847d97fc82c881e9e2cf47
[INFO] running `Command { std: "docker" "start" "67b4ea1457f20abf612307853b8af8f8c5a375a724847d97fc82c881e9e2cf47", kill_on_drop: false }`
[INFO] running `Command { std: "docker" "inspect" "67b4ea1457f20abf612307853b8af8f8c5a375a724847d97fc82c881e9e2cf47", kill_on_drop: false }`
[INFO] running `Command { std: "docker" "exec" "-e" "SOURCE_DIR=/opt/rustwide/workdir" "-e" "CARGO_HOME=/opt/rustwide/cargo-home" "-e" "RUSTUP_HOME=/opt/rustwide/rustup-home" "-e" "CARGO_TARGET_DIR=/opt/rustwide/target" "-w" "/opt/rustwide/workdir" "--user" "0:0" "67b4ea1457f20abf612307853b8af8f8c5a375a724847d97fc82c881e9e2cf47" "/opt/rustwide/cargo-home/bin/cargo" "+1.99.0-beta.8" "metadata" "--no-deps" "--format-version=1", kill_on_drop: false }`
[INFO] running `Command { std: "docker" "inspect" "67b4ea1457f20abf612307853b8af8f8c5a375a724847d97fc82c881e9e2cf47", kill_on_drop: false }`
[INFO] running `Command { std: "docker" "exec" "-e" "SOURCE_DIR=/opt/rustwide/workdir" "-e" "CARGO_HOME=/opt/rustwide/cargo-home" "-e" "RUSTUP_HOME=/opt/rustwide/rustup-home" "-e" "CARGO_TARGET_DIR=/opt/rustwide/target" "-e" "CARGO_INCREMENTAL=0" "-e" "RUST_BACKTRACE=full" "-e" "RUSTFLAGS=--cap-lints=warn" "-e" "RUSTDOCFLAGS=--cap-lints=warn" "-w" "/opt/rustwide/workdir" "--user" "0:0" "67b4ea1457f20abf612307853b8af8f8c5a375a724847d97fc82c881e9e2cf47" "/opt/rustwide/cargo-home/bin/cargo" "+1.99.0-beta.8" "build" "--frozen" "--message-format=json" "--release", kill_on_drop: false }`
[INFO] [stderr]    Compiling hsl-ish v0.1.0 (/opt/rustwide/workdir)
[INFO] [stdout] warning: fields `r`, `g`, and `b` are never read
[INFO] [stdout]  --> src/rgb.rs:5:7
[INFO] [stdout]   |
[INFO] [stdout] 4 | pub struct Rgb {
[INFO] [stdout]   |            --- fields in this struct
[INFO] [stdout] 5 |   pub r: u8,
[INFO] [stdout]   |       ^
[INFO] [stdout] 6 |   pub g: u8,
[INFO] [stdout]   |       ^
[INFO] [stdout] 7 |   pub b: u8,
[INFO] [stdout]   |       ^
[INFO] [stdout]   |
[INFO] [stdout]   = note: `Rgb` has a derived impl for the trait `Debug`, but this is intentionally ignored during dead code analysis
[INFO] [stdout]   = note: `#[warn(dead_code)]` (part of `#[warn(unused)]`) on by default
[INFO] [stdout] 
[INFO] [stdout] 
[INFO] [stdout] warning: associated items `new` and `s_rgb` are never used
[INFO] [stdout]   --> src/rgb.rs:11:10
[INFO] [stdout]    |
[INFO] [stdout] 10 | impl Rgb {
[INFO] [stdout]    | -------- associated items in this implementation
[INFO] [stdout] 11 |   pub fn new(r: u8, g: u8, b: u8) -> Self {
[INFO] [stdout]    |          ^^^
[INFO] [stdout] ...
[INFO] [stdout] 16 |   pub fn s_rgb(&self) -> [f64; 3] {
[INFO] [stdout]    |          ^^^^^
[INFO] [stdout] 
[INFO] [stdout] 
[INFO] [stderr]     Finished `release` profile [optimized] target(s) in 0.30s
[INFO] running `Command { std: "docker" "inspect" "67b4ea1457f20abf612307853b8af8f8c5a375a724847d97fc82c881e9e2cf47", kill_on_drop: false }`
[INFO] running `Command { std: "docker" "exec" "-e" "SOURCE_DIR=/opt/rustwide/workdir" "-e" "CARGO_HOME=/opt/rustwide/cargo-home" "-e" "RUSTUP_HOME=/opt/rustwide/rustup-home" "-e" "CARGO_TARGET_DIR=/opt/rustwide/target" "-e" "CARGO_INCREMENTAL=0" "-e" "RUST_BACKTRACE=full" "-e" "RUSTFLAGS=--cap-lints=warn" "-e" "RUSTDOCFLAGS=--cap-lints=warn" "-w" "/opt/rustwide/workdir" "--user" "0:0" "67b4ea1457f20abf612307853b8af8f8c5a375a724847d97fc82c881e9e2cf47" "/opt/rustwide/cargo-home/bin/cargo" "+1.99.0-beta.8" "test" "--frozen" "--no-run" "--message-format=json" "--release", kill_on_drop: false }`
[INFO] [stderr]    Compiling hsl-ish v0.1.0 (/opt/rustwide/workdir)
[INFO] [stdout] warning: associated items `new` and `s_rgb` are never used
[INFO] [stdout]   --> src/rgb.rs:11:10
[INFO] [stdout]    |
[INFO] [stdout] 10 | impl Rgb {
[INFO] [stdout]    | -------- associated items in this implementation
[INFO] [stdout] 11 |   pub fn new(r: u8, g: u8, b: u8) -> Self {
[INFO] [stdout]    |          ^^^
[INFO] [stdout] ...
[INFO] [stdout] 16 |   pub fn s_rgb(&self) -> [f64; 3] {
[INFO] [stdout]    |          ^^^^^
[INFO] [stdout]    |
[INFO] [stdout]    = note: `#[warn(dead_code)]` (part of `#[warn(unused)]`) on by default
[INFO] [stdout] 
[INFO] [stdout] 
[INFO] [stderr]     Finished `release` profile [optimized] target(s) in 0.79s
[INFO] running `Command { std: "docker" "inspect" "67b4ea1457f20abf612307853b8af8f8c5a375a724847d97fc82c881e9e2cf47", kill_on_drop: false }`
[INFO] running `Command { std: "docker" "exec" "-e" "SOURCE_DIR=/opt/rustwide/workdir" "-e" "CARGO_HOME=/opt/rustwide/cargo-home" "-e" "RUSTUP_HOME=/opt/rustwide/rustup-home" "-e" "CARGO_TARGET_DIR=/opt/rustwide/target" "-e" "CARGO_INCREMENTAL=0" "-e" "RUST_BACKTRACE=full" "-e" "RUSTFLAGS=--cap-lints=warn" "-e" "RUSTDOCFLAGS=--cap-lints=warn" "-w" "/opt/rustwide/workdir" "--user" "0:0" "67b4ea1457f20abf612307853b8af8f8c5a375a724847d97fc82c881e9e2cf47" "/opt/rustwide/cargo-home/bin/cargo" "+1.99.0-beta.8" "test" "--frozen" "--release", kill_on_drop: false }`
[INFO] [stderr] warning: associated items `new` and `s_rgb` are never used
[INFO] [stderr]   --> src/rgb.rs:11:10
[INFO] [stderr]    |
[INFO] [stderr] 10 | impl Rgb {
[INFO] [stderr]    | -------- associated items in this implementation
[INFO] [stderr] 11 |   pub fn new(r: u8, g: u8, b: u8) -> Self {
[INFO] [stderr]    |          ^^^
[INFO] [stderr] ...
[INFO] [stderr] 16 |   pub fn s_rgb(&self) -> [f64; 3] {
[INFO] [stderr]    |          ^^^^^
[INFO] [stderr]    |
[INFO] [stderr]    = note: `#[warn(dead_code)]` (part of `#[warn(unused)]`) on by default
[INFO] [stderr] 
[INFO] [stderr] warning: `hsl-ish` (bin "hsl-ish" test) generated 1 warning
[INFO] [stderr]     Finished `release` profile [optimized] target(s) in 0.02s
[INFO] [stderr]      Running unittests src/lib.rs (/opt/rustwide/target/release/deps/hsl_ish-10efb16554cf6fcf)
[INFO] [stdout] 
[INFO] [stdout] running 16 tests
[INFO] [stdout] test rgb::tests::test1 ... ok
[INFO] [stdout] test rgb::tests::test10 ... ok
[INFO] [stdout] test rgb::tests::test0 ... ok
[INFO] [stdout] test rgb::tests::test2 ... ok
[INFO] [stdout] test rgb::tests::test15 ... ok
[INFO] [stdout] test rgb::tests::test12 ... ok
[INFO] [stdout] test rgb::tests::test14 ... FAILED
[INFO] [stdout] test rgb::tests::test13 ... FAILED
[INFO] [stdout] test rgb::tests::test4 ... ok
[INFO] [stdout] test rgb::tests::test11 ... FAILED
[INFO] [stdout] test rgb::tests::test5 ... ok
[INFO] [stdout] test rgb::tests::test6 ... ok
[INFO] [stdout] test rgb::tests::test7 ... ok
[INFO] [stdout] test rgb::tests::test8 ... ok
[INFO] [stdout] test rgb::tests::test9 ... ok
[INFO] [stdout] test rgb::tests::test3 ... ok
[INFO] [stderr] error: test failed, to rerun pass `--lib`
[INFO] [stdout] 
[INFO] [stdout] failures:
[INFO] [stdout] 
[INFO] [stdout] ---- rgb::tests::test14 stdout ----
[INFO] [stdout] 
[INFO] [stdout] thread 'rgb::tests::test14' (184) panicked at src/rgb.rs:107:3:
[INFO] [stdout] assertion `left == right` failed
[INFO] [stdout]   left: 127
[INFO] [stdout]  right: 128
[INFO] [stdout] stack backtrace:
[INFO] [stdout]    0:     0x5bfa8fa98341 - <<std[70759c8f55707aa4]::sys::backtrace::BacktraceLock>::print::DisplayBacktrace as core[df12db4294e9bfd3]::fmt::Display>::fmt
[INFO] [stdout]    1:     0x5bfa8faac51a - core[df12db4294e9bfd3]::fmt::write
[INFO] [stdout]    2:     0x5bfa8fa9c7dc - <alloc[2182bb758b4b3781]::vec::Vec<u8> as core[df12db4294e9bfd3]::io::write::Write>::write_fmt
[INFO] [stdout]    3:     0x5bfa8fa74936 - std[70759c8f55707aa4]::panicking::default_hook::{closure#0}
[INFO] [stdout]    4:     0x5bfa8fa90aa9 - std[70759c8f55707aa4]::panicking::default_hook
[INFO] [stdout]    5:     0x5bfa8fa2cf30 - test[9d35eded1c95d3be]::test_main_inner::<test[9d35eded1c95d3be]::test_main_static::{closure#0}>::{closure#0}
[INFO] [stdout]    6:     0x5bfa8fa90c62 - std[70759c8f55707aa4]::panicking::panic_with_hook
[INFO] [stdout]    7:     0x5bfa8fa749e2 - std[70759c8f55707aa4]::panicking::panic_handler::{closure#0}
[INFO] [stdout]    8:     0x5bfa8fa6d769 - std[70759c8f55707aa4]::sys::backtrace::__rust_end_short_backtrace::<std[70759c8f55707aa4]::panicking::panic_handler::{closure#0}, !>
[INFO] [stdout]    9:     0x5bfa8fa755dd - __rustc[8fa7c3cbc660c2b3]::rust_begin_unwind
[INFO] [stdout]   10:     0x5bfa8faacc4c - core[df12db4294e9bfd3]::panicking::panic_fmt
[INFO] [stdout]   11:     0x5bfa8faacb63 - core[df12db4294e9bfd3]::panicking::assert_failed_inner
[INFO] [stdout]   12:     0x5bfa8fa1f3c1 - core[df12db4294e9bfd3]::panicking::assert_failed::<u8, u8>
[INFO] [stdout]   13:     0x5bfa8fa20109 - <hsl_ish[720ec447778a9a46]::rgb::tests::test14::{closure#0} as core[df12db4294e9bfd3]::ops::function::FnOnce<()>>::call_once
[INFO] [stdout]   14:     0x5bfa8fa2021b - test[9d35eded1c95d3be]::__rust_begin_short_backtrace::<core[df12db4294e9bfd3]::result::Result<(), alloc[2182bb758b4b3781]::string::String>, fn() -> core[df12db4294e9bfd3]::result::Result<(), alloc[2182bb758b4b3781]::string::String>>
[INFO] [stdout]   15:     0x5bfa8fa2d885 - test[9d35eded1c95d3be]::run_test::{closure#0}
[INFO] [stdout]   16:     0x5bfa8fa27144 - std[70759c8f55707aa4]::sys::backtrace::__rust_begin_short_backtrace::<test[9d35eded1c95d3be]::run_test::{closure#1}, ()>
[INFO] [stdout]   17:     0x5bfa8fa309e2 - <std[70759c8f55707aa4]::thread::lifecycle::spawn_unchecked<test[9d35eded1c95d3be]::run_test::{closure#1}, ()>::{closure#1} as core[df12db4294e9bfd3]::ops::function::FnOnce<()>>::call_once::{shim:vtable#0}
[INFO] [stdout]   18:     0x5bfa8fa97c19 - <std[70759c8f55707aa4]::sys::thread::unix::Thread>::new::thread_start
[INFO] [stdout]   19:     0x7cc9ed815dfa - <unknown>
[INFO] [stdout]   20:     0x7cc9ed8a93d4 - clone
[INFO] [stdout]   21:                0x0 - <unknown>
[INFO] [stdout] 
[INFO] [stdout] ---- rgb::tests::test13 stdout ----
[INFO] [stdout] 
[INFO] [stdout] thread 'rgb::tests::test13' (183) panicked at src/rgb.rs:107:3:
[INFO] [stdout] assertion `left == right` failed
[INFO] [stdout]   left: 127
[INFO] [stdout]  right: 128
[INFO] [stdout] stack backtrace:
[INFO] [stdout]    0:     0x5bfa8fa98341 - <<std[70759c8f55707aa4]::sys::backtrace::BacktraceLock>::print::DisplayBacktrace as core[df12db4294e9bfd3]::fmt::Display>::fmt
[INFO] [stdout]    1:     0x5bfa8faac51a - core[df12db4294e9bfd3]::fmt::write
[INFO] [stdout]    2:     0x5bfa8fa9c7dc - <alloc[2182bb758b4b3781]::vec::Vec<u8> as core[df12db4294e9bfd3]::io::write::Write>::write_fmt
[INFO] [stdout]    3:     0x5bfa8fa74936 - std[70759c8f55707aa4]::panicking::default_hook::{closure#0}
[INFO] [stdout]    4:     0x5bfa8fa90aa9 - std[70759c8f55707aa4]::panicking::default_hook
[INFO] [stdout]    5:     0x5bfa8fa2cf30 - test[9d35eded1c95d3be]::test_main_inner::<test[9d35eded1c95d3be]::test_main_static::{closure#0}>::{closure#0}
[INFO] [stdout]    6:     0x5bfa8fa90c62 - std[70759c8f55707aa4]::panicking::panic_with_hook
[INFO] [stdout]    7:     0x5bfa8fa749e2 - std[70759c8f55707aa4]::panicking::panic_handler::{closure#0}
[INFO] [stdout]    8:     0x5bfa8fa6d769 - std[70759c8f55707aa4]::sys::backtrace::__rust_end_short_backtrace::<std[70759c8f55707aa4]::panicking::panic_handler::{closure#0}, !>
[INFO] [stdout]    9:     0x5bfa8fa755dd - __rustc[8fa7c3cbc660c2b3]::rust_begin_unwind
[INFO] [stdout]   10:     0x5bfa8faacc4c - core[df12db4294e9bfd3]::panicking::panic_fmt
[INFO] [stdout]   11:     0x5bfa8faacb63 - core[df12db4294e9bfd3]::panicking::assert_failed_inner
[INFO] [stdout]   12:     0x5bfa8fa1f3c1 - core[df12db4294e9bfd3]::panicking::assert_failed::<u8, u8>
[INFO] [stdout]   13:     0x5bfa8fa20061 - <hsl_ish[720ec447778a9a46]::rgb::tests::test13::{closure#0} as core[df12db4294e9bfd3]::ops::function::FnOnce<()>>::call_once
[INFO] [stdout]   14:     0x5bfa8fa2021b - test[9d35eded1c95d3be]::__rust_begin_short_backtrace::<core[df12db4294e9bfd3]::result::Result<(), alloc[2182bb758b4b3781]::string::String>, fn() -> core[df12db4294e9bfd3]::result::Result<(), alloc[2182bb758b4b3781]::string::String>>
[INFO] [stdout]   15:     0x5bfa8fa2d885 - test[9d35eded1c95d3be]::run_test::{closure#0}
[INFO] [stdout]   16:     0x5bfa8fa27144 - std[70759c8f55707aa4]::sys::backtrace::__rust_begin_short_backtrace::<test[9d35eded1c95d3be]::run_test::{closure#1}, ()>
[INFO] [stdout]   17:     0x5bfa8fa309e2 - <std[70759c8f55707aa4]::thread::lifecycle::spawn_unchecked<test[9d35eded1c95d3be]::run_test::{closure#1}, ()>::{closure#1} as core[df12db4294e9bfd3]::ops::function::FnOnce<()>>::call_once::{shim:vtable#0}
[INFO] [stdout]   18:     0x5bfa8fa97c19 - <std[70759c8f55707aa4]::sys::thread::unix::Thread>::new::thread_start
[INFO] [stdout]   19:     0x7cc9ed815dfa - <unknown>
[INFO] [stdout]   20:     0x7cc9ed8a93d4 - clone
[INFO] [stdout]   21:                0x0 - <unknown>
[INFO] [stdout] 
[INFO] [stdout] ---- rgb::tests::test11 stdout ----
[INFO] [stdout] 
[INFO] [stdout] thread 'rgb::tests::test11' (181) panicked at src/rgb.rs:107:3:
[INFO] [stdout] assertion `left == right` failed
[INFO] [stdout]   left: 127
[INFO] [stdout]  right: 128
[INFO] [stdout] stack backtrace:
[INFO] [stdout]    0:     0x5bfa8fa98341 - <<std[70759c8f55707aa4]::sys::backtrace::BacktraceLock>::print::DisplayBacktrace as core[df12db4294e9bfd3]::fmt::Display>::fmt
[INFO] [stdout]    1:     0x5bfa8faac51a - core[df12db4294e9bfd3]::fmt::write
[INFO] [stdout]    2:     0x5bfa8fa9c7dc - <alloc[2182bb758b4b3781]::vec::Vec<u8> as core[df12db4294e9bfd3]::io::write::Write>::write_fmt
[INFO] [stdout]    3:     0x5bfa8fa74936 - std[70759c8f55707aa4]::panicking::default_hook::{closure#0}
[INFO] [stdout]    4:     0x5bfa8fa90aa9 - std[70759c8f55707aa4]::panicking::default_hook
[INFO] [stdout]    5:     0x5bfa8fa2cf30 - test[9d35eded1c95d3be]::test_main_inner::<test[9d35eded1c95d3be]::test_main_static::{closure#0}>::{closure#0}
[INFO] [stdout]    6:     0x5bfa8fa90c62 - std[70759c8f55707aa4]::panicking::panic_with_hook
[INFO] [stdout]    7:     0x5bfa8fa749e2 - std[70759c8f55707aa4]::panicking::panic_handler::{closure#0}
[INFO] [stdout]    8:     0x5bfa8fa6d769 - std[70759c8f55707aa4]::sys::backtrace::__rust_end_short_backtrace::<std[70759c8f55707aa4]::panicking::panic_handler::{closure#0}, !>
[INFO] [stdout]    9:     0x5bfa8fa755dd - __rustc[8fa7c3cbc660c2b3]::rust_begin_unwind
[INFO] [stdout]   10:     0x5bfa8faacc4c - core[df12db4294e9bfd3]::panicking::panic_fmt
[INFO] [stdout]   11:     0x5bfa8faacb63 - core[df12db4294e9bfd3]::panicking::assert_failed_inner
[INFO] [stdout]   12:     0x5bfa8fa1f3c1 - core[df12db4294e9bfd3]::panicking::assert_failed::<u8, u8>
[INFO] [stdout]   13:     0x5bfa8fa1feeb - <hsl_ish[720ec447778a9a46]::rgb::tests::test11::{closure#0} as core[df12db4294e9bfd3]::ops::function::FnOnce<()>>::call_once
[INFO] [stdout]   14:     0x5bfa8fa2021b - test[9d35eded1c95d3be]::__rust_begin_short_backtrace::<core[df12db4294e9bfd3]::result::Result<(), alloc[2182bb758b4b3781]::string::String>, fn() -> core[df12db4294e9bfd3]::result::Result<(), alloc[2182bb758b4b3781]::string::String>>
[INFO] [stdout]   15:     0x5bfa8fa2d885 - test[9d35eded1c95d3be]::run_test::{closure#0}
[INFO] [stdout]   16:     0x5bfa8fa27144 - std[70759c8f55707aa4]::sys::backtrace::__rust_begin_short_backtrace::<test[9d35eded1c95d3be]::run_test::{closure#1}, ()>
[INFO] [stdout]   17:     0x5bfa8fa309e2 - <std[70759c8f55707aa4]::thread::lifecycle::spawn_unchecked<test[9d35eded1c95d3be]::run_test::{closure#1}, ()>::{closure#1} as core[df12db4294e9bfd3]::ops::function::FnOnce<()>>::call_once::{shim:vtable#0}
[INFO] [stdout]   18:     0x5bfa8fa97c19 - <std[70759c8f55707aa4]::sys::thread::unix::Thread>::new::thread_start
[INFO] [stdout]   19:     0x7cc9ed815dfa - <unknown>
[INFO] [stdout]   20:     0x7cc9ed8a93d4 - clone
[INFO] [stdout]   21:                0x0 - <unknown>
[INFO] [stdout] 
[INFO] [stdout] 
[INFO] [stdout] failures:
[INFO] [stdout]     rgb::tests::test11
[INFO] [stdout]     rgb::tests::test13
[INFO] [stdout]     rgb::tests::test14
[INFO] [stdout] 
[INFO] [stdout] test result: FAILED. 13 passed; 3 failed; 0 ignored; 0 measured; 0 filtered out; finished in 0.01s
[INFO] [stdout] 
[INFO] running `Command { std: "docker" "inspect" "67b4ea1457f20abf612307853b8af8f8c5a375a724847d97fc82c881e9e2cf47", kill_on_drop: false }`
[INFO] running `Command { std: "docker" "rm" "-f" "67b4ea1457f20abf612307853b8af8f8c5a375a724847d97fc82c881e9e2cf47", kill_on_drop: false }`
[INFO] [stdout] 67b4ea1457f20abf612307853b8af8f8c5a375a724847d97fc82c881e9e2cf47
