[INFO] fetching crate hringas 0.6.0...
[INFO] testing hringas-0.6.0 against 1.99.0-beta.8+cargoflags=--release for beta-release-1.100-2
[INFO] extracting crate hringas 0.6.0 into /workspace/builds/worker-6-tc1/source
[INFO] started tweaking crates.io crate hringas 0.6.0
[INFO] removed 0 missing examples
[INFO] finished tweaking crates.io crate hringas 0.6.0
[INFO] tweaked toml for crates.io crate hringas 0.6.0 written to /workspace/builds/worker-6-tc1/source/Cargo.toml
[INFO] validating manifest of crates.io crate hringas 0.6.0 on toolchain 1.99.0-beta.8
[INFO] running `Command { std: CARGO_HOME="/workspace/cargo-home" RUSTUP_HOME="/workspace/rustup-home" "/workspace/cargo-home/bin/cargo" "+1.99.0-beta.8" "metadata" "--manifest-path" "Cargo.toml" "--no-deps", kill_on_drop: false }`
[INFO] crate crates.io crate hringas 0.6.0 already has a lockfile, it will not be regenerated
[INFO] running `Command { std: CARGO_HOME="/workspace/cargo-home" RUSTUP_HOME="/workspace/rustup-home" "/workspace/cargo-home/bin/cargo" "+1.99.0-beta.8" "fetch" "--manifest-path" "Cargo.toml", kill_on_drop: false }`
[INFO] [stderr]     Updating crates.io index
[INFO] [stderr]  Downloading crates ...
[INFO] [stderr]   Downloaded errno v0.3.10
[INFO] [stderr]   Downloaded bitflags v2.6.0
[INFO] [stderr]   Downloaded pretty_assertions v1.4.1
[INFO] [stderr]   Downloaded libc v0.2.178
[INFO] running `Command { std: "docker" "create" "-v" "/var/lib/crater-agent-workspace/builds/worker-6-tc1/source:/opt/rustwide/workdir:ro,Z" "-v" "/var/lib/crater-agent-workspace/builds/worker-6-tc1/target:/opt/rustwide/target:rw,Z" "-v" "/var/lib/crater-agent-workspace/cargo-home:/opt/rustwide/cargo-home:ro,Z" "-v" "/var/lib/crater-agent-workspace/rustup-home:/opt/rustwide/rustup-home:ro,Z" "-m" "1610612736" "--network" "none" "ghcr.io/rust-lang/crates-build-env/linux@sha256:77db811e55d90add9212f6832c23229e3de5f1c1f9905e8cb07319ea15df73ac" "sleep" "infinity", kill_on_drop: false }`
[INFO] [stdout] bf621d19b54c44bfaca2ddf08417f4b4084ae6fbde3fdfeac4e8c691f6423f9a
[INFO] running `Command { std: "docker" "start" "bf621d19b54c44bfaca2ddf08417f4b4084ae6fbde3fdfeac4e8c691f6423f9a", kill_on_drop: false }`
[INFO] running `Command { std: "docker" "inspect" "bf621d19b54c44bfaca2ddf08417f4b4084ae6fbde3fdfeac4e8c691f6423f9a", kill_on_drop: false }`
[INFO] running `Command { std: "docker" "exec" "-e" "SOURCE_DIR=/opt/rustwide/workdir" "-e" "CARGO_HOME=/opt/rustwide/cargo-home" "-e" "RUSTUP_HOME=/opt/rustwide/rustup-home" "-e" "CARGO_TARGET_DIR=/opt/rustwide/target" "-w" "/opt/rustwide/workdir" "--user" "0:0" "bf621d19b54c44bfaca2ddf08417f4b4084ae6fbde3fdfeac4e8c691f6423f9a" "/opt/rustwide/cargo-home/bin/cargo" "+1.99.0-beta.8" "metadata" "--no-deps" "--format-version=1", kill_on_drop: false }`
[INFO] running `Command { std: "docker" "inspect" "bf621d19b54c44bfaca2ddf08417f4b4084ae6fbde3fdfeac4e8c691f6423f9a", kill_on_drop: false }`
[INFO] running `Command { std: "docker" "exec" "-e" "SOURCE_DIR=/opt/rustwide/workdir" "-e" "CARGO_HOME=/opt/rustwide/cargo-home" "-e" "RUSTUP_HOME=/opt/rustwide/rustup-home" "-e" "CARGO_TARGET_DIR=/opt/rustwide/target" "-e" "CARGO_INCREMENTAL=0" "-e" "RUST_BACKTRACE=full" "-e" "RUSTFLAGS=--cap-lints=warn" "-e" "RUSTDOCFLAGS=--cap-lints=warn" "-w" "/opt/rustwide/workdir" "--user" "0:0" "bf621d19b54c44bfaca2ddf08417f4b4084ae6fbde3fdfeac4e8c691f6423f9a" "/opt/rustwide/cargo-home/bin/cargo" "+1.99.0-beta.8" "build" "--frozen" "--message-format=json" "--release", kill_on_drop: false }`
[INFO] [stderr]    Compiling rustix v1.1.3
[INFO] [stderr]    Compiling bitflags v2.6.0
[INFO] [stderr]    Compiling linux-raw-sys v0.11.0
[INFO] [stderr]    Compiling hringas v0.6.0 (/opt/rustwide/workdir)
[INFO] [stdout] warning: field `features` is never read
[INFO] [stdout]   --> src/lib.rs:55:5
[INFO] [stdout]    |
[INFO] [stdout] 51 | pub struct IoUring {
[INFO] [stdout]    |            ------- field in this struct
[INFO] [stdout] ...
[INFO] [stdout] 55 |     features: IoringFeatureFlags,
[INFO] [stdout]    |     ^^^^^^^^
[INFO] [stdout]    |
[INFO] [stdout]    = note: `IoUring` has a derived impl for the trait `Debug`, but this is intentionally ignored during dead code analysis
[INFO] [stdout]    = note: `#[warn(dead_code)]` (part of `#[warn(unused)]`) on by default
[INFO] [stdout] 
[INFO] [stdout] 
[INFO] [stderr]     Finished `release` profile [optimized] target(s) in 14.85s
[INFO] running `Command { std: "docker" "inspect" "bf621d19b54c44bfaca2ddf08417f4b4084ae6fbde3fdfeac4e8c691f6423f9a", kill_on_drop: false }`
[INFO] running `Command { std: "docker" "exec" "-e" "SOURCE_DIR=/opt/rustwide/workdir" "-e" "CARGO_HOME=/opt/rustwide/cargo-home" "-e" "RUSTUP_HOME=/opt/rustwide/rustup-home" "-e" "CARGO_TARGET_DIR=/opt/rustwide/target" "-e" "CARGO_INCREMENTAL=0" "-e" "RUST_BACKTRACE=full" "-e" "RUSTFLAGS=--cap-lints=warn" "-e" "RUSTDOCFLAGS=--cap-lints=warn" "-w" "/opt/rustwide/workdir" "--user" "0:0" "bf621d19b54c44bfaca2ddf08417f4b4084ae6fbde3fdfeac4e8c691f6423f9a" "/opt/rustwide/cargo-home/bin/cargo" "+1.99.0-beta.8" "test" "--frozen" "--no-run" "--message-format=json" "--release", kill_on_drop: false }`
[INFO] [stderr]    Compiling libc v0.2.178
[INFO] [stderr]    Compiling rustix v1.1.3
[INFO] [stderr]    Compiling getrandom v0.3.4
[INFO] [stderr]    Compiling cfg-if v1.0.4
[INFO] [stderr]    Compiling yansi v1.0.1
[INFO] [stderr]    Compiling fastrand v2.3.0
[INFO] [stderr]    Compiling diff v0.1.13
[INFO] [stderr]    Compiling once_cell v1.21.3
[INFO] [stderr]    Compiling pretty_assertions v1.4.1
[INFO] [stderr]    Compiling tempfile v3.24.0
[INFO] [stderr]    Compiling hringas v0.6.0 (/opt/rustwide/workdir)
[INFO] [stdout] warning: field `features` is never read
[INFO] [stdout]   --> src/lib.rs:55:5
[INFO] [stdout]    |
[INFO] [stdout] 51 | pub struct IoUring {
[INFO] [stdout]    |            ------- field in this struct
[INFO] [stdout] ...
[INFO] [stdout] 55 |     features: IoringFeatureFlags,
[INFO] [stdout]    |     ^^^^^^^^
[INFO] [stdout]    |
[INFO] [stdout]    = note: `IoUring` has a derived impl for the trait `Debug`, but this is intentionally ignored during dead code analysis
[INFO] [stdout]    = note: `#[warn(dead_code)]` (part of `#[warn(unused)]`) on by default
[INFO] [stdout] 
[INFO] [stdout] 
[INFO] [stdout] warning: field `features` is never read
[INFO] [stdout]   --> src/lib.rs:55:5
[INFO] [stdout]    |
[INFO] [stdout] 51 | pub struct IoUring {
[INFO] [stdout]    |            ------- field in this struct
[INFO] [stdout] ...
[INFO] [stdout] 55 |     features: IoringFeatureFlags,
[INFO] [stdout]    |     ^^^^^^^^
[INFO] [stdout]    |
[INFO] [stdout]    = note: `IoUring` has a derived impl for the trait `Debug`, but this is intentionally ignored during dead code analysis
[INFO] [stdout]    = note: `#[warn(dead_code)]` (part of `#[warn(unused)]`) on by default
[INFO] [stdout] 
[INFO] [stdout] 
[INFO] [stderr]     Finished `release` profile [optimized] target(s) in 17.03s
[INFO] running `Command { std: "docker" "inspect" "bf621d19b54c44bfaca2ddf08417f4b4084ae6fbde3fdfeac4e8c691f6423f9a", kill_on_drop: false }`
[INFO] running `Command { std: "docker" "exec" "-e" "SOURCE_DIR=/opt/rustwide/workdir" "-e" "CARGO_HOME=/opt/rustwide/cargo-home" "-e" "RUSTUP_HOME=/opt/rustwide/rustup-home" "-e" "CARGO_TARGET_DIR=/opt/rustwide/target" "-e" "CARGO_INCREMENTAL=0" "-e" "RUST_BACKTRACE=full" "-e" "RUSTFLAGS=--cap-lints=warn" "-e" "RUSTDOCFLAGS=--cap-lints=warn" "-w" "/opt/rustwide/workdir" "--user" "0:0" "bf621d19b54c44bfaca2ddf08417f4b4084ae6fbde3fdfeac4e8c691f6423f9a" "/opt/rustwide/cargo-home/bin/cargo" "+1.99.0-beta.8" "test" "--frozen" "--release", kill_on_drop: false }`
[INFO] [stderr] warning: field `features` is never read
[INFO] [stderr]   --> src/lib.rs:55:5
[INFO] [stderr]    |
[INFO] [stderr] 51 | pub struct IoUring {
[INFO] [stdout] 
[INFO] [stderr]    |            ------- field in this struct
[INFO] [stdout] running 10 tests
[INFO] [stderr] ...
[INFO] [stderr] 55 |     features: IoringFeatureFlags,
[INFO] [stderr]    |     ^^^^^^^^
[INFO] [stderr]    |
[INFO] [stderr]    = note: `IoUring` has a derived impl for the trait `Debug`, but this is intentionally ignored during dead code analysis
[INFO] [stderr]    = note: `#[warn(dead_code)]` (part of `#[warn(unused)]`) on by default
[INFO] [stderr] 
[INFO] [stderr] warning: `hringas` (lib) generated 1 warning
[INFO] [stderr] warning: `hringas` (lib test) generated 1 warning (1 duplicate)
[INFO] [stderr]     Finished `release` profile [optimized] target(s) in 0.04s
[INFO] [stderr]      Running unittests src/lib.rs (/opt/rustwide/target/release/deps/hringas-de2e52955a62d7a8)
[INFO] [stdout] test test_ioring_op_uring_cmd::handles_32bit_sqes ... ignored
[INFO] [stdout] test test_ioring_op_uring_cmd::panics_on_cqe_c32_setup_flag ... FAILED
[INFO] [stdout] test zig_tests::openat ... FAILED
[INFO] [stdout] test zig_tests::readv ... FAILED
[INFO] [stdout] test zig_tests::splice_read ... FAILED
[INFO] [stdout] test zig_tests::write_fixed_read_fixed ... FAILED
[INFO] [stdout] test zig_tests::write_read ... FAILED
[INFO] [stdout] test zig_tests::writev_fsync_readv ... FAILED
[INFO] [stdout] test zig_tests::nop ... FAILED
[INFO] [stdout] test zig_tests::entries ... ok
[INFO] [stdout] 
[INFO] [stdout] failures:
[INFO] [stdout] 
[INFO] [stdout] ---- test_ioring_op_uring_cmd::panics_on_cqe_c32_setup_flag stdout ----
[INFO] [stdout] 
[INFO] [stdout] thread 'test_ioring_op_uring_cmd::panics_on_cqe_c32_setup_flag' (479) panicked at src/lib.rs:577:9:
[INFO] [stdout] attempt to construct ring with CQE32 flag not caught
[INFO] [stdout] stack backtrace:
[INFO] [stdout]    0:     0x634289a43001 - <<std[70759c8f55707aa4]::sys::backtrace::BacktraceLock>::print::DisplayBacktrace as core[df12db4294e9bfd3]::fmt::Display>::fmt
[INFO] [stdout]    1:     0x634289a5751a - core[df12db4294e9bfd3]::fmt::write
[INFO] [stdout]    2:     0x634289a4770c - <alloc[2182bb758b4b3781]::vec::Vec<u8> as core[df12db4294e9bfd3]::io::write::Write>::write_fmt
[INFO] [stdout]    3:     0x634289a1e196 - std[70759c8f55707aa4]::panicking::default_hook::{closure#0}
[INFO] [stdout]    4:     0x634289a3af99 - std[70759c8f55707aa4]::panicking::default_hook
[INFO] [stdout]    5:     0x6342899cf8d0 - test[9d35eded1c95d3be]::test_main_inner::<test[9d35eded1c95d3be]::test_main_static::{closure#0}>::{closure#0}
[INFO] [stdout]    6:     0x634289a3b152 - std[70759c8f55707aa4]::panicking::panic_with_hook
[INFO] [stdout]    7:     0x634289a1e274 - std[70759c8f55707aa4]::panicking::panic_handler::{closure#0}
[INFO] [stdout]    8:     0x634289a16ea9 - std[70759c8f55707aa4]::sys::backtrace::__rust_end_short_backtrace::<std[70759c8f55707aa4]::panicking::panic_handler::{closure#0}, !>
[INFO] [stdout]    9:     0x634289a1ee3d - __rustc[8fa7c3cbc660c2b3]::rust_begin_unwind
[INFO] [stdout]   10:     0x634289a57c4c - core[df12db4294e9bfd3]::panicking::panic_fmt
[INFO] [stdout]   11:     0x6342899c09c0 - <hringas[d6e4a5afa5500dd8]::test_ioring_op_uring_cmd::panics_on_cqe_c32_setup_flag::{closure#0} as core[df12db4294e9bfd3]::ops::function::FnOnce<()>>::call_once
[INFO] [stdout]   12:     0x6342899c2bbb - test[9d35eded1c95d3be]::__rust_begin_short_backtrace::<core[df12db4294e9bfd3]::result::Result<(), alloc[2182bb758b4b3781]::string::String>, fn() -> core[df12db4294e9bfd3]::result::Result<(), alloc[2182bb758b4b3781]::string::String>>
[INFO] [stdout]   13:     0x6342899d0225 - test[9d35eded1c95d3be]::run_test::{closure#0}
[INFO] [stdout]   14:     0x6342899c9ae4 - std[70759c8f55707aa4]::sys::backtrace::__rust_begin_short_backtrace::<test[9d35eded1c95d3be]::run_test::{closure#1}, ()>
[INFO] [stdout]   15:     0x6342899d3382 - <std[70759c8f55707aa4]::thread::lifecycle::spawn_unchecked<test[9d35eded1c95d3be]::run_test::{closure#1}, ()>::{closure#1} as core[df12db4294e9bfd3]::ops::function::FnOnce<()>>::call_once::{shim:vtable#0}
[INFO] [stdout]   16:     0x634289a428d9 - <std[70759c8f55707aa4]::sys::thread::unix::Thread>::new::thread_start
[INFO] [stdout]   17:     0x7a60d1551dfa - <unknown>
[INFO] [stdout]   18:     0x7a60d15e53d4 - clone
[INFO] [stdout]   19:                0x0 - <unknown>
[INFO] [stdout] 
[INFO] [stdout] ---- zig_tests::openat stdout ----
[INFO] [stdout] 
[INFO] [stdout] thread 'zig_tests::openat' (482) panicked at src/lib.rs:1037:40:
[INFO] [stdout] called `Result::unwrap()` on an `Err` value: Os(Os { code: 1, kind: PermissionDenied, message: "Operation not permitted" })
[INFO] [stdout] stack backtrace:
[INFO] [stdout]    0:     0x634289a43001 - <<std[70759c8f55707aa4]::sys::backtrace::BacktraceLock>::print::DisplayBacktrace as core[df12db4294e9bfd3]::fmt::Display>::fmt
[INFO] [stdout]    1:     0x634289a5751a - core[df12db4294e9bfd3]::fmt::write
[INFO] [stdout]    2:     0x634289a4770c - <alloc[2182bb758b4b3781]::vec::Vec<u8> as core[df12db4294e9bfd3]::io::write::Write>::write_fmt
[INFO] [stdout]    3:     0x634289a1e196 - std[70759c8f55707aa4]::panicking::default_hook::{closure#0}
[INFO] [stdout]    4:     0x634289a3af99 - std[70759c8f55707aa4]::panicking::default_hook
[INFO] [stdout]    5:     0x6342899cf8d0 - test[9d35eded1c95d3be]::test_main_inner::<test[9d35eded1c95d3be]::test_main_static::{closure#0}>::{closure#0}
[INFO] [stdout]    6:     0x634289a3b152 - std[70759c8f55707aa4]::panicking::panic_with_hook
[INFO] [stdout]    7:     0x634289a1e242 - std[70759c8f55707aa4]::panicking::panic_handler::{closure#0}
[INFO] [stdout]    8:     0x634289a16ea9 - std[70759c8f55707aa4]::sys::backtrace::__rust_end_short_backtrace::<std[70759c8f55707aa4]::panicking::panic_handler::{closure#0}, !>
[INFO] [stdout]    9:     0x634289a1ee3d - __rustc[8fa7c3cbc660c2b3]::rust_begin_unwind
[INFO] [stdout]   10:     0x634289a57c4c - core[df12db4294e9bfd3]::panicking::panic_fmt
[INFO] [stdout]   11:     0x634289a57a22 - core[df12db4294e9bfd3]::result::unwrap_failed
[INFO] [stdout]   12:     0x6342899bd4b8 - hringas[d6e4a5afa5500dd8]::zig_tests::openat
[INFO] [stdout]   13:     0x6342899c0ab9 - <hringas[d6e4a5afa5500dd8]::zig_tests::openat::{closure#0} as core[df12db4294e9bfd3]::ops::function::FnOnce<()>>::call_once
[INFO] [stdout]   14:     0x6342899c2bbb - test[9d35eded1c95d3be]::__rust_begin_short_backtrace::<core[df12db4294e9bfd3]::result::Result<(), alloc[2182bb758b4b3781]::string::String>, fn() -> core[df12db4294e9bfd3]::result::Result<(), alloc[2182bb758b4b3781]::string::String>>
[INFO] [stdout]   15:     0x6342899d0225 - test[9d35eded1c95d3be]::run_test::{closure#0}
[INFO] [stdout]   16:     0x6342899c9ae4 - std[70759c8f55707aa4]::sys::backtrace::__rust_begin_short_backtrace::<test[9d35eded1c95d3be]::run_test::{closure#1}, ()>
[INFO] [stdout]   17:     0x6342899d3382 - <std[70759c8f55707aa4]::thread::lifecycle::spawn_unchecked<test[9d35eded1c95d3be]::run_test::{closure#1}, ()>::{closure#1} as core[df12db4294e9bfd3]::ops::function::FnOnce<()>>::call_once::{shim:vtable#0}
[INFO] [stdout]   18:     0x634289a428d9 - <std[70759c8f55707aa4]::sys::thread::unix::Thread>::new::thread_start
[INFO] [stdout]   19:     0x7a60d1551dfa - <unknown>
[INFO] [stdout]   20:     0x7a60d15e53d4 - clone
[INFO] [stdout]   21:                0x0 - <unknown>
[INFO] [stdout] 
[INFO] [stdout] ---- zig_tests::readv stdout ----
[INFO] [stdout] 
[INFO] [stdout] thread 'zig_tests::readv' (483) panicked at src/lib.rs:740:40:
[INFO] [stdout] called `Result::unwrap()` on an `Err` value: Os(Os { code: 1, kind: PermissionDenied, message: "Operation not permitted" })
[INFO] [stdout] stack backtrace:
[INFO] [stdout]    0:     0x634289a43001 - <<std[70759c8f55707aa4]::sys::backtrace::BacktraceLock>::print::DisplayBacktrace as core[df12db4294e9bfd3]::fmt::Display>::fmt
[INFO] [stdout]    1:     0x634289a5751a - core[df12db4294e9bfd3]::fmt::write
[INFO] [stdout]    2:     0x634289a4770c - <alloc[2182bb758b4b3781]::vec::Vec<u8> as core[df12db4294e9bfd3]::io::write::Write>::write_fmt
[INFO] [stdout]    3:     0x634289a1e196 - std[70759c8f55707aa4]::panicking::default_hook::{closure#0}
[INFO] [stdout]    4:     0x634289a3af99 - std[70759c8f55707aa4]::panicking::default_hook
[INFO] [stdout]    5:     0x6342899cf8d0 - test[9d35eded1c95d3be]::test_main_inner::<test[9d35eded1c95d3be]::test_main_static::{closure#0}>::{closure#0}
[INFO] [stdout]    6:     0x634289a3b152 - std[70759c8f55707aa4]::panicking::panic_with_hook
[INFO] [stdout]    7:     0x634289a1e242 - std[70759c8f55707aa4]::panicking::panic_handler::{closure#0}
[INFO] [stdout]    8:     0x634289a16ea9 - std[70759c8f55707aa4]::sys::backtrace::__rust_end_short_backtrace::<std[70759c8f55707aa4]::panicking::panic_handler::{closure#0}, !>
[INFO] [stdout]    9:     0x634289a1ee3d - __rustc[8fa7c3cbc660c2b3]::rust_begin_unwind
[INFO] [stdout]   10:     0x634289a57c4c - core[df12db4294e9bfd3]::panicking::panic_fmt
[INFO] [stdout]   11:     0x634289a57a22 - core[df12db4294e9bfd3]::result::unwrap_failed
[INFO] [stdout]   12:     0x6342899bcdb8 - hringas[d6e4a5afa5500dd8]::zig_tests::readv
[INFO] [stdout]   13:     0x6342899c0a99 - <hringas[d6e4a5afa5500dd8]::zig_tests::readv::{closure#0} as core[df12db4294e9bfd3]::ops::function::FnOnce<()>>::call_once
[INFO] [stdout]   14:     0x6342899c2bbb - test[9d35eded1c95d3be]::__rust_begin_short_backtrace::<core[df12db4294e9bfd3]::result::Result<(), alloc[2182bb758b4b3781]::string::String>, fn() -> core[df12db4294e9bfd3]::result::Result<(), alloc[2182bb758b4b3781]::string::String>>
[INFO] [stdout]   15:     0x6342899d0225 - test[9d35eded1c95d3be]::run_test::{closure#0}
[INFO] [stdout]   16:     0x6342899c9ae4 - std[70759c8f55707aa4]::sys::backtrace::__rust_begin_short_backtrace::<test[9d35eded1c95d3be]::run_test::{closure#1}, ()>
[INFO] [stdout]   17:     0x6342899d3382 - <std[70759c8f55707aa4]::thread::lifecycle::spawn_unchecked<test[9d35eded1c95d3be]::run_test::{closure#1}, ()>::{closure#1} as core[df12db4294e9bfd3]::ops::function::FnOnce<()>>::call_once::{shim:vtable#0}
[INFO] [stdout]   18:     0x634289a428d9 - <std[70759c8f55707aa4]::sys::thread::unix::Thread>::new::thread_start
[INFO] [stdout]   19:     0x7a60d1551dfa - <unknown>
[INFO] [stdout]   20:     0x7a60d15e53d4 - clone
[INFO] [stdout]   21:                0x0 - <unknown>
[INFO] [stdout] 
[INFO] [stdout] ---- zig_tests::splice_read stdout ----
[INFO] [stdout] 
[INFO] [stdout] thread 'zig_tests::splice_read' (484) panicked at src/lib.rs:895:40:
[INFO] [stdout] called `Result::unwrap()` on an `Err` value: Os(Os { code: 1, kind: PermissionDenied, message: "Operation not permitted" })
[INFO] [stdout] stack backtrace:
[INFO] [stdout]    0:     0x634289a43001 - <<std[70759c8f55707aa4]::sys::backtrace::BacktraceLock>::print::DisplayBacktrace as core[df12db4294e9bfd3]::fmt::Display>::fmt
[INFO] [stdout]    1:     0x634289a5751a - core[df12db4294e9bfd3]::fmt::write
[INFO] [stdout]    2:     0x634289a4770c - <alloc[2182bb758b4b3781]::vec::Vec<u8> as core[df12db4294e9bfd3]::io::write::Write>::write_fmt
[INFO] [stdout]    3:     0x634289a1e196 - std[70759c8f55707aa4]::panicking::default_hook::{closure#0}
[INFO] [stdout]    4:     0x634289a3af99 - std[70759c8f55707aa4]::panicking::default_hook
[INFO] [stdout]    5:     0x6342899cf8d0 - test[9d35eded1c95d3be]::test_main_inner::<test[9d35eded1c95d3be]::test_main_static::{closure#0}>::{closure#0}
[INFO] [stdout]    6:     0x634289a3b152 - std[70759c8f55707aa4]::panicking::panic_with_hook
[INFO] [stdout]    7:     0x634289a1e242 - std[70759c8f55707aa4]::panicking::panic_handler::{closure#0}
[INFO] [stdout]    8:     0x634289a16ea9 - std[70759c8f55707aa4]::sys::backtrace::__rust_end_short_backtrace::<std[70759c8f55707aa4]::panicking::panic_handler::{closure#0}, !>
[INFO] [stdout]    9:     0x634289a1ee3d - __rustc[8fa7c3cbc660c2b3]::rust_begin_unwind
[INFO] [stdout]   10:     0x634289a57c4c - core[df12db4294e9bfd3]::panicking::panic_fmt
[INFO] [stdout]   11:     0x634289a57a22 - core[df12db4294e9bfd3]::result::unwrap_failed
[INFO] [stdout]   12:     0x6342899b9f4e - hringas[d6e4a5afa5500dd8]::zig_tests::splice_read
[INFO] [stdout]   13:     0x6342899c0a19 - <hringas[d6e4a5afa5500dd8]::zig_tests::splice_read::{closure#0} as core[df12db4294e9bfd3]::ops::function::FnOnce<()>>::call_once
[INFO] [stdout]   14:     0x6342899c2bbb - test[9d35eded1c95d3be]::__rust_begin_short_backtrace::<core[df12db4294e9bfd3]::result::Result<(), alloc[2182bb758b4b3781]::string::String>, fn() -> core[df12db4294e9bfd3]::result::Result<(), alloc[2182bb758b4b3781]::string::String>>
[INFO] [stdout]   15:     0x6342899d0225 - test[9d35eded1c95d3be]::run_test::{closure#0}
[INFO] [stdout]   16:     0x6342899c9ae4 - std[70759c8f55707aa4]::sys::backtrace::__rust_begin_short_backtrace::<test[9d35eded1c95d3be]::run_test::{closure#1}, ()>
[INFO] [stdout]   17:     0x6342899d3382 - <std[70759c8f55707aa4]::thread::lifecycle::spawn_unchecked<test[9d35eded1c95d3be]::run_test::{closure#1}, ()>::{closure#1} as core[df12db4294e9bfd3]::ops::function::FnOnce<()>>::call_once::{shim:vtable#0}
[INFO] [stdout]   18:     0x634289a428d9 - <std[70759c8f55707aa4]::sys::thread::unix::Thread>::new::thread_start
[INFO] [stdout]   19:     0x7a60d1551dfa - <unknown>
[INFO] [stdout]   20:     0x7a60d15e53d4 - clone
[INFO] [stdout]   21:                0x0 - <unknown>
[INFO] [stdout] 
[INFO] [stdout] ---- zig_tests::write_fixed_read_fixed stdout ----
[INFO] [stdout] 
[INFO] [stdout] thread 'zig_tests::write_fixed_read_fixed' (485) panicked at src/lib.rs:977:40:
[INFO] [stdout] called `Result::unwrap()` on an `Err` value: Os(Os { code: 1, kind: PermissionDenied, message: "Operation not permitted" })
[INFO] [stdout] stack backtrace:
[INFO] [stdout]    0:     0x634289a43001 - <<std[70759c8f55707aa4]::sys::backtrace::BacktraceLock>::print::DisplayBacktrace as core[df12db4294e9bfd3]::fmt::Display>::fmt
[INFO] [stdout]    1:     0x634289a5751a - core[df12db4294e9bfd3]::fmt::write
[INFO] [stdout]    2:     0x634289a4770c - <alloc[2182bb758b4b3781]::vec::Vec<u8> as core[df12db4294e9bfd3]::io::write::Write>::write_fmt
[INFO] [stdout]    3:     0x634289a1e196 - std[70759c8f55707aa4]::panicking::default_hook::{closure#0}
[INFO] [stdout]    4:     0x634289a3af99 - std[70759c8f55707aa4]::panicking::default_hook
[INFO] [stdout]    5:     0x6342899cf8d0 - test[9d35eded1c95d3be]::test_main_inner::<test[9d35eded1c95d3be]::test_main_static::{closure#0}>::{closure#0}
[INFO] [stdout]    6:     0x634289a3b152 - std[70759c8f55707aa4]::panicking::panic_with_hook
[INFO] [stdout]    7:     0x634289a1e242 - std[70759c8f55707aa4]::panicking::panic_handler::{closure#0}
[INFO] [stdout]    8:     0x634289a16ea9 - std[70759c8f55707aa4]::sys::backtrace::__rust_end_short_backtrace::<std[70759c8f55707aa4]::panicking::panic_handler::{closure#0}, !>
[INFO] [stdout]    9:     0x634289a1ee3d - __rustc[8fa7c3cbc660c2b3]::rust_begin_unwind
[INFO] [stdout]   10:     0x634289a57c4c - core[df12db4294e9bfd3]::panicking::panic_fmt
[INFO] [stdout]   11:     0x634289a57a22 - core[df12db4294e9bfd3]::result::unwrap_failed
[INFO] [stdout]   12:     0x6342899bb7cc - hringas[d6e4a5afa5500dd8]::zig_tests::write_fixed_read_fixed
[INFO] [stdout]   13:     0x6342899c0a59 - <hringas[d6e4a5afa5500dd8]::zig_tests::write_fixed_read_fixed::{closure#0} as core[df12db4294e9bfd3]::ops::function::FnOnce<()>>::call_once
[INFO] [stdout]   14:     0x6342899c2bbb - test[9d35eded1c95d3be]::__rust_begin_short_backtrace::<core[df12db4294e9bfd3]::result::Result<(), alloc[2182bb758b4b3781]::string::String>, fn() -> core[df12db4294e9bfd3]::result::Result<(), alloc[2182bb758b4b3781]::string::String>>
[INFO] [stdout]   15:     0x6342899d0225 - test[9d35eded1c95d3be]::run_test::{closure#0}
[INFO] [stdout]   16:     0x6342899c9ae4 - std[70759c8f55707aa4]::sys::backtrace::__rust_begin_short_backtrace::<test[9d35eded1c95d3be]::run_test::{closure#1}, ()>
[INFO] [stdout]   17:     0x6342899d3382 - <std[70759c8f55707aa4]::thread::lifecycle::spawn_unchecked<test[9d35eded1c95d3be]::run_test::{closure#1}, ()>::{closure#1} as core[df12db4294e9bfd3]::ops::function::FnOnce<()>>::call_once::{shim:vtable#0}
[INFO] [stdout]   18:     0x634289a428d9 - <std[70759c8f55707aa4]::sys::thread::unix::Thread>::new::thread_start
[INFO] [stdout]   19:     0x7a60d1551dfa - <unknown>
[INFO] [stdout]   20:     0x7a60d15e53d4 - clone
[INFO] [stdout]   21:                0x0 - <unknown>
[INFO] [stdout] 
[INFO] [stdout] ---- zig_tests::write_read stdout ----
[INFO] [stdout] 
[INFO] [stdout] thread 'zig_tests::write_read' (486) panicked at src/lib.rs:852:40:
[INFO] [stdout] called `Result::unwrap()` on an `Err` value: Os(Os { code: 1, kind: PermissionDenied, message: "Operation not permitted" })
[INFO] [stdout] stack backtrace:
[INFO] [stdout]    0:     0x634289a43001 - <<std[70759c8f55707aa4]::sys::backtrace::BacktraceLock>::print::DisplayBacktrace as core[df12db4294e9bfd3]::fmt::Display>::fmt
[INFO] [stdout]    1:     0x634289a5751a - core[df12db4294e9bfd3]::fmt::write
[INFO] [stdout]    2:     0x634289a4770c - <alloc[2182bb758b4b3781]::vec::Vec<u8> as core[df12db4294e9bfd3]::io::write::Write>::write_fmt
[INFO] [stdout]    3:     0x634289a1e196 - std[70759c8f55707aa4]::panicking::default_hook::{closure#0}
[INFO] [stdout]    4:     0x634289a3af99 - std[70759c8f55707aa4]::panicking::default_hook
[INFO] [stdout]    5:     0x6342899cf8d0 - test[9d35eded1c95d3be]::test_main_inner::<test[9d35eded1c95d3be]::test_main_static::{closure#0}>::{closure#0}
[INFO] [stdout]    6:     0x634289a3b152 - std[70759c8f55707aa4]::panicking::panic_with_hook
[INFO] [stdout]    7:     0x634289a1e242 - std[70759c8f55707aa4]::panicking::panic_handler::{closure#0}
[INFO] [stdout]    8:     0x634289a16ea9 - std[70759c8f55707aa4]::sys::backtrace::__rust_end_short_backtrace::<std[70759c8f55707aa4]::panicking::panic_handler::{closure#0}, !>
[INFO] [stdout]    9:     0x634289a1ee3d - __rustc[8fa7c3cbc660c2b3]::rust_begin_unwind
[INFO] [stdout]   10:     0x634289a57c4c - core[df12db4294e9bfd3]::panicking::panic_fmt
[INFO] [stdout]   11:     0x634289a57a22 - core[df12db4294e9bfd3]::result::unwrap_failed
[INFO] [stdout]   12:     0x6342899b94f7 - hringas[d6e4a5afa5500dd8]::zig_tests::write_read
[INFO] [stdout]   13:     0x6342899c09f9 - <hringas[d6e4a5afa5500dd8]::zig_tests::write_read::{closure#0} as core[df12db4294e9bfd3]::ops::function::FnOnce<()>>::call_once
[INFO] [stdout]   14:     0x6342899c2bbb - test[9d35eded1c95d3be]::__rust_begin_short_backtrace::<core[df12db4294e9bfd3]::result::Result<(), alloc[2182bb758b4b3781]::string::String>, fn() -> core[df12db4294e9bfd3]::result::Result<(), alloc[2182bb758b4b3781]::string::String>>
[INFO] [stdout]   15:     0x6342899d0225 - test[9d35eded1c95d3be]::run_test::{closure#0}
[INFO] [stdout]   16:     0x6342899c9ae4 - std[70759c8f55707aa4]::sys::backtrace::__rust_begin_short_backtrace::<test[9d35eded1c95d3be]::run_test::{closure#1}, ()>
[INFO] [stdout]   17:     0x6342899d3382 - <std[70759c8f55707aa4]::thread::lifecycle::spawn_unchecked<test[9d35eded1c95d3be]::run_test::{closure#1}, ()>::{closure#1} as core[df12db4294e9bfd3]::ops::function::FnOnce<()>>::call_once::{shim:vtable#0}
[INFO] [stdout]   18:     0x634289a428d9 - <std[70759c8f55707aa4]::sys::thread::unix::Thread>::new::thread_start
[INFO] [stdout]   19:     0x7a60d1551dfa - <unknown>
[INFO] [stdout]   20:     0x7a60d15e53d4 - clone
[INFO] [stdout]   21:                0x0 - <unknown>
[INFO] [stdout] 
[INFO] [stdout] ---- zig_tests::writev_fsync_readv stdout ----
[INFO] [stdout] 
[INFO] [stdout] thread 'zig_tests::writev_fsync_readv' (487) panicked at src/lib.rs:784:40:
[INFO] [stdout] called `Result::unwrap()` on an `Err` value: Os(Os { code: 1, kind: PermissionDenied, message: "Operation not permitted" })
[INFO] [stdout] stack backtrace:
[INFO] [stdout]    0:     0x634289a43001 - <<std[70759c8f55707aa4]::sys::backtrace::BacktraceLock>::print::DisplayBacktrace as core[df12db4294e9bfd3]::fmt::Display>::fmt
[INFO] [stdout]    1:     0x634289a5751a - core[df12db4294e9bfd3]::fmt::write
[INFO] [stdout]    2:     0x634289a4770c - <alloc[2182bb758b4b3781]::vec::Vec<u8> as core[df12db4294e9bfd3]::io::write::Write>::write_fmt
[INFO] [stdout]    3:     0x634289a1e196 - std[70759c8f55707aa4]::panicking::default_hook::{closure#0}
[INFO] [stdout]    4:     0x634289a3af99 - std[70759c8f55707aa4]::panicking::default_hook
[INFO] [stdout]    5:     0x6342899cf8d0 - test[9d35eded1c95d3be]::test_main_inner::<test[9d35eded1c95d3be]::test_main_static::{closure#0}>::{closure#0}
[INFO] [stdout]    6:     0x634289a3b152 - std[70759c8f55707aa4]::panicking::panic_with_hook
[INFO] [stdout]    7:     0x634289a1e242 - std[70759c8f55707aa4]::panicking::panic_handler::{closure#0}
[INFO] [stdout]    8:     0x634289a16ea9 - std[70759c8f55707aa4]::sys::backtrace::__rust_end_short_backtrace::<std[70759c8f55707aa4]::panicking::panic_handler::{closure#0}, !>
[INFO] [stdout]    9:     0x634289a1ee3d - __rustc[8fa7c3cbc660c2b3]::rust_begin_unwind
[INFO] [stdout]   10:     0x634289a57c4c - core[df12db4294e9bfd3]::panicking::panic_fmt
[INFO] [stdout]   11:     0x634289a57a22 - core[df12db4294e9bfd3]::result::unwrap_failed
[INFO] [stdout]   12:     0x6342899babb6 - hringas[d6e4a5afa5500dd8]::zig_tests::writev_fsync_readv
[INFO] [stdout]   13:     0x6342899c0a39 - <hringas[d6e4a5afa5500dd8]::zig_tests::writev_fsync_readv::{closure#0} as core[df12db4294e9bfd3]::ops::function::FnOnce<()>>::call_once
[INFO] [stdout]   14:     0x6342899c2bbb - test[9d35eded1c95d3be]::__rust_begin_short_backtrace::<core[df12db4294e9bfd3]::result::Result<(), alloc[2182bb758b4b3781]::string::String>, fn() -> core[df12db4294e9bfd3]::result::Result<(), alloc[2182bb758b4b3781]::string::String>>
[INFO] [stdout]   15:     0x6342899d0225 - test[9d35eded1c95d3be]::run_test::{closure#0}
[INFO] [stdout]   16:     0x6342899c9ae4 - std[70759c8f55707aa4]::sys::backtrace::__rust_begin_short_backtrace::<test[9d35eded1c95d3be]::run_test::{closure#1}, ()>
[INFO] [stdout]   17:     0x6342899d3382 - <std[70759c8f55707aa4]::thread::lifecycle::spawn_unchecked<test[9d35eded1c95d3be]::run_test::{closure#1}, ()>::{closure#1} as core[df12db4294e9bfd3]::ops::function::FnOnce<()>>::call_once::{shim:vtable#0}
[INFO] [stdout]   18:     0x634289a428d9 - <std[70759c8f55707aa4]::sys::thread::unix::Thread>::new::thread_start
[INFO] [stdout]   19:     0x7a60d1551dfa - <unknown>
[INFO] [stdout]   20:     0x7a60d15e53d4 - clone
[INFO] [stdout]   21:                0x0 - <unknown>
[INFO] [stdout] 
[INFO] [stdout] ---- zig_tests::nop stdout ----
[INFO] [stdout] 
[INFO] [stdout] thread 'zig_tests::nop' (481) panicked at src/lib.rs:672:40:
[INFO] [stdout] called `Result::unwrap()` on an `Err` value: Os(Os { code: 1, kind: PermissionDenied, message: "Operation not permitted" })
[INFO] [stdout] stack backtrace:
[INFO] [stdout]    0:     0x634289a43001 - <<std[70759c8f55707aa4]::sys::backtrace::BacktraceLock>::print::DisplayBacktrace as core[df12db4294e9bfd3]::fmt::Display>::fmt
[INFO] [stdout]    1:     0x634289a5751a - core[df12db4294e9bfd3]::fmt::write
[INFO] [stdout]    2:     0x634289a4770c - <alloc[2182bb758b4b3781]::vec::Vec<u8> as core[df12db4294e9bfd3]::io::write::Write>::write_fmt
[INFO] [stdout]    3:     0x634289a1e196 - std[70759c8f55707aa4]::panicking::default_hook::{closure#0}
[INFO] [stdout]    4:     0x634289a3af99 - std[70759c8f55707aa4]::panicking::default_hook
[INFO] [stdout]    5:     0x6342899cf8d0 - test[9d35eded1c95d3be]::test_main_inner::<test[9d35eded1c95d3be]::test_main_static::{closure#0}>::{closure#0}
[INFO] [stdout]    6:     0x634289a3b152 - std[70759c8f55707aa4]::panicking::panic_with_hook
[INFO] [stdout]    7:     0x634289a1e242 - std[70759c8f55707aa4]::panicking::panic_handler::{closure#0}
[INFO] [stdout]    8:     0x634289a16ea9 - std[70759c8f55707aa4]::sys::backtrace::__rust_end_short_backtrace::<std[70759c8f55707aa4]::panicking::panic_handler::{closure#0}, !>
[INFO] [stdout]    9:     0x634289a1ee3d - __rustc[8fa7c3cbc660c2b3]::rust_begin_unwind
[INFO] [stdout]   10:     0x634289a57c4c - core[df12db4294e9bfd3]::panicking::panic_fmt
[INFO] [stdout]   11:     0x634289a57a22 - core[df12db4294e9bfd3]::result::unwrap_failed
[INFO] [stdout]   12:     0x6342899bc0ca - hringas[d6e4a5afa5500dd8]::zig_tests::nop
[INFO] [stdout]   13:     0x6342899c0a79 - <hringas[d6e4a5afa5500dd8]::zig_tests::nop::{closure#0} as core[df12db4294e9bfd3]::ops::function::FnOnce<()>>::call_once
[INFO] [stdout]   14:     0x6342899c2bbb - test[9d35eded1c95d3be]::__rust_begin_short_backtrace::<core[df12db4294e9bfd3]::result::Result<(), alloc[2182bb758b4b3781]::string::String>, fn() -> core[df12db4294e9bfd3]::result::Result<(), alloc[2182bb758b4b3781]::string::String>>
[INFO] [stdout]   15:     0x6342899d0225 - test[9d35eded1c95d3be]::run_test::{closure#0}
[INFO] [stdout]   16:     0x6342899c9ae4 - std[70759c8f55707aa4]::sys::backtrace::__rust_begin_short_backtrace::<test[9d35eded1c95d3be]::run_test::{closure#1}, ()>
[INFO] [stdout]   17:     0x6342899d3382 - <std[70759c8f55707aa4]::thread::lifecycle::spawn_unchecked<test[9d35eded1c95d3be]::run_test::{closure#1}, ()>::{closure#1} as core[df12db4294e9bfd3]::ops::function::FnOnce<()>>::call_once::{shim:vtable#0}
[INFO] [stdout]   18:     0x634289a428d9 - <std[70759c8f55707aa4]::sys::thread::unix::Thread>::new::thread_start
[INFO] [stdout]   19:     0x7a60d1551dfa - <unknown>
[INFO] [stdout]   20:     0x7a60d15e53d4 - clone
[INFO] [stdout]   21:                0x0 - <unknown>
[INFO] [stdout] 
[INFO] [stdout] 
[INFO] [stdout] failures:
[INFO] [stdout]     test_ioring_op_uring_cmd::panics_on_cqe_c32_setup_flag
[INFO] [stdout]     zig_tests::nop
[INFO] [stdout]     zig_tests::openat
[INFO] [stdout]     zig_tests::readv
[INFO] [stdout]     zig_tests::splice_read
[INFO] [stdout]     zig_tests::write_fixed_read_fixed
[INFO] [stdout]     zig_tests::write_read
[INFO] [stdout]     zig_tests::writev_fsync_readv
[INFO] [stdout] 
[INFO] [stdout] test result: FAILED. 1 passed; 8 failed; 1 ignored; 0 measured; 0 filtered out; finished in 0.01s
[INFO] [stdout] 
[INFO] [stderr] error: test failed, to rerun pass `--lib`
[INFO] running `Command { std: "docker" "inspect" "bf621d19b54c44bfaca2ddf08417f4b4084ae6fbde3fdfeac4e8c691f6423f9a", kill_on_drop: false }`
[INFO] running `Command { std: "docker" "rm" "-f" "bf621d19b54c44bfaca2ddf08417f4b4084ae6fbde3fdfeac4e8c691f6423f9a", kill_on_drop: false }`
[INFO] [stdout] bf621d19b54c44bfaca2ddf08417f4b4084ae6fbde3fdfeac4e8c691f6423f9a
