[INFO] fetching crate hreq 0.8.0...
[INFO] testing hreq-0.8.0 against 1.100.0-beta.1+cargoflags=--release for beta-release-1.100-2
[INFO] extracting crate hreq 0.8.0 into /workspace/builds/worker-1-tc2/source
[INFO] started tweaking crates.io crate hreq 0.8.0
[INFO] finished tweaking crates.io crate hreq 0.8.0
[INFO] tweaked toml for crates.io crate hreq 0.8.0 written to /workspace/builds/worker-1-tc2/source/Cargo.toml
[INFO] validating manifest of crates.io crate hreq 0.8.0 on toolchain 1.100.0-beta.1
[INFO] running `Command { std: CARGO_HOME="/workspace/cargo-home" RUSTUP_HOME="/workspace/rustup-home" "/workspace/cargo-home/bin/cargo" "+1.100.0-beta.1" "metadata" "--manifest-path" "Cargo.toml" "--no-deps", kill_on_drop: false }`
[INFO] crate crates.io crate hreq 0.8.0 already has a lockfile, it will not be regenerated
[INFO] running `Command { std: CARGO_HOME="/workspace/cargo-home" RUSTUP_HOME="/workspace/rustup-home" "/workspace/cargo-home/bin/cargo" "+1.100.0-beta.1" "fetch" "--manifest-path" "Cargo.toml", kill_on_drop: false }`
[INFO] running `Command { std: "docker" "create" "-v" "/var/lib/crater-agent-workspace/builds/worker-1-tc2/source:/opt/rustwide/workdir:ro,Z" "-v" "/var/lib/crater-agent-workspace/builds/worker-1-tc2/target:/opt/rustwide/target:rw,Z" "-v" "/var/lib/crater-agent-workspace/cargo-home:/opt/rustwide/cargo-home:ro,Z" "-v" "/var/lib/crater-agent-workspace/rustup-home:/opt/rustwide/rustup-home:ro,Z" "-m" "1610612736" "--network" "none" "ghcr.io/rust-lang/crates-build-env/linux@sha256:77db811e55d90add9212f6832c23229e3de5f1c1f9905e8cb07319ea15df73ac" "sleep" "infinity", kill_on_drop: false }`
[INFO] [stdout] 79b716ce8c45fc8da6edae9e017537e27d0e7290ab1687129b8211333784cf0e
[INFO] running `Command { std: "docker" "start" "79b716ce8c45fc8da6edae9e017537e27d0e7290ab1687129b8211333784cf0e", kill_on_drop: false }`
[INFO] running `Command { std: "docker" "inspect" "79b716ce8c45fc8da6edae9e017537e27d0e7290ab1687129b8211333784cf0e", kill_on_drop: false }`
[INFO] running `Command { std: "docker" "exec" "-e" "SOURCE_DIR=/opt/rustwide/workdir" "-e" "CARGO_HOME=/opt/rustwide/cargo-home" "-e" "RUSTUP_HOME=/opt/rustwide/rustup-home" "-e" "CARGO_TARGET_DIR=/opt/rustwide/target" "-w" "/opt/rustwide/workdir" "--user" "0:0" "79b716ce8c45fc8da6edae9e017537e27d0e7290ab1687129b8211333784cf0e" "/opt/rustwide/cargo-home/bin/cargo" "+1.100.0-beta.1" "metadata" "--no-deps" "--format-version=1", kill_on_drop: false }`
[INFO] running `Command { std: "docker" "inspect" "79b716ce8c45fc8da6edae9e017537e27d0e7290ab1687129b8211333784cf0e", kill_on_drop: false }`
[INFO] running `Command { std: "docker" "exec" "-e" "SOURCE_DIR=/opt/rustwide/workdir" "-e" "CARGO_HOME=/opt/rustwide/cargo-home" "-e" "RUSTUP_HOME=/opt/rustwide/rustup-home" "-e" "CARGO_TARGET_DIR=/opt/rustwide/target" "-e" "CARGO_INCREMENTAL=0" "-e" "RUST_BACKTRACE=full" "-e" "RUSTFLAGS=--cap-lints=warn" "-e" "RUSTDOCFLAGS=--cap-lints=warn" "-w" "/opt/rustwide/workdir" "--user" "0:0" "79b716ce8c45fc8da6edae9e017537e27d0e7290ab1687129b8211333784cf0e" "/opt/rustwide/cargo-home/bin/cargo" "+1.100.0-beta.1" "build" "--frozen" "--message-format=json" "--release", kill_on_drop: false }`
[INFO] [stderr]    Compiling version_check v0.9.2
[INFO] [stderr]    Compiling libc v0.2.88
[INFO] [stderr]    Compiling proc-macro2 v1.0.24
[INFO] [stderr]    Compiling unicode-xid v0.2.1
[INFO] [stderr]    Compiling autocfg v1.0.1
[INFO] [stderr]    Compiling syn v1.0.64
[INFO] [stderr]    Compiling memchr v2.3.4
[INFO] [stderr]    Compiling proc-macro-hack v0.5.19
[INFO] [stderr]    Compiling log v0.4.14
[INFO] [stderr]    Compiling standback v0.2.15
[INFO] [stderr]    Compiling unicase v2.6.0
[INFO] [stderr]    Compiling cc v1.0.67
[INFO] [stderr]    Compiling pin-project-lite v0.2.6
[INFO] [stderr]    Compiling bytes v1.0.1
[INFO] [stderr]    Compiling futures-io v0.3.13
[INFO] [stderr]    Compiling quote v1.0.9
[INFO] [stderr]    Compiling proc-macro-nested v0.1.7
[INFO] [stderr]    Compiling once_cell v1.7.2
[INFO] [stderr]    Compiling futures-core v0.3.13
[INFO] [stderr]    Compiling matches v0.1.8
[INFO] [stderr]    Compiling tinyvec v1.1.1
[INFO] [stderr]    Compiling tokio v1.3.0
[INFO] [stderr]    Compiling miniz_oxide v0.4.4
[INFO] [stderr]    Compiling const_fn v0.4.5
[INFO] [stderr]    Compiling futures-sink v0.3.13
[INFO] [stderr]    Compiling crc32fast v1.2.1
[INFO] [stderr]    Compiling itoa v0.4.7
[INFO] [stderr]    Compiling unicode-bidi v0.3.4
[INFO] [stderr]    Compiling num_cpus v1.13.0
[INFO] [stderr]    Compiling mio v0.7.9
[INFO] [stderr]    Compiling indexmap v1.6.2
[INFO] [stderr]    Compiling time v0.2.25
[INFO] [stderr]    Compiling ring v0.16.20
[INFO] [stderr]    Compiling httparse v1.3.5
[INFO] [stderr]    Compiling futures-task v0.3.13
[INFO] [stderr]    Compiling serde v1.0.124
[INFO] [stderr]    Compiling slab v0.4.2
[INFO] [stderr]    Compiling ryu v1.0.5
[INFO] [stderr]    Compiling encoding_rs v0.8.28
[INFO] [stderr]    Compiling adler v1.0.2
[INFO] [stderr]    Compiling tracing-core v0.1.17
[INFO] [stderr]    Compiling unicode-normalization v0.1.17
[INFO] [stderr]    Compiling http v0.2.3
[INFO] [stderr]    Compiling mime_guess v2.0.3
[INFO] [stderr]    Compiling form_urlencoded v1.0.1
[INFO] [stderr]    Compiling idna v0.2.2
[INFO] [stderr]    Compiling cookie v0.15.0
[INFO] [stderr]    Compiling hashbrown v0.9.1
[INFO] [stderr]    Compiling serde_json v1.0.64
[INFO] [stderr]    Compiling flate2 v1.0.20
[INFO] [stderr]    Compiling url v2.2.1
[INFO] [stderr]    Compiling tracing v0.1.25
[INFO] [stderr]    Compiling aho-corasick v0.7.15
[INFO] [stderr]    Compiling cfg-if v0.1.10
[INFO] [stderr]    Compiling regex-syntax v0.6.23
[INFO] [stderr]    Compiling chardetng v0.1.10
[INFO] [stderr]    Compiling futures-macro v0.3.13
[INFO] [stderr]    Compiling tokio-macros v1.1.0
[INFO] [stderr]    Compiling time-macros-impl v0.1.1
[INFO] [stderr]    Compiling futures-util v0.3.13
[INFO] [stderr]    Compiling time-macros v0.1.1
[INFO] [stderr]    Compiling webpki v0.21.4
[INFO] [stderr]    Compiling sct v0.6.0
[INFO] [stderr]    Compiling webpki-roots v0.21.0
[INFO] [stderr]    Compiling rustls v0.19.0
[INFO] [stderr]    Compiling hreq-h1 v0.3.9
[INFO] [stderr]    Compiling regex v1.4.4
[INFO] [stderr]    Compiling tokio-util v0.6.4
[INFO] [stderr]    Compiling publicsuffix v1.5.6
[INFO] [stderr]    Compiling async-compression v0.3.7
[INFO] [stderr]    Compiling h2 v0.3.1
[INFO] [stderr]    Compiling qstring v0.7.2
[INFO] [stderr]    Compiling httpdate v0.3.2
[INFO] [stderr]    Compiling hreq v0.8.0 (/opt/rustwide/workdir)
[INFO] [stderr]     Finished `release` profile [optimized] target(s) in 2m 10s
[INFO] running `Command { std: "docker" "inspect" "79b716ce8c45fc8da6edae9e017537e27d0e7290ab1687129b8211333784cf0e", kill_on_drop: false }`
[INFO] running `Command { std: "docker" "exec" "-e" "SOURCE_DIR=/opt/rustwide/workdir" "-e" "CARGO_HOME=/opt/rustwide/cargo-home" "-e" "RUSTUP_HOME=/opt/rustwide/rustup-home" "-e" "CARGO_TARGET_DIR=/opt/rustwide/target" "-e" "CARGO_INCREMENTAL=0" "-e" "RUST_BACKTRACE=full" "-e" "RUSTFLAGS=--cap-lints=warn" "-e" "RUSTDOCFLAGS=--cap-lints=warn" "-w" "/opt/rustwide/workdir" "--user" "0:0" "79b716ce8c45fc8da6edae9e017537e27d0e7290ab1687129b8211333784cf0e" "/opt/rustwide/cargo-home/bin/cargo" "+1.100.0-beta.1" "test" "--frozen" "--no-run" "--message-format=json" "--release", kill_on_drop: false }`
[INFO] [stderr]    Compiling getrandom v0.1.16
[INFO] [stderr]    Compiling humantime v1.3.0
[INFO] [stderr]    Compiling atty v0.2.14
[INFO] [stderr]    Compiling ppv-lite86 v0.2.10
[INFO] [stderr]    Compiling termcolor v1.1.2
[INFO] [stderr]    Compiling serde_derive v1.0.124
[INFO] [stderr]    Compiling env_logger v0.7.1
[INFO] [stderr]    Compiling rand_core v0.5.1
[INFO] [stderr]    Compiling pretty_env_logger v0.4.0
[INFO] [stderr]    Compiling rand_chacha v0.2.2
[INFO] [stderr]    Compiling rand v0.7.3
[INFO] [stderr]    Compiling hreq v0.8.0 (/opt/rustwide/workdir)
[INFO] [stderr]     Finished `release` profile [optimized] target(s) in 3m 03s
[INFO] running `Command { std: "docker" "inspect" "79b716ce8c45fc8da6edae9e017537e27d0e7290ab1687129b8211333784cf0e", kill_on_drop: false }`
[INFO] running `Command { std: "docker" "exec" "-e" "SOURCE_DIR=/opt/rustwide/workdir" "-e" "CARGO_HOME=/opt/rustwide/cargo-home" "-e" "RUSTUP_HOME=/opt/rustwide/rustup-home" "-e" "CARGO_TARGET_DIR=/opt/rustwide/target" "-e" "CARGO_INCREMENTAL=0" "-e" "RUST_BACKTRACE=full" "-e" "RUSTFLAGS=--cap-lints=warn" "-e" "RUSTDOCFLAGS=--cap-lints=warn" "-w" "/opt/rustwide/workdir" "--user" "0:0" "79b716ce8c45fc8da6edae9e017537e27d0e7290ab1687129b8211333784cf0e" "/opt/rustwide/cargo-home/bin/cargo" "+1.100.0-beta.1" "test" "--frozen" "--release", kill_on_drop: false }`
[INFO] [stderr]     Finished `release` profile [optimized] target(s) in 0.15s
[INFO] [stderr]      Running unittests src/lib.rs (/opt/rustwide/target/release/build/hreq/173ee66b5c2e3cd7/out/hreq-173ee66b5c2e3cd7)
[INFO] [stdout] 
[INFO] [stdout] running 6 tests
[INFO] [stdout] test client::cookies::test::effective_cookie_domain ... ok
[INFO] [stdout] test server::path::test::segment_to ... ok
[INFO] [stdout] test server::path::test::segment_from ... ok
[INFO] [stdout] test uri_ext::test::parent_host ... ok
[INFO] [stdout] test server::test::ensure_type_signatures ... ok
[INFO] [stdout] test client::cookies::test::valid_cookie_domain ... ok
[INFO] [stdout] 
[INFO] [stdout] test result: ok. 6 passed; 0 failed; 0 ignored; 0 measured; 0 filtered out; finished in 0.03s
[INFO] [stdout] 
[INFO] [stderr]      Running tests/basic.rs (/opt/rustwide/target/release/build/hreq/358f84f771274037/out/basic-358f84f771274037)
[INFO] [stdout] 
[INFO] [stdout] running 5 tests
[INFO] [stdout] test missing_scheme ... FAILED
[INFO] [stdout] test query_params_doubled ... ok
[INFO] [stdout] test request_header ... ok
[INFO] [stdout] test query_params ... ok
[INFO] [stdout] test non_existing_host_name ... ok
[INFO] [stdout] 
[INFO] [stdout] failures:
[INFO] [stdout] 
[INFO] [stdout] ---- missing_scheme stdout ----
[INFO] [stdout] 
[INFO] [stdout] thread 'missing_scheme' (2817) panicked at tests/basic.rs:90:5:
[INFO] [stdout] assertion failed: res.is_ok()
[INFO] [stdout] stack backtrace:
[INFO] [stdout]    0:     0x64813a221311 - <<std[617be2ca0a6fd877]::sys::backtrace::BacktraceLock>::print::DisplayBacktrace as core[a373ad73a504971]::fmt::Display>::fmt
[INFO] [stdout]    1:     0x64813a238d4a - core[a373ad73a504971]::fmt::write
[INFO] [stdout]    2:     0x64813a225dec - <alloc[2e1b2a31b91974c5]::vec::Vec<u8> as core[a373ad73a504971]::io::write::Write>::write_fmt
[INFO] [stdout]    3:     0x64813a1fca36 - std[617be2ca0a6fd877]::panicking::default_hook::{closure#0}
[INFO] [stdout]    4:     0x64813a219429 - std[617be2ca0a6fd877]::panicking::default_hook
[INFO] [stdout]    5:     0x648139fb9970 - test[aada8e7e76ba119b]::test_main_inner::{closure#0}
[INFO] [stdout]    6:     0x64813a2195e2 - std[617be2ca0a6fd877]::panicking::panic_with_hook
[INFO] [stdout]    7:     0x64813a1fcb14 - std[617be2ca0a6fd877]::panicking::panic_handler::{closure#0}
[INFO] [stdout]    8:     0x64813a1f5719 - std[617be2ca0a6fd877]::sys::backtrace::__rust_end_short_backtrace::<std[617be2ca0a6fd877]::panicking::panic_handler::{closure#0}, !>
[INFO] [stdout]    9:     0x64813a1fd8dd - __rustc[ea4f61d10b84890b]::rust_begin_unwind
[INFO] [stdout]   10:     0x64813a2394ac - core[a373ad73a504971]::panicking::panic_fmt
[INFO] [stdout]   11:     0x64813a239472 - core[a373ad73a504971]::panicking::panic
[INFO] [stdout]   12:     0x648139f932d4 - <basic[8a77e7a92d19cf79]::missing_scheme::{closure#0} as core[a373ad73a504971]::ops::function::FnOnce<()>>::call_once
[INFO] [stdout]   13:     0x648139facdbb - test[aada8e7e76ba119b]::__rust_begin_short_backtrace::<core[a373ad73a504971]::result::Result<(), alloc[2e1b2a31b91974c5]::string::String>, fn() -> core[a373ad73a504971]::result::Result<(), alloc[2e1b2a31b91974c5]::string::String>>
[INFO] [stdout]   14:     0x648139fb9f95 - test[aada8e7e76ba119b]::run_test::{closure#0}
[INFO] [stdout]   15:     0x648139fb3884 - std[617be2ca0a6fd877]::sys::backtrace::__rust_begin_short_backtrace::<test[aada8e7e76ba119b]::run_test::{closure#1}, ()>
[INFO] [stdout]   16:     0x648139fbd022 - <std[617be2ca0a6fd877]::thread::lifecycle::spawn_unchecked<test[aada8e7e76ba119b]::run_test::{closure#1}, ()>::{closure#1} as core[a373ad73a504971]::ops::function::FnOnce<()>>::call_once::{shim:vtable#0}
[INFO] [stdout]   17:     0x64813a2207cf - <std[617be2ca0a6fd877]::sys::thread::unix::Thread>::new::thread_start
[INFO] [stdout]   18:     0x7f1bee2d1dfa - <unknown>
[INFO] [stdout]   19:     0x7f1bee3653d4 - clone
[INFO] [stdout]   20:                0x0 - <unknown>
[INFO] [stdout] 
[INFO] [stdout] 
[INFO] [stdout] failures:
[INFO] [stdout]     missing_scheme
[INFO] [stdout] 
[INFO] [stdout] test result: FAILED. 4 passed; 1 failed; 0 ignored; 0 measured; 0 filtered out; finished in 0.03s
[INFO] [stdout] 
[INFO] [stderr] error: test failed, to rerun pass `--test basic`
[INFO] running `Command { std: "docker" "inspect" "79b716ce8c45fc8da6edae9e017537e27d0e7290ab1687129b8211333784cf0e", kill_on_drop: false }`
[INFO] running `Command { std: "docker" "rm" "-f" "79b716ce8c45fc8da6edae9e017537e27d0e7290ab1687129b8211333784cf0e", kill_on_drop: false }`
[INFO] [stdout] 79b716ce8c45fc8da6edae9e017537e27d0e7290ab1687129b8211333784cf0e
