[INFO] fetching crate hotl-testkit 0.27.0...
[INFO] testing hotl-testkit-0.27.0 against 1.100.0-beta.1+cargoflags=--release for beta-release-1.100-2
[INFO] extracting crate hotl-testkit 0.27.0 into /workspace/builds/worker-5-tc2/source
[INFO] started tweaking crates.io crate hotl-testkit 0.27.0
[INFO] removed 0 missing tests
[INFO] finished tweaking crates.io crate hotl-testkit 0.27.0
[INFO] tweaked toml for crates.io crate hotl-testkit 0.27.0 written to /workspace/builds/worker-5-tc2/source/Cargo.toml
[INFO] validating manifest of crates.io crate hotl-testkit 0.27.0 on toolchain 1.100.0-beta.1
[INFO] running `Command { std: CARGO_HOME="/workspace/cargo-home" RUSTUP_HOME="/workspace/rustup-home" "/workspace/cargo-home/bin/cargo" "+1.100.0-beta.1" "metadata" "--manifest-path" "Cargo.toml" "--no-deps", kill_on_drop: false }`
[INFO] crate crates.io crate hotl-testkit 0.27.0 already has a lockfile, it will not be regenerated
[INFO] running `Command { std: CARGO_HOME="/workspace/cargo-home" RUSTUP_HOME="/workspace/rustup-home" "/workspace/cargo-home/bin/cargo" "+1.100.0-beta.1" "fetch" "--manifest-path" "Cargo.toml", kill_on_drop: false }`
[INFO] [stderr] warning: `package.homepage` is redundant with `package.repository`
[INFO] [stderr]   --> Cargo.toml:67:12
[INFO] [stderr]    |
[INFO] [stderr] 67 | homepage = "https://github.com/nrakochy/hotl"
[INFO] [stderr]    |            ^^^^^^^^^^^^^^^^^^^^^^^^^^^^^^^^^^
[INFO] [stderr] ...
[INFO] [stderr] 71 | repository = "https://github.com/nrakochy/hotl"
[INFO] [stderr]    |              ----------------------------------
[INFO] [stderr]    |
[INFO] [stderr]    = note: `cargo::redundant_homepage` is set to `warn` by default
[INFO] [stderr] help: consider removing `package.homepage`
[INFO] [stderr] warning: `hotl-testkit` (manifest) generated 1 warning
[INFO] running `Command { std: "docker" "create" "-v" "/var/lib/crater-agent-workspace/builds/worker-5-tc2/source:/opt/rustwide/workdir:ro,Z" "-v" "/var/lib/crater-agent-workspace/builds/worker-5-tc2/target:/opt/rustwide/target:rw,Z" "-v" "/var/lib/crater-agent-workspace/cargo-home:/opt/rustwide/cargo-home:ro,Z" "-v" "/var/lib/crater-agent-workspace/rustup-home:/opt/rustwide/rustup-home:ro,Z" "-m" "1610612736" "--network" "none" "ghcr.io/rust-lang/crates-build-env/linux@sha256:77db811e55d90add9212f6832c23229e3de5f1c1f9905e8cb07319ea15df73ac" "sleep" "infinity", kill_on_drop: false }`
[INFO] [stdout] 84914e642ddc337ef7334a9505b95125d5433c1f4c56ea7620de11809cf13d94
[INFO] running `Command { std: "docker" "start" "84914e642ddc337ef7334a9505b95125d5433c1f4c56ea7620de11809cf13d94", kill_on_drop: false }`
[INFO] running `Command { std: "docker" "inspect" "84914e642ddc337ef7334a9505b95125d5433c1f4c56ea7620de11809cf13d94", kill_on_drop: false }`
[INFO] running `Command { std: "docker" "exec" "-e" "SOURCE_DIR=/opt/rustwide/workdir" "-e" "CARGO_HOME=/opt/rustwide/cargo-home" "-e" "RUSTUP_HOME=/opt/rustwide/rustup-home" "-e" "CARGO_TARGET_DIR=/opt/rustwide/target" "-w" "/opt/rustwide/workdir" "--user" "0:0" "84914e642ddc337ef7334a9505b95125d5433c1f4c56ea7620de11809cf13d94" "/opt/rustwide/cargo-home/bin/cargo" "+1.100.0-beta.1" "metadata" "--no-deps" "--format-version=1", kill_on_drop: false }`
[INFO] running `Command { std: "docker" "inspect" "84914e642ddc337ef7334a9505b95125d5433c1f4c56ea7620de11809cf13d94", kill_on_drop: false }`
[INFO] running `Command { std: "docker" "exec" "-e" "SOURCE_DIR=/opt/rustwide/workdir" "-e" "CARGO_HOME=/opt/rustwide/cargo-home" "-e" "RUSTUP_HOME=/opt/rustwide/rustup-home" "-e" "CARGO_TARGET_DIR=/opt/rustwide/target" "-e" "CARGO_INCREMENTAL=0" "-e" "RUST_BACKTRACE=full" "-e" "RUSTFLAGS=--cap-lints=warn" "-e" "RUSTDOCFLAGS=--cap-lints=warn" "-w" "/opt/rustwide/workdir" "--user" "0:0" "84914e642ddc337ef7334a9505b95125d5433c1f4c56ea7620de11809cf13d94" "/opt/rustwide/cargo-home/bin/cargo" "+1.100.0-beta.1" "build" "--frozen" "--message-format=json" "--release", kill_on_drop: false }`
[INFO] [stderr] warning: `package.homepage` is redundant with `package.repository`
[INFO] [stderr]   --> Cargo.toml:67:12
[INFO] [stderr]    |
[INFO] [stderr] 67 | homepage = "https://github.com/nrakochy/hotl"
[INFO] [stderr]    |            ^^^^^^^^^^^^^^^^^^^^^^^^^^^^^^^^^^
[INFO] [stderr] ...
[INFO] [stderr] 71 | repository = "https://github.com/nrakochy/hotl"
[INFO] [stderr]    |              ----------------------------------
[INFO] [stderr]    |
[INFO] [stderr]    = note: `cargo::redundant_homepage` is set to `warn` by default
[INFO] [stderr] help: consider removing `package.homepage`
[INFO] [stderr] warning: `hotl-testkit` (manifest) generated 1 warning
[INFO] [stderr]    Compiling serde_core v1.0.228
[INFO] [stderr]    Compiling tokio-macros v2.7.1
[INFO] [stderr]    Compiling tree-sitter-language v0.1.7
[INFO] [stderr]    Compiling displaydoc v0.2.6
[INFO] [stderr]    Compiling serde v1.0.228
[INFO] [stderr]    Compiling socket2 v0.6.5
[INFO] [stderr]    Compiling mio v1.2.2
[INFO] [stderr]    Compiling ring v0.17.14
[INFO] [stderr]    Compiling getrandom v0.3.4
[INFO] [stderr]    Compiling ppv-lite86 v0.2.21
[INFO] [stderr]    Compiling futures-macro v0.3.33
[INFO] [stderr]    Compiling serde_json v1.0.150
[INFO] [stderr]    Compiling rustls v0.23.42
[INFO] [stderr]    Compiling futures-channel v0.3.33
[INFO] [stderr]    Compiling aho-corasick v1.1.4
[INFO] [stderr]    Compiling syn v3.0.1
[INFO] [stderr]    Compiling regex-syntax v0.8.11
[INFO] [stderr]    Compiling rand_core v0.9.5
[INFO] [stderr]    Compiling webpki-roots v1.0.9
[INFO] [stderr]    Compiling async-stream-impl v0.3.6
[INFO] [stderr]    Compiling dirs-sys v0.5.0
[INFO] [stderr]    Compiling tree-sitter-go v0.25.0
[INFO] [stderr]    Compiling tree-sitter-javascript v0.25.0
[INFO] [stderr]    Compiling tree-sitter-python v0.25.0
[INFO] [stderr]    Compiling tree-sitter-rust v0.24.2
[INFO] [stderr]    Compiling tree-sitter-typescript v0.23.2
[INFO] [stderr]    Compiling rand_chacha v0.9.0
[INFO] [stderr]    Compiling tokio v1.53.0
[INFO] [stderr]    Compiling tinystr v0.8.3
[INFO] [stderr]    Compiling zerotrie v0.2.4
[INFO] [stderr]    Compiling icu_collections v2.2.0
[INFO] [stderr]    Compiling icu_locale_core v2.2.0
[INFO] [stderr]    Compiling futures-util v0.3.33
[INFO] [stderr]    Compiling rand v0.9.5
[INFO] [stderr]    Compiling async-stream v0.3.6
[INFO] [stderr]    Compiling dirs v6.0.0
[INFO] [stderr]    Compiling crossbeam-epoch v0.9.20
[INFO] [stderr]    Compiling ulid v1.2.1
[INFO] [stderr]    Compiling icu_provider v2.2.0
[INFO] [stderr]    Compiling bstr v1.13.0
[INFO] [stderr]    Compiling enumflags2_derive v0.7.12
[INFO] [stderr]    Compiling icu_properties v2.2.0
[INFO] [stderr]    Compiling icu_normalizer v2.2.0
[INFO] [stderr]    Compiling streaming-iterator v0.1.9
[INFO] [stderr]    Compiling thiserror-impl v2.0.19
[INFO] [stderr]    Compiling enumflags2 v0.7.12
[INFO] [stderr]    Compiling regex-automata v0.4.16
[INFO] [stderr]    Compiling crossbeam-deque v0.8.7
[INFO] [stderr]    Compiling dunce v1.0.5
[INFO] [stderr]    Compiling tempfile v3.27.0
[INFO] [stderr]    Compiling idna_adapter v1.2.2
[INFO] [stderr]    Compiling thiserror v2.0.19
[INFO] [stderr]    Compiling idna v1.1.0
[INFO] [stderr]    Compiling landlock v0.4.5
[INFO] [stderr]    Compiling serde_urlencoded v0.7.1
[INFO] [stderr]    Compiling toml_datetime v0.6.11
[INFO] [stderr]    Compiling serde_spanned v0.6.9
[INFO] [stderr]    Compiling hotl-types v0.27.0
[INFO] [stderr]    Compiling toml_edit v0.22.27
[INFO] [stderr]    Compiling url v2.5.8
[INFO] [stderr]    Compiling tree-sitter v0.26.11
[INFO] [stderr]    Compiling hotl-context v0.27.0
[INFO] [stderr]    Compiling regex v1.13.1
[INFO] [stderr]    Compiling globset v0.4.19
[INFO] [stderr]    Compiling tokio-util v0.7.18
[INFO] [stderr]    Compiling tower v0.5.3
[INFO] [stderr]    Compiling hotl-provider v0.27.0
[INFO] [stderr]    Compiling hotl-platform v0.27.0
[INFO] [stderr]    Compiling h2 v0.4.16
[INFO] [stderr]    Compiling tower-http v0.6.11
[INFO] [stderr]    Compiling toml v0.8.23
[INFO] [stderr]    Compiling ignore v0.4.31
[INFO] [stderr]    Compiling hotl-store v0.27.0
[INFO] [stderr]    Compiling hyper v1.10.1
[INFO] [stderr]    Compiling hyper-util v0.1.20
[INFO] [stderr]    Compiling rustls-webpki v0.103.13
[INFO] [stderr]    Compiling hotl-minify v0.27.0
[INFO] [stderr]    Compiling tokio-rustls v0.26.4
[INFO] [stderr]    Compiling hyper-rustls v0.27.9
[INFO] [stderr]    Compiling reqwest v0.12.28
[INFO] [stderr]    Compiling hotl-tools v0.27.0
[INFO] [stderr]    Compiling hotl-provider-anthropic v0.27.0
[INFO] [stderr]    Compiling hotl-provider-openai-responses v0.27.0
[INFO] [stderr]    Compiling hotl-mcp v0.27.0
[INFO] [stderr]    Compiling hotl-engine v0.27.0
[INFO] [stderr]    Compiling hotl-retrieval v0.27.0
[INFO] [stderr]    Compiling hotl-testkit v0.27.0 (/opt/rustwide/workdir)
[INFO] [stderr] warning: unused dependency `hotl-retrieval`
[INFO] [stderr]   --> Cargo.toml:20:15
[INFO] [stderr]    |
[INFO] [stderr] 20 | [dependencies.hotl-retrieval]
[INFO] [stderr]    |               ^^^^^^^^^^^^^^^
[INFO] [stderr]    |
[INFO] [stderr]    = note: `cargo::unused_dependencies` is set to `warn` by default
[INFO] [stderr] help: consider removing the dependency on `hotl-retrieval`
[INFO] [stderr] warning: `hotl-testkit` (manifest) generated 1 warning
[INFO] [stderr]     Finished `release` profile [optimized] target(s) in 2m 23s
[INFO] running `Command { std: "docker" "inspect" "84914e642ddc337ef7334a9505b95125d5433c1f4c56ea7620de11809cf13d94", kill_on_drop: false }`
[INFO] running `Command { std: "docker" "exec" "-e" "SOURCE_DIR=/opt/rustwide/workdir" "-e" "CARGO_HOME=/opt/rustwide/cargo-home" "-e" "RUSTUP_HOME=/opt/rustwide/rustup-home" "-e" "CARGO_TARGET_DIR=/opt/rustwide/target" "-e" "CARGO_INCREMENTAL=0" "-e" "RUST_BACKTRACE=full" "-e" "RUSTFLAGS=--cap-lints=warn" "-e" "RUSTDOCFLAGS=--cap-lints=warn" "-w" "/opt/rustwide/workdir" "--user" "0:0" "84914e642ddc337ef7334a9505b95125d5433c1f4c56ea7620de11809cf13d94" "/opt/rustwide/cargo-home/bin/cargo" "+1.100.0-beta.1" "test" "--frozen" "--no-run" "--message-format=json" "--release", kill_on_drop: false }`
[INFO] [stderr] warning: `package.homepage` is redundant with `package.repository`
[INFO] [stderr]   --> Cargo.toml:67:12
[INFO] [stderr]    |
[INFO] [stderr] 67 | homepage = "https://github.com/nrakochy/hotl"
[INFO] [stderr]    |            ^^^^^^^^^^^^^^^^^^^^^^^^^^^^^^^^^^
[INFO] [stderr] ...
[INFO] [stderr] 71 | repository = "https://github.com/nrakochy/hotl"
[INFO] [stderr]    |              ----------------------------------
[INFO] [stderr]    |
[INFO] [stderr]    = note: `cargo::redundant_homepage` is set to `warn` by default
[INFO] [stderr] help: consider removing `package.homepage`
[INFO] [stderr] warning: `hotl-testkit` (manifest) generated 1 warning
[INFO] [stderr]    Compiling hotl-testkit v0.27.0 (/opt/rustwide/workdir)
[INFO] [stderr] warning: unused dependency `hotl-retrieval`
[INFO] [stderr]   --> Cargo.toml:20:15
[INFO] [stderr]    |
[INFO] [stderr] 20 | [dependencies.hotl-retrieval]
[INFO] [stderr]    |               ^^^^^^^^^^^^^^^
[INFO] [stderr]    |
[INFO] [stderr]    = note: `cargo::unused_dependencies` is set to `warn` by default
[INFO] [stderr] help: consider removing the dependency on `hotl-retrieval`
[INFO] [stderr] help: to still use for development builds, move to `dev-dependencies`
[INFO] [stderr] warning: `hotl-testkit` (manifest) generated 1 warning
[INFO] [stderr]     Finished `release` profile [optimized] target(s) in 23.33s
[INFO] running `Command { std: "docker" "inspect" "84914e642ddc337ef7334a9505b95125d5433c1f4c56ea7620de11809cf13d94", kill_on_drop: false }`
[INFO] running `Command { std: "docker" "exec" "-e" "SOURCE_DIR=/opt/rustwide/workdir" "-e" "CARGO_HOME=/opt/rustwide/cargo-home" "-e" "RUSTUP_HOME=/opt/rustwide/rustup-home" "-e" "CARGO_TARGET_DIR=/opt/rustwide/target" "-e" "CARGO_INCREMENTAL=0" "-e" "RUST_BACKTRACE=full" "-e" "RUSTFLAGS=--cap-lints=warn" "-e" "RUSTDOCFLAGS=--cap-lints=warn" "-w" "/opt/rustwide/workdir" "--user" "0:0" "84914e642ddc337ef7334a9505b95125d5433c1f4c56ea7620de11809cf13d94" "/opt/rustwide/cargo-home/bin/cargo" "+1.100.0-beta.1" "test" "--frozen" "--release", kill_on_drop: false }`
[INFO] [stderr] warning: `package.homepage` is redundant with `package.repository`
[INFO] [stderr]   --> Cargo.toml:67:12
[INFO] [stderr]    |
[INFO] [stderr] 67 | homepage = "https://github.com/nrakochy/hotl"
[INFO] [stderr]    |            ^^^^^^^^^^^^^^^^^^^^^^^^^^^^^^^^^^
[INFO] [stderr] ...
[INFO] [stderr] 71 | repository = "https://github.com/nrakochy/hotl"
[INFO] [stderr]    |              ----------------------------------
[INFO] [stderr]    |
[INFO] [stderr]    = note: `cargo::redundant_homepage` is set to `warn` by default
[INFO] [stderr] help: consider removing `package.homepage`
[INFO] [stderr] warning: `hotl-testkit` (manifest) generated 1 warning
[INFO] [stderr] warning: unused dependency `hotl-retrieval`
[INFO] [stderr]   --> Cargo.toml:20:15
[INFO] [stderr]    |
[INFO] [stderr] 20 | [dependencies.hotl-retrieval]
[INFO] [stderr]    |               ^^^^^^^^^^^^^^^
[INFO] [stderr]    |
[INFO] [stderr]    = note: `cargo::unused_dependencies` is set to `warn` by default
[INFO] [stderr] help: consider removing the dependency on `hotl-retrieval`
[INFO] [stderr] help: to still use for development builds, move to `dev-dependencies`
[INFO] [stderr] warning: `hotl-testkit` (manifest) generated 1 warning
[INFO] [stderr]     Finished `release` profile [optimized] target(s) in 0.22s
[INFO] [stderr]      Running unittests src/lib.rs (/opt/rustwide/target/release/build/hotl-testkit/4e238e4e648de082/out/hotl_testkit-4e238e4e648de082)
[INFO] [stdout] 
[INFO] [stdout] running 53 tests
[INFO] [stdout] test tests::bypass_mode_runs_mutating_calls_without_asking ... FAILED
[INFO] [stdout] test tests::bypass_protected_write_flags_instead_of_asking ... FAILED
[INFO] [stdout] test tests::auth_error_does_not_fall_back ... ok
[INFO] [stdout] test tests::bypass_outside_write_is_flag_refused ... ok
[INFO] [stdout] test tests::continue_is_a_noop_on_a_complete_projection ... ok
[INFO] [stdout] test tests::batch_proposed_and_watermark_durable_track_each_samples_own_final_commit ... ok
[INFO] [stdout] test tests::auto_mode_doom_loop_stops_without_asking ... ok
[INFO] [stdout] test tests::a_turn_flushes_exactly_one_ledger_report_matching_its_samples ... ok
[INFO] [stdout] test tests::a_steer_lands_after_a_whole_group_and_the_next_request_agrees_with_the_log ... ok
[INFO] [stdout] test tests::deny_with_message_reaches_the_model ... ok
[INFO] [stdout] test tests::denied_ask_feeds_error_back ... ok
[INFO] [stdout] test tests::fallback_model_on_availability_error ... ok
[INFO] [stdout] test tests::eviction_disabled_at_threshold_zero ... ok
[INFO] [stdout] test tests::compaction_is_the_single_sanctioned_discontinuity ... ok
[INFO] [stdout] test tests::golden_tool_roundtrip ... ok
[INFO] [stdout] test tests::compaction_folds_history_and_continues ... ok
[INFO] [stdout] test tests::cache_off_paths_emit_zero_markers ... ok
[INFO] [stdout] test tests::moim_context_pct_can_be_shown ... ok
[INFO] [stdout] test tests::doom_loop_stops_on_deny ... ok
[INFO] [stdout] test tests::a_multi_entry_pipelined_proposal_spends_fewer_syncs_than_sync_mode ... ok
[INFO] [stdout] test tests::interrupt_cancels_running_turn ... ok
[INFO] [stdout] test tests::moim_rides_the_request_but_never_the_log ... ok
[INFO] [stdout] test tests::compaction_floor_survives_summarize_failure ... ok
[INFO] [stdout] test tests::parallel_safe_calls_in_one_batch_overlap ... ok
[INFO] [stdout] test tests::oversized_tool_result_is_evicted_to_a_blob ... ok
[INFO] [stdout] test tests::pre_tool_hook_blocks_a_call ... ok
[INFO] [stdout] test tests::post_tool_hook_annotates_a_result ... ok
[INFO] [stdout] test tests::resume_continues_an_interrupted_turn ... ok
[INFO] [stdout] test tests::normal_turns_grow_the_prefix_byte_stably ... ok
[INFO] [stdout] test tests::subdir_agents_md_injected_on_first_touch ... ok
[INFO] [stdout] test tests::max_turns_caps_runaway ... ok
[INFO] [stdout] test tests::the_batch_tool_path_dispatches_only_behind_the_durability_barrier ... ok
[INFO] [stdout] test tests::the_inline_tool_path_dispatches_only_behind_the_durability_barrier ... ok
[INFO] [stdout] test tests::the_completed_boundary_spends_one_sync_instead_of_two ... ok
[INFO] [stdout] test tests::the_step_budget_rides_the_moim_and_never_the_durable_body ... ok
[INFO] [stdout] test tests::reset_mode_compaction_drops_the_verbatim_tail ... ok
[INFO] [stdout] test tests::todos_toggle_keeps_prefix_bytes_identical ... ok
[INFO] [stdout] test tests::a_steer_inside_the_boundary_group_lands_after_the_assistant_item ... ok
[INFO] [stdout] test tests::transcript_normalization_is_deterministic ... ok
[INFO] [stdout] test tests::trajectory_exact_rejects_wrong_order - should panic ... ok
[INFO] [stdout] test tests::both_ack_modes_produce_the_same_normalized_transcript ... ok
[INFO] [stdout] test tests::tool_failure_budget_stops_turn ... ok
[INFO] [stdout] test tests::trajectory_matches ... ok
[INFO] [stdout] test tests::queued_prompt_promotes_after_turn ... ok
[INFO] [stdout] test tests::steer_mid_turn_reaches_next_sample ... ok
[INFO] [stdout] test tests::polling_with_changing_results_is_not_a_doom_loop ... ok
[INFO] [stdout] test tests::steer_injection_appends_without_prefix_break ... ok
[INFO] [stdout] test tests::a_mispredicted_speculation_cancels_without_a_trace ... ok
[INFO] [stdout] test tests::a_steer_between_pipelined_commits_lands_after_the_drained_batch ... ok
[INFO] [stdout] test tests::an_adopted_request_with_an_ephemeral_tail_still_equals_the_rebuild ... ok
[INFO] [stdout] test tests::an_adopted_request_is_byte_identical_to_the_sequential_rebuild ... ok
[INFO] [stdout] test tests::negative_max_turns_never_caps ... ok
[INFO] [stdout] test tests::unsafe_calls_in_one_batch_stay_serial ... ok
[INFO] [stdout] 
[INFO] [stdout] failures:
[INFO] [stdout] 
[INFO] [stdout] ---- tests::bypass_mode_runs_mutating_calls_without_asking stdout ----
[INFO] [stdout] 
[INFO] [stdout] thread 'tests::bypass_mode_runs_mutating_calls_without_asking' (2853) panicked at src/lib.rs:1115:54:
[INFO] [stdout] scratch dir: Custom { kind: ReadOnlyFilesystem, error: PathError { path: "/opt/rustwide/workdir/./.tmp8SDnnT", err: Os { code: 30, kind: ReadOnlyFilesystem, message: "Read-only file system" } } }
[INFO] [stdout] stack backtrace:
[INFO] [stdout]    0:     0x617e7b88d521 - <<std[617be2ca0a6fd877]::sys::backtrace::BacktraceLock>::print::DisplayBacktrace as core[a373ad73a504971]::fmt::Display>::fmt
[INFO] [stdout]    1:     0x617e7b8a606a - core[a373ad73a504971]::fmt::write
[INFO] [stdout]    2:     0x617e7b8920dc - <alloc[2e1b2a31b91974c5]::vec::Vec<u8> as core[a373ad73a504971]::io::write::Write>::write_fmt
[INFO] [stdout]    3:     0x617e7b864896 - std[617be2ca0a6fd877]::panicking::default_hook::{closure#0}
[INFO] [stdout]    4:     0x617e7b883ec9 - std[617be2ca0a6fd877]::panicking::default_hook
[INFO] [stdout]    5:     0x617e7b4ebf80 - test[aada8e7e76ba119b]::test_main_inner::{closure#0}
[INFO] [stdout]    6:     0x617e7b8841f2 - std[617be2ca0a6fd877]::panicking::panic_with_hook
[INFO] [stdout]    7:     0x617e7b864942 - std[617be2ca0a6fd877]::panicking::panic_handler::{closure#0}
[INFO] [stdout]    8:     0x617e7b85d1f9 - std[617be2ca0a6fd877]::sys::backtrace::__rust_end_short_backtrace::<std[617be2ca0a6fd877]::panicking::panic_handler::{closure#0}, !>
[INFO] [stdout]    9:     0x617e7b8658ed - __rustc[ea4f61d10b84890b]::rust_begin_unwind
[INFO] [stdout]   10:     0x617e7b8a684c - core[a373ad73a504971]::panicking::panic_fmt
[INFO] [stdout]   11:     0x617e7b8a6622 - core[a373ad73a504971]::result::unwrap_failed
[INFO] [stdout]   12:     0x617e7b490a38 - hotl_testkit[580e2d7ab9c5b137]::tests::bypass_mode_runs_mutating_calls_without_asking::{closure#0}
[INFO] [stdout]   13:     0x617e7b4ccf8b - <tokio[f938c6cde0d85d62]::runtime::runtime::Runtime>::block_on::<core[a373ad73a504971]::pin::Pin<&mut dyn core[a373ad73a504971]::future::future::Future<Output = ()>>>
[INFO] [stdout]   14:     0x617e7b49e6fe - <hotl_testkit[580e2d7ab9c5b137]::tests::bypass_mode_runs_mutating_calls_without_asking::{closure#0} as core[a373ad73a504971]::ops::function::FnOnce<()>>::call_once
[INFO] [stdout]   15:     0x617e7b4df3cb - test[aada8e7e76ba119b]::__rust_begin_short_backtrace::<core[a373ad73a504971]::result::Result<(), alloc[2e1b2a31b91974c5]::string::String>, fn() -> core[a373ad73a504971]::result::Result<(), alloc[2e1b2a31b91974c5]::string::String>>
[INFO] [stdout]   16:     0x617e7b4ec5a5 - test[aada8e7e76ba119b]::run_test::{closure#0}
[INFO] [stdout]   17:     0x617e7b4e5e94 - std[617be2ca0a6fd877]::sys::backtrace::__rust_begin_short_backtrace::<test[aada8e7e76ba119b]::run_test::{closure#1}, ()>
[INFO] [stdout]   18:     0x617e7b4ef632 - <std[617be2ca0a6fd877]::thread::lifecycle::spawn_unchecked<test[aada8e7e76ba119b]::run_test::{closure#1}, ()>::{closure#1} as core[a373ad73a504971]::ops::function::FnOnce<()>>::call_once::{shim:vtable#0}
[INFO] [stdout]   19:     0x617e7b88c1af - <std[617be2ca0a6fd877]::sys::thread::unix::Thread>::new::thread_start
[INFO] [stdout]   20:     0x70142ef20dfa - <unknown>
[INFO] [stdout]   21:     0x70142efb43d4 - clone
[INFO] [stdout]   22:                0x0 - <unknown>
[INFO] [stdout] 
[INFO] [stdout] ---- tests::bypass_protected_write_flags_instead_of_asking stdout ----
[INFO] [stdout] 
[INFO] [stdout] thread 'tests::bypass_protected_write_flags_instead_of_asking' (2856) panicked at src/lib.rs:1156:54:
[INFO] [stdout] scratch dir: Custom { kind: ReadOnlyFilesystem, error: PathError { path: "/opt/rustwide/workdir/./.tmpclSXZd", err: Os { code: 30, kind: ReadOnlyFilesystem, message: "Read-only file system" } } }
[INFO] [stdout] stack backtrace:
[INFO] [stdout]    0:     0x617e7b88d521 - <<std[617be2ca0a6fd877]::sys::backtrace::BacktraceLock>::print::DisplayBacktrace as core[a373ad73a504971]::fmt::Display>::fmt
[INFO] [stdout]    1:     0x617e7b8a606a - core[a373ad73a504971]::fmt::write
[INFO] [stdout]    2:     0x617e7b8920dc - <alloc[2e1b2a31b91974c5]::vec::Vec<u8> as core[a373ad73a504971]::io::write::Write>::write_fmt
[INFO] [stdout]    3:     0x617e7b864896 - std[617be2ca0a6fd877]::panicking::default_hook::{closure#0}
[INFO] [stdout]    4:     0x617e7b883ec9 - std[617be2ca0a6fd877]::panicking::default_hook
[INFO] [stdout]    5:     0x617e7b4ebf80 - test[aada8e7e76ba119b]::test_main_inner::{closure#0}
[INFO] [stdout]    6:     0x617e7b8841f2 - std[617be2ca0a6fd877]::panicking::panic_with_hook
[INFO] [stdout]    7:     0x617e7b864942 - std[617be2ca0a6fd877]::panicking::panic_handler::{closure#0}
[INFO] [stdout]    8:     0x617e7b85d1f9 - std[617be2ca0a6fd877]::sys::backtrace::__rust_end_short_backtrace::<std[617be2ca0a6fd877]::panicking::panic_handler::{closure#0}, !>
[INFO] [stdout]    9:     0x617e7b8658ed - __rustc[ea4f61d10b84890b]::rust_begin_unwind
[INFO] [stdout]   10:     0x617e7b8a684c - core[a373ad73a504971]::panicking::panic_fmt
[INFO] [stdout]   11:     0x617e7b8a6622 - core[a373ad73a504971]::result::unwrap_failed
[INFO] [stdout]   12:     0x617e7b4915f5 - hotl_testkit[580e2d7ab9c5b137]::tests::bypass_protected_write_flags_instead_of_asking::{closure#0}
[INFO] [stdout]   13:     0x617e7b4ccf8b - <tokio[f938c6cde0d85d62]::runtime::runtime::Runtime>::block_on::<core[a373ad73a504971]::pin::Pin<&mut dyn core[a373ad73a504971]::future::future::Future<Output = ()>>>
[INFO] [stdout]   14:     0x617e7b49e85e - <hotl_testkit[580e2d7ab9c5b137]::tests::bypass_protected_write_flags_instead_of_asking::{closure#0} as core[a373ad73a504971]::ops::function::FnOnce<()>>::call_once
[INFO] [stdout]   15:     0x617e7b4df3cb - test[aada8e7e76ba119b]::__rust_begin_short_backtrace::<core[a373ad73a504971]::result::Result<(), alloc[2e1b2a31b91974c5]::string::String>, fn() -> core[a373ad73a504971]::result::Result<(), alloc[2e1b2a31b91974c5]::string::String>>
[INFO] [stdout]   16:     0x617e7b4ec5a5 - test[aada8e7e76ba119b]::run_test::{closure#0}
[INFO] [stdout]   17:     0x617e7b4e5e94 - std[617be2ca0a6fd877]::sys::backtrace::__rust_begin_short_backtrace::<test[aada8e7e76ba119b]::run_test::{closure#1}, ()>
[INFO] [stdout]   18:     0x617e7b4ef632 - <std[617be2ca0a6fd877]::thread::lifecycle::spawn_unchecked<test[aada8e7e76ba119b]::run_test::{closure#1}, ()>::{closure#1} as core[a373ad73a504971]::ops::function::FnOnce<()>>::call_once::{shim:vtable#0}
[INFO] [stdout]   19:     0x617e7b88c1af - <std[617be2ca0a6fd877]::sys::thread::unix::Thread>::new::thread_start
[INFO] [stdout]   20:     0x70142ef20dfa - <unknown>
[INFO] [stdout]   21:     0x70142efb43d4 - clone
[INFO] [stdout]   22:                0x0 - <unknown>
[INFO] [stdout] 
[INFO] [stdout] 
[INFO] [stdout] failures:
[INFO] [stdout]     tests::bypass_mode_runs_mutating_calls_without_asking
[INFO] [stdout]     tests::bypass_protected_write_flags_instead_of_asking
[INFO] [stdout] 
[INFO] [stdout] test result: FAILED. 51 passed; 2 failed; 0 ignored; 0 measured; 0 filtered out; finished in 1.50s
[INFO] [stdout] 
[INFO] [stderr] error: test failed, to rerun pass `--lib`
[INFO] running `Command { std: "docker" "inspect" "84914e642ddc337ef7334a9505b95125d5433c1f4c56ea7620de11809cf13d94", kill_on_drop: false }`
[INFO] running `Command { std: "docker" "rm" "-f" "84914e642ddc337ef7334a9505b95125d5433c1f4c56ea7620de11809cf13d94", kill_on_drop: false }`
[INFO] [stdout] 84914e642ddc337ef7334a9505b95125d5433c1f4c56ea7620de11809cf13d94
