[INFO] fetching crate horus-resources 0.1.0...
[INFO] testing horus-resources-0.1.0 against 1.99.0-beta.8+cargoflags=--release for beta-release-1.100-2
[INFO] extracting crate horus-resources 0.1.0 into /workspace/builds/worker-7-tc1/source
[INFO] started tweaking crates.io crate horus-resources 0.1.0
[INFO] removed 0 missing examples
[INFO] finished tweaking crates.io crate horus-resources 0.1.0
[INFO] tweaked toml for crates.io crate horus-resources 0.1.0 written to /workspace/builds/worker-7-tc1/source/Cargo.toml
[INFO] validating manifest of crates.io crate horus-resources 0.1.0 on toolchain 1.99.0-beta.8
[INFO] running `Command { std: CARGO_HOME="/workspace/cargo-home" RUSTUP_HOME="/workspace/rustup-home" "/workspace/cargo-home/bin/cargo" "+1.99.0-beta.8" "metadata" "--manifest-path" "Cargo.toml" "--no-deps", kill_on_drop: false }`
[INFO] crate crates.io crate horus-resources 0.1.0 already has a lockfile, it will not be regenerated
[INFO] running `Command { std: CARGO_HOME="/workspace/cargo-home" RUSTUP_HOME="/workspace/rustup-home" "/workspace/cargo-home/bin/cargo" "+1.99.0-beta.8" "fetch" "--manifest-path" "Cargo.toml", kill_on_drop: false }`
[INFO] [stderr]     Updating crates.io index
[INFO] [stderr]  Downloading crates ...
[INFO] [stderr]   Downloaded wrapcenum-derive v0.4.1
[INFO] [stderr]   Downloaded nvml-wrapper-sys v0.9.0
[INFO] [stderr]   Downloaded nvml-wrapper v0.12.0
[INFO] [stderr]   Downloaded sysinfo v0.38.2
[INFO] running `Command { std: "docker" "create" "-v" "/var/lib/crater-agent-workspace/builds/worker-7-tc1/source:/opt/rustwide/workdir:ro,Z" "-v" "/var/lib/crater-agent-workspace/builds/worker-7-tc1/target:/opt/rustwide/target:rw,Z" "-v" "/var/lib/crater-agent-workspace/cargo-home:/opt/rustwide/cargo-home:ro,Z" "-v" "/var/lib/crater-agent-workspace/rustup-home:/opt/rustwide/rustup-home:ro,Z" "-m" "1610612736" "--network" "none" "ghcr.io/rust-lang/crates-build-env/linux@sha256:77db811e55d90add9212f6832c23229e3de5f1c1f9905e8cb07319ea15df73ac" "sleep" "infinity", kill_on_drop: false }`
[INFO] [stdout] d44a225a6a3545836c05cbf62de6832f8480c8f0b85260b445c89cb2c8bc7c98
[INFO] running `Command { std: "docker" "start" "d44a225a6a3545836c05cbf62de6832f8480c8f0b85260b445c89cb2c8bc7c98", kill_on_drop: false }`
[INFO] running `Command { std: "docker" "inspect" "d44a225a6a3545836c05cbf62de6832f8480c8f0b85260b445c89cb2c8bc7c98", kill_on_drop: false }`
[INFO] running `Command { std: "docker" "exec" "-e" "SOURCE_DIR=/opt/rustwide/workdir" "-e" "CARGO_HOME=/opt/rustwide/cargo-home" "-e" "RUSTUP_HOME=/opt/rustwide/rustup-home" "-e" "CARGO_TARGET_DIR=/opt/rustwide/target" "-w" "/opt/rustwide/workdir" "--user" "0:0" "d44a225a6a3545836c05cbf62de6832f8480c8f0b85260b445c89cb2c8bc7c98" "/opt/rustwide/cargo-home/bin/cargo" "+1.99.0-beta.8" "metadata" "--no-deps" "--format-version=1", kill_on_drop: false }`
[INFO] running `Command { std: "docker" "inspect" "d44a225a6a3545836c05cbf62de6832f8480c8f0b85260b445c89cb2c8bc7c98", kill_on_drop: false }`
[INFO] running `Command { std: "docker" "exec" "-e" "SOURCE_DIR=/opt/rustwide/workdir" "-e" "CARGO_HOME=/opt/rustwide/cargo-home" "-e" "RUSTUP_HOME=/opt/rustwide/rustup-home" "-e" "CARGO_TARGET_DIR=/opt/rustwide/target" "-e" "CARGO_INCREMENTAL=0" "-e" "RUST_BACKTRACE=full" "-e" "RUSTFLAGS=--cap-lints=warn" "-e" "RUSTDOCFLAGS=--cap-lints=warn" "-w" "/opt/rustwide/workdir" "--user" "0:0" "d44a225a6a3545836c05cbf62de6832f8480c8f0b85260b445c89cb2c8bc7c98" "/opt/rustwide/cargo-home/bin/cargo" "+1.99.0-beta.8" "build" "--frozen" "--message-format=json" "--release", kill_on_drop: false }`
[INFO] [stderr]    Compiling bytesize v2.3.1
[INFO] [stderr]    Compiling sysinfo v0.38.2
[INFO] [stderr]    Compiling horus-resources v0.1.0 (/opt/rustwide/workdir)
[INFO] [stderr]     Finished `release` profile [optimized] target(s) in 7.97s
[INFO] running `Command { std: "docker" "inspect" "d44a225a6a3545836c05cbf62de6832f8480c8f0b85260b445c89cb2c8bc7c98", kill_on_drop: false }`
[INFO] running `Command { std: "docker" "exec" "-e" "SOURCE_DIR=/opt/rustwide/workdir" "-e" "CARGO_HOME=/opt/rustwide/cargo-home" "-e" "RUSTUP_HOME=/opt/rustwide/rustup-home" "-e" "CARGO_TARGET_DIR=/opt/rustwide/target" "-e" "CARGO_INCREMENTAL=0" "-e" "RUST_BACKTRACE=full" "-e" "RUSTFLAGS=--cap-lints=warn" "-e" "RUSTDOCFLAGS=--cap-lints=warn" "-w" "/opt/rustwide/workdir" "--user" "0:0" "d44a225a6a3545836c05cbf62de6832f8480c8f0b85260b445c89cb2c8bc7c98" "/opt/rustwide/cargo-home/bin/cargo" "+1.99.0-beta.8" "test" "--frozen" "--no-run" "--message-format=json" "--release", kill_on_drop: false }`
[INFO] [stderr]    Compiling getrandom v0.4.1
[INFO] [stderr]    Compiling tracing-core v0.1.36
[INFO] [stderr]    Compiling tempfile v3.26.0
[INFO] [stderr]    Compiling tracing-log v0.2.0
[INFO] [stderr]    Compiling tracing-subscriber v0.3.22
[INFO] [stderr]    Compiling horus-resources v0.1.0 (/opt/rustwide/workdir)
[INFO] [stderr]     Finished `release` profile [optimized] target(s) in 8.01s
[INFO] running `Command { std: "docker" "inspect" "d44a225a6a3545836c05cbf62de6832f8480c8f0b85260b445c89cb2c8bc7c98", kill_on_drop: false }`
[INFO] running `Command { std: "docker" "exec" "-e" "SOURCE_DIR=/opt/rustwide/workdir" "-e" "CARGO_HOME=/opt/rustwide/cargo-home" "-e" "RUSTUP_HOME=/opt/rustwide/rustup-home" "-e" "CARGO_TARGET_DIR=/opt/rustwide/target" "-e" "CARGO_INCREMENTAL=0" "-e" "RUST_BACKTRACE=full" "-e" "RUSTFLAGS=--cap-lints=warn" "-e" "RUSTDOCFLAGS=--cap-lints=warn" "-w" "/opt/rustwide/workdir" "--user" "0:0" "d44a225a6a3545836c05cbf62de6832f8480c8f0b85260b445c89cb2c8bc7c98" "/opt/rustwide/cargo-home/bin/cargo" "+1.99.0-beta.8" "test" "--frozen" "--release", kill_on_drop: false }`
[INFO] [stderr]     Finished `release` profile [optimized] target(s) in 0.11s
[INFO] [stderr]      Running unittests src/lib.rs (/opt/rustwide/target/release/deps/horus_resources-16e58fede76ea6e6)
[INFO] [stdout] 
[INFO] [stdout] running 11 tests
[INFO] [stdout] test tests::test_cgroup_v1_limited ... FAILED
[INFO] [stdout] test tests::test_cgroup_v2_unlimited ... FAILED
[INFO] [stdout] test tests::test_cgroup_v2_limited ... FAILED
[INFO] [stdout] test tests::test_available_memory_safety_margin ... ok
[INFO] [stdout] test tests::test_load_average_returns_values ... ok
[INFO] [stdout] test tests::test_new_no_cgroup ... ok
[INFO] [stdout] test tests::test_tier_thresholds ... ok
[INFO] [stdout] test tests::test_profile_contains_all_fields ... ok
[INFO] [stdout] test tests::test_recommended_parallelism_and_batch_size ... ok
[INFO] [stdout] test tests::test_summary_contains_expected_strings ... ok
[INFO] [stdout] test tests::test_available_disk_bytes_returns_positive ... ok
[INFO] [stdout] 
[INFO] [stdout] failures:
[INFO] [stdout] 
[INFO] [stdout] ---- tests::test_cgroup_v1_limited stdout ----
[INFO] [stdout] 
[INFO] [stdout] thread 'tests::test_cgroup_v1_limited' (326) panicked at src/lib.rs:496:68:
[INFO] [stdout] called `Result::unwrap()` on an `Err` value: Custom { kind: NotFound, error: PathError { path: "/opt/rustwide/workdir/tests_tmp/horus-xQE1zo", err: Os { code: 2, kind: NotFound, message: "No such file or directory" } } }
[INFO] [stdout] stack backtrace:
[INFO] [stdout]    0:     0x5612923b4f61 - <<std[70759c8f55707aa4]::sys::backtrace::BacktraceLock>::print::DisplayBacktrace as core[df12db4294e9bfd3]::fmt::Display>::fmt
[INFO] [stdout]    1:     0x5612923ca42a - core[df12db4294e9bfd3]::fmt::write
[INFO] [stdout]    2:     0x5612923b976c - <alloc[2182bb758b4b3781]::vec::Vec<u8> as core[df12db4294e9bfd3]::io::write::Write>::write_fmt
[INFO] [stdout]    3:     0x56129238f626 - std[70759c8f55707aa4]::panicking::default_hook::{closure#0}
[INFO] [stdout]    4:     0x5612923ac7a9 - std[70759c8f55707aa4]::panicking::default_hook
[INFO] [stdout]    5:     0x5612923327c0 - test[9d35eded1c95d3be]::test_main_inner::<test[9d35eded1c95d3be]::test_main_static::{closure#0}>::{closure#0}
[INFO] [stdout]    6:     0x5612923ac962 - std[70759c8f55707aa4]::panicking::panic_with_hook
[INFO] [stdout]    7:     0x56129238f6d2 - std[70759c8f55707aa4]::panicking::panic_handler::{closure#0}
[INFO] [stdout]    8:     0x561292388109 - std[70759c8f55707aa4]::sys::backtrace::__rust_end_short_backtrace::<std[70759c8f55707aa4]::panicking::panic_handler::{closure#0}, !>
[INFO] [stdout]    9:     0x5612923902cd - __rustc[8fa7c3cbc660c2b3]::rust_begin_unwind
[INFO] [stdout]   10:     0x5612923cab5c - core[df12db4294e9bfd3]::panicking::panic_fmt
[INFO] [stdout]   11:     0x5612923ca932 - core[df12db4294e9bfd3]::result::unwrap_failed
[INFO] [stdout]   12:     0x5612923231cb - horus_resources[fd771dd209d2e0f9]::tests::create_test_dir
[INFO] [stdout]   13:     0x56129232333a - horus_resources[fd771dd209d2e0f9]::tests::test_cgroup_v1_limited
[INFO] [stdout]   14:     0x561292321aa9 - <horus_resources[fd771dd209d2e0f9]::tests::test_cgroup_v1_limited::{closure#0} as core[df12db4294e9bfd3]::ops::function::FnOnce<()>>::call_once
[INFO] [stdout]   15:     0x561292325aab - test[9d35eded1c95d3be]::__rust_begin_short_backtrace::<core[df12db4294e9bfd3]::result::Result<(), alloc[2182bb758b4b3781]::string::String>, fn() -> core[df12db4294e9bfd3]::result::Result<(), alloc[2182bb758b4b3781]::string::String>>
[INFO] [stdout]   16:     0x561292333115 - test[9d35eded1c95d3be]::run_test::{closure#0}
[INFO] [stdout]   17:     0x56129232c9d4 - std[70759c8f55707aa4]::sys::backtrace::__rust_begin_short_backtrace::<test[9d35eded1c95d3be]::run_test::{closure#1}, ()>
[INFO] [stdout]   18:     0x561292336272 - <std[70759c8f55707aa4]::thread::lifecycle::spawn_unchecked<test[9d35eded1c95d3be]::run_test::{closure#1}, ()>::{closure#1} as core[df12db4294e9bfd3]::ops::function::FnOnce<()>>::call_once::{shim:vtable#0}
[INFO] [stdout]   19:     0x5612923b42d9 - <std[70759c8f55707aa4]::sys::thread::unix::Thread>::new::thread_start
[INFO] [stdout]   20:     0x7dd9fcb3cdfa - <unknown>
[INFO] [stdout]   21:     0x7dd9fcbd03d4 - clone
[INFO] [stdout]   22:                0x0 - <unknown>
[INFO] [stdout] 
[INFO] [stdout] ---- tests::test_cgroup_v2_unlimited stdout ----
[INFO] [stdout] 
[INFO] [stdout] thread 'tests::test_cgroup_v2_unlimited' (328) panicked at src/lib.rs:496:68:
[INFO] [stdout] called `Result::unwrap()` on an `Err` value: Custom { kind: NotFound, error: PathError { path: "/opt/rustwide/workdir/tests_tmp/horus-bxkxW7", err: Os { code: 2, kind: NotFound, message: "No such file or directory" } } }
[INFO] [stdout] stack backtrace:
[INFO] [stdout]    0:     0x5612923b4f61 - <<std[70759c8f55707aa4]::sys::backtrace::BacktraceLock>::print::DisplayBacktrace as core[df12db4294e9bfd3]::fmt::Display>::fmt
[INFO] [stdout]    1:     0x5612923ca42a - core[df12db4294e9bfd3]::fmt::write
[INFO] [stdout]    2:     0x5612923b976c - <alloc[2182bb758b4b3781]::vec::Vec<u8> as core[df12db4294e9bfd3]::io::write::Write>::write_fmt
[INFO] [stdout]    3:     0x56129238f626 - std[70759c8f55707aa4]::panicking::default_hook::{closure#0}
[INFO] [stdout]    4:     0x5612923ac7a9 - std[70759c8f55707aa4]::panicking::default_hook
[INFO] [stdout]    5:     0x5612923327c0 - test[9d35eded1c95d3be]::test_main_inner::<test[9d35eded1c95d3be]::test_main_static::{closure#0}>::{closure#0}
[INFO] [stdout]    6:     0x5612923ac962 - std[70759c8f55707aa4]::panicking::panic_with_hook
[INFO] [stdout]    7:     0x56129238f6d2 - std[70759c8f55707aa4]::panicking::panic_handler::{closure#0}
[INFO] [stdout]    8:     0x561292388109 - std[70759c8f55707aa4]::sys::backtrace::__rust_end_short_backtrace::<std[70759c8f55707aa4]::panicking::panic_handler::{closure#0}, !>
[INFO] [stdout]    9:     0x5612923902cd - __rustc[8fa7c3cbc660c2b3]::rust_begin_unwind
[INFO] [stdout]   10:     0x5612923cab5c - core[df12db4294e9bfd3]::panicking::panic_fmt
[INFO] [stdout]   11:     0x5612923ca932 - core[df12db4294e9bfd3]::result::unwrap_failed
[INFO] [stdout]   12:     0x5612923231cb - horus_resources[fd771dd209d2e0f9]::tests::create_test_dir
[INFO] [stdout]   13:     0x561292323df8 - horus_resources[fd771dd209d2e0f9]::tests::test_cgroup_v2_unlimited
[INFO] [stdout]   14:     0x561292321ae9 - <horus_resources[fd771dd209d2e0f9]::tests::test_cgroup_v2_unlimited::{closure#0} as core[df12db4294e9bfd3]::ops::function::FnOnce<()>>::call_once
[INFO] [stdout]   15:     0x561292325aab - test[9d35eded1c95d3be]::__rust_begin_short_backtrace::<core[df12db4294e9bfd3]::result::Result<(), alloc[2182bb758b4b3781]::string::String>, fn() -> core[df12db4294e9bfd3]::result::Result<(), alloc[2182bb758b4b3781]::string::String>>
[INFO] [stdout]   16:     0x561292333115 - test[9d35eded1c95d3be]::run_test::{closure#0}
[INFO] [stdout]   17:     0x56129232c9d4 - std[70759c8f55707aa4]::sys::backtrace::__rust_begin_short_backtrace::<test[9d35eded1c95d3be]::run_test::{closure#1}, ()>
[INFO] [stdout]   18:     0x561292336272 - <std[70759c8f55707aa4]::thread::lifecycle::spawn_unchecked<test[9d35eded1c95d3be]::run_test::{closure#1}, ()>::{closure#1} as core[df12db4294e9bfd3]::ops::function::FnOnce<()>>::call_once::{shim:vtable#0}
[INFO] [stdout]   19:     0x5612923b42d9 - <std[70759c8f55707aa4]::sys::thread::unix::Thread>::new::thread_start
[INFO] [stdout]   20:     0x7dd9fcb3cdfa - <unknown>
[INFO] [stdout]   21:     0x7dd9fcbd03d4 - clone
[INFO] [stdout]   22:                0x0 - <unknown>
[INFO] [stdout] 
[INFO] [stdout] ---- tests::test_cgroup_v2_limited stdout ----
[INFO] [stdout] 
[INFO] [stdout] thread 'tests::test_cgroup_v2_limited' (327) panicked at src/lib.rs:496:68:
[INFO] [stdout] called `Result::unwrap()` on an `Err` value: Custom { kind: NotFound, error: PathError { path: "/opt/rustwide/workdir/tests_tmp/horus-uCRXbq", err: Os { code: 2, kind: NotFound, message: "No such file or directory" } } }
[INFO] [stdout] stack backtrace:
[INFO] [stdout]    0:     0x5612923b4f61 - <<std[70759c8f55707aa4]::sys::backtrace::BacktraceLock>::print::DisplayBacktrace as core[df12db4294e9bfd3]::fmt::Display>::fmt
[INFO] [stdout]    1:     0x5612923ca42a - core[df12db4294e9bfd3]::fmt::write
[INFO] [stdout]    2:     0x5612923b976c - <alloc[2182bb758b4b3781]::vec::Vec<u8> as core[df12db4294e9bfd3]::io::write::Write>::write_fmt
[INFO] [stdout]    3:     0x56129238f626 - std[70759c8f55707aa4]::panicking::default_hook::{closure#0}
[INFO] [stdout]    4:     0x5612923ac7a9 - std[70759c8f55707aa4]::panicking::default_hook
[INFO] [stdout]    5:     0x5612923327c0 - test[9d35eded1c95d3be]::test_main_inner::<test[9d35eded1c95d3be]::test_main_static::{closure#0}>::{closure#0}
[INFO] [stdout]    6:     0x5612923ac962 - std[70759c8f55707aa4]::panicking::panic_with_hook
[INFO] [stdout]    7:     0x56129238f6d2 - std[70759c8f55707aa4]::panicking::panic_handler::{closure#0}
[INFO] [stdout]    8:     0x561292388109 - std[70759c8f55707aa4]::sys::backtrace::__rust_end_short_backtrace::<std[70759c8f55707aa4]::panicking::panic_handler::{closure#0}, !>
[INFO] [stdout]    9:     0x5612923902cd - __rustc[8fa7c3cbc660c2b3]::rust_begin_unwind
[INFO] [stdout]   10:     0x5612923cab5c - core[df12db4294e9bfd3]::panicking::panic_fmt
[INFO] [stdout]   11:     0x5612923ca932 - core[df12db4294e9bfd3]::result::unwrap_failed
[INFO] [stdout]   12:     0x5612923231cb - horus_resources[fd771dd209d2e0f9]::tests::create_test_dir
[INFO] [stdout]   13:     0x56129232389a - horus_resources[fd771dd209d2e0f9]::tests::test_cgroup_v2_limited
[INFO] [stdout]   14:     0x561292321ac9 - <horus_resources[fd771dd209d2e0f9]::tests::test_cgroup_v2_limited::{closure#0} as core[df12db4294e9bfd3]::ops::function::FnOnce<()>>::call_once
[INFO] [stdout]   15:     0x561292325aab - test[9d35eded1c95d3be]::__rust_begin_short_backtrace::<core[df12db4294e9bfd3]::result::Result<(), alloc[2182bb758b4b3781]::string::String>, fn() -> core[df12db4294e9bfd3]::result::Result<(), alloc[2182bb758b4b3781]::string::String>>
[INFO] [stdout]   16:     0x561292333115 - test[9d35eded1c95d3be]::run_test::{closure#0}
[INFO] [stdout]   17:     0x56129232c9d4 - std[70759c8f55707aa4]::sys::backtrace::__rust_begin_short_backtrace::<test[9d35eded1c95d3be]::run_test::{closure#1}, ()>
[INFO] [stdout]   18:     0x561292336272 - <std[70759c8f55707aa4]::thread::lifecycle::spawn_unchecked<test[9d35eded1c95d3be]::run_test::{closure#1}, ()>::{closure#1} as core[df12db4294e9bfd3]::ops::function::FnOnce<()>>::call_once::{shim:vtable#0}
[INFO] [stdout]   19:     0x5612923b42d9 - <std[70759c8f55707aa4]::sys::thread::unix::Thread>::new::thread_start
[INFO] [stdout]   20:     0x7dd9fcb3cdfa - <unknown>
[INFO] [stdout]   21:     0x7dd9fcbd03d4 - clone
[INFO] [stdout]   22:                0x0 - <unknown>
[INFO] [stdout] 
[INFO] [stdout] 
[INFO] [stdout] failures:
[INFO] [stdout]     tests::test_cgroup_v1_limited
[INFO] [stdout]     tests::test_cgroup_v2_limited
[INFO] [stdout]     tests::test_cgroup_v2_unlimited
[INFO] [stdout] 
[INFO] [stdout] test result: FAILED. 8 passed; 3 failed; 0 ignored; 0 measured; 0 filtered out; finished in 0.03s
[INFO] [stdout] 
[INFO] [stderr] error: test failed, to rerun pass `--lib`
[INFO] running `Command { std: "docker" "inspect" "d44a225a6a3545836c05cbf62de6832f8480c8f0b85260b445c89cb2c8bc7c98", kill_on_drop: false }`
[INFO] running `Command { std: "docker" "rm" "-f" "d44a225a6a3545836c05cbf62de6832f8480c8f0b85260b445c89cb2c8bc7c98", kill_on_drop: false }`
[INFO] [stdout] d44a225a6a3545836c05cbf62de6832f8480c8f0b85260b445c89cb2c8bc7c98
