[INFO] fetching crate hornguard 0.1.1...
[INFO] testing hornguard-0.1.1 against 1.99.0-beta.8+cargoflags=--release for beta-release-1.100-2
[INFO] extracting crate hornguard 0.1.1 into /workspace/builds/worker-6-tc1/source
[INFO] started tweaking crates.io crate hornguard 0.1.1
[INFO] removed 0 missing tests
[INFO] finished tweaking crates.io crate hornguard 0.1.1
[INFO] tweaked toml for crates.io crate hornguard 0.1.1 written to /workspace/builds/worker-6-tc1/source/Cargo.toml
[INFO] validating manifest of crates.io crate hornguard 0.1.1 on toolchain 1.99.0-beta.8
[INFO] running `Command { std: CARGO_HOME="/workspace/cargo-home" RUSTUP_HOME="/workspace/rustup-home" "/workspace/cargo-home/bin/cargo" "+1.99.0-beta.8" "metadata" "--manifest-path" "Cargo.toml" "--no-deps", kill_on_drop: false }`
[INFO] crate crates.io crate hornguard 0.1.1 already has a lockfile, it will not be regenerated
[INFO] running `Command { std: CARGO_HOME="/workspace/cargo-home" RUSTUP_HOME="/workspace/rustup-home" "/workspace/cargo-home/bin/cargo" "+1.99.0-beta.8" "fetch" "--manifest-path" "Cargo.toml", kill_on_drop: false }`
[INFO] running `Command { std: "docker" "create" "-v" "/var/lib/crater-agent-workspace/builds/worker-6-tc1/source:/opt/rustwide/workdir:ro,Z" "-v" "/var/lib/crater-agent-workspace/builds/worker-6-tc1/target:/opt/rustwide/target:rw,Z" "-v" "/var/lib/crater-agent-workspace/cargo-home:/opt/rustwide/cargo-home:ro,Z" "-v" "/var/lib/crater-agent-workspace/rustup-home:/opt/rustwide/rustup-home:ro,Z" "-m" "1610612736" "--network" "none" "ghcr.io/rust-lang/crates-build-env/linux@sha256:77db811e55d90add9212f6832c23229e3de5f1c1f9905e8cb07319ea15df73ac" "sleep" "infinity", kill_on_drop: false }`
[INFO] [stdout] d2704a0f6faa977267aed45d4d51dd9d3affa4e5f00f3f74c252ac1b8de0c725
[INFO] running `Command { std: "docker" "start" "d2704a0f6faa977267aed45d4d51dd9d3affa4e5f00f3f74c252ac1b8de0c725", kill_on_drop: false }`
[INFO] running `Command { std: "docker" "inspect" "d2704a0f6faa977267aed45d4d51dd9d3affa4e5f00f3f74c252ac1b8de0c725", kill_on_drop: false }`
[INFO] running `Command { std: "docker" "exec" "-e" "SOURCE_DIR=/opt/rustwide/workdir" "-e" "CARGO_HOME=/opt/rustwide/cargo-home" "-e" "RUSTUP_HOME=/opt/rustwide/rustup-home" "-e" "CARGO_TARGET_DIR=/opt/rustwide/target" "-w" "/opt/rustwide/workdir" "--user" "0:0" "d2704a0f6faa977267aed45d4d51dd9d3affa4e5f00f3f74c252ac1b8de0c725" "/opt/rustwide/cargo-home/bin/cargo" "+1.99.0-beta.8" "metadata" "--no-deps" "--format-version=1", kill_on_drop: false }`
[INFO] running `Command { std: "docker" "inspect" "d2704a0f6faa977267aed45d4d51dd9d3affa4e5f00f3f74c252ac1b8de0c725", kill_on_drop: false }`
[INFO] running `Command { std: "docker" "exec" "-e" "SOURCE_DIR=/opt/rustwide/workdir" "-e" "CARGO_HOME=/opt/rustwide/cargo-home" "-e" "RUSTUP_HOME=/opt/rustwide/rustup-home" "-e" "CARGO_TARGET_DIR=/opt/rustwide/target" "-e" "CARGO_INCREMENTAL=0" "-e" "RUST_BACKTRACE=full" "-e" "RUSTFLAGS=--cap-lints=warn" "-e" "RUSTDOCFLAGS=--cap-lints=warn" "-w" "/opt/rustwide/workdir" "--user" "0:0" "d2704a0f6faa977267aed45d4d51dd9d3affa4e5f00f3f74c252ac1b8de0c725" "/opt/rustwide/cargo-home/bin/cargo" "+1.99.0-beta.8" "build" "--frozen" "--message-format=json" "--release", kill_on_drop: false }`
[INFO] [stderr]    Compiling unicode-ident v1.0.26
[INFO] [stderr]    Compiling serde_json v1.0.151
[INFO] [stderr]    Compiling proc-macro2 v1.0.107
[INFO] [stderr]    Compiling quote v1.0.47
[INFO] [stderr]    Compiling syn v3.0.6
[INFO] [stderr]    Compiling serde_derive v1.0.229
[INFO] [stderr]    Compiling serde v1.0.229
[INFO] [stderr]    Compiling hornguard v0.1.1 (/opt/rustwide/workdir)
[INFO] [stderr]     Finished `release` profile [optimized] target(s) in 10.07s
[INFO] running `Command { std: "docker" "inspect" "d2704a0f6faa977267aed45d4d51dd9d3affa4e5f00f3f74c252ac1b8de0c725", kill_on_drop: false }`
[INFO] running `Command { std: "docker" "exec" "-e" "SOURCE_DIR=/opt/rustwide/workdir" "-e" "CARGO_HOME=/opt/rustwide/cargo-home" "-e" "RUSTUP_HOME=/opt/rustwide/rustup-home" "-e" "CARGO_TARGET_DIR=/opt/rustwide/target" "-e" "CARGO_INCREMENTAL=0" "-e" "RUST_BACKTRACE=full" "-e" "RUSTFLAGS=--cap-lints=warn" "-e" "RUSTDOCFLAGS=--cap-lints=warn" "-w" "/opt/rustwide/workdir" "--user" "0:0" "d2704a0f6faa977267aed45d4d51dd9d3affa4e5f00f3f74c252ac1b8de0c725" "/opt/rustwide/cargo-home/bin/cargo" "+1.99.0-beta.8" "test" "--frozen" "--no-run" "--message-format=json" "--release", kill_on_drop: false }`
[INFO] [stderr]    Compiling hornguard v0.1.1 (/opt/rustwide/workdir)
[INFO] [stderr]     Finished `release` profile [optimized] target(s) in 1.75s
[INFO] running `Command { std: "docker" "inspect" "d2704a0f6faa977267aed45d4d51dd9d3affa4e5f00f3f74c252ac1b8de0c725", kill_on_drop: false }`
[INFO] running `Command { std: "docker" "exec" "-e" "SOURCE_DIR=/opt/rustwide/workdir" "-e" "CARGO_HOME=/opt/rustwide/cargo-home" "-e" "RUSTUP_HOME=/opt/rustwide/rustup-home" "-e" "CARGO_TARGET_DIR=/opt/rustwide/target" "-e" "CARGO_INCREMENTAL=0" "-e" "RUST_BACKTRACE=full" "-e" "RUSTFLAGS=--cap-lints=warn" "-e" "RUSTDOCFLAGS=--cap-lints=warn" "-w" "/opt/rustwide/workdir" "--user" "0:0" "d2704a0f6faa977267aed45d4d51dd9d3affa4e5f00f3f74c252ac1b8de0c725" "/opt/rustwide/cargo-home/bin/cargo" "+1.99.0-beta.8" "test" "--frozen" "--release", kill_on_drop: false }`
[INFO] [stderr]     Finished `release` profile [optimized] target(s) in 0.03s
[INFO] [stderr]      Running unittests src/lib.rs (/opt/rustwide/target/release/deps/hornguard-49c2fc66ee56bbe5)
[INFO] [stdout] 
[INFO] [stderr]      Running tests/judge.rs (/opt/rustwide/target/release/deps/judge-eccb6858787b8c3d)
[INFO] [stdout] running 0 tests
[INFO] [stdout] 
[INFO] [stdout] test result: ok. 0 passed; 0 failed; 0 ignored; 0 measured; 0 filtered out; finished in 0.00s
[INFO] [stdout] 
[INFO] [stdout] 
[INFO] [stdout] running 20 tests
[INFO] [stdout] test a_missing_pack_is_reported_clearly ... ok
[INFO] [stdout] test a_clause_may_not_define_a_trusted_host_predicate ... FAILED
[INFO] [stdout] test a_constructed_goal_is_refused_at_the_sink ... FAILED
[INFO] [stdout] test a_clause_head_may_not_shadow_a_pinned_predicate ... FAILED
[INFO] [stdout] test handshake_reports_the_engine_and_profiles ... FAILED
[INFO] [stdout] test a_missing_profile_is_a_need_not_a_refusal ... FAILED
[INFO] [stdout] test defer_unknown_reports_predicates_the_host_has_not_stored ... FAILED
[INFO] [stdout] test judged_dynamic_dispatch_rewrites_the_sink_instead_of_refusing ... FAILED
[INFO] [stdout] test a_pure_goal_is_admitted_with_canonical_text ... FAILED
[INFO] [stdout] test ids_stay_in_step_across_many_requests ... FAILED
[INFO] [stdout] test a_trusted_host_predicate_still_has_its_goal_arguments_judged ... FAILED
[INFO] [stdout] test a_program_that_recurses_through_negation_has_no_single_meaning ... FAILED
[INFO] [stdout] test a_policy_file_configures_the_worker ... FAILED
[INFO] [stdout] test profiles_can_be_listed_and_reloaded ... FAILED
[INFO] [stdout] test the_worker_survives_a_request_it_cannot_answer ... FAILED
[INFO] [stdout] test workers_are_independent ... FAILED
[INFO] [stdout] test a_pinned_predicate_in_a_meta_argument_is_an_escape_attempt ... FAILED
[INFO] [stdout] test the_same_predicate_at_the_top_level_is_only_a_probe ... FAILED
[INFO] [stdout] test unparseable_text_is_refused_by_the_reader_not_the_engine ... FAILED
[INFO] [stdout] test two_terms_where_one_was_asked_for_is_refused ... FAILED
[INFO] [stdout] 
[INFO] [stdout] failures:
[INFO] [stdout] 
[INFO] [stdout] ---- a_clause_may_not_define_a_trusted_host_predicate stdout ----
[INFO] [stdout] 
[INFO] [stdout] thread 'a_clause_may_not_define_a_trusted_host_predicate' (337) panicked at tests/judge.rs:242:10:
[INFO] [stdout] called `Result::unwrap()` on an `Err` value: PackNotFound { tried: ["/opt/rustwide/workdir/../../prolog/hornguard_worker_main.pl", "swipl pack_property(hornguard, directory(_))"] }
[INFO] [stdout] stack backtrace:
[INFO] [stdout]    0:     0x5d656ca3f9c1 - <<std[70759c8f55707aa4]::sys::backtrace::BacktraceLock>::print::DisplayBacktrace as core[df12db4294e9bfd3]::fmt::Display>::fmt
[INFO] [stdout]    1:     0x5d656ca54daa - core[df12db4294e9bfd3]::fmt::write
[INFO] [stdout]    2:     0x5d656ca4419c - <alloc[2182bb758b4b3781]::vec::Vec<u8> as core[df12db4294e9bfd3]::io::write::Write>::write_fmt
[INFO] [stdout]    3:     0x5d656ca1b996 - std[70759c8f55707aa4]::panicking::default_hook::{closure#0}
[INFO] [stdout]    4:     0x5d656ca38129 - std[70759c8f55707aa4]::panicking::default_hook
[INFO] [stdout]    5:     0x5d656c9b9fd0 - test[9d35eded1c95d3be]::test_main_inner::<test[9d35eded1c95d3be]::test_main_static::{closure#0}>::{closure#0}
[INFO] [stdout]    6:     0x5d656ca382e2 - std[70759c8f55707aa4]::panicking::panic_with_hook
[INFO] [stdout]    7:     0x5d656ca1ba42 - std[70759c8f55707aa4]::panicking::panic_handler::{closure#0}
[INFO] [stdout]    8:     0x5d656ca147c9 - std[70759c8f55707aa4]::sys::backtrace::__rust_end_short_backtrace::<std[70759c8f55707aa4]::panicking::panic_handler::{closure#0}, !>
[INFO] [stdout]    9:     0x5d656ca1c63d - __rustc[8fa7c3cbc660c2b3]::rust_begin_unwind
[INFO] [stdout]   10:     0x5d656ca554dc - core[df12db4294e9bfd3]::panicking::panic_fmt
[INFO] [stdout]   11:     0x5d656ca552b2 - core[df12db4294e9bfd3]::result::unwrap_failed
[INFO] [stdout]   12:     0x5d656c9a64b1 - <judge[5def168d0048f8a3]::a_clause_may_not_define_a_trusted_host_predicate::{closure#0} as core[df12db4294e9bfd3]::ops::function::FnOnce<()>>::call_once
[INFO] [stdout]   13:     0x5d656c9ad2bb - test[9d35eded1c95d3be]::__rust_begin_short_backtrace::<core[df12db4294e9bfd3]::result::Result<(), alloc[2182bb758b4b3781]::string::String>, fn() -> core[df12db4294e9bfd3]::result::Result<(), alloc[2182bb758b4b3781]::string::String>>
[INFO] [stdout]   14:     0x5d656c9ba925 - test[9d35eded1c95d3be]::run_test::{closure#0}
[INFO] [stdout]   15:     0x5d656c9b41e4 - std[70759c8f55707aa4]::sys::backtrace::__rust_begin_short_backtrace::<test[9d35eded1c95d3be]::run_test::{closure#1}, ()>
[INFO] [stdout]   16:     0x5d656c9bda82 - <std[70759c8f55707aa4]::thread::lifecycle::spawn_unchecked<test[9d35eded1c95d3be]::run_test::{closure#1}, ()>::{closure#1} as core[df12db4294e9bfd3]::ops::function::FnOnce<()>>::call_once::{shim:vtable#0}
[INFO] [stdout]   17:     0x5d656ca3f299 - <std[70759c8f55707aa4]::sys::thread::unix::Thread>::new::thread_start
[INFO] [stdout]   18:     0x7e37cba5adfa - <unknown>
[INFO] [stdout]   19:     0x7e37cbaee3d4 - clone
[INFO] [stdout]   20:                0x0 - <unknown>
[INFO] [stdout] 
[INFO] [stdout] ---- a_constructed_goal_is_refused_at_the_sink stdout ----
[INFO] [stdout] 
[INFO] [stdout] thread 'a_constructed_goal_is_refused_at_the_sink' (338) panicked at tests/judge.rs:22:10:
[INFO] [stdout] spawn judge worker: PackNotFound { tried: ["/opt/rustwide/workdir/../../prolog/hornguard_worker_main.pl", "swipl pack_property(hornguard, directory(_))"] }
[INFO] [stdout] stack backtrace:
[INFO] [stdout]    0:     0x5d656ca3f9c1 - <<std[70759c8f55707aa4]::sys::backtrace::BacktraceLock>::print::DisplayBacktrace as core[df12db4294e9bfd3]::fmt::Display>::fmt
[INFO] [stdout]    1:     0x5d656ca54daa - core[df12db4294e9bfd3]::fmt::write
[INFO] [stdout]    2:     0x5d656ca4419c - <alloc[2182bb758b4b3781]::vec::Vec<u8> as core[df12db4294e9bfd3]::io::write::Write>::write_fmt
[INFO] [stdout]    3:     0x5d656ca1b996 - std[70759c8f55707aa4]::panicking::default_hook::{closure#0}
[INFO] [stdout]    4:     0x5d656ca38129 - std[70759c8f55707aa4]::panicking::default_hook
[INFO] [stdout]    5:     0x5d656c9b9fd0 - test[9d35eded1c95d3be]::test_main_inner::<test[9d35eded1c95d3be]::test_main_static::{closure#0}>::{closure#0}
[INFO] [stdout]    6:     0x5d656ca382e2 - std[70759c8f55707aa4]::panicking::panic_with_hook
[INFO] [stdout]    7:     0x5d656ca1ba42 - std[70759c8f55707aa4]::panicking::panic_handler::{closure#0}
[INFO] [stdout]    8:     0x5d656ca147c9 - std[70759c8f55707aa4]::sys::backtrace::__rust_end_short_backtrace::<std[70759c8f55707aa4]::panicking::panic_handler::{closure#0}, !>
[INFO] [stdout]    9:     0x5d656ca1c63d - __rustc[8fa7c3cbc660c2b3]::rust_begin_unwind
[INFO] [stdout]   10:     0x5d656ca554dc - core[df12db4294e9bfd3]::panicking::panic_fmt
[INFO] [stdout]   11:     0x5d656ca552b2 - core[df12db4294e9bfd3]::result::unwrap_failed
[INFO] [stdout]   12:     0x5d656c9a2b5b - judge[5def168d0048f8a3]::judge
[INFO] [stdout]   13:     0x5d656c9a4f74 - <judge[5def168d0048f8a3]::a_constructed_goal_is_refused_at_the_sink::{closure#0} as core[df12db4294e9bfd3]::ops::function::FnOnce<()>>::call_once
[INFO] [stdout]   14:     0x5d656c9ad2bb - test[9d35eded1c95d3be]::__rust_begin_short_backtrace::<core[df12db4294e9bfd3]::result::Result<(), alloc[2182bb758b4b3781]::string::String>, fn() -> core[df12db4294e9bfd3]::result::Result<(), alloc[2182bb758b4b3781]::string::String>>
[INFO] [stdout]   15:     0x5d656c9ba925 - test[9d35eded1c95d3be]::run_test::{closure#0}
[INFO] [stdout]   16:     0x5d656c9b41e4 - std[70759c8f55707aa4]::sys::backtrace::__rust_begin_short_backtrace::<test[9d35eded1c95d3be]::run_test::{closure#1}, ()>
[INFO] [stdout]   17:     0x5d656c9bda82 - <std[70759c8f55707aa4]::thread::lifecycle::spawn_unchecked<test[9d35eded1c95d3be]::run_test::{closure#1}, ()>::{closure#1} as core[df12db4294e9bfd3]::ops::function::FnOnce<()>>::call_once::{shim:vtable#0}
[INFO] [stdout]   18:     0x5d656ca3f299 - <std[70759c8f55707aa4]::sys::thread::unix::Thread>::new::thread_start
[INFO] [stdout]   19:     0x7e37cba5adfa - <unknown>
[INFO] [stdout]   20:     0x7e37cbaee3d4 - clone
[INFO] [stdout]   21:                0x0 - <unknown>
[INFO] [stdout] 
[INFO] [stdout] ---- a_clause_head_may_not_shadow_a_pinned_predicate stdout ----
[INFO] [stdout] 
[INFO] [stdout] thread 'a_clause_head_may_not_shadow_a_pinned_predicate' (336) panicked at tests/judge.rs:22:10:
[INFO] [stdout] spawn judge worker: PackNotFound { tried: ["/opt/rustwide/workdir/../../prolog/hornguard_worker_main.pl", "swipl pack_property(hornguard, directory(_))"] }
[INFO] [stdout] stack backtrace:
[INFO] [stdout]    0:     0x5d656ca3f9c1 - <<std[70759c8f55707aa4]::sys::backtrace::BacktraceLock>::print::DisplayBacktrace as core[df12db4294e9bfd3]::fmt::Display>::fmt
[INFO] [stdout]    1:     0x5d656ca54daa - core[df12db4294e9bfd3]::fmt::write
[INFO] [stdout]    2:     0x5d656ca4419c - <alloc[2182bb758b4b3781]::vec::Vec<u8> as core[df12db4294e9bfd3]::io::write::Write>::write_fmt
[INFO] [stdout]    3:     0x5d656ca1b996 - std[70759c8f55707aa4]::panicking::default_hook::{closure#0}
[INFO] [stdout]    4:     0x5d656ca38129 - std[70759c8f55707aa4]::panicking::default_hook
[INFO] [stdout]    5:     0x5d656c9b9fd0 - test[9d35eded1c95d3be]::test_main_inner::<test[9d35eded1c95d3be]::test_main_static::{closure#0}>::{closure#0}
[INFO] [stdout]    6:     0x5d656ca382e2 - std[70759c8f55707aa4]::panicking::panic_with_hook
[INFO] [stdout]    7:     0x5d656ca1ba42 - std[70759c8f55707aa4]::panicking::panic_handler::{closure#0}
[INFO] [stdout]    8:     0x5d656ca147c9 - std[70759c8f55707aa4]::sys::backtrace::__rust_end_short_backtrace::<std[70759c8f55707aa4]::panicking::panic_handler::{closure#0}, !>
[INFO] [stdout]    9:     0x5d656ca1c63d - __rustc[8fa7c3cbc660c2b3]::rust_begin_unwind
[INFO] [stdout]   10:     0x5d656ca554dc - core[df12db4294e9bfd3]::panicking::panic_fmt
[INFO] [stdout]   11:     0x5d656ca552b2 - core[df12db4294e9bfd3]::result::unwrap_failed
[INFO] [stdout]   12:     0x5d656c9a2b5b - judge[5def168d0048f8a3]::judge
[INFO] [stdout]   13:     0x5d656c9a5ef4 - <judge[5def168d0048f8a3]::a_clause_head_may_not_shadow_a_pinned_predicate::{closure#0} as core[df12db4294e9bfd3]::ops::function::FnOnce<()>>::call_once
[INFO] [stdout]   14:     0x5d656c9ad2bb - test[9d35eded1c95d3be]::__rust_begin_short_backtrace::<core[df12db4294e9bfd3]::result::Result<(), alloc[2182bb758b4b3781]::string::String>, fn() -> core[df12db4294e9bfd3]::result::Result<(), alloc[2182bb758b4b3781]::string::String>>
[INFO] [stdout]   15:     0x5d656c9ba925 - test[9d35eded1c95d3be]::run_test::{closure#0}
[INFO] [stdout]   16:     0x5d656c9b41e4 - std[70759c8f55707aa4]::sys::backtrace::__rust_begin_short_backtrace::<test[9d35eded1c95d3be]::run_test::{closure#1}, ()>
[INFO] [stdout]   17:     0x5d656c9bda82 - <std[70759c8f55707aa4]::thread::lifecycle::spawn_unchecked<test[9d35eded1c95d3be]::run_test::{closure#1}, ()>::{closure#1} as core[df12db4294e9bfd3]::ops::function::FnOnce<()>>::call_once::{shim:vtable#0}
[INFO] [stdout]   18:     0x5d656ca3f299 - <std[70759c8f55707aa4]::sys::thread::unix::Thread>::new::thread_start
[INFO] [stdout]   19:     0x7e37cba5adfa - <unknown>
[INFO] [stdout]   20:     0x7e37cbaee3d4 - clone
[INFO] [stdout]   21:                0x0 - <unknown>
[INFO] [stdout] 
[INFO] [stdout] ---- handshake_reports_the_engine_and_profiles stdout ----
[INFO] [stderr] error: test failed, to rerun pass `--test judge`
[INFO] [stdout] 
[INFO] [stdout] thread 'handshake_reports_the_engine_and_profiles' (348) panicked at tests/judge.rs:22:10:
[INFO] [stdout] spawn judge worker: PackNotFound { tried: ["/opt/rustwide/workdir/../../prolog/hornguard_worker_main.pl", "swipl pack_property(hornguard, directory(_))"] }
[INFO] [stdout] stack backtrace:
[INFO] [stdout]    0:     0x5d656ca3f9c1 - <<std[70759c8f55707aa4]::sys::backtrace::BacktraceLock>::print::DisplayBacktrace as core[df12db4294e9bfd3]::fmt::Display>::fmt
[INFO] [stdout]    1:     0x5d656ca54daa - core[df12db4294e9bfd3]::fmt::write
[INFO] [stdout]    2:     0x5d656ca4419c - <alloc[2182bb758b4b3781]::vec::Vec<u8> as core[df12db4294e9bfd3]::io::write::Write>::write_fmt
[INFO] [stdout]    3:     0x5d656ca1b996 - std[70759c8f55707aa4]::panicking::default_hook::{closure#0}
[INFO] [stdout]    4:     0x5d656ca38129 - std[70759c8f55707aa4]::panicking::default_hook
[INFO] [stdout]    5:     0x5d656c9b9fd0 - test[9d35eded1c95d3be]::test_main_inner::<test[9d35eded1c95d3be]::test_main_static::{closure#0}>::{closure#0}
[INFO] [stdout]    6:     0x5d656ca382e2 - std[70759c8f55707aa4]::panicking::panic_with_hook
[INFO] [stdout]    7:     0x5d656ca1ba42 - std[70759c8f55707aa4]::panicking::panic_handler::{closure#0}
[INFO] [stdout]    8:     0x5d656ca147c9 - std[70759c8f55707aa4]::sys::backtrace::__rust_end_short_backtrace::<std[70759c8f55707aa4]::panicking::panic_handler::{closure#0}, !>
[INFO] [stdout]    9:     0x5d656ca1c63d - __rustc[8fa7c3cbc660c2b3]::rust_begin_unwind
[INFO] [stdout]   10:     0x5d656ca554dc - core[df12db4294e9bfd3]::panicking::panic_fmt
[INFO] [stdout]   11:     0x5d656ca552b2 - core[df12db4294e9bfd3]::result::unwrap_failed
[INFO] [stdout]   12:     0x5d656c9a2b5b - judge[5def168d0048f8a3]::judge
[INFO] [stdout]   13:     0x5d656c9a5615 - <judge[5def168d0048f8a3]::handshake_reports_the_engine_and_profiles::{closure#0} as core[df12db4294e9bfd3]::ops::function::FnOnce<()>>::call_once
[INFO] [stdout]   14:     0x5d656c9ad2bb - test[9d35eded1c95d3be]::__rust_begin_short_backtrace::<core[df12db4294e9bfd3]::result::Result<(), alloc[2182bb758b4b3781]::string::String>, fn() -> core[df12db4294e9bfd3]::result::Result<(), alloc[2182bb758b4b3781]::string::String>>
[INFO] [stdout]   15:     0x5d656c9ba925 - test[9d35eded1c95d3be]::run_test::{closure#0}
[INFO] [stdout]   16:     0x5d656c9b41e4 - std[70759c8f55707aa4]::sys::backtrace::__rust_begin_short_backtrace::<test[9d35eded1c95d3be]::run_test::{closure#1}, ()>
[INFO] [stdout]   17:     0x5d656c9bda82 - <std[70759c8f55707aa4]::thread::lifecycle::spawn_unchecked<test[9d35eded1c95d3be]::run_test::{closure#1}, ()>::{closure#1} as core[df12db4294e9bfd3]::ops::function::FnOnce<()>>::call_once::{shim:vtable#0}
[INFO] [stdout]   18:     0x5d656ca3f299 - <std[70759c8f55707aa4]::sys::thread::unix::Thread>::new::thread_start
[INFO] [stdout]   19:     0x7e37cba5adfa - <unknown>
[INFO] [stdout]   20:     0x7e37cbaee3d4 - clone
[INFO] [stdout]   21:                0x0 - <unknown>
[INFO] [stdout] 
[INFO] [stdout] ---- a_missing_profile_is_a_need_not_a_refusal stdout ----
[INFO] [stdout] 
[INFO] [stdout] thread 'a_missing_profile_is_a_need_not_a_refusal' (340) panicked at tests/judge.rs:98:10:
[INFO] [stdout] called `Result::unwrap()` on an `Err` value: PackNotFound { tried: ["/opt/rustwide/workdir/../../prolog/hornguard_worker_main.pl", "swipl pack_property(hornguard, directory(_))"] }
[INFO] [stdout] stack backtrace:
[INFO] [stdout]    0:     0x5d656ca3f9c1 - <<std[70759c8f55707aa4]::sys::backtrace::BacktraceLock>::print::DisplayBacktrace as core[df12db4294e9bfd3]::fmt::Display>::fmt
[INFO] [stdout]    1:     0x5d656ca54daa - core[df12db4294e9bfd3]::fmt::write
[INFO] [stdout]    2:     0x5d656ca4419c - <alloc[2182bb758b4b3781]::vec::Vec<u8> as core[df12db4294e9bfd3]::io::write::Write>::write_fmt
[INFO] [stdout]    3:     0x5d656ca1b996 - std[70759c8f55707aa4]::panicking::default_hook::{closure#0}
[INFO] [stdout]    4:     0x5d656ca38129 - std[70759c8f55707aa4]::panicking::default_hook
[INFO] [stdout]    5:     0x5d656c9b9fd0 - test[9d35eded1c95d3be]::test_main_inner::<test[9d35eded1c95d3be]::test_main_static::{closure#0}>::{closure#0}
[INFO] [stdout]    6:     0x5d656ca382e2 - std[70759c8f55707aa4]::panicking::panic_with_hook
[INFO] [stdout]    7:     0x5d656ca1ba42 - std[70759c8f55707aa4]::panicking::panic_handler::{closure#0}
[INFO] [stdout]    8:     0x5d656ca147c9 - std[70759c8f55707aa4]::sys::backtrace::__rust_end_short_backtrace::<std[70759c8f55707aa4]::panicking::panic_handler::{closure#0}, !>
[INFO] [stdout]    9:     0x5d656ca1c63d - __rustc[8fa7c3cbc660c2b3]::rust_begin_unwind
[INFO] [stdout]   10:     0x5d656ca554dc - core[df12db4294e9bfd3]::panicking::panic_fmt
[INFO] [stdout]   11:     0x5d656ca552b2 - core[df12db4294e9bfd3]::result::unwrap_failed
[INFO] [stdout]   12:     0x5d656c9a550c - <judge[5def168d0048f8a3]::a_missing_profile_is_a_need_not_a_refusal::{closure#0} as core[df12db4294e9bfd3]::ops::function::FnOnce<()>>::call_once
[INFO] [stdout]   13:     0x5d656c9ad2bb - test[9d35eded1c95d3be]::__rust_begin_short_backtrace::<core[df12db4294e9bfd3]::result::Result<(), alloc[2182bb758b4b3781]::string::String>, fn() -> core[df12db4294e9bfd3]::result::Result<(), alloc[2182bb758b4b3781]::string::String>>
[INFO] [stdout]   14:     0x5d656c9ba925 - test[9d35eded1c95d3be]::run_test::{closure#0}
[INFO] [stdout]   15:     0x5d656c9b41e4 - std[70759c8f55707aa4]::sys::backtrace::__rust_begin_short_backtrace::<test[9d35eded1c95d3be]::run_test::{closure#1}, ()>
[INFO] [stdout]   16:     0x5d656c9bda82 - <std[70759c8f55707aa4]::thread::lifecycle::spawn_unchecked<test[9d35eded1c95d3be]::run_test::{closure#1}, ()>::{closure#1} as core[df12db4294e9bfd3]::ops::function::FnOnce<()>>::call_once::{shim:vtable#0}
[INFO] [stdout]   17:     0x5d656ca3f299 - <std[70759c8f55707aa4]::sys::thread::unix::Thread>::new::thread_start
[INFO] [stdout]   18:     0x7e37cba5adfa - <unknown>
[INFO] [stdout]   19:     0x7e37cbaee3d4 - clone
[INFO] [stdout]   20:                0x0 - <unknown>
[INFO] [stdout] 
[INFO] [stdout] ---- defer_unknown_reports_predicates_the_host_has_not_stored stdout ----
[INFO] [stdout] 
[INFO] [stdout] thread 'defer_unknown_reports_predicates_the_host_has_not_stored' (347) panicked at tests/judge.rs:112:10:
[INFO] [stdout] called `Result::unwrap()` on an `Err` value: PackNotFound { tried: ["/opt/rustwide/workdir/../../prolog/hornguard_worker_main.pl", "swipl pack_property(hornguard, directory(_))"] }
[INFO] [stdout] stack backtrace:
[INFO] [stdout]    0:     0x5d656ca3f9c1 - <<std[70759c8f55707aa4]::sys::backtrace::BacktraceLock>::print::DisplayBacktrace as core[df12db4294e9bfd3]::fmt::Display>::fmt
[INFO] [stdout]    1:     0x5d656ca54daa - core[df12db4294e9bfd3]::fmt::write
[INFO] [stdout]    2:     0x5d656ca4419c - <alloc[2182bb758b4b3781]::vec::Vec<u8> as core[df12db4294e9bfd3]::io::write::Write>::write_fmt
[INFO] [stdout]    3:     0x5d656ca1b996 - std[70759c8f55707aa4]::panicking::default_hook::{closure#0}
[INFO] [stdout]    4:     0x5d656ca38129 - std[70759c8f55707aa4]::panicking::default_hook
[INFO] [stdout]    5:     0x5d656c9b9fd0 - test[9d35eded1c95d3be]::test_main_inner::<test[9d35eded1c95d3be]::test_main_static::{closure#0}>::{closure#0}
[INFO] [stdout]    6:     0x5d656ca382e2 - std[70759c8f55707aa4]::panicking::panic_with_hook
[INFO] [stdout]    7:     0x5d656ca1ba42 - std[70759c8f55707aa4]::panicking::panic_handler::{closure#0}
[INFO] [stdout]    8:     0x5d656ca147c9 - std[70759c8f55707aa4]::sys::backtrace::__rust_end_short_backtrace::<std[70759c8f55707aa4]::panicking::panic_handler::{closure#0}, !>
[INFO] [stdout]    9:     0x5d656ca1c63d - __rustc[8fa7c3cbc660c2b3]::rust_begin_unwind
[INFO] [stdout]   10:     0x5d656ca554dc - core[df12db4294e9bfd3]::panicking::panic_fmt
[INFO] [stdout]   11:     0x5d656ca552b2 - core[df12db4294e9bfd3]::result::unwrap_failed
[INFO] [stdout]   12:     0x5d656c9a6c0d - <judge[5def168d0048f8a3]::defer_unknown_reports_predicates_the_host_has_not_stored::{closure#0} as core[df12db4294e9bfd3]::ops::function::FnOnce<()>>::call_once
[INFO] [stdout]   13:     0x5d656c9ad2bb - test[9d35eded1c95d3be]::__rust_begin_short_backtrace::<core[df12db4294e9bfd3]::result::Result<(), alloc[2182bb758b4b3781]::string::String>, fn() -> core[df12db4294e9bfd3]::result::Result<(), alloc[2182bb758b4b3781]::string::String>>
[INFO] [stdout]   14:     0x5d656c9ba925 - test[9d35eded1c95d3be]::run_test::{closure#0}
[INFO] [stdout]   15:     0x5d656c9b41e4 - std[70759c8f55707aa4]::sys::backtrace::__rust_begin_short_backtrace::<test[9d35eded1c95d3be]::run_test::{closure#1}, ()>
[INFO] [stdout]   16:     0x5d656c9bda82 - <std[70759c8f55707aa4]::thread::lifecycle::spawn_unchecked<test[9d35eded1c95d3be]::run_test::{closure#1}, ()>::{closure#1} as core[df12db4294e9bfd3]::ops::function::FnOnce<()>>::call_once::{shim:vtable#0}
[INFO] [stdout]   17:     0x5d656ca3f299 - <std[70759c8f55707aa4]::sys::thread::unix::Thread>::new::thread_start
[INFO] [stdout]   18:     0x7e37cba5adfa - <unknown>
[INFO] [stdout]   19:     0x7e37cbaee3d4 - clone
[INFO] [stdout]   20:                0x0 - <unknown>
[INFO] [stdout] 
[INFO] [stdout] ---- judged_dynamic_dispatch_rewrites_the_sink_instead_of_refusing stdout ----
[INFO] [stdout] 
[INFO] [stdout] thread 'judged_dynamic_dispatch_rewrites_the_sink_instead_of_refusing' (350) panicked at tests/judge.rs:202:10:
[INFO] [stdout] called `Result::unwrap()` on an `Err` value: PackNotFound { tried: ["/opt/rustwide/workdir/../../prolog/hornguard_worker_main.pl", "swipl pack_property(hornguard, directory(_))"] }
[INFO] [stdout] stack backtrace:
[INFO] [stdout]    0:     0x5d656ca3f9c1 - <<std[70759c8f55707aa4]::sys::backtrace::BacktraceLock>::print::DisplayBacktrace as core[df12db4294e9bfd3]::fmt::Display>::fmt
[INFO] [stdout]    1:     0x5d656ca54daa - core[df12db4294e9bfd3]::fmt::write
[INFO] [stdout]    2:     0x5d656ca4419c - <alloc[2182bb758b4b3781]::vec::Vec<u8> as core[df12db4294e9bfd3]::io::write::Write>::write_fmt
[INFO] [stdout]    3:     0x5d656ca1b996 - std[70759c8f55707aa4]::panicking::default_hook::{closure#0}
[INFO] [stdout]    4:     0x5d656ca38129 - std[70759c8f55707aa4]::panicking::default_hook
[INFO] [stdout]    5:     0x5d656c9b9fd0 - test[9d35eded1c95d3be]::test_main_inner::<test[9d35eded1c95d3be]::test_main_static::{closure#0}>::{closure#0}
[INFO] [stdout]    6:     0x5d656ca382e2 - std[70759c8f55707aa4]::panicking::panic_with_hook
[INFO] [stdout]    7:     0x5d656ca1ba42 - std[70759c8f55707aa4]::panicking::panic_handler::{closure#0}
[INFO] [stdout]    8:     0x5d656ca147c9 - std[70759c8f55707aa4]::sys::backtrace::__rust_end_short_backtrace::<std[70759c8f55707aa4]::panicking::panic_handler::{closure#0}, !>
[INFO] [stdout]    9:     0x5d656ca1c63d - __rustc[8fa7c3cbc660c2b3]::rust_begin_unwind
[INFO] [stdout]   10:     0x5d656ca554dc - core[df12db4294e9bfd3]::panicking::panic_fmt
[INFO] [stdout]   11:     0x5d656ca552b2 - core[df12db4294e9bfd3]::result::unwrap_failed
[INFO] [stdout]   12:     0x5d656c9a7c89 - <judge[5def168d0048f8a3]::judged_dynamic_dispatch_rewrites_the_sink_instead_of_refusing::{closure#0} as core[df12db4294e9bfd3]::ops::function::FnOnce<()>>::call_once
[INFO] [stdout]   13:     0x5d656c9ad2bb - test[9d35eded1c95d3be]::__rust_begin_short_backtrace::<core[df12db4294e9bfd3]::result::Result<(), alloc[2182bb758b4b3781]::string::String>, fn() -> core[df12db4294e9bfd3]::result::Result<(), alloc[2182bb758b4b3781]::string::String>>
[INFO] [stdout]   14:     0x5d656c9ba925 - test[9d35eded1c95d3be]::run_test::{closure#0}
[INFO] [stdout]   15:     0x5d656c9b41e4 - std[70759c8f55707aa4]::sys::backtrace::__rust_begin_short_backtrace::<test[9d35eded1c95d3be]::run_test::{closure#1}, ()>
[INFO] [stdout]   16:     0x5d656c9bda82 - <std[70759c8f55707aa4]::thread::lifecycle::spawn_unchecked<test[9d35eded1c95d3be]::run_test::{closure#1}, ()>::{closure#1} as core[df12db4294e9bfd3]::ops::function::FnOnce<()>>::call_once::{shim:vtable#0}
[INFO] [stdout]   17:     0x5d656ca3f299 - <std[70759c8f55707aa4]::sys::thread::unix::Thread>::new::thread_start
[INFO] [stdout]   18:     0x7e37cba5adfa - <unknown>
[INFO] [stdout]   19:     0x7e37cbaee3d4 - clone
[INFO] [stdout]   20:                0x0 - <unknown>
[INFO] [stdout] 
[INFO] [stdout] ---- a_pure_goal_is_admitted_with_canonical_text stdout ----
[INFO] [stdout] 
[INFO] [stdout] thread 'a_pure_goal_is_admitted_with_canonical_text' (344) panicked at tests/judge.rs:22:10:
[INFO] [stdout] spawn judge worker: PackNotFound { tried: ["/opt/rustwide/workdir/../../prolog/hornguard_worker_main.pl", "swipl pack_property(hornguard, directory(_))"] }
[INFO] [stdout] stack backtrace:
[INFO] [stdout]    0:     0x5d656ca3f9c1 - <<std[70759c8f55707aa4]::sys::backtrace::BacktraceLock>::print::DisplayBacktrace as core[df12db4294e9bfd3]::fmt::Display>::fmt
[INFO] [stdout]    1:     0x5d656ca54daa - core[df12db4294e9bfd3]::fmt::write
[INFO] [stdout]    2:     0x5d656ca4419c - <alloc[2182bb758b4b3781]::vec::Vec<u8> as core[df12db4294e9bfd3]::io::write::Write>::write_fmt
[INFO] [stdout]    3:     0x5d656ca1b996 - std[70759c8f55707aa4]::panicking::default_hook::{closure#0}
[INFO] [stdout]    4:     0x5d656ca38129 - std[70759c8f55707aa4]::panicking::default_hook
[INFO] [stdout]    5:     0x5d656c9b9fd0 - test[9d35eded1c95d3be]::test_main_inner::<test[9d35eded1c95d3be]::test_main_static::{closure#0}>::{closure#0}
[INFO] [stdout]    6:     0x5d656ca382e2 - std[70759c8f55707aa4]::panicking::panic_with_hook
[INFO] [stdout]    7:     0x5d656ca1ba42 - std[70759c8f55707aa4]::panicking::panic_handler::{closure#0}
[INFO] [stdout]    8:     0x5d656ca147c9 - std[70759c8f55707aa4]::sys::backtrace::__rust_end_short_backtrace::<std[70759c8f55707aa4]::panicking::panic_handler::{closure#0}, !>
[INFO] [stdout]    9:     0x5d656ca1c63d - __rustc[8fa7c3cbc660c2b3]::rust_begin_unwind
[INFO] [stdout]   10:     0x5d656ca554dc - core[df12db4294e9bfd3]::panicking::panic_fmt
[INFO] [stdout]   11:     0x5d656ca552b2 - core[df12db4294e9bfd3]::result::unwrap_failed
[INFO] [stdout]   12:     0x5d656c9a2b5b - judge[5def168d0048f8a3]::judge
[INFO] [stdout]   13:     0x5d656c9a576d - <judge[5def168d0048f8a3]::a_pure_goal_is_admitted_with_canonical_text::{closure#0} as core[df12db4294e9bfd3]::ops::function::FnOnce<()>>::call_once
[INFO] [stdout]   14:     0x5d656c9ad2bb - test[9d35eded1c95d3be]::__rust_begin_short_backtrace::<core[df12db4294e9bfd3]::result::Result<(), alloc[2182bb758b4b3781]::string::String>, fn() -> core[df12db4294e9bfd3]::result::Result<(), alloc[2182bb758b4b3781]::string::String>>
[INFO] [stdout]   15:     0x5d656c9ba925 - test[9d35eded1c95d3be]::run_test::{closure#0}
[INFO] [stdout]   16:     0x5d656c9b41e4 - std[70759c8f55707aa4]::sys::backtrace::__rust_begin_short_backtrace::<test[9d35eded1c95d3be]::run_test::{closure#1}, ()>
[INFO] [stdout]   17:     0x5d656c9bda82 - <std[70759c8f55707aa4]::thread::lifecycle::spawn_unchecked<test[9d35eded1c95d3be]::run_test::{closure#1}, ()>::{closure#1} as core[df12db4294e9bfd3]::ops::function::FnOnce<()>>::call_once::{shim:vtable#0}
[INFO] [stdout]   18:     0x5d656ca3f299 - <std[70759c8f55707aa4]::sys::thread::unix::Thread>::new::thread_start
[INFO] [stdout]   19:     0x7e37cba5adfa - <unknown>
[INFO] [stdout]   20:     0x7e37cbaee3d4 - clone
[INFO] [stdout]   21:                0x0 - <unknown>
[INFO] [stdout] 
[INFO] [stdout] ---- ids_stay_in_step_across_many_requests stdout ----
[INFO] [stdout] 
[INFO] [stdout] thread 'ids_stay_in_step_across_many_requests' (349) panicked at tests/judge.rs:22:10:
[INFO] [stdout] spawn judge worker: PackNotFound { tried: ["/opt/rustwide/workdir/../../prolog/hornguard_worker_main.pl", "swipl pack_property(hornguard, directory(_))"] }
[INFO] [stdout] stack backtrace:
[INFO] [stdout]    0:     0x5d656ca3f9c1 - <<std[70759c8f55707aa4]::sys::backtrace::BacktraceLock>::print::DisplayBacktrace as core[df12db4294e9bfd3]::fmt::Display>::fmt
[INFO] [stdout]    1:     0x5d656ca54daa - core[df12db4294e9bfd3]::fmt::write
[INFO] [stdout]    2:     0x5d656ca4419c - <alloc[2182bb758b4b3781]::vec::Vec<u8> as core[df12db4294e9bfd3]::io::write::Write>::write_fmt
[INFO] [stdout]    3:     0x5d656ca1b996 - std[70759c8f55707aa4]::panicking::default_hook::{closure#0}
[INFO] [stdout]    4:     0x5d656ca38129 - std[70759c8f55707aa4]::panicking::default_hook
[INFO] [stdout]    5:     0x5d656c9b9fd0 - test[9d35eded1c95d3be]::test_main_inner::<test[9d35eded1c95d3be]::test_main_static::{closure#0}>::{closure#0}
[INFO] [stdout]    6:     0x5d656ca382e2 - std[70759c8f55707aa4]::panicking::panic_with_hook
[INFO] [stdout]    7:     0x5d656ca1ba42 - std[70759c8f55707aa4]::panicking::panic_handler::{closure#0}
[INFO] [stdout]    8:     0x5d656ca147c9 - std[70759c8f55707aa4]::sys::backtrace::__rust_end_short_backtrace::<std[70759c8f55707aa4]::panicking::panic_handler::{closure#0}, !>
[INFO] [stdout]    9:     0x5d656ca1c63d - __rustc[8fa7c3cbc660c2b3]::rust_begin_unwind
[INFO] [stdout]   10:     0x5d656ca554dc - core[df12db4294e9bfd3]::panicking::panic_fmt
[INFO] [stdout]   11:     0x5d656ca552b2 - core[df12db4294e9bfd3]::result::unwrap_failed
[INFO] [stdout]   12:     0x5d656c9a2b5b - judge[5def168d0048f8a3]::judge
[INFO] [stdout]   13:     0x5d656c9a4d53 - <judge[5def168d0048f8a3]::ids_stay_in_step_across_many_requests::{closure#0} as core[df12db4294e9bfd3]::ops::function::FnOnce<()>>::call_once
[INFO] [stdout]   14:     0x5d656c9ad2bb - test[9d35eded1c95d3be]::__rust_begin_short_backtrace::<core[df12db4294e9bfd3]::result::Result<(), alloc[2182bb758b4b3781]::string::String>, fn() -> core[df12db4294e9bfd3]::result::Result<(), alloc[2182bb758b4b3781]::string::String>>
[INFO] [stdout]   15:     0x5d656c9ba925 - test[9d35eded1c95d3be]::run_test::{closure#0}
[INFO] [stdout]   16:     0x5d656c9b41e4 - std[70759c8f55707aa4]::sys::backtrace::__rust_begin_short_backtrace::<test[9d35eded1c95d3be]::run_test::{closure#1}, ()>
[INFO] [stdout]   17:     0x5d656c9bda82 - <std[70759c8f55707aa4]::thread::lifecycle::spawn_unchecked<test[9d35eded1c95d3be]::run_test::{closure#1}, ()>::{closure#1} as core[df12db4294e9bfd3]::ops::function::FnOnce<()>>::call_once::{shim:vtable#0}
[INFO] [stdout]   18:     0x5d656ca3f299 - <std[70759c8f55707aa4]::sys::thread::unix::Thread>::new::thread_start
[INFO] [stdout]   19:     0x7e37cba5adfa - <unknown>
[INFO] [stdout]   20:     0x7e37cbaee3d4 - clone
[INFO] [stdout]   21:                0x0 - <unknown>
[INFO] [stdout] 
[INFO] [stdout] ---- a_trusted_host_predicate_still_has_its_goal_arguments_judged stdout ----
[INFO] [stdout] 
[INFO] [stdout] thread 'a_trusted_host_predicate_still_has_its_goal_arguments_judged' (345) panicked at tests/judge.rs:184:10:
[INFO] [stdout] called `Result::unwrap()` on an `Err` value: PackNotFound { tried: ["/opt/rustwide/workdir/../../prolog/hornguard_worker_main.pl", "swipl pack_property(hornguard, directory(_))"] }
[INFO] [stdout] stack backtrace:
[INFO] [stdout]    0:     0x5d656ca3f9c1 - <<std[70759c8f55707aa4]::sys::backtrace::BacktraceLock>::print::DisplayBacktrace as core[df12db4294e9bfd3]::fmt::Display>::fmt
[INFO] [stdout]    1:     0x5d656ca54daa - core[df12db4294e9bfd3]::fmt::write
[INFO] [stdout]    2:     0x5d656ca4419c - <alloc[2182bb758b4b3781]::vec::Vec<u8> as core[df12db4294e9bfd3]::io::write::Write>::write_fmt
[INFO] [stdout]    3:     0x5d656ca1b996 - std[70759c8f55707aa4]::panicking::default_hook::{closure#0}
[INFO] [stdout]    4:     0x5d656ca38129 - std[70759c8f55707aa4]::panicking::default_hook
[INFO] [stdout]    5:     0x5d656c9b9fd0 - test[9d35eded1c95d3be]::test_main_inner::<test[9d35eded1c95d3be]::test_main_static::{closure#0}>::{closure#0}
[INFO] [stdout]    6:     0x5d656ca382e2 - std[70759c8f55707aa4]::panicking::panic_with_hook
[INFO] [stdout]    7:     0x5d656ca1ba42 - std[70759c8f55707aa4]::panicking::panic_handler::{closure#0}
[INFO] [stdout]    8:     0x5d656ca147c9 - std[70759c8f55707aa4]::sys::backtrace::__rust_end_short_backtrace::<std[70759c8f55707aa4]::panicking::panic_handler::{closure#0}, !>
[INFO] [stdout]    9:     0x5d656ca1c63d - __rustc[8fa7c3cbc660c2b3]::rust_begin_unwind
[INFO] [stdout]   10:     0x5d656ca554dc - core[df12db4294e9bfd3]::panicking::panic_fmt
[INFO] [stdout]   11:     0x5d656ca552b2 - core[df12db4294e9bfd3]::result::unwrap_failed
[INFO] [stdout]   12:     0x5d656c9a763f - <judge[5def168d0048f8a3]::a_trusted_host_predicate_still_has_its_goal_arguments_judged::{closure#0} as core[df12db4294e9bfd3]::ops::function::FnOnce<()>>::call_once
[INFO] [stdout]   13:     0x5d656c9ad2bb - test[9d35eded1c95d3be]::__rust_begin_short_backtrace::<core[df12db4294e9bfd3]::result::Result<(), alloc[2182bb758b4b3781]::string::String>, fn() -> core[df12db4294e9bfd3]::result::Result<(), alloc[2182bb758b4b3781]::string::String>>
[INFO] [stdout]   14:     0x5d656c9ba925 - test[9d35eded1c95d3be]::run_test::{closure#0}
[INFO] [stdout]   15:     0x5d656c9b41e4 - std[70759c8f55707aa4]::sys::backtrace::__rust_begin_short_backtrace::<test[9d35eded1c95d3be]::run_test::{closure#1}, ()>
[INFO] [stdout]   16:     0x5d656c9bda82 - <std[70759c8f55707aa4]::thread::lifecycle::spawn_unchecked<test[9d35eded1c95d3be]::run_test::{closure#1}, ()>::{closure#1} as core[df12db4294e9bfd3]::ops::function::FnOnce<()>>::call_once::{shim:vtable#0}
[INFO] [stdout]   17:     0x5d656ca3f299 - <std[70759c8f55707aa4]::sys::thread::unix::Thread>::new::thread_start
[INFO] [stdout]   18:     0x7e37cba5adfa - <unknown>
[INFO] [stdout]   19:     0x7e37cbaee3d4 - clone
[INFO] [stdout]   20:                0x0 - <unknown>
[INFO] [stdout] 
[INFO] [stdout] ---- a_program_that_recurses_through_negation_has_no_single_meaning stdout ----
[INFO] [stdout] 
[INFO] [stdout] thread 'a_program_that_recurses_through_negation_has_no_single_meaning' (343) panicked at tests/judge.rs:136:10:
[INFO] [stdout] called `Result::unwrap()` on an `Err` value: PackNotFound { tried: ["/opt/rustwide/workdir/../../prolog/hornguard_worker_main.pl", "swipl pack_property(hornguard, directory(_))"] }
[INFO] [stdout] stack backtrace:
[INFO] [stdout]    0:     0x5d656ca3f9c1 - <<std[70759c8f55707aa4]::sys::backtrace::BacktraceLock>::print::DisplayBacktrace as core[df12db4294e9bfd3]::fmt::Display>::fmt
[INFO] [stdout]    1:     0x5d656ca54daa - core[df12db4294e9bfd3]::fmt::write
[INFO] [stdout]    2:     0x5d656ca4419c - <alloc[2182bb758b4b3781]::vec::Vec<u8> as core[df12db4294e9bfd3]::io::write::Write>::write_fmt
[INFO] [stdout]    3:     0x5d656ca1b996 - std[70759c8f55707aa4]::panicking::default_hook::{closure#0}
[INFO] [stdout]    4:     0x5d656ca38129 - std[70759c8f55707aa4]::panicking::default_hook
[INFO] [stdout]    5:     0x5d656c9b9fd0 - test[9d35eded1c95d3be]::test_main_inner::<test[9d35eded1c95d3be]::test_main_static::{closure#0}>::{closure#0}
[INFO] [stdout]    6:     0x5d656ca382e2 - std[70759c8f55707aa4]::panicking::panic_with_hook
[INFO] [stdout]    7:     0x5d656ca1ba42 - std[70759c8f55707aa4]::panicking::panic_handler::{closure#0}
[INFO] [stdout]    8:     0x5d656ca147c9 - std[70759c8f55707aa4]::sys::backtrace::__rust_end_short_backtrace::<std[70759c8f55707aa4]::panicking::panic_handler::{closure#0}, !>
[INFO] [stdout]    9:     0x5d656ca1c63d - __rustc[8fa7c3cbc660c2b3]::rust_begin_unwind
[INFO] [stdout]   10:     0x5d656ca554dc - core[df12db4294e9bfd3]::panicking::panic_fmt
[INFO] [stdout]   11:     0x5d656ca552b2 - core[df12db4294e9bfd3]::result::unwrap_failed
[INFO] [stdout]   12:     0x5d656c9a826b - <judge[5def168d0048f8a3]::a_program_that_recurses_through_negation_has_no_single_meaning::{closure#0} as core[df12db4294e9bfd3]::ops::function::FnOnce<()>>::call_once
[INFO] [stdout]   13:     0x5d656c9ad2bb - test[9d35eded1c95d3be]::__rust_begin_short_backtrace::<core[df12db4294e9bfd3]::result::Result<(), alloc[2182bb758b4b3781]::string::String>, fn() -> core[df12db4294e9bfd3]::result::Result<(), alloc[2182bb758b4b3781]::string::String>>
[INFO] [stdout]   14:     0x5d656c9ba925 - test[9d35eded1c95d3be]::run_test::{closure#0}
[INFO] [stdout]   15:     0x5d656c9b41e4 - std[70759c8f55707aa4]::sys::backtrace::__rust_begin_short_backtrace::<test[9d35eded1c95d3be]::run_test::{closure#1}, ()>
[INFO] [stdout]   16:     0x5d656c9bda82 - <std[70759c8f55707aa4]::thread::lifecycle::spawn_unchecked<test[9d35eded1c95d3be]::run_test::{closure#1}, ()>::{closure#1} as core[df12db4294e9bfd3]::ops::function::FnOnce<()>>::call_once::{shim:vtable#0}
[INFO] [stdout]   17:     0x5d656ca3f299 - <std[70759c8f55707aa4]::sys::thread::unix::Thread>::new::thread_start
[INFO] [stdout]   18:     0x7e37cba5adfa - <unknown>
[INFO] [stdout]   19:     0x7e37cbaee3d4 - clone
[INFO] [stdout]   20:                0x0 - <unknown>
[INFO] [stdout] 
[INFO] [stdout] ---- a_policy_file_configures_the_worker stdout ----
[INFO] [stdout] 
[INFO] [stdout] thread 'a_policy_file_configures_the_worker' (342) panicked at tests/judge.rs:262:10:
[INFO] [stdout] called `Result::unwrap()` on an `Err` value: PackNotFound { tried: ["/opt/rustwide/workdir/../../prolog/hornguard_worker_main.pl", "swipl pack_property(hornguard, directory(_))"] }
[INFO] [stdout] stack backtrace:
[INFO] [stdout]    0:     0x5d656ca3f9c1 - <<std[70759c8f55707aa4]::sys::backtrace::BacktraceLock>::print::DisplayBacktrace as core[df12db4294e9bfd3]::fmt::Display>::fmt
[INFO] [stdout]    1:     0x5d656ca54daa - core[df12db4294e9bfd3]::fmt::write
[INFO] [stdout]    2:     0x5d656ca4419c - <alloc[2182bb758b4b3781]::vec::Vec<u8> as core[df12db4294e9bfd3]::io::write::Write>::write_fmt
[INFO] [stdout]    3:     0x5d656ca1b996 - std[70759c8f55707aa4]::panicking::default_hook::{closure#0}
[INFO] [stdout]    4:     0x5d656ca38129 - std[70759c8f55707aa4]::panicking::default_hook
[INFO] [stdout]    5:     0x5d656c9b9fd0 - test[9d35eded1c95d3be]::test_main_inner::<test[9d35eded1c95d3be]::test_main_static::{closure#0}>::{closure#0}
[INFO] [stdout]    6:     0x5d656ca382e2 - std[70759c8f55707aa4]::panicking::panic_with_hook
[INFO] [stdout]    7:     0x5d656ca1ba42 - std[70759c8f55707aa4]::panicking::panic_handler::{closure#0}
[INFO] [stdout]    8:     0x5d656ca147c9 - std[70759c8f55707aa4]::sys::backtrace::__rust_end_short_backtrace::<std[70759c8f55707aa4]::panicking::panic_handler::{closure#0}, !>
[INFO] [stdout]    9:     0x5d656ca1c63d - __rustc[8fa7c3cbc660c2b3]::rust_begin_unwind
[INFO] [stdout]   10:     0x5d656ca554dc - core[df12db4294e9bfd3]::panicking::panic_fmt
[INFO] [stdout]   11:     0x5d656ca552b2 - core[df12db4294e9bfd3]::result::unwrap_failed
[INFO] [stdout]   12:     0x5d656c9a46a2 - <judge[5def168d0048f8a3]::a_policy_file_configures_the_worker::{closure#0} as core[df12db4294e9bfd3]::ops::function::FnOnce<()>>::call_once
[INFO] [stdout]   13:     0x5d656c9ad2bb - test[9d35eded1c95d3be]::__rust_begin_short_backtrace::<core[df12db4294e9bfd3]::result::Result<(), alloc[2182bb758b4b3781]::string::String>, fn() -> core[df12db4294e9bfd3]::result::Result<(), alloc[2182bb758b4b3781]::string::String>>
[INFO] [stdout]   14:     0x5d656c9ba925 - test[9d35eded1c95d3be]::run_test::{closure#0}
[INFO] [stdout]   15:     0x5d656c9b41e4 - std[70759c8f55707aa4]::sys::backtrace::__rust_begin_short_backtrace::<test[9d35eded1c95d3be]::run_test::{closure#1}, ()>
[INFO] [stdout]   16:     0x5d656c9bda82 - <std[70759c8f55707aa4]::thread::lifecycle::spawn_unchecked<test[9d35eded1c95d3be]::run_test::{closure#1}, ()>::{closure#1} as core[df12db4294e9bfd3]::ops::function::FnOnce<()>>::call_once::{shim:vtable#0}
[INFO] [stdout]   17:     0x5d656ca3f299 - <std[70759c8f55707aa4]::sys::thread::unix::Thread>::new::thread_start
[INFO] [stdout]   18:     0x7e37cba5adfa - <unknown>
[INFO] [stdout]   19:     0x7e37cbaee3d4 - clone
[INFO] [stdout]   20:                0x0 - <unknown>
[INFO] [stdout] 
[INFO] [stdout] ---- profiles_can_be_listed_and_reloaded stdout ----
[INFO] [stdout] 
[INFO] [stdout] thread 'profiles_can_be_listed_and_reloaded' (351) panicked at tests/judge.rs:22:10:
[INFO] [stdout] spawn judge worker: PackNotFound { tried: ["/opt/rustwide/workdir/../../prolog/hornguard_worker_main.pl", "swipl pack_property(hornguard, directory(_))"] }
[INFO] [stdout] stack backtrace:
[INFO] [stdout]    0:     0x5d656ca3f9c1 - <<std[70759c8f55707aa4]::sys::backtrace::BacktraceLock>::print::DisplayBacktrace as core[df12db4294e9bfd3]::fmt::Display>::fmt
[INFO] [stdout]    1:     0x5d656ca54daa - core[df12db4294e9bfd3]::fmt::write
[INFO] [stdout]    2:     0x5d656ca4419c - <alloc[2182bb758b4b3781]::vec::Vec<u8> as core[df12db4294e9bfd3]::io::write::Write>::write_fmt
[INFO] [stdout]    3:     0x5d656ca1b996 - std[70759c8f55707aa4]::panicking::default_hook::{closure#0}
[INFO] [stdout]    4:     0x5d656ca38129 - std[70759c8f55707aa4]::panicking::default_hook
[INFO] [stdout]    5:     0x5d656c9b9fd0 - test[9d35eded1c95d3be]::test_main_inner::<test[9d35eded1c95d3be]::test_main_static::{closure#0}>::{closure#0}
[INFO] [stdout]    6:     0x5d656ca382e2 - std[70759c8f55707aa4]::panicking::panic_with_hook
[INFO] [stdout]    7:     0x5d656ca1ba42 - std[70759c8f55707aa4]::panicking::panic_handler::{closure#0}
[INFO] [stdout]    8:     0x5d656ca147c9 - std[70759c8f55707aa4]::sys::backtrace::__rust_end_short_backtrace::<std[70759c8f55707aa4]::panicking::panic_handler::{closure#0}, !>
[INFO] [stdout]    9:     0x5d656ca1c63d - __rustc[8fa7c3cbc660c2b3]::rust_begin_unwind
[INFO] [stdout]   10:     0x5d656ca554dc - core[df12db4294e9bfd3]::panicking::panic_fmt
[INFO] [stdout]   11:     0x5d656ca552b2 - core[df12db4294e9bfd3]::result::unwrap_failed
[INFO] [stdout]   12:     0x5d656c9a2b5b - judge[5def168d0048f8a3]::judge
[INFO] [stdout]   13:     0x5d656c9a48d4 - <judge[5def168d0048f8a3]::profiles_can_be_listed_and_reloaded::{closure#0} as core[df12db4294e9bfd3]::ops::function::FnOnce<()>>::call_once
[INFO] [stdout]   14:     0x5d656c9ad2bb - test[9d35eded1c95d3be]::__rust_begin_short_backtrace::<core[df12db4294e9bfd3]::result::Result<(), alloc[2182bb758b4b3781]::string::String>, fn() -> core[df12db4294e9bfd3]::result::Result<(), alloc[2182bb758b4b3781]::string::String>>
[INFO] [stdout]   15:     0x5d656c9ba925 - test[9d35eded1c95d3be]::run_test::{closure#0}
[INFO] [stdout]   16:     0x5d656c9b41e4 - std[70759c8f55707aa4]::sys::backtrace::__rust_begin_short_backtrace::<test[9d35eded1c95d3be]::run_test::{closure#1}, ()>
[INFO] [stdout]   17:     0x5d656c9bda82 - <std[70759c8f55707aa4]::thread::lifecycle::spawn_unchecked<test[9d35eded1c95d3be]::run_test::{closure#1}, ()>::{closure#1} as core[df12db4294e9bfd3]::ops::function::FnOnce<()>>::call_once::{shim:vtable#0}
[INFO] [stdout]   18:     0x5d656ca3f299 - <std[70759c8f55707aa4]::sys::thread::unix::Thread>::new::thread_start
[INFO] [stdout]   19:     0x7e37cba5adfa - <unknown>
[INFO] [stdout]   20:     0x7e37cbaee3d4 - clone
[INFO] [stdout]   21:                0x0 - <unknown>
[INFO] [stdout] 
[INFO] [stdout] ---- the_worker_survives_a_request_it_cannot_answer stdout ----
[INFO] [stdout] 
[INFO] [stdout] thread 'the_worker_survives_a_request_it_cannot_answer' (367) panicked at tests/judge.rs:22:10:
[INFO] [stdout] spawn judge worker: PackNotFound { tried: ["/opt/rustwide/workdir/../../prolog/hornguard_worker_main.pl", "swipl pack_property(hornguard, directory(_))"] }
[INFO] [stdout] stack backtrace:
[INFO] [stdout]    0:     0x5d656ca3f9c1 - <<std[70759c8f55707aa4]::sys::backtrace::BacktraceLock>::print::DisplayBacktrace as core[df12db4294e9bfd3]::fmt::Display>::fmt
[INFO] [stdout]    1:     0x5d656ca54daa - core[df12db4294e9bfd3]::fmt::write
[INFO] [stdout]    2:     0x5d656ca4419c - <alloc[2182bb758b4b3781]::vec::Vec<u8> as core[df12db4294e9bfd3]::io::write::Write>::write_fmt
[INFO] [stdout]    3:     0x5d656ca1b996 - std[70759c8f55707aa4]::panicking::default_hook::{closure#0}
[INFO] [stdout]    4:     0x5d656ca38129 - std[70759c8f55707aa4]::panicking::default_hook
[INFO] [stdout]    5:     0x5d656c9b9fd0 - test[9d35eded1c95d3be]::test_main_inner::<test[9d35eded1c95d3be]::test_main_static::{closure#0}>::{closure#0}
[INFO] [stdout]    6:     0x5d656ca382e2 - std[70759c8f55707aa4]::panicking::panic_with_hook
[INFO] [stdout]    7:     0x5d656ca1ba42 - std[70759c8f55707aa4]::panicking::panic_handler::{closure#0}
[INFO] [stdout]    8:     0x5d656ca147c9 - std[70759c8f55707aa4]::sys::backtrace::__rust_end_short_backtrace::<std[70759c8f55707aa4]::panicking::panic_handler::{closure#0}, !>
[INFO] [stdout]    9:     0x5d656ca1c63d - __rustc[8fa7c3cbc660c2b3]::rust_begin_unwind
[INFO] [stdout]   10:     0x5d656ca554dc - core[df12db4294e9bfd3]::panicking::panic_fmt
[INFO] [stdout]   11:     0x5d656ca552b2 - core[df12db4294e9bfd3]::result::unwrap_failed
[INFO] [stdout]   12:     0x5d656c9a2b5b - judge[5def168d0048f8a3]::judge
[INFO] [stdout]   13:     0x5d656c9a5c1d - <judge[5def168d0048f8a3]::the_worker_survives_a_request_it_cannot_answer::{closure#0} as core[df12db4294e9bfd3]::ops::function::FnOnce<()>>::call_once
[INFO] [stdout]   14:     0x5d656c9ad2bb - test[9d35eded1c95d3be]::__rust_begin_short_backtrace::<core[df12db4294e9bfd3]::result::Result<(), alloc[2182bb758b4b3781]::string::String>, fn() -> core[df12db4294e9bfd3]::result::Result<(), alloc[2182bb758b4b3781]::string::String>>
[INFO] [stdout]   15:     0x5d656c9ba925 - test[9d35eded1c95d3be]::run_test::{closure#0}
[INFO] [stdout]   16:     0x5d656c9b41e4 - std[70759c8f55707aa4]::sys::backtrace::__rust_begin_short_backtrace::<test[9d35eded1c95d3be]::run_test::{closure#1}, ()>
[INFO] [stdout]   17:     0x5d656c9bda82 - <std[70759c8f55707aa4]::thread::lifecycle::spawn_unchecked<test[9d35eded1c95d3be]::run_test::{closure#1}, ()>::{closure#1} as core[df12db4294e9bfd3]::ops::function::FnOnce<()>>::call_once::{shim:vtable#0}
[INFO] [stdout]   18:     0x5d656ca3f299 - <std[70759c8f55707aa4]::sys::thread::unix::Thread>::new::thread_start
[INFO] [stdout]   19:     0x7e37cba5adfa - <unknown>
[INFO] [stdout]   20:     0x7e37cbaee3d4 - clone
[INFO] [stdout]   21:                0x0 - <unknown>
[INFO] [stdout] 
[INFO] [stdout] ---- workers_are_independent stdout ----
[INFO] [stdout] 
[INFO] [stdout] thread 'workers_are_independent' (370) panicked at tests/judge.rs:319:10:
[INFO] [stdout] called `Result::unwrap()` on an `Err` value: PackNotFound { tried: ["/opt/rustwide/workdir/../../prolog/hornguard_worker_main.pl", "swipl pack_property(hornguard, directory(_))"] }
[INFO] [stdout] stack backtrace:
[INFO] [stdout]    0:     0x5d656ca3f9c1 - <<std[70759c8f55707aa4]::sys::backtrace::BacktraceLock>::print::DisplayBacktrace as core[df12db4294e9bfd3]::fmt::Display>::fmt
[INFO] [stdout]    1:     0x5d656ca54daa - core[df12db4294e9bfd3]::fmt::write
[INFO] [stdout]    2:     0x5d656ca4419c - <alloc[2182bb758b4b3781]::vec::Vec<u8> as core[df12db4294e9bfd3]::io::write::Write>::write_fmt
[INFO] [stdout]    3:     0x5d656ca1b996 - std[70759c8f55707aa4]::panicking::default_hook::{closure#0}
[INFO] [stdout]    4:     0x5d656ca38129 - std[70759c8f55707aa4]::panicking::default_hook
[INFO] [stdout]    5:     0x5d656c9b9fd0 - test[9d35eded1c95d3be]::test_main_inner::<test[9d35eded1c95d3be]::test_main_static::{closure#0}>::{closure#0}
[INFO] [stdout]    6:     0x5d656ca382e2 - std[70759c8f55707aa4]::panicking::panic_with_hook
[INFO] [stdout]    7:     0x5d656ca1ba42 - std[70759c8f55707aa4]::panicking::panic_handler::{closure#0}
[INFO] [stdout]    8:     0x5d656ca147c9 - std[70759c8f55707aa4]::sys::backtrace::__rust_end_short_backtrace::<std[70759c8f55707aa4]::panicking::panic_handler::{closure#0}, !>
[INFO] [stdout]    9:     0x5d656ca1c63d - __rustc[8fa7c3cbc660c2b3]::rust_begin_unwind
[INFO] [stdout]   10:     0x5d656ca554dc - core[df12db4294e9bfd3]::panicking::panic_fmt
[INFO] [stdout]   11:     0x5d656ca552b2 - core[df12db4294e9bfd3]::result::unwrap_failed
[INFO] [stdout]   12:     0x5d656c9a3e70 - <judge[5def168d0048f8a3]::workers_are_independent::{closure#0} as core[df12db4294e9bfd3]::ops::function::FnOnce<()>>::call_once
[INFO] [stdout]   13:     0x5d656c9ad2bb - test[9d35eded1c95d3be]::__rust_begin_short_backtrace::<core[df12db4294e9bfd3]::result::Result<(), alloc[2182bb758b4b3781]::string::String>, fn() -> core[df12db4294e9bfd3]::result::Result<(), alloc[2182bb758b4b3781]::string::String>>
[INFO] [stdout]   14:     0x5d656c9ba925 - test[9d35eded1c95d3be]::run_test::{closure#0}
[INFO] [stdout]   15:     0x5d656c9b41e4 - std[70759c8f55707aa4]::sys::backtrace::__rust_begin_short_backtrace::<test[9d35eded1c95d3be]::run_test::{closure#1}, ()>
[INFO] [stdout]   16:     0x5d656c9bda82 - <std[70759c8f55707aa4]::thread::lifecycle::spawn_unchecked<test[9d35eded1c95d3be]::run_test::{closure#1}, ()>::{closure#1} as core[df12db4294e9bfd3]::ops::function::FnOnce<()>>::call_once::{shim:vtable#0}
[INFO] [stdout]   17:     0x5d656ca3f299 - <std[70759c8f55707aa4]::sys::thread::unix::Thread>::new::thread_start
[INFO] [stdout]   18:     0x7e37cba5adfa - <unknown>
[INFO] [stdout]   19:     0x7e37cbaee3d4 - clone
[INFO] [stdout]   20:                0x0 - <unknown>
[INFO] [stdout] 
[INFO] [stdout] ---- a_pinned_predicate_in_a_meta_argument_is_an_escape_attempt stdout ----
[INFO] [stdout] 
[INFO] [stdout] thread 'a_pinned_predicate_in_a_meta_argument_is_an_escape_attempt' (341) panicked at tests/judge.rs:22:10:
[INFO] [stdout] spawn judge worker: PackNotFound { tried: ["/opt/rustwide/workdir/../../prolog/hornguard_worker_main.pl", "swipl pack_property(hornguard, directory(_))"] }
[INFO] [stdout] stack backtrace:
[INFO] [stdout]    0:     0x5d656ca3f9c1 - <<std[70759c8f55707aa4]::sys::backtrace::BacktraceLock>::print::DisplayBacktrace as core[df12db4294e9bfd3]::fmt::Display>::fmt
[INFO] [stdout]    1:     0x5d656ca54daa - core[df12db4294e9bfd3]::fmt::write
[INFO] [stdout]    2:     0x5d656ca4419c - <alloc[2182bb758b4b3781]::vec::Vec<u8> as core[df12db4294e9bfd3]::io::write::Write>::write_fmt
[INFO] [stdout]    3:     0x5d656ca1b996 - std[70759c8f55707aa4]::panicking::default_hook::{closure#0}
[INFO] [stdout]    4:     0x5d656ca38129 - std[70759c8f55707aa4]::panicking::default_hook
[INFO] [stdout]    5:     0x5d656c9b9fd0 - test[9d35eded1c95d3be]::test_main_inner::<test[9d35eded1c95d3be]::test_main_static::{closure#0}>::{closure#0}
[INFO] [stdout]    6:     0x5d656ca382e2 - std[70759c8f55707aa4]::panicking::panic_with_hook
[INFO] [stdout]    7:     0x5d656ca1ba42 - std[70759c8f55707aa4]::panicking::panic_handler::{closure#0}
[INFO] [stdout]    8:     0x5d656ca147c9 - std[70759c8f55707aa4]::sys::backtrace::__rust_end_short_backtrace::<std[70759c8f55707aa4]::panicking::panic_handler::{closure#0}, !>
[INFO] [stdout]    9:     0x5d656ca1c63d - __rustc[8fa7c3cbc660c2b3]::rust_begin_unwind
[INFO] [stdout]   10:     0x5d656ca554dc - core[df12db4294e9bfd3]::panicking::panic_fmt
[INFO] [stdout]   11:     0x5d656ca552b2 - core[df12db4294e9bfd3]::result::unwrap_failed
[INFO] [stdout]   12:     0x5d656c9a2b5b - judge[5def168d0048f8a3]::judge
[INFO] [stdout]   13:     0x5d656c9a6fd4 - <judge[5def168d0048f8a3]::a_pinned_predicate_in_a_meta_argument_is_an_escape_attempt::{closure#0} as core[df12db4294e9bfd3]::ops::function::FnOnce<()>>::call_once
[INFO] [stdout]   14:     0x5d656c9ad2bb - test[9d35eded1c95d3be]::__rust_begin_short_backtrace::<core[df12db4294e9bfd3]::result::Result<(), alloc[2182bb758b4b3781]::string::String>, fn() -> core[df12db4294e9bfd3]::result::Result<(), alloc[2182bb758b4b3781]::string::String>>
[INFO] [stdout]   15:     0x5d656c9ba925 - test[9d35eded1c95d3be]::run_test::{closure#0}
[INFO] [stdout]   16:     0x5d656c9b41e4 - std[70759c8f55707aa4]::sys::backtrace::__rust_begin_short_backtrace::<test[9d35eded1c95d3be]::run_test::{closure#1}, ()>
[INFO] [stdout]   17:     0x5d656c9bda82 - <std[70759c8f55707aa4]::thread::lifecycle::spawn_unchecked<test[9d35eded1c95d3be]::run_test::{closure#1}, ()>::{closure#1} as core[df12db4294e9bfd3]::ops::function::FnOnce<()>>::call_once::{shim:vtable#0}
[INFO] [stdout]   18:     0x5d656ca3f299 - <std[70759c8f55707aa4]::sys::thread::unix::Thread>::new::thread_start
[INFO] [stdout]   19:     0x7e37cba5adfa - <unknown>
[INFO] [stdout]   20:     0x7e37cbaee3d4 - clone
[INFO] [stdout]   21:                0x0 - <unknown>
[INFO] [stdout] 
[INFO] [stdout] ---- the_same_predicate_at_the_top_level_is_only_a_probe stdout ----
[INFO] [stdout] 
[INFO] [stdout] thread 'the_same_predicate_at_the_top_level_is_only_a_probe' (352) panicked at tests/judge.rs:22:10:
[INFO] [stdout] spawn judge worker: PackNotFound { tried: ["/opt/rustwide/workdir/../../prolog/hornguard_worker_main.pl", "swipl pack_property(hornguard, directory(_))"] }
[INFO] [stdout] stack backtrace:
[INFO] [stdout]    0:     0x5d656ca3f9c1 - <<std[70759c8f55707aa4]::sys::backtrace::BacktraceLock>::print::DisplayBacktrace as core[df12db4294e9bfd3]::fmt::Display>::fmt
[INFO] [stdout]    1:     0x5d656ca54daa - core[df12db4294e9bfd3]::fmt::write
[INFO] [stdout]    2:     0x5d656ca4419c - <alloc[2182bb758b4b3781]::vec::Vec<u8> as core[df12db4294e9bfd3]::io::write::Write>::write_fmt
[INFO] [stdout]    3:     0x5d656ca1b996 - std[70759c8f55707aa4]::panicking::default_hook::{closure#0}
[INFO] [stdout]    4:     0x5d656ca38129 - std[70759c8f55707aa4]::panicking::default_hook
[INFO] [stdout]    5:     0x5d656c9b9fd0 - test[9d35eded1c95d3be]::test_main_inner::<test[9d35eded1c95d3be]::test_main_static::{closure#0}>::{closure#0}
[INFO] [stdout]    6:     0x5d656ca382e2 - std[70759c8f55707aa4]::panicking::panic_with_hook
[INFO] [stdout]    7:     0x5d656ca1ba42 - std[70759c8f55707aa4]::panicking::panic_handler::{closure#0}
[INFO] [stdout]    8:     0x5d656ca147c9 - std[70759c8f55707aa4]::sys::backtrace::__rust_end_short_backtrace::<std[70759c8f55707aa4]::panicking::panic_handler::{closure#0}, !>
[INFO] [stdout]    9:     0x5d656ca1c63d - __rustc[8fa7c3cbc660c2b3]::rust_begin_unwind
[INFO] [stdout]   10:     0x5d656ca554dc - core[df12db4294e9bfd3]::panicking::panic_fmt
[INFO] [stdout]   11:     0x5d656ca552b2 - core[df12db4294e9bfd3]::result::unwrap_failed
[INFO] [stdout]   12:     0x5d656c9a2b5b - judge[5def168d0048f8a3]::judge
[INFO] [stdout]   13:     0x5d656c9a6684 - <judge[5def168d0048f8a3]::the_same_predicate_at_the_top_level_is_only_a_probe::{closure#0} as core[df12db4294e9bfd3]::ops::function::FnOnce<()>>::call_once
[INFO] [stdout]   14:     0x5d656c9ad2bb - test[9d35eded1c95d3be]::__rust_begin_short_backtrace::<core[df12db4294e9bfd3]::result::Result<(), alloc[2182bb758b4b3781]::string::String>, fn() -> core[df12db4294e9bfd3]::result::Result<(), alloc[2182bb758b4b3781]::string::String>>
[INFO] [stdout]   15:     0x5d656c9ba925 - test[9d35eded1c95d3be]::run_test::{closure#0}
[INFO] [stdout]   16:     0x5d656c9b41e4 - std[70759c8f55707aa4]::sys::backtrace::__rust_begin_short_backtrace::<test[9d35eded1c95d3be]::run_test::{closure#1}, ()>
[INFO] [stdout]   17:     0x5d656c9bda82 - <std[70759c8f55707aa4]::thread::lifecycle::spawn_unchecked<test[9d35eded1c95d3be]::run_test::{closure#1}, ()>::{closure#1} as core[df12db4294e9bfd3]::ops::function::FnOnce<()>>::call_once::{shim:vtable#0}
[INFO] [stdout]   18:     0x5d656ca3f299 - <std[70759c8f55707aa4]::sys::thread::unix::Thread>::new::thread_start
[INFO] [stdout]   19:     0x7e37cba5adfa - <unknown>
[INFO] [stdout]   20:     0x7e37cbaee3d4 - clone
[INFO] [stdout]   21:                0x0 - <unknown>
[INFO] [stdout] 
[INFO] [stdout] ---- unparseable_text_is_refused_by_the_reader_not_the_engine stdout ----
[INFO] [stdout] 
[INFO] [stdout] thread 'unparseable_text_is_refused_by_the_reader_not_the_engine' (369) panicked at tests/judge.rs:22:10:
[INFO] [stdout] spawn judge worker: PackNotFound { tried: ["/opt/rustwide/workdir/../../prolog/hornguard_worker_main.pl", "swipl pack_property(hornguard, directory(_))"] }
[INFO] [stdout] stack backtrace:
[INFO] [stdout]    0:     0x5d656ca3f9c1 - <<std[70759c8f55707aa4]::sys::backtrace::BacktraceLock>::print::DisplayBacktrace as core[df12db4294e9bfd3]::fmt::Display>::fmt
[INFO] [stdout]    1:     0x5d656ca54daa - core[df12db4294e9bfd3]::fmt::write
[INFO] [stdout]    2:     0x5d656ca4419c - <alloc[2182bb758b4b3781]::vec::Vec<u8> as core[df12db4294e9bfd3]::io::write::Write>::write_fmt
[INFO] [stdout]    3:     0x5d656ca1b996 - std[70759c8f55707aa4]::panicking::default_hook::{closure#0}
[INFO] [stdout]    4:     0x5d656ca38129 - std[70759c8f55707aa4]::panicking::default_hook
[INFO] [stdout]    5:     0x5d656c9b9fd0 - test[9d35eded1c95d3be]::test_main_inner::<test[9d35eded1c95d3be]::test_main_static::{closure#0}>::{closure#0}
[INFO] [stdout]    6:     0x5d656ca382e2 - std[70759c8f55707aa4]::panicking::panic_with_hook
[INFO] [stdout]    7:     0x5d656ca1ba42 - std[70759c8f55707aa4]::panicking::panic_handler::{closure#0}
[INFO] [stdout]    8:     0x5d656ca147c9 - std[70759c8f55707aa4]::sys::backtrace::__rust_end_short_backtrace::<std[70759c8f55707aa4]::panicking::panic_handler::{closure#0}, !>
[INFO] [stdout]    9:     0x5d656ca1c63d - __rustc[8fa7c3cbc660c2b3]::rust_begin_unwind
[INFO] [stdout]   10:     0x5d656ca554dc - core[df12db4294e9bfd3]::panicking::panic_fmt
[INFO] [stdout]   11:     0x5d656ca552b2 - core[df12db4294e9bfd3]::result::unwrap_failed
[INFO] [stdout]   12:     0x5d656c9a2b5b - judge[5def168d0048f8a3]::judge
[INFO] [stdout]   13:     0x5d656c9a6d14 - <judge[5def168d0048f8a3]::unparseable_text_is_refused_by_the_reader_not_the_engine::{closure#0} as core[df12db4294e9bfd3]::ops::function::FnOnce<()>>::call_once
[INFO] [stdout]   14:     0x5d656c9ad2bb - test[9d35eded1c95d3be]::__rust_begin_short_backtrace::<core[df12db4294e9bfd3]::result::Result<(), alloc[2182bb758b4b3781]::string::String>, fn() -> core[df12db4294e9bfd3]::result::Result<(), alloc[2182bb758b4b3781]::string::String>>
[INFO] [stdout]   15:     0x5d656c9ba925 - test[9d35eded1c95d3be]::run_test::{closure#0}
[INFO] [stdout]   16:     0x5d656c9b41e4 - std[70759c8f55707aa4]::sys::backtrace::__rust_begin_short_backtrace::<test[9d35eded1c95d3be]::run_test::{closure#1}, ()>
[INFO] [stdout]   17:     0x5d656c9bda82 - <std[70759c8f55707aa4]::thread::lifecycle::spawn_unchecked<test[9d35eded1c95d3be]::run_test::{closure#1}, ()>::{closure#1} as core[df12db4294e9bfd3]::ops::function::FnOnce<()>>::call_once::{shim:vtable#0}
[INFO] [stdout]   18:     0x5d656ca3f299 - <std[70759c8f55707aa4]::sys::thread::unix::Thread>::new::thread_start
[INFO] [stdout]   19:     0x7e37cba5adfa - <unknown>
[INFO] [stdout]   20:     0x7e37cbaee3d4 - clone
[INFO] [stdout]   21:                0x0 - <unknown>
[INFO] [stdout] 
[INFO] [stdout] ---- two_terms_where_one_was_asked_for_is_refused stdout ----
[INFO] [stdout] 
[INFO] [stdout] thread 'two_terms_where_one_was_asked_for_is_refused' (368) panicked at tests/judge.rs:22:10:
[INFO] [stdout] spawn judge worker: PackNotFound { tried: ["/opt/rustwide/workdir/../../prolog/hornguard_worker_main.pl", "swipl pack_property(hornguard, directory(_))"] }
[INFO] [stdout] stack backtrace:
[INFO] [stdout]    0:     0x5d656ca3f9c1 - <<std[70759c8f55707aa4]::sys::backtrace::BacktraceLock>::print::DisplayBacktrace as core[df12db4294e9bfd3]::fmt::Display>::fmt
[INFO] [stdout]    1:     0x5d656ca54daa - core[df12db4294e9bfd3]::fmt::write
[INFO] [stdout]    2:     0x5d656ca4419c - <alloc[2182bb758b4b3781]::vec::Vec<u8> as core[df12db4294e9bfd3]::io::write::Write>::write_fmt
[INFO] [stdout]    3:     0x5d656ca1b996 - std[70759c8f55707aa4]::panicking::default_hook::{closure#0}
[INFO] [stdout]    4:     0x5d656ca38129 - std[70759c8f55707aa4]::panicking::default_hook
[INFO] [stdout]    5:     0x5d656c9b9fd0 - test[9d35eded1c95d3be]::test_main_inner::<test[9d35eded1c95d3be]::test_main_static::{closure#0}>::{closure#0}
[INFO] [stdout]    6:     0x5d656ca382e2 - std[70759c8f55707aa4]::panicking::panic_with_hook
[INFO] [stdout]    7:     0x5d656ca1ba42 - std[70759c8f55707aa4]::panicking::panic_handler::{closure#0}
[INFO] [stdout]    8:     0x5d656ca147c9 - std[70759c8f55707aa4]::sys::backtrace::__rust_end_short_backtrace::<std[70759c8f55707aa4]::panicking::panic_handler::{closure#0}, !>
[INFO] [stdout]    9:     0x5d656ca1c63d - __rustc[8fa7c3cbc660c2b3]::rust_begin_unwind
[INFO] [stdout]   10:     0x5d656ca554dc - core[df12db4294e9bfd3]::panicking::panic_fmt
[INFO] [stdout]   11:     0x5d656ca552b2 - core[df12db4294e9bfd3]::result::unwrap_failed
[INFO] [stdout]   12:     0x5d656c9a2b5b - judge[5def168d0048f8a3]::judge
[INFO] [stdout]   13:     0x5d656c9a5934 - <judge[5def168d0048f8a3]::two_terms_where_one_was_asked_for_is_refused::{closure#0} as core[df12db4294e9bfd3]::ops::function::FnOnce<()>>::call_once
[INFO] [stdout]   14:     0x5d656c9ad2bb - test[9d35eded1c95d3be]::__rust_begin_short_backtrace::<core[df12db4294e9bfd3]::result::Result<(), alloc[2182bb758b4b3781]::string::String>, fn() -> core[df12db4294e9bfd3]::result::Result<(), alloc[2182bb758b4b3781]::string::String>>
[INFO] [stdout]   15:     0x5d656c9ba925 - test[9d35eded1c95d3be]::run_test::{closure#0}
[INFO] [stdout]   16:     0x5d656c9b41e4 - std[70759c8f55707aa4]::sys::backtrace::__rust_begin_short_backtrace::<test[9d35eded1c95d3be]::run_test::{closure#1}, ()>
[INFO] [stdout]   17:     0x5d656c9bda82 - <std[70759c8f55707aa4]::thread::lifecycle::spawn_unchecked<test[9d35eded1c95d3be]::run_test::{closure#1}, ()>::{closure#1} as core[df12db4294e9bfd3]::ops::function::FnOnce<()>>::call_once::{shim:vtable#0}
[INFO] [stdout]   18:     0x5d656ca3f299 - <std[70759c8f55707aa4]::sys::thread::unix::Thread>::new::thread_start
[INFO] [stdout]   19:     0x7e37cba5adfa - <unknown>
[INFO] [stdout]   20:     0x7e37cbaee3d4 - clone
[INFO] [stdout]   21:                0x0 - <unknown>
[INFO] [stdout] 
[INFO] [stdout] 
[INFO] [stdout] failures:
[INFO] [stdout]     a_clause_head_may_not_shadow_a_pinned_predicate
[INFO] [stdout]     a_clause_may_not_define_a_trusted_host_predicate
[INFO] [stdout]     a_constructed_goal_is_refused_at_the_sink
[INFO] [stdout]     a_missing_profile_is_a_need_not_a_refusal
[INFO] [stdout]     a_pinned_predicate_in_a_meta_argument_is_an_escape_attempt
[INFO] [stdout]     a_policy_file_configures_the_worker
[INFO] [stdout]     a_program_that_recurses_through_negation_has_no_single_meaning
[INFO] [stdout]     a_pure_goal_is_admitted_with_canonical_text
[INFO] [stdout]     a_trusted_host_predicate_still_has_its_goal_arguments_judged
[INFO] [stdout]     defer_unknown_reports_predicates_the_host_has_not_stored
[INFO] [stdout]     handshake_reports_the_engine_and_profiles
[INFO] [stdout]     ids_stay_in_step_across_many_requests
[INFO] [stdout]     judged_dynamic_dispatch_rewrites_the_sink_instead_of_refusing
[INFO] [stdout]     profiles_can_be_listed_and_reloaded
[INFO] [stdout]     the_same_predicate_at_the_top_level_is_only_a_probe
[INFO] [stdout]     the_worker_survives_a_request_it_cannot_answer
[INFO] [stdout]     two_terms_where_one_was_asked_for_is_refused
[INFO] [stdout]     unparseable_text_is_refused_by_the_reader_not_the_engine
[INFO] [stdout]     workers_are_independent
[INFO] [stdout] 
[INFO] [stdout] test result: FAILED. 1 passed; 19 failed; 0 ignored; 0 measured; 0 filtered out; finished in 0.02s
[INFO] [stdout] 
[INFO] running `Command { std: "docker" "inspect" "d2704a0f6faa977267aed45d4d51dd9d3affa4e5f00f3f74c252ac1b8de0c725", kill_on_drop: false }`
[INFO] running `Command { std: "docker" "rm" "-f" "d2704a0f6faa977267aed45d4d51dd9d3affa4e5f00f3f74c252ac1b8de0c725", kill_on_drop: false }`
[INFO] [stdout] d2704a0f6faa977267aed45d4d51dd9d3affa4e5f00f3f74c252ac1b8de0c725
