[INFO] fetching crate horned-functional 0.4.0...
[INFO] testing horned-functional-0.4.0 against 1.100.0-beta.1+cargoflags=--release for beta-release-1.100-2
[INFO] extracting crate horned-functional 0.4.0 into /workspace/builds/worker-0-tc2/source
[INFO] started tweaking crates.io crate horned-functional 0.4.0
[INFO] finished tweaking crates.io crate horned-functional 0.4.0
[INFO] tweaked toml for crates.io crate horned-functional 0.4.0 written to /workspace/builds/worker-0-tc2/source/Cargo.toml
[INFO] validating manifest of crates.io crate horned-functional 0.4.0 on toolchain 1.100.0-beta.1
[INFO] running `Command { std: CARGO_HOME="/workspace/cargo-home" RUSTUP_HOME="/workspace/rustup-home" "/workspace/cargo-home/bin/cargo" "+1.100.0-beta.1" "metadata" "--manifest-path" "Cargo.toml" "--no-deps", kill_on_drop: false }`
[INFO] running `Command { std: CARGO_HOME="/workspace/cargo-home" RUSTUP_HOME="/workspace/rustup-home" "/workspace/cargo-home/bin/cargo" "+1.100.0-beta.1" "generate-lockfile" "--manifest-path" "Cargo.toml", kill_on_drop: false }`
[INFO] [stderr]     Updating crates.io index
[INFO] [stderr]      Locking 116 packages to highest compatible versions
[INFO] [stderr]       Adding enum_meta v0.6.0 (available: v0.7.0)
[INFO] [stderr]       Adding horned-owl v0.11.0 (available: v4.0.0)
[INFO] [stderr]       Adding psm v0.1.24 (available: v0.1.32)
[INFO] [stderr]       Adding thiserror v1.0.69 (available: v2.0.21)
[INFO] [stderr]       Adding ureq v2.12.1 (available: v3.4.2)
[INFO] running `Command { std: CARGO_HOME="/workspace/cargo-home" RUSTUP_HOME="/workspace/rustup-home" "/workspace/cargo-home/bin/cargo" "+1.100.0-beta.1" "fetch" "--manifest-path" "Cargo.toml", kill_on_drop: false }`
[INFO] running `Command { std: "docker" "create" "-v" "/var/lib/crater-agent-workspace/builds/worker-0-tc2/source:/opt/rustwide/workdir:ro,Z" "-v" "/var/lib/crater-agent-workspace/builds/worker-0-tc2/target:/opt/rustwide/target:rw,Z" "-v" "/var/lib/crater-agent-workspace/cargo-home:/opt/rustwide/cargo-home:ro,Z" "-v" "/var/lib/crater-agent-workspace/rustup-home:/opt/rustwide/rustup-home:ro,Z" "-m" "1610612736" "--network" "none" "ghcr.io/rust-lang/crates-build-env/linux@sha256:77db811e55d90add9212f6832c23229e3de5f1c1f9905e8cb07319ea15df73ac" "sleep" "infinity", kill_on_drop: false }`
[INFO] [stdout] f656882fa26bb89b28af16eb62c1f76103fe15755917723142e985688bf02285
[INFO] running `Command { std: "docker" "start" "f656882fa26bb89b28af16eb62c1f76103fe15755917723142e985688bf02285", kill_on_drop: false }`
[INFO] running `Command { std: "docker" "inspect" "f656882fa26bb89b28af16eb62c1f76103fe15755917723142e985688bf02285", kill_on_drop: false }`
[INFO] running `Command { std: "docker" "exec" "-e" "SOURCE_DIR=/opt/rustwide/workdir" "-e" "CARGO_HOME=/opt/rustwide/cargo-home" "-e" "RUSTUP_HOME=/opt/rustwide/rustup-home" "-e" "CARGO_TARGET_DIR=/opt/rustwide/target" "-w" "/opt/rustwide/workdir" "--user" "0:0" "f656882fa26bb89b28af16eb62c1f76103fe15755917723142e985688bf02285" "/opt/rustwide/cargo-home/bin/cargo" "+1.100.0-beta.1" "metadata" "--no-deps" "--format-version=1", kill_on_drop: false }`
[INFO] running `Command { std: "docker" "inspect" "f656882fa26bb89b28af16eb62c1f76103fe15755917723142e985688bf02285", kill_on_drop: false }`
[INFO] running `Command { std: "docker" "exec" "-e" "SOURCE_DIR=/opt/rustwide/workdir" "-e" "CARGO_HOME=/opt/rustwide/cargo-home" "-e" "RUSTUP_HOME=/opt/rustwide/rustup-home" "-e" "CARGO_TARGET_DIR=/opt/rustwide/target" "-e" "CARGO_INCREMENTAL=0" "-e" "RUST_BACKTRACE=full" "-e" "RUSTFLAGS=--cap-lints=warn" "-e" "RUSTDOCFLAGS=--cap-lints=warn" "-w" "/opt/rustwide/workdir" "--user" "0:0" "f656882fa26bb89b28af16eb62c1f76103fe15755917723142e985688bf02285" "/opt/rustwide/cargo-home/bin/cargo" "+1.100.0-beta.1" "build" "--frozen" "--message-format=json" "--release", kill_on_drop: false }`
[INFO] [stderr]    Compiling rio_api v0.6.2
[INFO] [stderr]    Compiling libc v0.2.191
[INFO] [stderr]    Compiling quick-xml v0.21.0
[INFO] [stderr]    Compiling quick-xml v0.22.0
[INFO] [stderr]    Compiling oxilangtag v0.1.6
[INFO] [stderr]    Compiling psm v0.1.24
[INFO] [stderr]    Compiling stacker v0.1.25
[INFO] [stderr]    Compiling oxiri v0.2.11
[INFO] [stderr]    Compiling atty v0.2.14
[INFO] [stderr]    Compiling curie v0.1.4
[INFO] [stderr]    Compiling enum_meta v0.6.0
[INFO] [stderr]    Compiling slurp v1.0.1
[INFO] [stderr]    Compiling syn v3.0.9
[INFO] [stderr]    Compiling thiserror v1.0.69
[INFO] [stderr]    Compiling clap v2.34.0
[INFO] [stderr]    Compiling rio_xml v0.6.2
[INFO] [stderr]    Compiling pretty_rdf v0.1.2
[INFO] [stderr]    Compiling pest v2.9.4
[INFO] [stderr]    Compiling horned-owl v0.11.0
[INFO] [stderr]    Compiling pest_meta v2.9.4
[INFO] [stderr]    Compiling pest_generator v2.9.4
[INFO] [stderr]    Compiling pest_derive v2.9.4
[INFO] [stderr]    Compiling horned-functional v0.4.0 (/opt/rustwide/workdir)
[INFO] [stdout] warning: variable does not need to be mutable
[INFO] [stdout]    --> src/from_pair.rs:816:21
[INFO] [stdout]     |
[INFO] [stdout] 806 | macro_rules! impl_ontology {
[INFO] [stdout] ...
[INFO] [stdout] 816 |                 let mut ontology_id = ontology.mut_id();
[INFO] [stdout]     |                     ----^^^^^^^^^^^
[INFO] [stdout]     |                     |
[INFO] [stdout]     |                     help: remove this `mut`
[INFO] [stdout] ...
[INFO] [stdout] 851 | impl_ontology!(SetOntology);
[INFO] [stdout]     | --------------------------- in this macro invocation
[INFO] [stdout]     |
[INFO] [stdout]     = note: `#[warn(unused_mut)]` (part of `#[warn(unused)]`) on by default
[INFO] [stdout] 
[INFO] [stdout] 
[INFO] [stdout] warning: variable does not need to be mutable
[INFO] [stdout]    --> src/from_pair.rs:816:21
[INFO] [stdout]     |
[INFO] [stdout] 806 | macro_rules! impl_ontology {
[INFO] [stdout] ...
[INFO] [stdout] 816 |                 let mut ontology_id = ontology.mut_id();
[INFO] [stdout]     |                     ----^^^^^^^^^^^
[INFO] [stdout]     |                     |
[INFO] [stdout]     |                     help: remove this `mut`
[INFO] [stdout] ...
[INFO] [stdout] 852 | impl_ontology!(AxiomMappedOntology);
[INFO] [stdout]     | ----------------------------------- in this macro invocation
[INFO] [stdout] 
[INFO] [stdout] 
[INFO] [stdout] warning: hiding a lifetime that's elided elsewhere is confusing
[INFO] [stdout]   --> src/parser.rs:21:37
[INFO] [stdout]    |
[INFO] [stdout] 21 |     pub fn parse(rule: Rule, input: &str) -> Result<Pairs<Rule>> {
[INFO] [stdout]    |                                     ^^^^            ^^^^^^^^^^^ the same lifetime is hidden here
[INFO] [stdout]    |                                     |
[INFO] [stdout]    |                                     the lifetime is elided here
[INFO] [stdout]    |
[INFO] [stdout]    = help: the same lifetime is referred to in inconsistent ways, making the signature confusing
[INFO] [stdout]    = note: `#[warn(mismatched_lifetime_syntaxes)]` on by default
[INFO] [stdout] help: use `'_` for type paths
[INFO] [stdout]    |
[INFO] [stdout] 21 |     pub fn parse(rule: Rule, input: &str) -> Result<Pairs<'_, Rule>> {
[INFO] [stdout]    |                                                           +++
[INFO] [stdout] 
[INFO] [stdout] 
[INFO] [stderr]     Finished `release` profile [optimized] target(s) in 46.74s
[INFO] [stderr] warning: the following packages contain code that will be rejected by a future version of Rust: quick-xml v0.21.0, quick-xml v0.22.0
[INFO] [stderr] note: to see what the problems were, use the option `--future-incompat-report`, or run `cargo report future-incompatibilities --id 6`
[INFO] running `Command { std: "docker" "inspect" "f656882fa26bb89b28af16eb62c1f76103fe15755917723142e985688bf02285", kill_on_drop: false }`
[INFO] running `Command { std: "docker" "exec" "-e" "SOURCE_DIR=/opt/rustwide/workdir" "-e" "CARGO_HOME=/opt/rustwide/cargo-home" "-e" "RUSTUP_HOME=/opt/rustwide/rustup-home" "-e" "CARGO_TARGET_DIR=/opt/rustwide/target" "-e" "CARGO_INCREMENTAL=0" "-e" "RUST_BACKTRACE=full" "-e" "RUSTFLAGS=--cap-lints=warn" "-e" "RUSTDOCFLAGS=--cap-lints=warn" "-w" "/opt/rustwide/workdir" "--user" "0:0" "f656882fa26bb89b28af16eb62c1f76103fe15755917723142e985688bf02285" "/opt/rustwide/cargo-home/bin/cargo" "+1.100.0-beta.1" "test" "--frozen" "--no-run" "--message-format=json" "--release", kill_on_drop: false }`
[INFO] [stderr]    Compiling syn v3.0.9
[INFO] [stderr]    Compiling rustls v0.23.46
[INFO] [stderr]    Compiling synstructure v0.14.0
[INFO] [stderr]    Compiling pest_generator v2.9.4
[INFO] [stderr]    Compiling zerovec-derive v0.11.6
[INFO] [stderr]    Compiling displaydoc v0.2.7
[INFO] [stderr]    Compiling zerofrom-derive v0.1.8
[INFO] [stderr]    Compiling yoke-derive v0.8.4
[INFO] [stderr]    Compiling pest_derive v2.9.4
[INFO] [stderr]    Compiling horned-functional v0.4.0 (/opt/rustwide/workdir)
[INFO] [stderr]    Compiling zerofrom v0.1.8
[INFO] [stderr]    Compiling yoke v0.8.3
[INFO] [stderr]    Compiling zerovec v0.11.8
[INFO] [stderr]    Compiling zerotrie v0.2.5
[INFO] [stdout] warning: variable does not need to be mutable
[INFO] [stdout]    --> src/from_pair.rs:816:21
[INFO] [stdout]     |
[INFO] [stdout] 806 | macro_rules! impl_ontology {
[INFO] [stdout] ...
[INFO] [stdout] 816 |                 let mut ontology_id = ontology.mut_id();
[INFO] [stdout]     |                     ----^^^^^^^^^^^
[INFO] [stdout]     |                     |
[INFO] [stdout]     |                     help: remove this `mut`
[INFO] [stdout] ...
[INFO] [stdout] 851 | impl_ontology!(SetOntology);
[INFO] [stdout]     | --------------------------- in this macro invocation
[INFO] [stdout]     |
[INFO] [stdout]     = note: `#[warn(unused_mut)]` (part of `#[warn(unused)]`) on by default
[INFO] [stdout] 
[INFO] [stdout] 
[INFO] [stdout] warning: variable does not need to be mutable
[INFO] [stdout]    --> src/from_pair.rs:816:21
[INFO] [stdout]     |
[INFO] [stdout] 806 | macro_rules! impl_ontology {
[INFO] [stdout] ...
[INFO] [stdout] 816 |                 let mut ontology_id = ontology.mut_id();
[INFO] [stdout]     |                     ----^^^^^^^^^^^
[INFO] [stdout]     |                     |
[INFO] [stdout]     |                     help: remove this `mut`
[INFO] [stdout] ...
[INFO] [stdout] 852 | impl_ontology!(AxiomMappedOntology);
[INFO] [stdout]     | ----------------------------------- in this macro invocation
[INFO] [stdout] 
[INFO] [stdout] 
[INFO] [stderr]    Compiling tinystr v0.8.4
[INFO] [stderr]    Compiling potential_utf v0.1.6
[INFO] [stdout] warning: hiding a lifetime that's elided elsewhere is confusing
[INFO] [stdout]   --> src/parser.rs:21:37
[INFO] [stdout]    |
[INFO] [stdout] 21 |     pub fn parse(rule: Rule, input: &str) -> Result<Pairs<Rule>> {
[INFO] [stdout]    |                                     ^^^^            ^^^^^^^^^^^ the same lifetime is hidden here
[INFO] [stdout]    |                                     |
[INFO] [stdout]    |                                     the lifetime is elided here
[INFO] [stdout]    |
[INFO] [stdout]    = help: the same lifetime is referred to in inconsistent ways, making the signature confusing
[INFO] [stdout]    = note: `#[warn(mismatched_lifetime_syntaxes)]` on by default
[INFO] [stdout] help: use `'_` for type paths
[INFO] [stdout]    |
[INFO] [stdout] 21 |     pub fn parse(rule: Rule, input: &str) -> Result<Pairs<'_, Rule>> {
[INFO] [stdout]    |                                                           +++
[INFO] [stdout] 
[INFO] [stdout] 
[INFO] [stderr]    Compiling icu_collections v2.3.0
[INFO] [stderr]    Compiling icu_locale_core v2.3.0
[INFO] [stderr]    Compiling icu_provider v2.3.1
[INFO] [stderr]    Compiling icu_normalizer v2.3.0
[INFO] [stderr]    Compiling icu_properties v2.3.0
[INFO] [stderr]    Compiling idna_adapter v1.2.2
[INFO] [stderr]    Compiling idna v1.1.0
[INFO] [stderr]    Compiling url v2.5.8
[INFO] [stderr]    Compiling ureq v2.12.1
[INFO] [stdout] warning: variable does not need to be mutable
[INFO] [stdout]    --> src/from_pair.rs:816:21
[INFO] [stdout]     |
[INFO] [stdout] 806 | macro_rules! impl_ontology {
[INFO] [stdout] ...
[INFO] [stdout] 816 |                 let mut ontology_id = ontology.mut_id();
[INFO] [stdout]     |                     ----^^^^^^^^^^^
[INFO] [stdout]     |                     |
[INFO] [stdout]     |                     help: remove this `mut`
[INFO] [stdout] ...
[INFO] [stdout] 851 | impl_ontology!(SetOntology);
[INFO] [stdout]     | --------------------------- in this macro invocation
[INFO] [stdout]     |
[INFO] [stdout]     = note: `#[warn(unused_mut)]` (part of `#[warn(unused)]`) on by default
[INFO] [stdout] 
[INFO] [stdout] 
[INFO] [stdout] warning: variable does not need to be mutable
[INFO] [stdout]    --> src/from_pair.rs:816:21
[INFO] [stdout]     |
[INFO] [stdout] 806 | macro_rules! impl_ontology {
[INFO] [stdout] ...
[INFO] [stdout] 816 |                 let mut ontology_id = ontology.mut_id();
[INFO] [stdout]     |                     ----^^^^^^^^^^^
[INFO] [stdout]     |                     |
[INFO] [stdout]     |                     help: remove this `mut`
[INFO] [stdout] ...
[INFO] [stdout] 852 | impl_ontology!(AxiomMappedOntology);
[INFO] [stdout]     | ----------------------------------- in this macro invocation
[INFO] [stdout] 
[INFO] [stdout] 
[INFO] [stdout] warning: hiding a lifetime that's elided elsewhere is confusing
[INFO] [stdout]   --> src/parser.rs:21:37
[INFO] [stdout]    |
[INFO] [stdout] 21 |     pub fn parse(rule: Rule, input: &str) -> Result<Pairs<Rule>> {
[INFO] [stdout]    |                                     ^^^^            ^^^^^^^^^^^ the same lifetime is hidden here
[INFO] [stdout]    |                                     |
[INFO] [stdout]    |                                     the lifetime is elided here
[INFO] [stdout]    |
[INFO] [stdout]    = help: the same lifetime is referred to in inconsistent ways, making the signature confusing
[INFO] [stdout]    = note: `#[warn(mismatched_lifetime_syntaxes)]` on by default
[INFO] [stdout] help: use `'_` for type paths
[INFO] [stdout]    |
[INFO] [stdout] 21 |     pub fn parse(rule: Rule, input: &str) -> Result<Pairs<'_, Rule>> {
[INFO] [stdout]    |                                                           +++
[INFO] [stdout] 
[INFO] [stdout] 
[INFO] [stderr]     Finished `release` profile [optimized] target(s) in 53.66s
[INFO] [stderr] warning: the following packages contain code that will be rejected by a future version of Rust: quick-xml v0.21.0, quick-xml v0.22.0
[INFO] [stderr] note: to see what the problems were, use the option `--future-incompat-report`, or run `cargo report future-incompatibilities --id 6`
[INFO] running `Command { std: "docker" "inspect" "f656882fa26bb89b28af16eb62c1f76103fe15755917723142e985688bf02285", kill_on_drop: false }`
[INFO] running `Command { std: "docker" "exec" "-e" "SOURCE_DIR=/opt/rustwide/workdir" "-e" "CARGO_HOME=/opt/rustwide/cargo-home" "-e" "RUSTUP_HOME=/opt/rustwide/rustup-home" "-e" "CARGO_TARGET_DIR=/opt/rustwide/target" "-e" "CARGO_INCREMENTAL=0" "-e" "RUST_BACKTRACE=full" "-e" "RUSTFLAGS=--cap-lints=warn" "-e" "RUSTDOCFLAGS=--cap-lints=warn" "-w" "/opt/rustwide/workdir" "--user" "0:0" "f656882fa26bb89b28af16eb62c1f76103fe15755917723142e985688bf02285" "/opt/rustwide/cargo-home/bin/cargo" "+1.100.0-beta.1" "test" "--frozen" "--release", kill_on_drop: false }`
[INFO] [stderr] warning: variable does not need to be mutable
[INFO] [stderr]    --> src/from_pair.rs:816:21
[INFO] [stderr]     |
[INFO] [stderr] 806 | macro_rules! impl_ontology {
[INFO] [stderr] ...
[INFO] [stderr] 816 |                 let mut ontology_id = ontology.mut_id();
[INFO] [stderr]     |                     ----^^^^^^^^^^^
[INFO] [stderr]     |                     |
[INFO] [stderr]     |                     help: remove this `mut`
[INFO] [stderr] ...
[INFO] [stderr] 851 | impl_ontology!(SetOntology);
[INFO] [stderr]     | --------------------------- in this macro invocation
[INFO] [stderr]     |
[INFO] [stderr]     = note: `#[warn(unused_mut)]` (part of `#[warn(unused)]`) on by default
[INFO] [stderr] 
[INFO] [stderr] warning: variable does not need to be mutable
[INFO] [stderr]    --> src/from_pair.rs:816:21
[INFO] [stderr]     |
[INFO] [stderr] 806 | macro_rules! impl_ontology {
[INFO] [stderr] ...
[INFO] [stderr] 816 |                 let mut ontology_id = ontology.mut_id();
[INFO] [stderr]     |                     ----^^^^^^^^^^^
[INFO] [stderr]     |                     |
[INFO] [stderr]     |                     help: remove this `mut`
[INFO] [stderr] ...
[INFO] [stderr] 852 | impl_ontology!(AxiomMappedOntology);
[INFO] [stderr]     | ----------------------------------- in this macro invocation
[INFO] [stderr] 
[INFO] [stderr] warning: hiding a lifetime that's elided elsewhere is confusing
[INFO] [stderr]   --> src/parser.rs:21:37
[INFO] [stderr]    |
[INFO] [stderr] 21 |     pub fn parse(rule: Rule, input: &str) -> Result<Pairs<Rule>> {
[INFO] [stderr]    |                                     ^^^^            ^^^^^^^^^^^ the same lifetime is hidden here
[INFO] [stderr]    |                                     |
[INFO] [stderr]    |                                     the lifetime is elided here
[INFO] [stderr]    |
[INFO] [stderr]    = help: the same lifetime is referred to in inconsistent ways, making the signature confusing
[INFO] [stderr]    = note: `#[warn(mismatched_lifetime_syntaxes)]` on by default
[INFO] [stderr] help: use `'_` for type paths
[INFO] [stderr]    |
[INFO] [stderr] 21 |     pub fn parse(rule: Rule, input: &str) -> Result<Pairs<'_, Rule>> {
[INFO] [stderr]    |                                                           +++
[INFO] [stderr] 
[INFO] [stderr] warning: `horned-functional` (lib) generated 3 warnings (run `cargo fix --lib -p horned-functional` to apply 3 suggestions)
[INFO] [stderr] warning: `horned-functional` (lib test) generated 3 warnings (3 duplicates)
[INFO] [stderr]     Finished `release` profile [optimized] target(s) in 0.14s
[INFO] [stderr] warning: the following packages contain code that will be rejected by a future version of Rust: quick-xml v0.21.0, quick-xml v0.22.0
[INFO] [stderr] note: to see what the problems were, use the option `--future-incompat-report`, or run `cargo report future-incompatibilities --id 6`
[INFO] [stderr]      Running unittests src/lib.rs (/opt/rustwide/target/release/build/horned-functional/c58ab937ce19d0e9/out/horned_functional-c58ab937ce19d0e9)
[INFO] [stdout] 
[INFO] [stdout] running 23 tests
[INFO] [stdout] test from_pair::tests::anonymous_individual ... ok
[INFO] [stdout] test from_pair::tests::iri ... ok
[INFO] [stdout] test as_ofn::tests::test_ofn_import ... ok
[INFO] [stdout] test from_ofn::tests::test_remaining_input ... ok
[INFO] [stdout] test from_pair::tests::ontology_document ... ok
[INFO] [stdout] test parser::tests::object_intersection_of ... ok
[INFO] [stdout] test from_pair::tests::declare_class ... ok
[INFO] [stdout] test from_pair::tests::import ... ok
[INFO] [stdout] test from_pair::tests::same_individual ... ok
[INFO] [stdout] test parser::tests::literal ... ok
[INFO] [stdout] test parser::tests::object_some_values_from ... ok
[INFO] [stdout] test as_ofn::tests::test_annotated_axiom ... ok
[INFO] [stdout] test as_ofn::tests::test_ofn_curie ... ok
[INFO] [stdout] test parser::tests::ontology_document ... ok
[INFO] [stdout] test parser::tests::quoted_string ... ok
[INFO] [stdout] test as_ofn::tests::test_ofn_literal_datatype ... ok
[INFO] [stdout] test parser::tests::ontology_document_empty ... ok
[INFO] [stdout] test parser::tests::string_literal_with_language ... ok
[INFO] [stdout] test parser::tests::typed_literal ... ok
[INFO] [stdout] test as_ofn::tests::test_ofn_literal_language ... ok
[INFO] [stdout] test as_ofn::tests::test_ofn_declareclass ... ok
[INFO] [stdout] test as_ofn::tests::test_ofn_literal_simple ... ok
[INFO] [stdout] test from_pair::tests::has_key ... ok
[INFO] [stdout] 
[INFO] [stdout] test result: ok. 23 passed; 0 failed; 0 ignored; 0 measured; 0 filtered out; finished in 0.02s
[INFO] [stdout] 
[INFO] [stderr]      Running tests/foundry.rs (/opt/rustwide/target/release/build/horned-functional/754f9d23e73b9324/out/foundry-754f9d23e73b9324)
[INFO] [stdout] 
[INFO] [stdout] running 12 tests
[INFO] [stdout] test cl ... ignored
[INFO] [stdout] test ecocore ... ignored
[INFO] [stdout] test ro ... ignored
[INFO] [stderr] error: test failed, to rerun pass `--test foundry`
[INFO] [stdout] test peco ... FAILED
[INFO] [stdout] test hao ... FAILED
[INFO] [stdout] test aero ... FAILED
[INFO] [stdout] test to ... FAILED
[INFO] [stdout] test ms ... FAILED
[INFO] [stdout] test apo ... FAILED
[INFO] [stdout] test cio ... FAILED
[INFO] [stdout] test symp ... FAILED
[INFO] [stdout] test plana ... FAILED
[INFO] [stdout] 
[INFO] [stdout] failures:
[INFO] [stdout] 
[INFO] [stdout] ---- peco stdout ----
[INFO] [stdout] 
[INFO] [stdout] thread 'peco' (1067) panicked at tests/foundry.rs:33:1:
[INFO] [stdout] called `Result::unwrap()` on an `Err` value: Os { code: 2, kind: NotFound, message: "No such file or directory" }
[INFO] [stdout] stack backtrace:
[INFO] [stdout]    0:     0x5b20aa62c3e1 - <<std[617be2ca0a6fd877]::sys::backtrace::BacktraceLock>::print::DisplayBacktrace as core[a373ad73a504971]::fmt::Display>::fmt
[INFO] [stdout]    1:     0x5b20aa6403aa - core[a373ad73a504971]::fmt::write
[INFO] [stdout]    2:     0x5b20aa6305fc - <alloc[2e1b2a31b91974c5]::vec::Vec<u8> as core[a373ad73a504971]::io::write::Write>::write_fmt
[INFO] [stdout]    3:     0x5b20aa6080e6 - std[617be2ca0a6fd877]::panicking::default_hook::{closure#0}
[INFO] [stdout]    4:     0x5b20aa624719 - std[617be2ca0a6fd877]::panicking::default_hook
[INFO] [stdout]    5:     0x5b20aa52edf0 - test[aada8e7e76ba119b]::test_main_inner::{closure#0}
[INFO] [stdout]    6:     0x5b20aa6248d2 - std[617be2ca0a6fd877]::panicking::panic_with_hook
[INFO] [stdout]    7:     0x5b20aa608192 - std[617be2ca0a6fd877]::panicking::panic_handler::{closure#0}
[INFO] [stdout]    8:     0x5b20aa600d19 - std[617be2ca0a6fd877]::sys::backtrace::__rust_end_short_backtrace::<std[617be2ca0a6fd877]::panicking::panic_handler::{closure#0}, !>
[INFO] [stdout]    9:     0x5b20aa608d9d - __rustc[ea4f61d10b84890b]::rust_begin_unwind
[INFO] [stdout]   10:     0x5b20aa640adc - core[a373ad73a504971]::panicking::panic_fmt
[INFO] [stdout]   11:     0x5b20aa6408b2 - core[a373ad73a504971]::result::unwrap_failed
[INFO] [stdout]   12:     0x5b20aa51cd49 - <foundry[7784d9cd0c38687b]::peco::{closure#0} as core[a373ad73a504971]::ops::function::FnOnce<()>>::call_once
[INFO] [stdout]   13:     0x5b20aa52223b - test[aada8e7e76ba119b]::__rust_begin_short_backtrace::<core[a373ad73a504971]::result::Result<(), alloc[2e1b2a31b91974c5]::string::String>, fn() -> core[a373ad73a504971]::result::Result<(), alloc[2e1b2a31b91974c5]::string::String>>
[INFO] [stdout]   14:     0x5b20aa52f415 - test[aada8e7e76ba119b]::run_test::{closure#0}
[INFO] [stdout]   15:     0x5b20aa528d04 - std[617be2ca0a6fd877]::sys::backtrace::__rust_begin_short_backtrace::<test[aada8e7e76ba119b]::run_test::{closure#1}, ()>
[INFO] [stdout]   16:     0x5b20aa5324a2 - <std[617be2ca0a6fd877]::thread::lifecycle::spawn_unchecked<test[aada8e7e76ba119b]::run_test::{closure#1}, ()>::{closure#1} as core[a373ad73a504971]::ops::function::FnOnce<()>>::call_once::{shim:vtable#0}
[INFO] [stdout]   17:     0x5b20aa62b8df - <std[617be2ca0a6fd877]::sys::thread::unix::Thread>::new::thread_start
[INFO] [stdout]   18:     0x79a4120c7dfa - <unknown>
[INFO] [stdout]   19:     0x79a41215b3d4 - clone
[INFO] [stdout]   20:                0x0 - <unknown>
[INFO] [stdout] 
[INFO] [stdout] ---- hao stdout ----
[INFO] [stdout] 
[INFO] [stdout] thread 'hao' (1065) panicked at tests/foundry.rs:31:1:
[INFO] [stdout] called `Result::unwrap()` on an `Err` value: Os { code: 2, kind: NotFound, message: "No such file or directory" }
[INFO] [stdout] stack backtrace:
[INFO] [stdout]    0:     0x5b20aa62c3e1 - <<std[617be2ca0a6fd877]::sys::backtrace::BacktraceLock>::print::DisplayBacktrace as core[a373ad73a504971]::fmt::Display>::fmt
[INFO] [stdout]    1:     0x5b20aa6403aa - core[a373ad73a504971]::fmt::write
[INFO] [stdout]    2:     0x5b20aa6305fc - <alloc[2e1b2a31b91974c5]::vec::Vec<u8> as core[a373ad73a504971]::io::write::Write>::write_fmt
[INFO] [stdout]    3:     0x5b20aa6080e6 - std[617be2ca0a6fd877]::panicking::default_hook::{closure#0}
[INFO] [stdout]    4:     0x5b20aa624719 - std[617be2ca0a6fd877]::panicking::default_hook
[INFO] [stdout]    5:     0x5b20aa52edf0 - test[aada8e7e76ba119b]::test_main_inner::{closure#0}
[INFO] [stdout]    6:     0x5b20aa6248d2 - std[617be2ca0a6fd877]::panicking::panic_with_hook
[INFO] [stdout]    7:     0x5b20aa608192 - std[617be2ca0a6fd877]::panicking::panic_handler::{closure#0}
[INFO] [stdout]    8:     0x5b20aa600d19 - std[617be2ca0a6fd877]::sys::backtrace::__rust_end_short_backtrace::<std[617be2ca0a6fd877]::panicking::panic_handler::{closure#0}, !>
[INFO] [stdout]    9:     0x5b20aa608d9d - __rustc[ea4f61d10b84890b]::rust_begin_unwind
[INFO] [stdout]   10:     0x5b20aa640adc - core[a373ad73a504971]::panicking::panic_fmt
[INFO] [stdout]   11:     0x5b20aa6408b2 - core[a373ad73a504971]::result::unwrap_failed
[INFO] [stdout]   12:     0x5b20aa51c569 - <foundry[7784d9cd0c38687b]::hao::{closure#0} as core[a373ad73a504971]::ops::function::FnOnce<()>>::call_once
[INFO] [stdout]   13:     0x5b20aa52223b - test[aada8e7e76ba119b]::__rust_begin_short_backtrace::<core[a373ad73a504971]::result::Result<(), alloc[2e1b2a31b91974c5]::string::String>, fn() -> core[a373ad73a504971]::result::Result<(), alloc[2e1b2a31b91974c5]::string::String>>
[INFO] [stdout]   14:     0x5b20aa52f415 - test[aada8e7e76ba119b]::run_test::{closure#0}
[INFO] [stdout]   15:     0x5b20aa528d04 - std[617be2ca0a6fd877]::sys::backtrace::__rust_begin_short_backtrace::<test[aada8e7e76ba119b]::run_test::{closure#1}, ()>
[INFO] [stdout]   16:     0x5b20aa5324a2 - <std[617be2ca0a6fd877]::thread::lifecycle::spawn_unchecked<test[aada8e7e76ba119b]::run_test::{closure#1}, ()>::{closure#1} as core[a373ad73a504971]::ops::function::FnOnce<()>>::call_once::{shim:vtable#0}
[INFO] [stdout]   17:     0x5b20aa62b8df - <std[617be2ca0a6fd877]::sys::thread::unix::Thread>::new::thread_start
[INFO] [stdout]   18:     0x79a4120c7dfa - <unknown>
[INFO] [stdout]   19:     0x79a41215b3d4 - clone
[INFO] [stdout]   20:                0x0 - <unknown>
[INFO] [stdout] 
[INFO] [stdout] ---- aero stdout ----
[INFO] [stdout] 
[INFO] [stdout] thread 'aero' (1062) panicked at tests/foundry.rs:28:1:
[INFO] [stdout] called `Result::unwrap()` on an `Err` value: Os { code: 2, kind: NotFound, message: "No such file or directory" }
[INFO] [stdout] stack backtrace:
[INFO] [stdout]    0:     0x5b20aa62c3e1 - <<std[617be2ca0a6fd877]::sys::backtrace::BacktraceLock>::print::DisplayBacktrace as core[a373ad73a504971]::fmt::Display>::fmt
[INFO] [stdout]    1:     0x5b20aa6403aa - core[a373ad73a504971]::fmt::write
[INFO] [stdout]    2:     0x5b20aa6305fc - <alloc[2e1b2a31b91974c5]::vec::Vec<u8> as core[a373ad73a504971]::io::write::Write>::write_fmt
[INFO] [stdout]    3:     0x5b20aa6080e6 - std[617be2ca0a6fd877]::panicking::default_hook::{closure#0}
[INFO] [stdout]    4:     0x5b20aa624719 - std[617be2ca0a6fd877]::panicking::default_hook
[INFO] [stdout]    5:     0x5b20aa52edf0 - test[aada8e7e76ba119b]::test_main_inner::{closure#0}
[INFO] [stdout]    6:     0x5b20aa6248d2 - std[617be2ca0a6fd877]::panicking::panic_with_hook
[INFO] [stdout]    7:     0x5b20aa608192 - std[617be2ca0a6fd877]::panicking::panic_handler::{closure#0}
[INFO] [stdout]    8:     0x5b20aa600d19 - std[617be2ca0a6fd877]::sys::backtrace::__rust_end_short_backtrace::<std[617be2ca0a6fd877]::panicking::panic_handler::{closure#0}, !>
[INFO] [stdout]    9:     0x5b20aa608d9d - __rustc[ea4f61d10b84890b]::rust_begin_unwind
[INFO] [stdout]   10:     0x5b20aa640adc - core[a373ad73a504971]::panicking::panic_fmt
[INFO] [stdout]   11:     0x5b20aa6408b2 - core[a373ad73a504971]::result::unwrap_failed
[INFO] [stdout]   12:     0x5b20aa51c959 - <foundry[7784d9cd0c38687b]::aero::{closure#0} as core[a373ad73a504971]::ops::function::FnOnce<()>>::call_once
[INFO] [stdout]   13:     0x5b20aa52223b - test[aada8e7e76ba119b]::__rust_begin_short_backtrace::<core[a373ad73a504971]::result::Result<(), alloc[2e1b2a31b91974c5]::string::String>, fn() -> core[a373ad73a504971]::result::Result<(), alloc[2e1b2a31b91974c5]::string::String>>
[INFO] [stdout]   14:     0x5b20aa52f415 - test[aada8e7e76ba119b]::run_test::{closure#0}
[INFO] [stdout]   15:     0x5b20aa528d04 - std[617be2ca0a6fd877]::sys::backtrace::__rust_begin_short_backtrace::<test[aada8e7e76ba119b]::run_test::{closure#1}, ()>
[INFO] [stdout]   16:     0x5b20aa5324a2 - <std[617be2ca0a6fd877]::thread::lifecycle::spawn_unchecked<test[aada8e7e76ba119b]::run_test::{closure#1}, ()>::{closure#1} as core[a373ad73a504971]::ops::function::FnOnce<()>>::call_once::{shim:vtable#0}
[INFO] [stdout]   17:     0x5b20aa62b8df - <std[617be2ca0a6fd877]::sys::thread::unix::Thread>::new::thread_start
[INFO] [stdout]   18:     0x79a4120c7dfa - <unknown>
[INFO] [stdout]   19:     0x79a41215b3d4 - clone
[INFO] [stdout]   20:                0x0 - <unknown>
[INFO] [stdout] 
[INFO] [stdout] ---- to stdout ----
[INFO] [stdout] 
[INFO] [stdout] thread 'to' (1070) panicked at tests/foundry.rs:36:1:
[INFO] [stdout] called `Result::unwrap()` on an `Err` value: Os { code: 2, kind: NotFound, message: "No such file or directory" }
[INFO] [stdout] stack backtrace:
[INFO] [stdout]    0:     0x5b20aa62c3e1 - <<std[617be2ca0a6fd877]::sys::backtrace::BacktraceLock>::print::DisplayBacktrace as core[a373ad73a504971]::fmt::Display>::fmt
[INFO] [stdout]    1:     0x5b20aa6403aa - core[a373ad73a504971]::fmt::write
[INFO] [stdout]    2:     0x5b20aa6305fc - <alloc[2e1b2a31b91974c5]::vec::Vec<u8> as core[a373ad73a504971]::io::write::Write>::write_fmt
[INFO] [stdout]    3:     0x5b20aa6080e6 - std[617be2ca0a6fd877]::panicking::default_hook::{closure#0}
[INFO] [stdout]    4:     0x5b20aa624719 - std[617be2ca0a6fd877]::panicking::default_hook
[INFO] [stdout]    5:     0x5b20aa52edf0 - test[aada8e7e76ba119b]::test_main_inner::{closure#0}
[INFO] [stdout]    6:     0x5b20aa6248d2 - std[617be2ca0a6fd877]::panicking::panic_with_hook
[INFO] [stdout]    7:     0x5b20aa608192 - std[617be2ca0a6fd877]::panicking::panic_handler::{closure#0}
[INFO] [stdout]    8:     0x5b20aa600d19 - std[617be2ca0a6fd877]::sys::backtrace::__rust_end_short_backtrace::<std[617be2ca0a6fd877]::panicking::panic_handler::{closure#0}, !>
[INFO] [stdout]    9:     0x5b20aa608d9d - __rustc[ea4f61d10b84890b]::rust_begin_unwind
[INFO] [stdout]   10:     0x5b20aa640adc - core[a373ad73a504971]::panicking::panic_fmt
[INFO] [stdout]   11:     0x5b20aa6408b2 - core[a373ad73a504971]::result::unwrap_failed
[INFO] [stdout]   12:     0x5b20aa51b999 - <foundry[7784d9cd0c38687b]::to::{closure#0} as core[a373ad73a504971]::ops::function::FnOnce<()>>::call_once
[INFO] [stdout]   13:     0x5b20aa52223b - test[aada8e7e76ba119b]::__rust_begin_short_backtrace::<core[a373ad73a504971]::result::Result<(), alloc[2e1b2a31b91974c5]::string::String>, fn() -> core[a373ad73a504971]::result::Result<(), alloc[2e1b2a31b91974c5]::string::String>>
[INFO] [stdout]   14:     0x5b20aa52f415 - test[aada8e7e76ba119b]::run_test::{closure#0}
[INFO] [stdout]   15:     0x5b20aa528d04 - std[617be2ca0a6fd877]::sys::backtrace::__rust_begin_short_backtrace::<test[aada8e7e76ba119b]::run_test::{closure#1}, ()>
[INFO] [stdout]   16:     0x5b20aa5324a2 - <std[617be2ca0a6fd877]::thread::lifecycle::spawn_unchecked<test[aada8e7e76ba119b]::run_test::{closure#1}, ()>::{closure#1} as core[a373ad73a504971]::ops::function::FnOnce<()>>::call_once::{shim:vtable#0}
[INFO] [stdout]   17:     0x5b20aa62b8df - <std[617be2ca0a6fd877]::sys::thread::unix::Thread>::new::thread_start
[INFO] [stdout]   18:     0x79a4120c7dfa - <unknown>
[INFO] [stdout]   19:     0x79a41215b3d4 - clone
[INFO] [stdout]   20:                0x0 - <unknown>
[INFO] [stdout] 
[INFO] [stdout] ---- ms stdout ----
[INFO] [stdout] 
[INFO] [stdout] thread 'ms' (1066) panicked at tests/foundry.rs:32:1:
[INFO] [stdout] called `Result::unwrap()` on an `Err` value: Os { code: 2, kind: NotFound, message: "No such file or directory" }
[INFO] [stdout] stack backtrace:
[INFO] [stdout]    0:     0x5b20aa62c3e1 - <<std[617be2ca0a6fd877]::sys::backtrace::BacktraceLock>::print::DisplayBacktrace as core[a373ad73a504971]::fmt::Display>::fmt
[INFO] [stdout]    1:     0x5b20aa6403aa - core[a373ad73a504971]::fmt::write
[INFO] [stdout]    2:     0x5b20aa6305fc - <alloc[2e1b2a31b91974c5]::vec::Vec<u8> as core[a373ad73a504971]::io::write::Write>::write_fmt
[INFO] [stdout]    3:     0x5b20aa6080e6 - std[617be2ca0a6fd877]::panicking::default_hook::{closure#0}
[INFO] [stdout]    4:     0x5b20aa624719 - std[617be2ca0a6fd877]::panicking::default_hook
[INFO] [stdout]    5:     0x5b20aa52edf0 - test[aada8e7e76ba119b]::test_main_inner::{closure#0}
[INFO] [stdout]    6:     0x5b20aa6248d2 - std[617be2ca0a6fd877]::panicking::panic_with_hook
[INFO] [stdout]    7:     0x5b20aa608192 - std[617be2ca0a6fd877]::panicking::panic_handler::{closure#0}
[INFO] [stdout]    8:     0x5b20aa600d19 - std[617be2ca0a6fd877]::sys::backtrace::__rust_end_short_backtrace::<std[617be2ca0a6fd877]::panicking::panic_handler::{closure#0}, !>
[INFO] [stdout]    9:     0x5b20aa608d9d - __rustc[ea4f61d10b84890b]::rust_begin_unwind
[INFO] [stdout]   10:     0x5b20aa640adc - core[a373ad73a504971]::panicking::panic_fmt
[INFO] [stdout]   11:     0x5b20aa6408b2 - core[a373ad73a504971]::result::unwrap_failed
[INFO] [stdout]   12:     0x5b20aa51b1b9 - <foundry[7784d9cd0c38687b]::ms::{closure#0} as core[a373ad73a504971]::ops::function::FnOnce<()>>::call_once
[INFO] [stdout]   13:     0x5b20aa52223b - test[aada8e7e76ba119b]::__rust_begin_short_backtrace::<core[a373ad73a504971]::result::Result<(), alloc[2e1b2a31b91974c5]::string::String>, fn() -> core[a373ad73a504971]::result::Result<(), alloc[2e1b2a31b91974c5]::string::String>>
[INFO] [stdout]   14:     0x5b20aa52f415 - test[aada8e7e76ba119b]::run_test::{closure#0}
[INFO] [stdout]   15:     0x5b20aa528d04 - std[617be2ca0a6fd877]::sys::backtrace::__rust_begin_short_backtrace::<test[aada8e7e76ba119b]::run_test::{closure#1}, ()>
[INFO] [stdout]   16:     0x5b20aa5324a2 - <std[617be2ca0a6fd877]::thread::lifecycle::spawn_unchecked<test[aada8e7e76ba119b]::run_test::{closure#1}, ()>::{closure#1} as core[a373ad73a504971]::ops::function::FnOnce<()>>::call_once::{shim:vtable#0}
[INFO] [stdout]   17:     0x5b20aa62b8df - <std[617be2ca0a6fd877]::sys::thread::unix::Thread>::new::thread_start
[INFO] [stdout]   18:     0x79a4120c7dfa - <unknown>
[INFO] [stdout]   19:     0x79a41215b3d4 - clone
[INFO] [stdout]   20:                0x0 - <unknown>
[INFO] [stdout] 
[INFO] [stdout] ---- apo stdout ----
[INFO] [stdout] 
[INFO] [stdout] thread 'apo' (1063) panicked at tests/foundry.rs:29:1:
[INFO] [stdout] called `Result::unwrap()` on an `Err` value: Os { code: 2, kind: NotFound, message: "No such file or directory" }
[INFO] [stdout] stack backtrace:
[INFO] [stdout]    0:     0x5b20aa62c3e1 - <<std[617be2ca0a6fd877]::sys::backtrace::BacktraceLock>::print::DisplayBacktrace as core[a373ad73a504971]::fmt::Display>::fmt
[INFO] [stdout]    1:     0x5b20aa6403aa - core[a373ad73a504971]::fmt::write
[INFO] [stdout]    2:     0x5b20aa6305fc - <alloc[2e1b2a31b91974c5]::vec::Vec<u8> as core[a373ad73a504971]::io::write::Write>::write_fmt
[INFO] [stdout]    3:     0x5b20aa6080e6 - std[617be2ca0a6fd877]::panicking::default_hook::{closure#0}
[INFO] [stdout]    4:     0x5b20aa624719 - std[617be2ca0a6fd877]::panicking::default_hook
[INFO] [stdout]    5:     0x5b20aa52edf0 - test[aada8e7e76ba119b]::test_main_inner::{closure#0}
[INFO] [stdout]    6:     0x5b20aa6248d2 - std[617be2ca0a6fd877]::panicking::panic_with_hook
[INFO] [stdout]    7:     0x5b20aa608192 - std[617be2ca0a6fd877]::panicking::panic_handler::{closure#0}
[INFO] [stdout]    8:     0x5b20aa600d19 - std[617be2ca0a6fd877]::sys::backtrace::__rust_end_short_backtrace::<std[617be2ca0a6fd877]::panicking::panic_handler::{closure#0}, !>
[INFO] [stdout]    9:     0x5b20aa608d9d - __rustc[ea4f61d10b84890b]::rust_begin_unwind
[INFO] [stdout]   10:     0x5b20aa640adc - core[a373ad73a504971]::panicking::panic_fmt
[INFO] [stdout]   11:     0x5b20aa6408b2 - core[a373ad73a504971]::result::unwrap_failed
[INFO] [stdout]   12:     0x5b20aa51bd89 - <foundry[7784d9cd0c38687b]::apo::{closure#0} as core[a373ad73a504971]::ops::function::FnOnce<()>>::call_once
[INFO] [stdout]   13:     0x5b20aa52223b - test[aada8e7e76ba119b]::__rust_begin_short_backtrace::<core[a373ad73a504971]::result::Result<(), alloc[2e1b2a31b91974c5]::string::String>, fn() -> core[a373ad73a504971]::result::Result<(), alloc[2e1b2a31b91974c5]::string::String>>
[INFO] [stdout]   14:     0x5b20aa52f415 - test[aada8e7e76ba119b]::run_test::{closure#0}
[INFO] [stdout]   15:     0x5b20aa528d04 - std[617be2ca0a6fd877]::sys::backtrace::__rust_begin_short_backtrace::<test[aada8e7e76ba119b]::run_test::{closure#1}, ()>
[INFO] [stdout]   16:     0x5b20aa5324a2 - <std[617be2ca0a6fd877]::thread::lifecycle::spawn_unchecked<test[aada8e7e76ba119b]::run_test::{closure#1}, ()>::{closure#1} as core[a373ad73a504971]::ops::function::FnOnce<()>>::call_once::{shim:vtable#0}
[INFO] [stdout]   17:     0x5b20aa62b8df - <std[617be2ca0a6fd877]::sys::thread::unix::Thread>::new::thread_start
[INFO] [stdout]   18:     0x79a4120c7dfa - <unknown>
[INFO] [stdout]   19:     0x79a41215b3d4 - clone
[INFO] [stdout]   20:                0x0 - <unknown>
[INFO] [stdout] 
[INFO] [stdout] ---- cio stdout ----
[INFO] [stdout] 
[INFO] [stdout] thread 'cio' (1064) panicked at tests/foundry.rs:30:1:
[INFO] [stdout] called `Result::unwrap()` on an `Err` value: Os { code: 2, kind: NotFound, message: "No such file or directory" }
[INFO] [stdout] stack backtrace:
[INFO] [stdout]    0:     0x5b20aa62c3e1 - <<std[617be2ca0a6fd877]::sys::backtrace::BacktraceLock>::print::DisplayBacktrace as core[a373ad73a504971]::fmt::Display>::fmt
[INFO] [stdout]    1:     0x5b20aa6403aa - core[a373ad73a504971]::fmt::write
[INFO] [stdout]    2:     0x5b20aa6305fc - <alloc[2e1b2a31b91974c5]::vec::Vec<u8> as core[a373ad73a504971]::io::write::Write>::write_fmt
[INFO] [stdout]    3:     0x5b20aa6080e6 - std[617be2ca0a6fd877]::panicking::default_hook::{closure#0}
[INFO] [stdout]    4:     0x5b20aa624719 - std[617be2ca0a6fd877]::panicking::default_hook
[INFO] [stdout]    5:     0x5b20aa52edf0 - test[aada8e7e76ba119b]::test_main_inner::{closure#0}
[INFO] [stdout]    6:     0x5b20aa6248d2 - std[617be2ca0a6fd877]::panicking::panic_with_hook
[INFO] [stdout]    7:     0x5b20aa608192 - std[617be2ca0a6fd877]::panicking::panic_handler::{closure#0}
[INFO] [stdout]    8:     0x5b20aa600d19 - std[617be2ca0a6fd877]::sys::backtrace::__rust_end_short_backtrace::<std[617be2ca0a6fd877]::panicking::panic_handler::{closure#0}, !>
[INFO] [stdout]    9:     0x5b20aa608d9d - __rustc[ea4f61d10b84890b]::rust_begin_unwind
[INFO] [stdout]   10:     0x5b20aa640adc - core[a373ad73a504971]::panicking::panic_fmt
[INFO] [stdout]   11:     0x5b20aa6408b2 - core[a373ad73a504971]::result::unwrap_failed
[INFO] [stdout]   12:     0x5b20aa51c179 - <foundry[7784d9cd0c38687b]::cio::{closure#0} as core[a373ad73a504971]::ops::function::FnOnce<()>>::call_once
[INFO] [stdout]   13:     0x5b20aa52223b - test[aada8e7e76ba119b]::__rust_begin_short_backtrace::<core[a373ad73a504971]::result::Result<(), alloc[2e1b2a31b91974c5]::string::String>, fn() -> core[a373ad73a504971]::result::Result<(), alloc[2e1b2a31b91974c5]::string::String>>
[INFO] [stdout]   14:     0x5b20aa52f415 - test[aada8e7e76ba119b]::run_test::{closure#0}
[INFO] [stdout]   15:     0x5b20aa528d04 - std[617be2ca0a6fd877]::sys::backtrace::__rust_begin_short_backtrace::<test[aada8e7e76ba119b]::run_test::{closure#1}, ()>
[INFO] [stdout]   16:     0x5b20aa5324a2 - <std[617be2ca0a6fd877]::thread::lifecycle::spawn_unchecked<test[aada8e7e76ba119b]::run_test::{closure#1}, ()>::{closure#1} as core[a373ad73a504971]::ops::function::FnOnce<()>>::call_once::{shim:vtable#0}
[INFO] [stdout]   17:     0x5b20aa62b8df - <std[617be2ca0a6fd877]::sys::thread::unix::Thread>::new::thread_start
[INFO] [stdout]   18:     0x79a4120c7dfa - <unknown>
[INFO] [stdout]   19:     0x79a41215b3d4 - clone
[INFO] [stdout]   20:                0x0 - <unknown>
[INFO] [stdout] 
[INFO] [stdout] ---- symp stdout ----
[INFO] [stdout] 
[INFO] [stdout] thread 'symp' (1069) panicked at tests/foundry.rs:35:1:
[INFO] [stdout] called `Result::unwrap()` on an `Err` value: Os { code: 2, kind: NotFound, message: "No such file or directory" }
[INFO] [stdout] stack backtrace:
[INFO] [stdout]    0:     0x5b20aa62c3e1 - <<std[617be2ca0a6fd877]::sys::backtrace::BacktraceLock>::print::DisplayBacktrace as core[a373ad73a504971]::fmt::Display>::fmt
[INFO] [stdout]    1:     0x5b20aa6403aa - core[a373ad73a504971]::fmt::write
[INFO] [stdout]    2:     0x5b20aa6305fc - <alloc[2e1b2a31b91974c5]::vec::Vec<u8> as core[a373ad73a504971]::io::write::Write>::write_fmt
[INFO] [stdout]    3:     0x5b20aa6080e6 - std[617be2ca0a6fd877]::panicking::default_hook::{closure#0}
[INFO] [stdout]    4:     0x5b20aa624719 - std[617be2ca0a6fd877]::panicking::default_hook
[INFO] [stdout]    5:     0x5b20aa52edf0 - test[aada8e7e76ba119b]::test_main_inner::{closure#0}
[INFO] [stdout]    6:     0x5b20aa6248d2 - std[617be2ca0a6fd877]::panicking::panic_with_hook
[INFO] [stdout]    7:     0x5b20aa608192 - std[617be2ca0a6fd877]::panicking::panic_handler::{closure#0}
[INFO] [stdout]    8:     0x5b20aa600d19 - std[617be2ca0a6fd877]::sys::backtrace::__rust_end_short_backtrace::<std[617be2ca0a6fd877]::panicking::panic_handler::{closure#0}, !>
[INFO] [stdout]    9:     0x5b20aa608d9d - __rustc[ea4f61d10b84890b]::rust_begin_unwind
[INFO] [stdout]   10:     0x5b20aa640adc - core[a373ad73a504971]::panicking::panic_fmt
[INFO] [stdout]   11:     0x5b20aa6408b2 - core[a373ad73a504971]::result::unwrap_failed
[INFO] [stdout]   12:     0x5b20aa51d139 - <foundry[7784d9cd0c38687b]::symp::{closure#0} as core[a373ad73a504971]::ops::function::FnOnce<()>>::call_once
[INFO] [stdout]   13:     0x5b20aa52223b - test[aada8e7e76ba119b]::__rust_begin_short_backtrace::<core[a373ad73a504971]::result::Result<(), alloc[2e1b2a31b91974c5]::string::String>, fn() -> core[a373ad73a504971]::result::Result<(), alloc[2e1b2a31b91974c5]::string::String>>
[INFO] [stdout]   14:     0x5b20aa52f415 - test[aada8e7e76ba119b]::run_test::{closure#0}
[INFO] [stdout]   15:     0x5b20aa528d04 - std[617be2ca0a6fd877]::sys::backtrace::__rust_begin_short_backtrace::<test[aada8e7e76ba119b]::run_test::{closure#1}, ()>
[INFO] [stdout]   16:     0x5b20aa5324a2 - <std[617be2ca0a6fd877]::thread::lifecycle::spawn_unchecked<test[aada8e7e76ba119b]::run_test::{closure#1}, ()>::{closure#1} as core[a373ad73a504971]::ops::function::FnOnce<()>>::call_once::{shim:vtable#0}
[INFO] [stdout]   17:     0x5b20aa62b8df - <std[617be2ca0a6fd877]::sys::thread::unix::Thread>::new::thread_start
[INFO] [stdout]   18:     0x79a4120c7dfa - <unknown>
[INFO] [stdout]   19:     0x79a41215b3d4 - clone
[INFO] [stdout]   20:                0x0 - <unknown>
[INFO] [stdout] 
[INFO] [stdout] ---- plana stdout ----
[INFO] [stdout] 
[INFO] [stdout] thread 'plana' (1068) panicked at tests/foundry.rs:34:1:
[INFO] [stdout] called `Result::unwrap()` on an `Err` value: Os { code: 2, kind: NotFound, message: "No such file or directory" }
[INFO] [stdout] stack backtrace:
[INFO] [stdout]    0:     0x5b20aa62c3e1 - <<std[617be2ca0a6fd877]::sys::backtrace::BacktraceLock>::print::DisplayBacktrace as core[a373ad73a504971]::fmt::Display>::fmt
[INFO] [stdout]    1:     0x5b20aa6403aa - core[a373ad73a504971]::fmt::write
[INFO] [stdout]    2:     0x5b20aa6305fc - <alloc[2e1b2a31b91974c5]::vec::Vec<u8> as core[a373ad73a504971]::io::write::Write>::write_fmt
[INFO] [stdout]    3:     0x5b20aa6080e6 - std[617be2ca0a6fd877]::panicking::default_hook::{closure#0}
[INFO] [stdout]    4:     0x5b20aa624719 - std[617be2ca0a6fd877]::panicking::default_hook
[INFO] [stdout]    5:     0x5b20aa52edf0 - test[aada8e7e76ba119b]::test_main_inner::{closure#0}
[INFO] [stdout]    6:     0x5b20aa6248d2 - std[617be2ca0a6fd877]::panicking::panic_with_hook
[INFO] [stdout]    7:     0x5b20aa608192 - std[617be2ca0a6fd877]::panicking::panic_handler::{closure#0}
[INFO] [stdout]    8:     0x5b20aa600d19 - std[617be2ca0a6fd877]::sys::backtrace::__rust_end_short_backtrace::<std[617be2ca0a6fd877]::panicking::panic_handler::{closure#0}, !>
[INFO] [stdout]    9:     0x5b20aa608d9d - __rustc[ea4f61d10b84890b]::rust_begin_unwind
[INFO] [stdout]   10:     0x5b20aa640adc - core[a373ad73a504971]::panicking::panic_fmt
[INFO] [stdout]   11:     0x5b20aa6408b2 - core[a373ad73a504971]::result::unwrap_failed
[INFO] [stdout]   12:     0x5b20aa51d529 - <foundry[7784d9cd0c38687b]::plana::{closure#0} as core[a373ad73a504971]::ops::function::FnOnce<()>>::call_once
[INFO] [stdout]   13:     0x5b20aa52223b - test[aada8e7e76ba119b]::__rust_begin_short_backtrace::<core[a373ad73a504971]::result::Result<(), alloc[2e1b2a31b91974c5]::string::String>, fn() -> core[a373ad73a504971]::result::Result<(), alloc[2e1b2a31b91974c5]::string::String>>
[INFO] [stdout]   14:     0x5b20aa52f415 - test[aada8e7e76ba119b]::run_test::{closure#0}
[INFO] [stdout]   15:     0x5b20aa528d04 - std[617be2ca0a6fd877]::sys::backtrace::__rust_begin_short_backtrace::<test[aada8e7e76ba119b]::run_test::{closure#1}, ()>
[INFO] [stdout]   16:     0x5b20aa5324a2 - <std[617be2ca0a6fd877]::thread::lifecycle::spawn_unchecked<test[aada8e7e76ba119b]::run_test::{closure#1}, ()>::{closure#1} as core[a373ad73a504971]::ops::function::FnOnce<()>>::call_once::{shim:vtable#0}
[INFO] [stdout]   17:     0x5b20aa62b8df - <std[617be2ca0a6fd877]::sys::thread::unix::Thread>::new::thread_start
[INFO] [stdout]   18:     0x79a4120c7dfa - <unknown>
[INFO] [stdout]   19:     0x79a41215b3d4 - clone
[INFO] [stdout]   20:                0x0 - <unknown>
[INFO] [stdout] 
[INFO] [stdout] 
[INFO] [stdout] failures:
[INFO] [stdout]     aero
[INFO] [stdout]     apo
[INFO] [stdout]     cio
[INFO] [stdout]     hao
[INFO] [stdout]     ms
[INFO] [stdout]     peco
[INFO] [stdout]     plana
[INFO] [stdout]     symp
[INFO] [stdout]     to
[INFO] [stdout] 
[INFO] [stdout] test result: FAILED. 0 passed; 9 failed; 3 ignored; 0 measured; 0 filtered out; finished in 0.00s
[INFO] [stdout] 
[INFO] running `Command { std: "docker" "inspect" "f656882fa26bb89b28af16eb62c1f76103fe15755917723142e985688bf02285", kill_on_drop: false }`
[INFO] running `Command { std: "docker" "rm" "-f" "f656882fa26bb89b28af16eb62c1f76103fe15755917723142e985688bf02285", kill_on_drop: false }`
[INFO] [stdout] f656882fa26bb89b28af16eb62c1f76103fe15755917723142e985688bf02285
