[INFO] fetching crate hornbeam_grammar 0.0.5...
[INFO] testing hornbeam_grammar-0.0.5 against 1.100.0-beta.1+cargoflags=--release for beta-release-1.100-2
[INFO] extracting crate hornbeam_grammar 0.0.5 into /workspace/builds/worker-2-tc2/source
[INFO] started tweaking crates.io crate hornbeam_grammar 0.0.5
[INFO] finished tweaking crates.io crate hornbeam_grammar 0.0.5
[INFO] tweaked toml for crates.io crate hornbeam_grammar 0.0.5 written to /workspace/builds/worker-2-tc2/source/Cargo.toml
[INFO] validating manifest of crates.io crate hornbeam_grammar 0.0.5 on toolchain 1.100.0-beta.1
[INFO] running `Command { std: CARGO_HOME="/workspace/cargo-home" RUSTUP_HOME="/workspace/rustup-home" "/workspace/cargo-home/bin/cargo" "+1.100.0-beta.1" "metadata" "--manifest-path" "Cargo.toml" "--no-deps", kill_on_drop: false }`
[INFO] running `Command { std: CARGO_HOME="/workspace/cargo-home" RUSTUP_HOME="/workspace/rustup-home" "/workspace/cargo-home/bin/cargo" "+1.100.0-beta.1" "generate-lockfile" "--manifest-path" "Cargo.toml", kill_on_drop: false }`
[INFO] [stderr]     Updating crates.io index
[INFO] [stderr]      Locking 50 packages to highest compatible versions
[INFO] [stderr]       Adding psm v0.1.24 (available: v0.1.32)
[INFO] running `Command { std: CARGO_HOME="/workspace/cargo-home" RUSTUP_HOME="/workspace/rustup-home" "/workspace/cargo-home/bin/cargo" "+1.100.0-beta.1" "fetch" "--manifest-path" "Cargo.toml", kill_on_drop: false }`
[INFO] running `Command { std: "docker" "create" "-v" "/var/lib/crater-agent-workspace/builds/worker-2-tc2/source:/opt/rustwide/workdir:ro,Z" "-v" "/var/lib/crater-agent-workspace/builds/worker-2-tc2/target:/opt/rustwide/target:rw,Z" "-v" "/var/lib/crater-agent-workspace/cargo-home:/opt/rustwide/cargo-home:ro,Z" "-v" "/var/lib/crater-agent-workspace/rustup-home:/opt/rustwide/rustup-home:ro,Z" "-m" "1610612736" "--network" "none" "ghcr.io/rust-lang/crates-build-env/linux@sha256:77db811e55d90add9212f6832c23229e3de5f1c1f9905e8cb07319ea15df73ac" "sleep" "infinity", kill_on_drop: false }`
[INFO] [stdout] ad39a20675b823ed6aa28775f11ee1ec5d3eac93189accfb985c65f681e5c5f9
[INFO] running `Command { std: "docker" "start" "ad39a20675b823ed6aa28775f11ee1ec5d3eac93189accfb985c65f681e5c5f9", kill_on_drop: false }`
[INFO] running `Command { std: "docker" "inspect" "ad39a20675b823ed6aa28775f11ee1ec5d3eac93189accfb985c65f681e5c5f9", kill_on_drop: false }`
[INFO] running `Command { std: "docker" "exec" "-e" "SOURCE_DIR=/opt/rustwide/workdir" "-e" "CARGO_HOME=/opt/rustwide/cargo-home" "-e" "RUSTUP_HOME=/opt/rustwide/rustup-home" "-e" "CARGO_TARGET_DIR=/opt/rustwide/target" "-w" "/opt/rustwide/workdir" "--user" "0:0" "ad39a20675b823ed6aa28775f11ee1ec5d3eac93189accfb985c65f681e5c5f9" "/opt/rustwide/cargo-home/bin/cargo" "+1.100.0-beta.1" "metadata" "--no-deps" "--format-version=1", kill_on_drop: false }`
[INFO] running `Command { std: "docker" "inspect" "ad39a20675b823ed6aa28775f11ee1ec5d3eac93189accfb985c65f681e5c5f9", kill_on_drop: false }`
[INFO] running `Command { std: "docker" "exec" "-e" "SOURCE_DIR=/opt/rustwide/workdir" "-e" "CARGO_HOME=/opt/rustwide/cargo-home" "-e" "RUSTUP_HOME=/opt/rustwide/rustup-home" "-e" "CARGO_TARGET_DIR=/opt/rustwide/target" "-e" "CARGO_INCREMENTAL=0" "-e" "RUST_BACKTRACE=full" "-e" "RUSTFLAGS=--cap-lints=warn" "-e" "RUSTDOCFLAGS=--cap-lints=warn" "-w" "/opt/rustwide/workdir" "--user" "0:0" "ad39a20675b823ed6aa28775f11ee1ec5d3eac93189accfb985c65f681e5c5f9" "/opt/rustwide/cargo-home/bin/cargo" "+1.100.0-beta.1" "build" "--frozen" "--message-format=json" "--release", kill_on_drop: false }`
[INFO] [stderr]    Compiling libc v0.2.191
[INFO] [stderr]    Compiling cfg-if v1.0.5
[INFO] [stderr]    Compiling memchr v2.8.3
[INFO] [stderr]    Compiling psm v0.1.24
[INFO] [stderr]    Compiling stacker v0.1.25
[INFO] [stderr]    Compiling serde v1.0.229
[INFO] [stderr]    Compiling pest_consume_macros v1.1.0
[INFO] [stderr]    Compiling getrandom v0.2.17
[INFO] [stderr]    Compiling pest v2.9.4
[INFO] [stderr]    Compiling num_cpus v1.17.0
[INFO] [stderr]    Compiling const-random-macro v0.1.16
[INFO] [stderr]    Compiling dashmap v4.0.2
[INFO] [stderr]    Compiling const-random v0.1.18
[INFO] [stderr]    Compiling ahash v0.3.8
[INFO] [stderr]    Compiling arc-interner v0.7.0
[INFO] [stderr]    Compiling pest_meta v2.9.4
[INFO] [stderr]    Compiling pest_generator v2.9.4
[INFO] [stderr]    Compiling pest_derive v2.9.4
[INFO] [stderr]    Compiling pest_consume v1.1.3
[INFO] [stderr]    Compiling hornbeam_grammar v0.0.5 (/opt/rustwide/workdir)
[INFO] [stderr]     Finished `release` profile [optimized] target(s) in 28.95s
[INFO] running `Command { std: "docker" "inspect" "ad39a20675b823ed6aa28775f11ee1ec5d3eac93189accfb985c65f681e5c5f9", kill_on_drop: false }`
[INFO] running `Command { std: "docker" "exec" "-e" "SOURCE_DIR=/opt/rustwide/workdir" "-e" "CARGO_HOME=/opt/rustwide/cargo-home" "-e" "RUSTUP_HOME=/opt/rustwide/rustup-home" "-e" "CARGO_TARGET_DIR=/opt/rustwide/target" "-e" "CARGO_INCREMENTAL=0" "-e" "RUST_BACKTRACE=full" "-e" "RUSTFLAGS=--cap-lints=warn" "-e" "RUSTDOCFLAGS=--cap-lints=warn" "-w" "/opt/rustwide/workdir" "--user" "0:0" "ad39a20675b823ed6aa28775f11ee1ec5d3eac93189accfb985c65f681e5c5f9" "/opt/rustwide/cargo-home/bin/cargo" "+1.100.0-beta.1" "test" "--frozen" "--no-run" "--message-format=json" "--release", kill_on_drop: false }`
[INFO] [stderr]    Compiling rustix v1.1.5
[INFO] [stderr]    Compiling getrandom v0.4.3
[INFO] [stderr]    Compiling bitflags v2.13.2
[INFO] [stderr]    Compiling console v0.16.6
[INFO] [stderr]    Compiling similar v2.7.0
[INFO] [stderr]    Compiling tempfile v3.27.0
[INFO] [stderr]    Compiling insta v1.49.0
[INFO] [stderr]    Compiling hornbeam_grammar v0.0.5 (/opt/rustwide/workdir)
[INFO] [stderr]     Finished `release` profile [optimized] target(s) in 40.47s
[INFO] running `Command { std: "docker" "inspect" "ad39a20675b823ed6aa28775f11ee1ec5d3eac93189accfb985c65f681e5c5f9", kill_on_drop: false }`
[INFO] running `Command { std: "docker" "exec" "-e" "SOURCE_DIR=/opt/rustwide/workdir" "-e" "CARGO_HOME=/opt/rustwide/cargo-home" "-e" "RUSTUP_HOME=/opt/rustwide/rustup-home" "-e" "CARGO_TARGET_DIR=/opt/rustwide/target" "-e" "CARGO_INCREMENTAL=0" "-e" "RUST_BACKTRACE=full" "-e" "RUSTFLAGS=--cap-lints=warn" "-e" "RUSTDOCFLAGS=--cap-lints=warn" "-w" "/opt/rustwide/workdir" "--user" "0:0" "ad39a20675b823ed6aa28775f11ee1ec5d3eac93189accfb985c65f681e5c5f9" "/opt/rustwide/cargo-home/bin/cargo" "+1.100.0-beta.1" "test" "--frozen" "--release", kill_on_drop: false }`
[INFO] [stderr]     Finished `release` profile [optimized] target(s) in 0.08s
[INFO] [stderr]      Running unittests src/lib.rs (/opt/rustwide/target/release/build/hornbeam_grammar/9b96c035bb70dec5/out/hornbeam_grammar-9b96c035bb70dec5)
[INFO] [stdout] 
[INFO] [stdout] running 10 tests
[INFO] [stdout] test parser::tests::param_defs ... ok
[INFO] [stdout] test parser::tests::fragments_and_slots ... ok
[INFO] [stdout] test parser::tests::raw ... ok
[INFO] [stdout] test parser::tests::for_blocks ... ok
[INFO] [stdout] test parser::tests::localisation ... ok
[INFO] [stdout] test parser::tests::match_blocks ... ok
[INFO] [stdout] test parser::tests::if_blocks ... ok
[INFO] [stdout] test parser::tests::simple_parses_correct ... ok
[INFO] [stdout] test parser::tests::string_interpolations_nested ... ok
[INFO] [stdout] test parser::tests::supply_slots_to_components_only ... FAILED
[INFO] [stdout] 
[INFO] [stdout] failures:
[INFO] [stdout] 
[INFO] [stdout] ---- parser::tests::supply_slots_to_components_only stdout ----
[INFO] [stdout] ━━━━━━━━━━━━━━━━━━━━━━━━━━━━━━━ Snapshot Summary ━━━━━━━━━━━━━━━━━━━━━━━━━━━━━━━
[INFO] [stdout] Snapshot file: src/snapshots/hornbeam_grammar__parser__tests__supply_slots_to_components_only.snap
[INFO] [stdout] Snapshot: supply_slots_to_components_only
[INFO] [stdout] Source: src/parser.rs:686
[INFO] [stdout] ────────────────────────────────────────────────────────────────────────────────
[INFO] [stdout] Expression: parse_template(r#"
[INFO] [stdout] div
[INFO] [stdout]     :someslot
[INFO] [stdout]         "Oops!"
[INFO] [stdout]         "#, "inp")
[INFO] [stdout] ────────────────────────────────────────────────────────────────────────────────
[INFO] [stdout] -old snapshot
[INFO] [stdout] +new results
[INFO] [stdout] ────────────┬───────────────────────────────────────────────────────────────────
[INFO] [stdout]    18    18 │                 5,
[INFO] [stdout]    19    19 │                 9,
[INFO] [stdout]    20    20 │             ),
[INFO] [stdout]    21    21 │         ),
[INFO] [stdout]    22       │-        path: None,
[INFO] [stdout]    23       │-        line: "div",
[INFO] [stdout]    24       │-        continued_line: Some(
[INFO] [stdout]    25       │-            "        ",
[INFO] [stdout]    26       │-        ),
[INFO] [stdout]          22 │+        inner: ErrorInner {
[INFO] [stdout]          23 │+            path: None,
[INFO] [stdout]          24 │+            line: "div",
[INFO] [stdout]          25 │+            continued_line: Some(
[INFO] [stdout]          26 │+                "        ",
[INFO] [stdout]          27 │+            ),
[INFO] [stdout]          28 │+            parse_attempts: None,
[INFO] [stdout]          29 │+        },
[INFO] [stdout]    27    30 │     },
[INFO] [stdout]    28    31 │ )
[INFO] [stdout] ────────────┴───────────────────────────────────────────────────────────────────
[INFO] [stdout] 
[INFO] [stdout] thread 'parser::tests::supply_slots_to_components_only' (719) panicked at src/parser.rs:686:9:
[INFO] [stdout] called `Result::unwrap()` on an `Err` value: FileIo(Os { code: 30, kind: ReadOnlyFilesystem, message: "Read-only file system" }, "/opt/rustwide/workdir/src/snapshots/hornbeam_grammar__parser__tests__supply_slots_to_components_only.snap.new")
[INFO] [stdout] stack backtrace:
[INFO] [stdout]    0:     0x5e58e161d9e1 - <<std[617be2ca0a6fd877]::sys::backtrace::BacktraceLock>::print::DisplayBacktrace as core[a373ad73a504971]::fmt::Display>::fmt
[INFO] [stdout]    1:     0x5e58e1634e2a - core[a373ad73a504971]::fmt::write
[INFO] [stdout]    2:     0x5e58e162218c - <alloc[2e1b2a31b91974c5]::vec::Vec<u8> as core[a373ad73a504971]::io::write::Write>::write_fmt
[INFO] [stdout]    3:     0x5e58e15f6ca6 - std[617be2ca0a6fd877]::panicking::default_hook::{closure#0}
[INFO] [stdout]    4:     0x5e58e1614b19 - std[617be2ca0a6fd877]::panicking::default_hook
[INFO] [stdout]    5:     0x5e58e1535fb0 - test[aada8e7e76ba119b]::test_main_inner::{closure#0}
[INFO] [stdout]    6:     0x5e58e1614cd2 - std[617be2ca0a6fd877]::panicking::panic_with_hook
[INFO] [stdout]    7:     0x5e58e15f6d52 - std[617be2ca0a6fd877]::panicking::panic_handler::{closure#0}
[INFO] [stdout]    8:     0x5e58e15ef589 - std[617be2ca0a6fd877]::sys::backtrace::__rust_end_short_backtrace::<std[617be2ca0a6fd877]::panicking::panic_handler::{closure#0}, !>
[INFO] [stdout]    9:     0x5e58e15f79fd - __rustc[ea4f61d10b84890b]::rust_begin_unwind
[INFO] [stdout]   10:     0x5e58e163558c - core[a373ad73a504971]::panicking::panic_fmt
[INFO] [stdout]   11:     0x5e58e1635362 - core[a373ad73a504971]::result::unwrap_failed
[INFO] [stdout]   12:     0x5e58e1525c0f - <hornbeam_grammar[e42a9764b24b525b]::parser::tests::supply_slots_to_components_only::{closure#0} as core[a373ad73a504971]::ops::function::FnOnce<()>>::call_once
[INFO] [stdout]   13:     0x5e58e15293fb - test[aada8e7e76ba119b]::__rust_begin_short_backtrace::<core[a373ad73a504971]::result::Result<(), alloc[2e1b2a31b91974c5]::string::String>, fn() -> core[a373ad73a504971]::result::Result<(), alloc[2e1b2a31b91974c5]::string::String>>
[INFO] [stdout]   14:     0x5e58e15365d5 - test[aada8e7e76ba119b]::run_test::{closure#0}
[INFO] [stdout]   15:     0x5e58e152fec4 - std[617be2ca0a6fd877]::sys::backtrace::__rust_begin_short_backtrace::<test[aada8e7e76ba119b]::run_test::{closure#1}, ()>
[INFO] [stdout]   16:     0x5e58e1539662 - <std[617be2ca0a6fd877]::thread::lifecycle::spawn_unchecked<test[aada8e7e76ba119b]::run_test::{closure#1}, ()>::{closure#1} as core[a373ad73a504971]::ops::function::FnOnce<()>>::call_once::{shim:vtable#0}
[INFO] [stdout]   17:     0x5e58e161c9bf - <std[617be2ca0a6fd877]::sys::thread::unix::Thread>::new::thread_start
[INFO] [stdout]   18:     0x73ddafee1dfa - <unknown>
[INFO] [stdout]   19:     0x73ddaff753d4 - clone
[INFO] [stdout]   20:                0x0 - <unknown>
[INFO] [stdout] 
[INFO] [stdout] 
[INFO] [stdout] failures:
[INFO] [stdout]     parser::tests::supply_slots_to_components_only
[INFO] [stdout] 
[INFO] [stdout] test result: FAILED. 9 passed; 1 failed; 0 ignored; 0 measured; 0 filtered out; finished in 0.44s
[INFO] [stdout] 
[INFO] [stderr] error: test failed, to rerun pass `--lib`
[INFO] running `Command { std: "docker" "inspect" "ad39a20675b823ed6aa28775f11ee1ec5d3eac93189accfb985c65f681e5c5f9", kill_on_drop: false }`
[INFO] running `Command { std: "docker" "rm" "-f" "ad39a20675b823ed6aa28775f11ee1ec5d3eac93189accfb985c65f681e5c5f9", kill_on_drop: false }`
[INFO] [stdout] ad39a20675b823ed6aa28775f11ee1ec5d3eac93189accfb985c65f681e5c5f9
