[INFO] fetching crate horae 0.2.2...
[INFO] testing horae-0.2.2 against 1.99.0-beta.8+cargoflags=--release for beta-release-1.100-2
[INFO] extracting crate horae 0.2.2 into /workspace/builds/worker-2-tc1/source
[INFO] started tweaking crates.io crate horae 0.2.2
[INFO] removed 0 missing tests
[INFO] finished tweaking crates.io crate horae 0.2.2
[INFO] tweaked toml for crates.io crate horae 0.2.2 written to /workspace/builds/worker-2-tc1/source/Cargo.toml
[INFO] validating manifest of crates.io crate horae 0.2.2 on toolchain 1.99.0-beta.8
[INFO] running `Command { std: CARGO_HOME="/workspace/cargo-home" RUSTUP_HOME="/workspace/rustup-home" "/workspace/cargo-home/bin/cargo" "+1.99.0-beta.8" "metadata" "--manifest-path" "Cargo.toml" "--no-deps", kill_on_drop: false }`
[INFO] crate crates.io crate horae 0.2.2 already has a lockfile, it will not be regenerated
[INFO] running `Command { std: CARGO_HOME="/workspace/cargo-home" RUSTUP_HOME="/workspace/rustup-home" "/workspace/cargo-home/bin/cargo" "+1.99.0-beta.8" "fetch" "--manifest-path" "Cargo.toml", kill_on_drop: false }`
[INFO] [stderr]     Updating crates.io index
[INFO] [stderr]  Downloading crates ...
[INFO] [stderr]   Downloaded ratatui-termwiz v0.1.2
[INFO] [stderr]   Downloaded horae-tui v0.2.2
[INFO] [stderr]   Downloaded ratatui-termina v0.1.0
[INFO] [stderr]   Downloaded termina v0.3.3
[INFO] [stderr]   Downloaded horae-core v0.2.2
[INFO] [stderr]   Downloaded comfy-table v7.1.3
[INFO] [stderr]   Downloaded clap_complete v4.6.9
[INFO] running `Command { std: "docker" "create" "-v" "/var/lib/crater-agent-workspace/builds/worker-2-tc1/source:/opt/rustwide/workdir:ro,Z" "-v" "/var/lib/crater-agent-workspace/builds/worker-2-tc1/target:/opt/rustwide/target:rw,Z" "-v" "/var/lib/crater-agent-workspace/cargo-home:/opt/rustwide/cargo-home:ro,Z" "-v" "/var/lib/crater-agent-workspace/rustup-home:/opt/rustwide/rustup-home:ro,Z" "-m" "1610612736" "--network" "none" "ghcr.io/rust-lang/crates-build-env/linux@sha256:77db811e55d90add9212f6832c23229e3de5f1c1f9905e8cb07319ea15df73ac" "sleep" "infinity", kill_on_drop: false }`
[INFO] [stdout] cec62cb8182a2421dfe81a92c65bb7bc156781f11b21bae8fee0589fe5c98fcb
[INFO] running `Command { std: "docker" "start" "cec62cb8182a2421dfe81a92c65bb7bc156781f11b21bae8fee0589fe5c98fcb", kill_on_drop: false }`
[INFO] running `Command { std: "docker" "inspect" "cec62cb8182a2421dfe81a92c65bb7bc156781f11b21bae8fee0589fe5c98fcb", kill_on_drop: false }`
[INFO] running `Command { std: "docker" "exec" "-e" "SOURCE_DIR=/opt/rustwide/workdir" "-e" "CARGO_HOME=/opt/rustwide/cargo-home" "-e" "RUSTUP_HOME=/opt/rustwide/rustup-home" "-e" "CARGO_TARGET_DIR=/opt/rustwide/target" "-w" "/opt/rustwide/workdir" "--user" "0:0" "cec62cb8182a2421dfe81a92c65bb7bc156781f11b21bae8fee0589fe5c98fcb" "/opt/rustwide/cargo-home/bin/cargo" "+1.99.0-beta.8" "metadata" "--no-deps" "--format-version=1", kill_on_drop: false }`
[INFO] running `Command { std: "docker" "inspect" "cec62cb8182a2421dfe81a92c65bb7bc156781f11b21bae8fee0589fe5c98fcb", kill_on_drop: false }`
[INFO] running `Command { std: "docker" "exec" "-e" "SOURCE_DIR=/opt/rustwide/workdir" "-e" "CARGO_HOME=/opt/rustwide/cargo-home" "-e" "RUSTUP_HOME=/opt/rustwide/rustup-home" "-e" "CARGO_TARGET_DIR=/opt/rustwide/target" "-e" "CARGO_INCREMENTAL=0" "-e" "RUST_BACKTRACE=full" "-e" "RUSTFLAGS=--cap-lints=warn" "-e" "RUSTDOCFLAGS=--cap-lints=warn" "-w" "/opt/rustwide/workdir" "--user" "0:0" "cec62cb8182a2421dfe81a92c65bb7bc156781f11b21bae8fee0589fe5c98fcb" "/opt/rustwide/cargo-home/bin/cargo" "+1.99.0-beta.8" "build" "--frozen" "--message-format=json" "--release", kill_on_drop: false }`
[INFO] [stderr]    Compiling smallvec v1.15.2
[INFO] [stderr]    Compiling bitflags v2.13.1
[INFO] [stderr]    Compiling log v0.4.33
[INFO] [stderr]    Compiling cc v1.3.0
[INFO] [stderr]    Compiling syn v2.0.119
[INFO] [stderr]    Compiling syn v3.0.3
[INFO] [stderr]    Compiling rustix v1.1.4
[INFO] [stderr]    Compiling linux-raw-sys v0.12.1
[INFO] [stderr]    Compiling getrandom v0.2.17
[INFO] [stderr]    Compiling itertools v0.14.0
[INFO] [stderr]    Compiling castaway v0.2.4
[INFO] [stderr]    Compiling instability v0.3.12
[INFO] [stderr]    Compiling rustls v0.23.43
[INFO] [stderr]    Compiling lru v0.18.1
[INFO] [stderr]    Compiling ahash v0.8.12
[INFO] [stderr]    Compiling signal-hook v0.3.18
[INFO] [stderr]    Compiling crypto-common v0.1.7
[INFO] [stderr]    Compiling compact_str v0.9.1
[INFO] [stderr]    Compiling webpki-roots v1.0.9
[INFO] [stderr]    Compiling critical-section v1.2.0
[INFO] [stderr]    Compiling indoc v2.0.7
[INFO] [stderr]    Compiling either v1.16.0
[INFO] [stderr]    Compiling mio v1.2.2
[INFO] [stderr]    Compiling webpki-roots v0.26.11
[INFO] [stderr]    Compiling digest v0.11.3
[INFO] [stderr]    Compiling digest v0.10.7
[INFO] [stderr]    Compiling hashbrown v0.14.5
[INFO] [stderr]    Compiling parking_lot_core v0.9.12
[INFO] [stderr]    Compiling rustix v0.38.44
[INFO] [stderr]    Compiling dirs-sys v0.4.1
[INFO] [stderr]    Compiling sha1 v0.11.0
[INFO] [stderr]    Compiling parking_lot v0.12.5
[INFO] [stderr]    Compiling rand v0.10.2
[INFO] [stderr]    Compiling line-clipping v0.3.7
[INFO] [stderr]    Compiling linux-raw-sys v0.4.15
[INFO] [stderr]    Compiling signal-hook-mio v0.2.5
[INFO] [stderr]    Compiling clap_builder v4.6.2
[INFO] [stderr]    Compiling dirs v5.0.1
[INFO] [stderr]    Compiling sha2 v0.10.9
[INFO] [stderr]    Compiling hmac v0.12.1
[INFO] [stderr]    Compiling uuid v1.24.0
[INFO] [stderr]    Compiling x11rb-protocol v0.13.2
[INFO] [stderr]    Compiling strum v0.26.3
[INFO] [stderr]    Compiling hashlink v0.9.1
[INFO] [stderr]    Compiling ring v0.17.14
[INFO] [stderr]    Compiling libsqlite3-sys v0.30.1
[INFO] [stderr]    Compiling crossterm v0.28.1
[INFO] [stderr]    Compiling unicode-truncate v2.0.1
[INFO] [stderr]    Compiling synstructure v0.13.2
[INFO] [stderr]    Compiling darling_core v0.23.0
[INFO] [stderr]    Compiling zerovec-derive v0.11.6
[INFO] [stderr]    Compiling displaydoc v0.2.7
[INFO] [stderr]    Compiling thiserror-impl v2.0.19
[INFO] [stderr]    Compiling serde_derive v1.0.229
[INFO] [stderr]    Compiling clap_derive v4.6.4
[INFO] [stderr]    Compiling zerofrom-derive v0.1.7
[INFO] [stderr]    Compiling yoke-derive v0.8.2
[INFO] [stderr]    Compiling strum_macros v0.28.0
[INFO] [stderr]    Compiling derive_more-impl v2.1.1
[INFO] [stderr]    Compiling thiserror-impl v1.0.69
[INFO] [stderr]    Compiling prost-derive v0.14.4
[INFO] [stderr]    Compiling strum_macros v0.26.4
[INFO] [stderr]    Compiling derive_more v2.1.1
[INFO] [stderr]    Compiling crossterm v0.29.0
[INFO] [stderr]    Compiling gethostname v1.1.0
[INFO] [stderr]    Compiling x11rb v0.13.2
[INFO] [stderr]    Compiling thiserror v2.0.19
[INFO] [stderr]    Compiling zerofrom v0.1.8
[INFO] [stderr]    Compiling kasuari v0.4.12
[INFO] [stderr]    Compiling yoke v0.8.3
[INFO] [stderr]    Compiling thiserror v1.0.69
[INFO] [stderr]    Compiling zerovec v0.11.8
[INFO] [stderr]    Compiling zerotrie v0.2.5
[INFO] [stderr]    Compiling prost v0.14.4
[INFO] [stderr]    Compiling tinystr v0.8.4
[INFO] [stderr]    Compiling icu_locale_core v2.3.0
[INFO] [stderr]    Compiling potential_utf v0.1.6
[INFO] [stderr]    Compiling comfy-table v7.1.3
[INFO] [stderr]    Compiling icu_collections v2.3.0
[INFO] [stderr]    Compiling clap v4.6.4
[INFO] [stderr]    Compiling clap_complete v4.6.9
[INFO] [stderr]    Compiling strum v0.28.0
[INFO] [stderr]    Compiling arboard v3.6.1
[INFO] [stderr]    Compiling ratatui-core v0.1.2
[INFO] [stderr]    Compiling darling_macro v0.23.0
[INFO] [stderr]    Compiling darling v0.23.0
[INFO] [stderr]    Compiling icu_provider v2.3.1
[INFO] [stderr]    Compiling icu_normalizer v2.3.0
[INFO] [stderr]    Compiling icu_properties v2.3.0
[INFO] [stderr]    Compiling serde v1.0.229
[INFO] [stderr]    Compiling ratatui-widgets v0.3.2
[INFO] [stderr]    Compiling ratatui-crossterm v0.1.2
[INFO] [stderr]    Compiling idna_adapter v1.2.2
[INFO] [stderr]    Compiling idna v1.1.0
[INFO] [stderr]    Compiling url v2.5.8
[INFO] [stderr]    Compiling ratatui v0.30.2
[INFO] [stderr]    Compiling rustls-webpki v0.103.15
[INFO] [stderr]    Compiling ureq v2.12.1
[INFO] [stderr]    Compiling tungstenite v0.30.0
[INFO] [stderr]    Compiling rusqlite v0.32.1
[INFO] [stderr]    Compiling horae-core v0.2.2
[INFO] [stderr]    Compiling horae-tui v0.2.2
[INFO] [stderr]    Compiling horae v0.2.2 (/opt/rustwide/workdir)
[INFO] [stderr]     Finished `release` profile [optimized] target(s) in 3m 18s
[INFO] running `Command { std: "docker" "inspect" "cec62cb8182a2421dfe81a92c65bb7bc156781f11b21bae8fee0589fe5c98fcb", kill_on_drop: false }`
[INFO] running `Command { std: "docker" "exec" "-e" "SOURCE_DIR=/opt/rustwide/workdir" "-e" "CARGO_HOME=/opt/rustwide/cargo-home" "-e" "RUSTUP_HOME=/opt/rustwide/rustup-home" "-e" "CARGO_TARGET_DIR=/opt/rustwide/target" "-e" "CARGO_INCREMENTAL=0" "-e" "RUST_BACKTRACE=full" "-e" "RUSTFLAGS=--cap-lints=warn" "-e" "RUSTDOCFLAGS=--cap-lints=warn" "-w" "/opt/rustwide/workdir" "--user" "0:0" "cec62cb8182a2421dfe81a92c65bb7bc156781f11b21bae8fee0589fe5c98fcb" "/opt/rustwide/cargo-home/bin/cargo" "+1.99.0-beta.8" "test" "--frozen" "--no-run" "--message-format=json" "--release", kill_on_drop: false }`
[INFO] [stderr]    Compiling rustix v1.1.4
[INFO] [stderr]    Compiling aho-corasick v1.1.4
[INFO] [stderr]    Compiling float-cmp v0.10.0
[INFO] [stderr]    Compiling wait-timeout v0.2.1
[INFO] [stderr]    Compiling regex-automata v0.4.16
[INFO] [stderr]    Compiling crossterm v0.29.0
[INFO] [stderr]    Compiling tempfile v3.27.0
[INFO] [stderr]    Compiling gethostname v1.1.0
[INFO] [stderr]    Compiling x11rb v0.13.2
[INFO] [stderr]    Compiling horae-core v0.2.2
[INFO] [stderr]    Compiling ratatui-crossterm v0.1.2
[INFO] [stderr]    Compiling ratatui v0.30.2
[INFO] [stderr]    Compiling arboard v3.6.1
[INFO] [stderr]    Compiling regex v1.13.1
[INFO] [stderr]    Compiling bstr v1.13.1
[INFO] [stderr]    Compiling predicates v3.1.4
[INFO] [stderr]    Compiling assert_cmd v2.2.2
[INFO] [stderr]    Compiling horae-tui v0.2.2
[INFO] [stderr]    Compiling horae v0.2.2 (/opt/rustwide/workdir)
[INFO] [stderr]     Finished `release` profile [optimized] target(s) in 1m 00s
[INFO] running `Command { std: "docker" "inspect" "cec62cb8182a2421dfe81a92c65bb7bc156781f11b21bae8fee0589fe5c98fcb", kill_on_drop: false }`
[INFO] running `Command { std: "docker" "exec" "-e" "SOURCE_DIR=/opt/rustwide/workdir" "-e" "CARGO_HOME=/opt/rustwide/cargo-home" "-e" "RUSTUP_HOME=/opt/rustwide/rustup-home" "-e" "CARGO_TARGET_DIR=/opt/rustwide/target" "-e" "CARGO_INCREMENTAL=0" "-e" "RUST_BACKTRACE=full" "-e" "RUSTFLAGS=--cap-lints=warn" "-e" "RUSTDOCFLAGS=--cap-lints=warn" "-w" "/opt/rustwide/workdir" "--user" "0:0" "cec62cb8182a2421dfe81a92c65bb7bc156781f11b21bae8fee0589fe5c98fcb" "/opt/rustwide/cargo-home/bin/cargo" "+1.99.0-beta.8" "test" "--frozen" "--release", kill_on_drop: false }`
[INFO] [stderr]     Finished `release` profile [optimized] target(s) in 0.25s
[INFO] [stderr]      Running unittests src/main.rs (/opt/rustwide/target/release/deps/horae-3178f0aefa5cf54a)
[INFO] [stdout] 
[INFO] [stdout] running 66 tests
[INFO] [stdout] test cli::tests::bare_invocation_launches_tui_with_no_command ... ok
[INFO] [stdout] test cli_i18n::tests::env_var_selects_chinese ... ok
[INFO] [stdout] test cli::tests::capture_parses_clip_flag ... ok
[INFO] [stdout] test cli_i18n::tests::default_language_is_english ... ok
[INFO] [stdout] test cli::tests::list_parses_filters ... ok
[INFO] [stdout] test cli::tests::global_profile_flag_applies_to_subcommands ... ok
[INFO] [stdout] test commands::alarm::tests::ring_skips_rung_occurrence ... ok
[INFO] [stdout] test commands::alarm::tests::rung_task_stays_in_window ... ok
[INFO] [stdout] test cli::tests::modify_parses_tokens_and_flags_and_aliases ... ok
[INFO] [stdout] test cli_i18n::tests::localize_overrides_top_level_and_subcommand_to_chinese ... ok
[INFO] [stdout] test commands::alarm::tests::ring_fires_only_within_lead_window ... ok
[INFO] [stdout] test commands::alarm::tests::window_excludes_skipped_and_advances ... ok
[INFO] [stdout] test commands::alarm::tests::window_keys_match_same_window ... ok
[INFO] [stdout] test commands::alarm::tests::window_respects_limit ... ok
[INFO] [stdout] test cli::tests::calendar_parses_flags_and_aliases ... ok
[INFO] [stdout] test cli::tests::capture_joins_title_words_and_flags ... ok
[INFO] [stdout] test cli::tests::capture_rejects_conflicting_priorities ... ok
[INFO] [stdout] test cli_i18n::tests::localize_is_noop_for_english ... ok
[INFO] [stdout] test cli::tests::unknown_status_string_is_accepted_by_cli_and_validated_later ... ok
[INFO] [stdout] test commands::alarm::tests::window_takes_two_nearest_and_skips_done ... ok
[INFO] [stdout] test cli_i18n::tests::flag_pre_scan_selects_chinese ... ok
[INFO] [stdout] test commands::capture::tests::capture_rejects_unrecognized_rrule_word ... ok
[INFO] [stdout] test commands::backup::tests::import_missing_file_errors ... ok
[INFO] [stdout] test commands::capture::tests::capture_with_time_rejects_bad_rrule_before_schedule ... ok
[INFO] [stdout] test commands::profile::tests::db_path_keeps_profile_file ... ok
[INFO] [stdout] test commands::focus::tests::test_focus_empty ... ok
[INFO] [stdout] test commands::profile::tests::new_defaults_db_path_and_rejects_duplicates ... ok
[INFO] [stdout] test commands::profile::tests::new_accepts_custom_db_path ... ok
[INFO] [stdout] test commands::profile::tests::new_rm_rename_set_default_update_config ... ok
[INFO] [stdout] test commands::profile::tests::rename_moves_default_and_rejects_unknown ... ok
[INFO] [stdout] test commands::capture::tests::capture_rejects_empty_title_without_clip ... ok
[INFO] [stdout] test commands::profile::tests::rm_rejects_last_profile_and_unknown_profile ... ok
[INFO] [stdout] test commands::profile::tests::rm_default_reassigns_to_remaining_profile ... ok
[INFO] [stdout] test commands::profile::tests::set_default_persists_and_rejects_unknown ... ok
[INFO] [stdout] test commands::backup::tests::rejects_unknown_version ... ok
[INFO] [stdout] test commands::capture::tests::capture_accepts_yearly_rrule ... ok
[INFO] [stdout] test commands::capture::tests::capture_quick_add_time_schedules ... ok
[INFO] [stdout] test commands::log::tests::test_log_command ... ok
[INFO] [stdout] test commands::focus::tests::test_focus_picks_scheduled_task ... ok
[INFO] [stdout] test commands::alarm::tests::alarm_item_embeds_task_fields ... ok
[INFO] [stdout] test commands::focus::tests::test_focus_picks_best_task ... ok
[INFO] [stdout] test commands::backup::tests::replace_restores_exactly ... ok
[INFO] [stdout] test commands::capture::tests::capture_keeps_quick_add_rrule ... ok
[INFO] [stdout] test commands::backup::tests::merge_skips_existing_and_adds_new ... ok
[INFO] [stdout] test commands::modify::tests::modify_via_quick_add_tokens ... ok
[INFO] [stdout] test commands::modify::tests::modify_via_explicit_flags_overrides_and_clears ... ok
[INFO] [stdout] test commands::status::tests::cli_accepts_unique_id_prefix ... ok
[INFO] [stdout] test commands::status::tests::schedule_accepts_yearly_rrule ... ok
[INFO] [stdout] test commands::status::tests::archive_restore_roundtrip_via_cli ... ok
[INFO] [stdout] test commands::status::tests::schedule_requires_start_and_persists_fields ... ok
[INFO] [stdout] test commands::watch::tests::bad_action_recorded_as_fail ... ok
[INFO] [stdout] test commands::status::tests::purge_requires_archive_then_deletes_permanently ... ok
[INFO] [stdout] test commands::status::tests::tag_and_untag_via_cli_dispatch ... ok
[INFO] [stdout] test commands::status::tests::cli_status_transitions_persist ... ok
[INFO] [stdout] test commands::watch::tests::duplicate_line_not_reprocessed ... ok
[INFO] [stdout] test commands::backup::tests::roundtrip_preserves_everything ... ok
[INFO] [stdout] test commands::watch::tests::actions_done_status_due ... ok
[INFO] [stdout] test commands::watch::tests::leftover_processing_recovers ... ok
[INFO] [stdout] test commands::watch::tests::ingest_captures_quick_add_lines ... ok
[INFO] [stdout] test commands::watch::tests::malformed_utf8_line_does_not_lose_the_queue ... ok
[INFO] [stdout] test commands::watch::tests::reminder_write_failure_retries_next_round ... FAILED
[INFO] [stdout] test commands::watch::tests::ntfy_stage_failure_does_not_block_other_stages ... ok
[INFO] [stdout] test commands::watch::tests::stage_failure_does_not_block_other_stages ... ok
[INFO] [stdout] test commands::watch::tests::resolve_ref_prefers_id_then_title ... ok
[INFO] [stdout] test commands::watch::tests::reminder_written_once_and_catch_up ... ok
[INFO] [stdout] test commands::watch::tests::today_md_lists_active_only ... ok
[INFO] [stdout] 
[INFO] [stdout] failures:
[INFO] [stdout] 
[INFO] [stdout] ---- commands::watch::tests::reminder_write_failure_retries_next_round stdout ----
[INFO] [stdout] ntfy 推送失败（b3d3fced-2381-4022-ac24-ce10000d88eb）：ntfy 推送失败: https://127.0.0.1:1/x: Connection Failed: Connect error: Connection refused (os error 111)
[INFO] [stdout] 
[INFO] [stdout] thread 'commands::watch::tests::reminder_write_failure_retries_next_round' (2899) panicked at src/commands/watch.rs:913:9:
[INFO] [stdout] assertion `left == right` failed: 只读目录下提醒被跳过而非崩溃
[INFO] [stdout]   left: 1
[INFO] [stdout]  right: 0
[INFO] [stdout] stack backtrace:
[INFO] [stdout]    0:     0x58db5fb16cb1 - <<std[70759c8f55707aa4]::sys::backtrace::BacktraceLock>::print::DisplayBacktrace as core[df12db4294e9bfd3]::fmt::Display>::fmt
[INFO] [stdout]    1:     0x58db5fb3049a - core[df12db4294e9bfd3]::fmt::write
[INFO] [stdout]    2:     0x58db5fb1c5ec - <alloc[2182bb758b4b3781]::vec::Vec<u8> as core[df12db4294e9bfd3]::io::write::Write>::write_fmt
[INFO] [stdout]    3:     0x58db5faed4a6 - std[70759c8f55707aa4]::panicking::default_hook::{closure#0}
[INFO] [stdout]    4:     0x58db5fb0c939 - std[70759c8f55707aa4]::panicking::default_hook
[INFO] [stdout]    5:     0x58db5f6669a0 - test[9d35eded1c95d3be]::test_main_inner::<test[9d35eded1c95d3be]::test_main_static::{closure#0}>::{closure#0}
[INFO] [stdout]    6:     0x58db5fb0cc62 - std[70759c8f55707aa4]::panicking::panic_with_hook
[INFO] [stdout]    7:     0x58db5faed552 - std[70759c8f55707aa4]::panicking::panic_handler::{closure#0}
[INFO] [stdout]    8:     0x58db5fae5729 - std[70759c8f55707aa4]::sys::backtrace::__rust_end_short_backtrace::<std[70759c8f55707aa4]::panicking::panic_handler::{closure#0}, !>
[INFO] [stdout]    9:     0x58db5faee81d - __rustc[8fa7c3cbc660c2b3]::rust_begin_unwind
[INFO] [stdout]   10:     0x58db5fb30bfc - core[df12db4294e9bfd3]::panicking::panic_fmt
[INFO] [stderr] error: test failed, to rerun pass `--bin horae`
[INFO] [stdout]   11:     0x58db5fb30b73 - core[df12db4294e9bfd3]::panicking::assert_failed_inner
[INFO] [stdout]   12:     0x58db5fb2b298 - core[df12db4294e9bfd3]::panicking::assert_failed::<usize, usize>
[INFO] [stdout]   13:     0x58db5f52a65f - horae[98b6e7b084932441]::commands::watch::tests::reminder_write_failure_retries_next_round
[INFO] [stdout]   14:     0x58db5f55cb89 - <horae[98b6e7b084932441]::commands::watch::tests::reminder_write_failure_retries_next_round::{closure#0} as core[df12db4294e9bfd3]::ops::function::FnOnce<()>>::call_once
[INFO] [stdout]   15:     0x58db5f659c8b - test[9d35eded1c95d3be]::__rust_begin_short_backtrace::<core[df12db4294e9bfd3]::result::Result<(), alloc[2182bb758b4b3781]::string::String>, fn() -> core[df12db4294e9bfd3]::result::Result<(), alloc[2182bb758b4b3781]::string::String>>
[INFO] [stdout]   16:     0x58db5f6672f5 - test[9d35eded1c95d3be]::run_test::{closure#0}
[INFO] [stdout]   17:     0x58db5f660bb4 - std[70759c8f55707aa4]::sys::backtrace::__rust_begin_short_backtrace::<test[9d35eded1c95d3be]::run_test::{closure#1}, ()>
[INFO] [stdout]   18:     0x58db5f66a452 - <std[70759c8f55707aa4]::thread::lifecycle::spawn_unchecked<test[9d35eded1c95d3be]::run_test::{closure#1}, ()>::{closure#1} as core[df12db4294e9bfd3]::ops::function::FnOnce<()>>::call_once::{shim:vtable#0}
[INFO] [stdout]   19:     0x58db5fb15129 - <std[70759c8f55707aa4]::sys::thread::unix::Thread>::new::thread_start
[INFO] [stdout]   20:     0x78522c1b5dfa - <unknown>
[INFO] [stdout]   21:     0x78522c2493d4 - clone
[INFO] [stdout]   22:                0x0 - <unknown>
[INFO] [stdout] 
[INFO] [stdout] 
[INFO] [stdout] failures:
[INFO] [stdout]     commands::watch::tests::reminder_write_failure_retries_next_round
[INFO] [stdout] 
[INFO] [stdout] test result: FAILED. 65 passed; 1 failed; 0 ignored; 0 measured; 0 filtered out; finished in 3.10s
[INFO] [stdout] 
[INFO] running `Command { std: "docker" "inspect" "cec62cb8182a2421dfe81a92c65bb7bc156781f11b21bae8fee0589fe5c98fcb", kill_on_drop: false }`
[INFO] running `Command { std: "docker" "rm" "-f" "cec62cb8182a2421dfe81a92c65bb7bc156781f11b21bae8fee0589fe5c98fcb", kill_on_drop: false }`
[INFO] [stdout] cec62cb8182a2421dfe81a92c65bb7bc156781f11b21bae8fee0589fe5c98fcb
