[INFO] fetching crate hope 0.0.1...
[INFO] testing hope-0.0.1 against 1.99.0-beta.8+cargoflags=--release for beta-release-1.100-2
[INFO] extracting crate hope 0.0.1 into /workspace/builds/worker-1-tc1/source
[INFO] started tweaking crates.io crate hope 0.0.1
[INFO] finished tweaking crates.io crate hope 0.0.1
[INFO] tweaked toml for crates.io crate hope 0.0.1 written to /workspace/builds/worker-1-tc1/source/Cargo.toml
[INFO] validating manifest of crates.io crate hope 0.0.1 on toolchain 1.99.0-beta.8
[INFO] running `Command { std: CARGO_HOME="/workspace/cargo-home" RUSTUP_HOME="/workspace/rustup-home" "/workspace/cargo-home/bin/cargo" "+1.99.0-beta.8" "metadata" "--manifest-path" "Cargo.toml" "--no-deps", kill_on_drop: false }`
[INFO] crate crates.io crate hope 0.0.1 already has a lockfile, it will not be regenerated
[INFO] running `Command { std: CARGO_HOME="/workspace/cargo-home" RUSTUP_HOME="/workspace/rustup-home" "/workspace/cargo-home/bin/cargo" "+1.99.0-beta.8" "fetch" "--manifest-path" "Cargo.toml", kill_on_drop: false }`
[INFO] [stderr]     Updating crates.io index
[INFO] [stderr]  Downloading crates ...
[INFO] [stderr]   Downloaded hope-cache-log v0.0.1
[INFO] [stderr]   Downloaded fd-lock v4.0.2
[INFO] [stderr]   Downloaded anstyle v1.0.7
[INFO] [stderr]   Downloaded is_terminal_polyfill v1.70.0
[INFO] [stderr]   Downloaded colorchoice v1.0.1
[INFO] [stderr]   Downloaded anstyle-query v1.1.0
[INFO] [stderr]   Downloaded redox_users v0.4.5
[INFO] [stderr]   Downloaded anstyle-wincon v3.0.3
[INFO] [stderr]   Downloaded clap_lex v0.7.1
[INFO] [stderr]   Downloaded filetime v0.2.23
[INFO] [stderr]   Downloaded anstyle-parse v0.2.4
[INFO] [stderr]   Downloaded directories v5.0.1
[INFO] [stderr]   Downloaded clap_derive v4.5.8
[INFO] [stderr]   Downloaded iana-time-zone v0.1.60
[INFO] [stderr]   Downloaded anstream v0.6.14
[INFO] [stderr]   Downloaded clap v4.5.8
[INFO] [stderr]   Downloaded cc v1.0.105
[INFO] [stderr]   Downloaded syn v2.0.69
[INFO] [stderr]   Downloaded serde_json v1.0.120
[INFO] [stderr]   Downloaded clap_builder v4.5.8
[INFO] [stderr]   Downloaded chrono v0.4.38
[INFO] running `Command { std: "docker" "create" "-v" "/var/lib/crater-agent-workspace/builds/worker-1-tc1/source:/opt/rustwide/workdir:ro,Z" "-v" "/var/lib/crater-agent-workspace/builds/worker-1-tc1/target:/opt/rustwide/target:rw,Z" "-v" "/var/lib/crater-agent-workspace/cargo-home:/opt/rustwide/cargo-home:ro,Z" "-v" "/var/lib/crater-agent-workspace/rustup-home:/opt/rustwide/rustup-home:ro,Z" "-m" "1610612736" "--network" "none" "ghcr.io/rust-lang/crates-build-env/linux@sha256:77db811e55d90add9212f6832c23229e3de5f1c1f9905e8cb07319ea15df73ac" "sleep" "infinity", kill_on_drop: false }`
[INFO] [stdout] 342891ab7d19736ae04a2255bbcb1526f644401be7da24d4145a62c7a68cb0f1
[INFO] running `Command { std: "docker" "start" "342891ab7d19736ae04a2255bbcb1526f644401be7da24d4145a62c7a68cb0f1", kill_on_drop: false }`
[INFO] running `Command { std: "docker" "inspect" "342891ab7d19736ae04a2255bbcb1526f644401be7da24d4145a62c7a68cb0f1", kill_on_drop: false }`
[INFO] running `Command { std: "docker" "exec" "-e" "SOURCE_DIR=/opt/rustwide/workdir" "-e" "CARGO_HOME=/opt/rustwide/cargo-home" "-e" "RUSTUP_HOME=/opt/rustwide/rustup-home" "-e" "CARGO_TARGET_DIR=/opt/rustwide/target" "-w" "/opt/rustwide/workdir" "--user" "0:0" "342891ab7d19736ae04a2255bbcb1526f644401be7da24d4145a62c7a68cb0f1" "/opt/rustwide/cargo-home/bin/cargo" "+1.99.0-beta.8" "metadata" "--no-deps" "--format-version=1", kill_on_drop: false }`
[INFO] running `Command { std: "docker" "inspect" "342891ab7d19736ae04a2255bbcb1526f644401be7da24d4145a62c7a68cb0f1", kill_on_drop: false }`
[INFO] running `Command { std: "docker" "exec" "-e" "SOURCE_DIR=/opt/rustwide/workdir" "-e" "CARGO_HOME=/opt/rustwide/cargo-home" "-e" "RUSTUP_HOME=/opt/rustwide/rustup-home" "-e" "CARGO_TARGET_DIR=/opt/rustwide/target" "-e" "CARGO_INCREMENTAL=0" "-e" "RUST_BACKTRACE=full" "-e" "RUSTFLAGS=--cap-lints=warn" "-e" "RUSTDOCFLAGS=--cap-lints=warn" "-w" "/opt/rustwide/workdir" "--user" "0:0" "342891ab7d19736ae04a2255bbcb1526f644401be7da24d4145a62c7a68cb0f1" "/opt/rustwide/cargo-home/bin/cargo" "+1.99.0-beta.8" "build" "--frozen" "--message-format=json" "--release", kill_on_drop: false }`
[INFO] [stderr]    Compiling proc-macro2 v1.0.86
[INFO] [stderr]    Compiling unicode-ident v1.0.12
[INFO] [stderr]    Compiling serde v1.0.204
[INFO] [stderr]    Compiling autocfg v1.3.0
[INFO] [stderr]    Compiling libc v0.2.155
[INFO] [stderr]    Compiling rustix v0.38.34
[INFO] [stderr]    Compiling linux-raw-sys v0.4.14
[INFO] [stderr]    Compiling bitflags v2.6.0
[INFO] [stderr]    Compiling cfg-if v1.0.0
[INFO] [stderr]    Compiling utf8parse v0.2.2
[INFO] [stderr]    Compiling anstyle-parse v0.2.4
[INFO] [stderr]    Compiling colorchoice v1.0.1
[INFO] [stderr]    Compiling anstyle-query v1.1.0
[INFO] [stderr]    Compiling anstyle v1.0.7
[INFO] [stderr]    Compiling num-traits v0.2.19
[INFO] [stderr]    Compiling anyhow v1.0.86
[INFO] [stderr]    Compiling serde_json v1.0.120
[INFO] [stderr]    Compiling is_terminal_polyfill v1.70.0
[INFO] [stderr]    Compiling anstream v0.6.14
[INFO] [stderr]    Compiling itoa v1.0.11
[INFO] [stderr]    Compiling strsim v0.11.1
[INFO] [stderr]    Compiling iana-time-zone v0.1.60
[INFO] [stderr]    Compiling clap_lex v0.7.1
[INFO] [stderr]    Compiling quote v1.0.36
[INFO] [stderr]    Compiling option-ext v0.2.0
[INFO] [stderr]    Compiling heck v0.5.0
[INFO] [stderr]    Compiling ryu v1.0.18
[INFO] [stderr]    Compiling syn v2.0.69
[INFO] [stderr]    Compiling dirs-sys v0.4.1
[INFO] [stderr]    Compiling clap_builder v4.5.8
[INFO] [stderr]    Compiling same-file v1.0.6
[INFO] [stderr]    Compiling fastrand v2.1.0
[INFO] [stderr]    Compiling walkdir v2.5.0
[INFO] [stderr]    Compiling directories v5.0.1
[INFO] [stderr]    Compiling filetime v0.2.23
[INFO] [stderr]    Compiling fd-lock v4.0.2
[INFO] [stderr]    Compiling tempfile v3.10.1
[INFO] [stderr]    Compiling serde_derive v1.0.204
[INFO] [stderr]    Compiling clap_derive v4.5.8
[INFO] [stderr]    Compiling clap v4.5.8
[INFO] [stderr]    Compiling chrono v0.4.38
[INFO] [stderr]    Compiling hope-cache-log v0.0.1
[INFO] [stderr]    Compiling hope v0.0.1 (/opt/rustwide/workdir)
[INFO] [stderr]     Finished `release` profile [optimized] target(s) in 53.98s
[INFO] running `Command { std: "docker" "inspect" "342891ab7d19736ae04a2255bbcb1526f644401be7da24d4145a62c7a68cb0f1", kill_on_drop: false }`
[INFO] running `Command { std: "docker" "exec" "-e" "SOURCE_DIR=/opt/rustwide/workdir" "-e" "CARGO_HOME=/opt/rustwide/cargo-home" "-e" "RUSTUP_HOME=/opt/rustwide/rustup-home" "-e" "CARGO_TARGET_DIR=/opt/rustwide/target" "-e" "CARGO_INCREMENTAL=0" "-e" "RUST_BACKTRACE=full" "-e" "RUSTFLAGS=--cap-lints=warn" "-e" "RUSTDOCFLAGS=--cap-lints=warn" "-w" "/opt/rustwide/workdir" "--user" "0:0" "342891ab7d19736ae04a2255bbcb1526f644401be7da24d4145a62c7a68cb0f1" "/opt/rustwide/cargo-home/bin/cargo" "+1.99.0-beta.8" "test" "--frozen" "--no-run" "--message-format=json" "--release", kill_on_drop: false }`
[INFO] [stderr]    Compiling hope v0.0.1 (/opt/rustwide/workdir)
[INFO] [stderr]     Finished `release` profile [optimized] target(s) in 1.51s
[INFO] running `Command { std: "docker" "inspect" "342891ab7d19736ae04a2255bbcb1526f644401be7da24d4145a62c7a68cb0f1", kill_on_drop: false }`
[INFO] running `Command { std: "docker" "exec" "-e" "SOURCE_DIR=/opt/rustwide/workdir" "-e" "CARGO_HOME=/opt/rustwide/cargo-home" "-e" "RUSTUP_HOME=/opt/rustwide/rustup-home" "-e" "CARGO_TARGET_DIR=/opt/rustwide/target" "-e" "CARGO_INCREMENTAL=0" "-e" "RUST_BACKTRACE=full" "-e" "RUSTFLAGS=--cap-lints=warn" "-e" "RUSTDOCFLAGS=--cap-lints=warn" "-w" "/opt/rustwide/workdir" "--user" "0:0" "342891ab7d19736ae04a2255bbcb1526f644401be7da24d4145a62c7a68cb0f1" "/opt/rustwide/cargo-home/bin/cargo" "+1.99.0-beta.8" "test" "--frozen" "--release", kill_on_drop: false }`
[INFO] [stderr]     Finished `release` profile [optimized] target(s) in 0.09s
[INFO] [stderr]      Running unittests src/main.rs (/opt/rustwide/target/release/deps/hope-b58e3d615e6cf986)
[INFO] [stdout] 
[INFO] [stdout] running 0 tests
[INFO] [stdout] 
[INFO] [stdout] test result: ok. 0 passed; 0 failed; 0 ignored; 0 measured; 0 filtered out; finished in 0.00s
[INFO] [stdout] 
[INFO] [stderr]      Running tests/integration_tests.rs (/opt/rustwide/target/release/deps/integration_tests-553eb103ff620b9c)
[INFO] [stdout] 
[INFO] [stdout] running 5 tests
[INFO] [stdout] test build_crate_with_no_deps ... FAILED
[INFO] [stdout] test build_dep_with_build_script ... FAILED
[INFO] [stdout] test build_dep_with_proc_macro ... FAILED
[INFO] [stdout] test build_dep_with_build_script_that_builds_stuff ... FAILED
[INFO] [stderr] error: test failed, to rerun pass `--test integration_tests`
[INFO] [stdout] test build_crate_with_simple_dep ... FAILED
[INFO] [stdout] 
[INFO] [stdout] failures:
[INFO] [stdout] 
[INFO] [stdout] ---- build_crate_with_no_deps stdout ----
[INFO] [stdout] 
[INFO] [stdout] thread 'build_crate_with_no_deps' (893) panicked at tests/integration_tests.rs:309:9:
[INFO] [stdout] assertion failed: self.cargo().arg("build").current_dir(self.dir.path()).status().unwrap().success()
[INFO] [stdout] stack backtrace:
[INFO] [stdout]    0:     0x5c0f49334611 - <<std[70759c8f55707aa4]::sys::backtrace::BacktraceLock>::print::DisplayBacktrace as core[df12db4294e9bfd3]::fmt::Display>::fmt
[INFO] [stdout]    1:     0x5c0f493491fa - core[df12db4294e9bfd3]::fmt::write
[INFO] [stdout]    2:     0x5c0f493392cc - <alloc[2182bb758b4b3781]::vec::Vec<u8> as core[df12db4294e9bfd3]::io::write::Write>::write_fmt
[INFO] [stdout]    3:     0x5c0f4930eec6 - std[70759c8f55707aa4]::panicking::default_hook::{closure#0}
[INFO] [stdout]    4:     0x5c0f4932c589 - std[70759c8f55707aa4]::panicking::default_hook
[INFO] [stdout]    5:     0x5c0f492b3930 - test[9d35eded1c95d3be]::test_main_inner::<test[9d35eded1c95d3be]::test_main_static::{closure#0}>::{closure#0}
[INFO] [stdout]    6:     0x5c0f4932c742 - std[70759c8f55707aa4]::panicking::panic_with_hook
[INFO] [stdout]    7:     0x5c0f4930efa4 - std[70759c8f55707aa4]::panicking::panic_handler::{closure#0}
[INFO] [stdout]    8:     0x5c0f49307619 - std[70759c8f55707aa4]::sys::backtrace::__rust_end_short_backtrace::<std[70759c8f55707aa4]::panicking::panic_handler::{closure#0}, !>
[INFO] [stdout]    9:     0x5c0f4930fc7d - __rustc[8fa7c3cbc660c2b3]::rust_begin_unwind
[INFO] [stdout]   10:     0x5c0f4934992c - core[df12db4294e9bfd3]::panicking::panic_fmt
[INFO] [stdout]   11:     0x5c0f493498f2 - core[df12db4294e9bfd3]::panicking::panic
[INFO] [stdout]   12:     0x5c0f492a4698 - <integration_tests[f13a7e5dffe226d4]::Package>::build
[INFO] [stdout]   13:     0x5c0f492a5000 - <integration_tests[f13a7e5dffe226d4]::build_crate_with_no_deps::{closure#0} as core[df12db4294e9bfd3]::ops::function::FnOnce<()>>::call_once
[INFO] [stdout]   14:     0x5c0f492a6c1b - test[9d35eded1c95d3be]::__rust_begin_short_backtrace::<core[df12db4294e9bfd3]::result::Result<(), alloc[2182bb758b4b3781]::string::String>, fn() -> core[df12db4294e9bfd3]::result::Result<(), alloc[2182bb758b4b3781]::string::String>>
[INFO] [stdout]   15:     0x5c0f492b4285 - test[9d35eded1c95d3be]::run_test::{closure#0}
[INFO] [stdout]   16:     0x5c0f492adb44 - std[70759c8f55707aa4]::sys::backtrace::__rust_begin_short_backtrace::<test[9d35eded1c95d3be]::run_test::{closure#1}, ()>
[INFO] [stdout]   17:     0x5c0f492b73e2 - <std[70759c8f55707aa4]::thread::lifecycle::spawn_unchecked<test[9d35eded1c95d3be]::run_test::{closure#1}, ()>::{closure#1} as core[df12db4294e9bfd3]::ops::function::FnOnce<()>>::call_once::{shim:vtable#0}
[INFO] [stdout]   18:     0x5c0f49333ee9 - <std[70759c8f55707aa4]::sys::thread::unix::Thread>::new::thread_start
[INFO] [stdout]   19:     0x7d27685c3dfa - <unknown>
[INFO] [stdout]   20:     0x7d27686573d4 - clone
[INFO] [stdout]   21:                0x0 - <unknown>
[INFO] [stdout] 
[INFO] [stdout] ---- build_dep_with_build_script stdout ----
[INFO] [stdout] 
[INFO] [stdout] thread 'build_dep_with_build_script' (895) panicked at tests/integration_tests.rs:299:9:
[INFO] [stdout] assertion failed: self.cargo().args(["add",
[INFO] [stdout]                             dep]).current_dir(self.dir.path()).status().unwrap().success()
[INFO] [stdout] stack backtrace:
[INFO] [stdout]    0:     0x5c0f49334611 - <<std[70759c8f55707aa4]::sys::backtrace::BacktraceLock>::print::DisplayBacktrace as core[df12db4294e9bfd3]::fmt::Display>::fmt
[INFO] [stdout]    1:     0x5c0f493491fa - core[df12db4294e9bfd3]::fmt::write
[INFO] [stdout]    2:     0x5c0f493392cc - <alloc[2182bb758b4b3781]::vec::Vec<u8> as core[df12db4294e9bfd3]::io::write::Write>::write_fmt
[INFO] [stdout]    3:     0x5c0f4930eec6 - std[70759c8f55707aa4]::panicking::default_hook::{closure#0}
[INFO] [stdout]    4:     0x5c0f4932c589 - std[70759c8f55707aa4]::panicking::default_hook
[INFO] [stdout]    5:     0x5c0f492b3930 - test[9d35eded1c95d3be]::test_main_inner::<test[9d35eded1c95d3be]::test_main_static::{closure#0}>::{closure#0}
[INFO] [stdout]    6:     0x5c0f4932c742 - std[70759c8f55707aa4]::panicking::panic_with_hook
[INFO] [stdout]    7:     0x5c0f4930efa4 - std[70759c8f55707aa4]::panicking::panic_handler::{closure#0}
[INFO] [stdout]    8:     0x5c0f49307619 - std[70759c8f55707aa4]::sys::backtrace::__rust_end_short_backtrace::<std[70759c8f55707aa4]::panicking::panic_handler::{closure#0}, !>
[INFO] [stdout]    9:     0x5c0f4930fc7d - __rustc[8fa7c3cbc660c2b3]::rust_begin_unwind
[INFO] [stdout]   10:     0x5c0f4934992c - core[df12db4294e9bfd3]::panicking::panic_fmt
[INFO] [stdout]   11:     0x5c0f493498f2 - core[df12db4294e9bfd3]::panicking::panic
[INFO] [stdout]   12:     0x5c0f492a4377 - <integration_tests[f13a7e5dffe226d4]::Package>::add
[INFO] [stdout]   13:     0x5c0f492a5c9f - <integration_tests[f13a7e5dffe226d4]::build_dep_with_build_script::{closure#0} as core[df12db4294e9bfd3]::ops::function::FnOnce<()>>::call_once
[INFO] [stdout]   14:     0x5c0f492a6c1b - test[9d35eded1c95d3be]::__rust_begin_short_backtrace::<core[df12db4294e9bfd3]::result::Result<(), alloc[2182bb758b4b3781]::string::String>, fn() -> core[df12db4294e9bfd3]::result::Result<(), alloc[2182bb758b4b3781]::string::String>>
[INFO] [stdout]   15:     0x5c0f492b4285 - test[9d35eded1c95d3be]::run_test::{closure#0}
[INFO] [stdout]   16:     0x5c0f492adb44 - std[70759c8f55707aa4]::sys::backtrace::__rust_begin_short_backtrace::<test[9d35eded1c95d3be]::run_test::{closure#1}, ()>
[INFO] [stdout]   17:     0x5c0f492b73e2 - <std[70759c8f55707aa4]::thread::lifecycle::spawn_unchecked<test[9d35eded1c95d3be]::run_test::{closure#1}, ()>::{closure#1} as core[df12db4294e9bfd3]::ops::function::FnOnce<()>>::call_once::{shim:vtable#0}
[INFO] [stdout]   18:     0x5c0f49333ee9 - <std[70759c8f55707aa4]::sys::thread::unix::Thread>::new::thread_start
[INFO] [stdout]   19:     0x7d27685c3dfa - <unknown>
[INFO] [stdout]   20:     0x7d27686573d4 - clone
[INFO] [stdout]   21:                0x0 - <unknown>
[INFO] [stdout] 
[INFO] [stdout] ---- build_dep_with_proc_macro stdout ----
[INFO] [stdout] 
[INFO] [stdout] thread 'build_dep_with_proc_macro' (897) panicked at tests/integration_tests.rs:299:9:
[INFO] [stdout] assertion failed: self.cargo().args(["add",
[INFO] [stdout]                             dep]).current_dir(self.dir.path()).status().unwrap().success()
[INFO] [stdout] stack backtrace:
[INFO] [stdout]    0:     0x5c0f49334611 - <<std[70759c8f55707aa4]::sys::backtrace::BacktraceLock>::print::DisplayBacktrace as core[df12db4294e9bfd3]::fmt::Display>::fmt
[INFO] [stdout]    1:     0x5c0f493491fa - core[df12db4294e9bfd3]::fmt::write
[INFO] [stdout]    2:     0x5c0f493392cc - <alloc[2182bb758b4b3781]::vec::Vec<u8> as core[df12db4294e9bfd3]::io::write::Write>::write_fmt
[INFO] [stdout]    3:     0x5c0f4930eec6 - std[70759c8f55707aa4]::panicking::default_hook::{closure#0}
[INFO] [stdout]    4:     0x5c0f4932c589 - std[70759c8f55707aa4]::panicking::default_hook
[INFO] [stdout]    5:     0x5c0f492b3930 - test[9d35eded1c95d3be]::test_main_inner::<test[9d35eded1c95d3be]::test_main_static::{closure#0}>::{closure#0}
[INFO] [stdout]    6:     0x5c0f4932c742 - std[70759c8f55707aa4]::panicking::panic_with_hook
[INFO] [stdout]    7:     0x5c0f4930efa4 - std[70759c8f55707aa4]::panicking::panic_handler::{closure#0}
[INFO] [stdout]    8:     0x5c0f49307619 - std[70759c8f55707aa4]::sys::backtrace::__rust_end_short_backtrace::<std[70759c8f55707aa4]::panicking::panic_handler::{closure#0}, !>
[INFO] [stdout]    9:     0x5c0f4930fc7d - __rustc[8fa7c3cbc660c2b3]::rust_begin_unwind
[INFO] [stdout]   10:     0x5c0f4934992c - core[df12db4294e9bfd3]::panicking::panic_fmt
[INFO] [stdout]   11:     0x5c0f493498f2 - core[df12db4294e9bfd3]::panicking::panic
[INFO] [stdout]   12:     0x5c0f492a4377 - <integration_tests[f13a7e5dffe226d4]::Package>::add
[INFO] [stdout]   13:     0x5c0f492a5136 - <integration_tests[f13a7e5dffe226d4]::build_dep_with_proc_macro::{closure#0} as core[df12db4294e9bfd3]::ops::function::FnOnce<()>>::call_once
[INFO] [stdout]   14:     0x5c0f492a6c1b - test[9d35eded1c95d3be]::__rust_begin_short_backtrace::<core[df12db4294e9bfd3]::result::Result<(), alloc[2182bb758b4b3781]::string::String>, fn() -> core[df12db4294e9bfd3]::result::Result<(), alloc[2182bb758b4b3781]::string::String>>
[INFO] [stdout]   15:     0x5c0f492b4285 - test[9d35eded1c95d3be]::run_test::{closure#0}
[INFO] [stdout]   16:     0x5c0f492adb44 - std[70759c8f55707aa4]::sys::backtrace::__rust_begin_short_backtrace::<test[9d35eded1c95d3be]::run_test::{closure#1}, ()>
[INFO] [stdout]   17:     0x5c0f492b73e2 - <std[70759c8f55707aa4]::thread::lifecycle::spawn_unchecked<test[9d35eded1c95d3be]::run_test::{closure#1}, ()>::{closure#1} as core[df12db4294e9bfd3]::ops::function::FnOnce<()>>::call_once::{shim:vtable#0}
[INFO] [stdout]   18:     0x5c0f49333ee9 - <std[70759c8f55707aa4]::sys::thread::unix::Thread>::new::thread_start
[INFO] [stdout]   19:     0x7d27685c3dfa - <unknown>
[INFO] [stdout]   20:     0x7d27686573d4 - clone
[INFO] [stdout]   21:                0x0 - <unknown>
[INFO] [stdout] 
[INFO] [stdout] ---- build_dep_with_build_script_that_builds_stuff stdout ----
[INFO] [stdout] 
[INFO] [stdout] thread 'build_dep_with_build_script_that_builds_stuff' (896) panicked at tests/integration_tests.rs:299:9:
[INFO] [stdout] assertion failed: self.cargo().args(["add",
[INFO] [stdout]                             dep]).current_dir(self.dir.path()).status().unwrap().success()
[INFO] [stdout] stack backtrace:
[INFO] [stdout]    0:     0x5c0f49334611 - <<std[70759c8f55707aa4]::sys::backtrace::BacktraceLock>::print::DisplayBacktrace as core[df12db4294e9bfd3]::fmt::Display>::fmt
[INFO] [stdout]    1:     0x5c0f493491fa - core[df12db4294e9bfd3]::fmt::write
[INFO] [stdout]    2:     0x5c0f493392cc - <alloc[2182bb758b4b3781]::vec::Vec<u8> as core[df12db4294e9bfd3]::io::write::Write>::write_fmt
[INFO] [stdout]    3:     0x5c0f4930eec6 - std[70759c8f55707aa4]::panicking::default_hook::{closure#0}
[INFO] [stdout]    4:     0x5c0f4932c589 - std[70759c8f55707aa4]::panicking::default_hook
[INFO] [stdout]    5:     0x5c0f492b3930 - test[9d35eded1c95d3be]::test_main_inner::<test[9d35eded1c95d3be]::test_main_static::{closure#0}>::{closure#0}
[INFO] [stdout]    6:     0x5c0f4932c742 - std[70759c8f55707aa4]::panicking::panic_with_hook
[INFO] [stdout]    7:     0x5c0f4930efa4 - std[70759c8f55707aa4]::panicking::panic_handler::{closure#0}
[INFO] [stdout]    8:     0x5c0f49307619 - std[70759c8f55707aa4]::sys::backtrace::__rust_end_short_backtrace::<std[70759c8f55707aa4]::panicking::panic_handler::{closure#0}, !>
[INFO] [stdout]    9:     0x5c0f4930fc7d - __rustc[8fa7c3cbc660c2b3]::rust_begin_unwind
[INFO] [stdout]   10:     0x5c0f4934992c - core[df12db4294e9bfd3]::panicking::panic_fmt
[INFO] [stdout]   11:     0x5c0f493498f2 - core[df12db4294e9bfd3]::panicking::panic
[INFO] [stdout]   12:     0x5c0f492a4377 - <integration_tests[f13a7e5dffe226d4]::Package>::add
[INFO] [stdout]   13:     0x5c0f492a645f - <integration_tests[f13a7e5dffe226d4]::build_dep_with_build_script_that_builds_stuff::{closure#0} as core[df12db4294e9bfd3]::ops::function::FnOnce<()>>::call_once
[INFO] [stdout]   14:     0x5c0f492a6c1b - test[9d35eded1c95d3be]::__rust_begin_short_backtrace::<core[df12db4294e9bfd3]::result::Result<(), alloc[2182bb758b4b3781]::string::String>, fn() -> core[df12db4294e9bfd3]::result::Result<(), alloc[2182bb758b4b3781]::string::String>>
[INFO] [stdout]   15:     0x5c0f492b4285 - test[9d35eded1c95d3be]::run_test::{closure#0}
[INFO] [stdout]   16:     0x5c0f492adb44 - std[70759c8f55707aa4]::sys::backtrace::__rust_begin_short_backtrace::<test[9d35eded1c95d3be]::run_test::{closure#1}, ()>
[INFO] [stdout]   17:     0x5c0f492b73e2 - <std[70759c8f55707aa4]::thread::lifecycle::spawn_unchecked<test[9d35eded1c95d3be]::run_test::{closure#1}, ()>::{closure#1} as core[df12db4294e9bfd3]::ops::function::FnOnce<()>>::call_once::{shim:vtable#0}
[INFO] [stdout]   18:     0x5c0f49333ee9 - <std[70759c8f55707aa4]::sys::thread::unix::Thread>::new::thread_start
[INFO] [stdout]   19:     0x7d27685c3dfa - <unknown>
[INFO] [stdout]   20:     0x7d27686573d4 - clone
[INFO] [stdout]   21:                0x0 - <unknown>
[INFO] [stdout] 
[INFO] [stdout] ---- build_crate_with_simple_dep stdout ----
[INFO] [stdout] 
[INFO] [stdout] thread 'build_crate_with_simple_dep' (894) panicked at tests/integration_tests.rs:299:9:
[INFO] [stdout] assertion failed: self.cargo().args(["add",
[INFO] [stdout]                             dep]).current_dir(self.dir.path()).status().unwrap().success()
[INFO] [stdout] stack backtrace:
[INFO] [stdout]    0:     0x5c0f49334611 - <<std[70759c8f55707aa4]::sys::backtrace::BacktraceLock>::print::DisplayBacktrace as core[df12db4294e9bfd3]::fmt::Display>::fmt
[INFO] [stdout]    1:     0x5c0f493491fa - core[df12db4294e9bfd3]::fmt::write
[INFO] [stdout]    2:     0x5c0f493392cc - <alloc[2182bb758b4b3781]::vec::Vec<u8> as core[df12db4294e9bfd3]::io::write::Write>::write_fmt
[INFO] [stdout]    3:     0x5c0f4930eec6 - std[70759c8f55707aa4]::panicking::default_hook::{closure#0}
[INFO] [stdout]    4:     0x5c0f4932c589 - std[70759c8f55707aa4]::panicking::default_hook
[INFO] [stdout]    5:     0x5c0f492b3930 - test[9d35eded1c95d3be]::test_main_inner::<test[9d35eded1c95d3be]::test_main_static::{closure#0}>::{closure#0}
[INFO] [stdout]    6:     0x5c0f4932c742 - std[70759c8f55707aa4]::panicking::panic_with_hook
[INFO] [stdout]    7:     0x5c0f4930efa4 - std[70759c8f55707aa4]::panicking::panic_handler::{closure#0}
[INFO] [stdout]    8:     0x5c0f49307619 - std[70759c8f55707aa4]::sys::backtrace::__rust_end_short_backtrace::<std[70759c8f55707aa4]::panicking::panic_handler::{closure#0}, !>
[INFO] [stdout]    9:     0x5c0f4930fc7d - __rustc[8fa7c3cbc660c2b3]::rust_begin_unwind
[INFO] [stdout]   10:     0x5c0f4934992c - core[df12db4294e9bfd3]::panicking::panic_fmt
[INFO] [stdout]   11:     0x5c0f493498f2 - core[df12db4294e9bfd3]::panicking::panic
[INFO] [stdout]   12:     0x5c0f492a4377 - <integration_tests[f13a7e5dffe226d4]::Package>::add
[INFO] [stdout]   13:     0x5c0f492a56e6 - <integration_tests[f13a7e5dffe226d4]::build_crate_with_simple_dep::{closure#0} as core[df12db4294e9bfd3]::ops::function::FnOnce<()>>::call_once
[INFO] [stdout]   14:     0x5c0f492a6c1b - test[9d35eded1c95d3be]::__rust_begin_short_backtrace::<core[df12db4294e9bfd3]::result::Result<(), alloc[2182bb758b4b3781]::string::String>, fn() -> core[df12db4294e9bfd3]::result::Result<(), alloc[2182bb758b4b3781]::string::String>>
[INFO] [stdout]   15:     0x5c0f492b4285 - test[9d35eded1c95d3be]::run_test::{closure#0}
[INFO] [stdout]   16:     0x5c0f492adb44 - std[70759c8f55707aa4]::sys::backtrace::__rust_begin_short_backtrace::<test[9d35eded1c95d3be]::run_test::{closure#1}, ()>
[INFO] [stdout]   17:     0x5c0f492b73e2 - <std[70759c8f55707aa4]::thread::lifecycle::spawn_unchecked<test[9d35eded1c95d3be]::run_test::{closure#1}, ()>::{closure#1} as core[df12db4294e9bfd3]::ops::function::FnOnce<()>>::call_once::{shim:vtable#0}
[INFO] [stdout]   18:     0x5c0f49333ee9 - <std[70759c8f55707aa4]::sys::thread::unix::Thread>::new::thread_start
[INFO] [stdout]   19:     0x7d27685c3dfa - <unknown>
[INFO] [stdout]   20:     0x7d27686573d4 - clone
[INFO] [stdout]   21:                0x0 - <unknown>
[INFO] [stdout] 
[INFO] [stdout] 
[INFO] [stdout] failures:
[INFO] [stdout]     build_crate_with_no_deps
[INFO] [stdout]     build_crate_with_simple_dep
[INFO] [stdout]     build_dep_with_build_script
[INFO] [stdout]     build_dep_with_build_script_that_builds_stuff
[INFO] [stdout]     build_dep_with_proc_macro
[INFO] [stdout] 
[INFO] [stdout] test result: FAILED. 0 passed; 5 failed; 0 ignored; 0 measured; 0 filtered out; finished in 11.78s
[INFO] [stdout] 
[INFO] running `Command { std: "docker" "inspect" "342891ab7d19736ae04a2255bbcb1526f644401be7da24d4145a62c7a68cb0f1", kill_on_drop: false }`
[INFO] running `Command { std: "docker" "rm" "-f" "342891ab7d19736ae04a2255bbcb1526f644401be7da24d4145a62c7a68cb0f1", kill_on_drop: false }`
[INFO] [stdout] 342891ab7d19736ae04a2255bbcb1526f644401be7da24d4145a62c7a68cb0f1
