[INFO] fetching crate hookburn-discord 0.2.2...
[INFO] testing hookburn-discord-0.2.2 against 1.99.0-beta.8+cargoflags=--release for beta-release-1.100-2
[INFO] extracting crate hookburn-discord 0.2.2 into /workspace/builds/worker-0-tc1/source
[INFO] started tweaking crates.io crate hookburn-discord 0.2.2
[INFO] removed 0 missing tests
[INFO] finished tweaking crates.io crate hookburn-discord 0.2.2
[INFO] tweaked toml for crates.io crate hookburn-discord 0.2.2 written to /workspace/builds/worker-0-tc1/source/Cargo.toml
[INFO] validating manifest of crates.io crate hookburn-discord 0.2.2 on toolchain 1.99.0-beta.8
[INFO] running `Command { std: CARGO_HOME="/workspace/cargo-home" RUSTUP_HOME="/workspace/rustup-home" "/workspace/cargo-home/bin/cargo" "+1.99.0-beta.8" "metadata" "--manifest-path" "Cargo.toml" "--no-deps", kill_on_drop: false }`
[INFO] crate crates.io crate hookburn-discord 0.2.2 already has a lockfile, it will not be regenerated
[INFO] running `Command { std: CARGO_HOME="/workspace/cargo-home" RUSTUP_HOME="/workspace/rustup-home" "/workspace/cargo-home/bin/cargo" "+1.99.0-beta.8" "fetch" "--manifest-path" "Cargo.toml", kill_on_drop: false }`
[INFO] [stderr]     Updating crates.io index
[INFO] [stderr]  Downloading crates ...
[INFO] [stderr]   Downloaded hookburn-core v0.2.2
[INFO] running `Command { std: "docker" "create" "-v" "/var/lib/crater-agent-workspace/builds/worker-0-tc1/source:/opt/rustwide/workdir:ro,Z" "-v" "/var/lib/crater-agent-workspace/builds/worker-0-tc1/target:/opt/rustwide/target:rw,Z" "-v" "/var/lib/crater-agent-workspace/cargo-home:/opt/rustwide/cargo-home:ro,Z" "-v" "/var/lib/crater-agent-workspace/rustup-home:/opt/rustwide/rustup-home:ro,Z" "-m" "1610612736" "--network" "none" "ghcr.io/rust-lang/crates-build-env/linux@sha256:77db811e55d90add9212f6832c23229e3de5f1c1f9905e8cb07319ea15df73ac" "sleep" "infinity", kill_on_drop: false }`
[INFO] [stdout] 5028eaf2fe39225e98283261d8b398a503349aecfe46cf80798771ee0b11ca8b
[INFO] running `Command { std: "docker" "start" "5028eaf2fe39225e98283261d8b398a503349aecfe46cf80798771ee0b11ca8b", kill_on_drop: false }`
[INFO] running `Command { std: "docker" "inspect" "5028eaf2fe39225e98283261d8b398a503349aecfe46cf80798771ee0b11ca8b", kill_on_drop: false }`
[INFO] running `Command { std: "docker" "exec" "-e" "SOURCE_DIR=/opt/rustwide/workdir" "-e" "CARGO_HOME=/opt/rustwide/cargo-home" "-e" "RUSTUP_HOME=/opt/rustwide/rustup-home" "-e" "CARGO_TARGET_DIR=/opt/rustwide/target" "-w" "/opt/rustwide/workdir" "--user" "0:0" "5028eaf2fe39225e98283261d8b398a503349aecfe46cf80798771ee0b11ca8b" "/opt/rustwide/cargo-home/bin/cargo" "+1.99.0-beta.8" "metadata" "--no-deps" "--format-version=1", kill_on_drop: false }`
[INFO] running `Command { std: "docker" "inspect" "5028eaf2fe39225e98283261d8b398a503349aecfe46cf80798771ee0b11ca8b", kill_on_drop: false }`
[INFO] running `Command { std: "docker" "exec" "-e" "SOURCE_DIR=/opt/rustwide/workdir" "-e" "CARGO_HOME=/opt/rustwide/cargo-home" "-e" "RUSTUP_HOME=/opt/rustwide/rustup-home" "-e" "CARGO_TARGET_DIR=/opt/rustwide/target" "-e" "CARGO_INCREMENTAL=0" "-e" "RUST_BACKTRACE=full" "-e" "RUSTFLAGS=--cap-lints=warn" "-e" "RUSTDOCFLAGS=--cap-lints=warn" "-w" "/opt/rustwide/workdir" "--user" "0:0" "5028eaf2fe39225e98283261d8b398a503349aecfe46cf80798771ee0b11ca8b" "/opt/rustwide/cargo-home/bin/cargo" "+1.99.0-beta.8" "build" "--frozen" "--message-format=json" "--release", kill_on_drop: false }`
[INFO] [stderr]    Compiling aws-lc-rs v1.17.1
[INFO] [stderr]    Compiling rustls-pki-types v1.15.0
[INFO] [stderr]    Compiling futures-task v0.3.32
[INFO] [stderr]    Compiling http v1.4.2
[INFO] [stderr]    Compiling rustls v0.23.42
[INFO] [stderr]    Compiling syn v2.0.119
[INFO] [stderr]    Compiling jobserver v0.1.35
[INFO] [stderr]    Compiling socket2 v0.6.5
[INFO] [stderr]    Compiling mio v1.2.2
[INFO] [stderr]    Compiling futures-channel v0.3.32
[INFO] [stderr]    Compiling getrandom v0.4.3
[INFO] [stderr]    Compiling serde_json v1.0.150
[INFO] [stderr]    Compiling chacha20 v0.10.1
[INFO] [stderr]    Compiling rustc-hash v2.1.3
[INFO] [stderr]    Compiling secrecy v0.10.3
[INFO] [stderr]    Compiling futures-util v0.3.32
[INFO] [stderr]    Compiling rand v0.10.2
[INFO] [stderr]    Compiling cc v1.2.67
[INFO] [stderr]    Compiling rustls-native-certs v0.8.4
[INFO] [stderr]    Compiling http-body v1.1.0
[INFO] [stderr]    Compiling http-body-util v0.1.4
[INFO] [stderr]    Compiling cmake v0.1.58
[INFO] [stderr]    Compiling aws-lc-sys v0.42.0
[INFO] [stderr]    Compiling synstructure v0.13.2
[INFO] [stderr]    Compiling zerofrom-derive v0.1.7
[INFO] [stderr]    Compiling yoke-derive v0.8.2
[INFO] [stderr]    Compiling zerovec-derive v0.11.3
[INFO] [stderr]    Compiling displaydoc v0.2.6
[INFO] [stderr]    Compiling tokio-macros v2.7.1
[INFO] [stderr]    Compiling serde_derive v1.0.228
[INFO] [stderr]    Compiling thiserror-impl v2.0.18
[INFO] [stderr]    Compiling async-trait v0.1.89
[INFO] [stderr]    Compiling tokio v1.53.0
[INFO] [stderr]    Compiling zerofrom v0.1.8
[INFO] [stderr]    Compiling yoke v0.8.3
[INFO] [stderr]    Compiling zerovec v0.11.6
[INFO] [stderr]    Compiling zerotrie v0.2.4
[INFO] [stderr]    Compiling thiserror v2.0.18
[INFO] [stderr]    Compiling tinystr v0.8.3
[INFO] [stderr]    Compiling icu_locale_core v2.2.0
[INFO] [stderr]    Compiling potential_utf v0.1.5
[INFO] [stderr]    Compiling icu_collections v2.2.0
[INFO] [stderr]    Compiling serde v1.0.228
[INFO] [stderr]    Compiling icu_provider v2.2.0
[INFO] [stderr]    Compiling icu_normalizer v2.2.0
[INFO] [stderr]    Compiling icu_properties v2.2.0
[INFO] [stderr]    Compiling idna_adapter v1.2.2
[INFO] [stderr]    Compiling idna v1.1.0
[INFO] [stderr]    Compiling url v2.5.8
[INFO] [stderr]    Compiling hyper v1.10.1
[INFO] [stderr]    Compiling tower v0.5.3
[INFO] [stderr]    Compiling tokio-util v0.7.18
[INFO] [stderr]    Compiling hyper-util v0.1.20
[INFO] [stderr]    Compiling tower-http v0.6.11
[INFO] [stderr]    Compiling rustls-webpki v0.103.13
[INFO] [stderr]    Compiling tokio-rustls v0.26.4
[INFO] [stderr]    Compiling rustls-platform-verifier v0.7.0
[INFO] [stderr]    Compiling hyper-rustls v0.27.9
[INFO] [stderr]    Compiling reqwest v0.13.4
[INFO] [stderr]    Compiling hookburn-core v0.2.2
[INFO] [stderr]    Compiling hookburn-discord v0.2.2 (/opt/rustwide/workdir)
[INFO] [stderr]     Finished `release` profile [optimized] target(s) in 1m 54s
[INFO] running `Command { std: "docker" "inspect" "5028eaf2fe39225e98283261d8b398a503349aecfe46cf80798771ee0b11ca8b", kill_on_drop: false }`
[INFO] running `Command { std: "docker" "exec" "-e" "SOURCE_DIR=/opt/rustwide/workdir" "-e" "CARGO_HOME=/opt/rustwide/cargo-home" "-e" "RUSTUP_HOME=/opt/rustwide/rustup-home" "-e" "CARGO_TARGET_DIR=/opt/rustwide/target" "-e" "CARGO_INCREMENTAL=0" "-e" "RUST_BACKTRACE=full" "-e" "RUSTFLAGS=--cap-lints=warn" "-e" "RUSTDOCFLAGS=--cap-lints=warn" "-w" "/opt/rustwide/workdir" "--user" "0:0" "5028eaf2fe39225e98283261d8b398a503349aecfe46cf80798771ee0b11ca8b" "/opt/rustwide/cargo-home/bin/cargo" "+1.99.0-beta.8" "test" "--frozen" "--no-run" "--message-format=json" "--release", kill_on_drop: false }`
[INFO] [stderr]    Compiling hookburn-discord v0.2.2 (/opt/rustwide/workdir)
[INFO] [stderr]     Finished `release` profile [optimized] target(s) in 2.78s
[INFO] running `Command { std: "docker" "inspect" "5028eaf2fe39225e98283261d8b398a503349aecfe46cf80798771ee0b11ca8b", kill_on_drop: false }`
[INFO] running `Command { std: "docker" "exec" "-e" "SOURCE_DIR=/opt/rustwide/workdir" "-e" "CARGO_HOME=/opt/rustwide/cargo-home" "-e" "RUSTUP_HOME=/opt/rustwide/rustup-home" "-e" "CARGO_TARGET_DIR=/opt/rustwide/target" "-e" "CARGO_INCREMENTAL=0" "-e" "RUST_BACKTRACE=full" "-e" "RUSTFLAGS=--cap-lints=warn" "-e" "RUSTDOCFLAGS=--cap-lints=warn" "-w" "/opt/rustwide/workdir" "--user" "0:0" "5028eaf2fe39225e98283261d8b398a503349aecfe46cf80798771ee0b11ca8b" "/opt/rustwide/cargo-home/bin/cargo" "+1.99.0-beta.8" "test" "--frozen" "--release", kill_on_drop: false }`
[INFO] [stderr]     Finished `release` profile [optimized] target(s) in 0.16s
[INFO] [stderr]      Running unittests src/lib.rs (/opt/rustwide/target/release/deps/hookburn_discord-c8dedf34b2a840bc)
[INFO] [stdout] 
[INFO] [stdout] running 23 tests
[INFO] [stdout] test client::tests::builder_rejects_invalid_url ... ok
[INFO] [stdout] test client::tests::client_new_propagates_invalid_url ... ok
[INFO] [stdout] test client::tests::accepts_valid_discord_url ... ok
[INFO] [stdout] test message::tests::discord_message_macro_content_only ... ok
[INFO] [stdout] test message::tests::discord_message_macro_multiple_fields ... ok
[INFO] [stdout] test client::tests::rejects_http_url ... ok
[INFO] [stdout] test client::tests::rejects_non_discord_url ... ok
[INFO] [stdout] test message::tests::embed_builder_stores_fields ... ok
[INFO] [stdout] test client::tests::thread_id_accepts_valid_snowflake ... ok
[INFO] [stdout] test message::tests::embed_macro_basic ... ok
[INFO] [stdout] test client::tests::thread_id_rejects_non_numeric ... ok
[INFO] [stdout] test message::tests::embed_only_message_builds ... ok
[INFO] [stdout] test message::tests::allowed_mentions_none_serializes_empty_parse ... ok
[INFO] [stdout] test message::tests::content_only_message_builds ... ok
[INFO] [stdout] test message::tests::allowed_mentions_users_contains_ids ... ok
[INFO] [stdout] test client::tests::thread_id_rejects_empty ... ok
[INFO] [stdout] test message::tests::json_code_block_format ... ok
[INFO] [stdout] test message::tests::empty_builder_is_rejected ... ok
[INFO] [stdout] test message::tests::flags_are_ored_together ... ok
[INFO] [stdout] test message::tests::json_content_appends_to_existing_content ... ok
[INFO] [stdout] test message::tests::json_content_works_without_prior_content ... ok
[INFO] [stdout] test client::tests::builder_accepts_valid_url ... ok
[INFO] [stdout] test client::tests::debug_output_redacts_token ... ok
[INFO] [stdout] 
[INFO] [stdout] test result: ok. 23 passed; 0 failed; 0 ignored; 0 measured; 0 filtered out; finished in 0.09s
[INFO] [stdout] 
[INFO] [stderr]      Running tests/integration.rs (/opt/rustwide/target/release/deps/integration-afdcdb888c81fca1)
[INFO] [stdout] 
[INFO] [stdout] running 4 tests
[INFO] [stdout] test send_to_thread_requires_valid_thread_id_format ... ok
[INFO] [stdout] test client_is_clone_and_reusable ... ok
[INFO] [stdout] test sends_plain_text_message ... ok
[INFO] [stdout] test sends_rich_embed ... ok
[INFO] [stdout] 
[INFO] [stdout] test result: ok. 4 passed; 0 failed; 0 ignored; 0 measured; 0 filtered out; finished in 0.00s
[INFO] [stdout] 
[INFO] [stderr]    Doc-tests hookburn_discord
[INFO] [stdout] 
[INFO] [stdout] running 14 tests
[INFO] [stdout] test src/service.rs - service::DiscordService (line 19) - compile ... FAILED
[INFO] [stdout] test src/message.rs - message::EmbedBuilder::json_description (line 320) ... FAILED
[INFO] [stdout] test src/message.rs - message::flags (line 97) ... FAILED
[INFO] [stdout] test src/lib.rs - (line 14) - compile ... ok
[INFO] [stdout] test src/lib.rs - register_service (line 90) - compile ... ok
[INFO] [stdout] test src/macros.rs - macros::discord_message (line 15) ... FAILED
[INFO] [stdout] test src/client.rs - client::WebhookClient (line 42) - compile ... FAILED
[INFO] [stdout] test src/client.rs - client::WebhookClientBuilder (line 288) - compile ... FAILED
[INFO] [stdout] test src/lib.rs - (line 32) - compile ... FAILED
[INFO] [stdout] test src/message.rs - message::WebhookMessageBuilder::json_content (line 500) ... FAILED
[INFO] [stdout] test src/message.rs - message::WebhookMessageBuilder::flag (line 466) ... FAILED
[INFO] [stdout] test src/macros.rs - macros::embed (line 50) ... FAILED
[INFO] [stdout] test src/client.rs - client::WebhookClient::send_with_retry (line 142) - compile ... FAILED
[INFO] [stdout] test src/message.rs - message::WebhookMessage::builder (line 406) ... ok
[INFO] [stdout] 
[INFO] [stdout] failures:
[INFO] [stdout] 
[INFO] [stdout] ---- src/service.rs - service::DiscordService (line 19) stdout ----
[INFO] [stdout] error[E0432]: unresolved import `hookburn_discord::DiscordService`
[INFO] [stdout]   --> src/service.rs:21:5
[INFO] [stdout]    |
[INFO] [stdout] 21 | use hookburn_discord::DiscordService;
[INFO] [stdout]    |     ^^^^^^^^^^^^^^^^^^--------------
[INFO] [stdout]    |                       |
[INFO] [stdout]    |                       no `DiscordService` in the root
[INFO] [stdout] 
[INFO] [stdout] error: aborting due to 1 previous error
[INFO] [stdout] 
[INFO] [stdout] For more information about this error, try `rustc --explain E0432`.
[INFO] [stdout] Couldn't compile the test.
[INFO] [stdout] ---- src/message.rs - message::EmbedBuilder::json_description (line 320) stdout ----
[INFO] [stdout] error[E0432]: unresolved import `discord_hook`
[INFO] [stdout]    --> src/message.rs:321:5
[INFO] [stdout]     |
[INFO] [stdout] 321 | use discord_hook::Embed;
[INFO] [stdout]     |     ^^^^^^^^^^^^ use of unresolved module or unlinked crate `discord_hook`
[INFO] [stdout]     |
[INFO] [stdout]     = help: if you wanted to use a crate named `discord_hook`, use `cargo add discord_hook` to add it to your `Cargo.toml`
[INFO] [stdout] 
[INFO] [stdout] error: aborting due to 1 previous error
[INFO] [stdout] 
[INFO] [stdout] For more information about this error, try `rustc --explain E0432`.
[INFO] [stdout] Couldn't compile the test.
[INFO] [stdout] ---- src/message.rs - message::flags (line 97) stdout ----
[INFO] [stdout] error[E0432]: unresolved import `discord_hook`
[INFO] [stdout]   --> src/message.rs:98:5
[INFO] [stdout]    |
[INFO] [stdout] 98 | use discord_hook::{WebhookMessage, flags};
[INFO] [stdout]    |     ^^^^^^^^^^^^ use of unresolved module or unlinked crate `discord_hook`
[INFO] [stdout]    |
[INFO] [stdout]    = help: if you wanted to use a crate named `discord_hook`, use `cargo add discord_hook` to add it to your `Cargo.toml`
[INFO] [stdout] 
[INFO] [stdout] error: aborting due to 1 previous error
[INFO] [stdout] 
[INFO] [stdout] For more information about this error, try `rustc --explain E0432`.
[INFO] [stdout] Couldn't compile the test.
[INFO] [stdout] ---- src/macros.rs - macros::discord_message (line 15) stdout ----
[INFO] [stdout] error[E0432]: unresolved import `discord_hook`
[INFO] [stdout]   --> src/macros.rs:16:5
[INFO] [stdout]    |
[INFO] [stdout] 16 | use discord_hook::{discord_message, flags};
[INFO] [stdout]    |     ^^^^^^^^^^^^ use of unresolved module or unlinked crate `discord_hook`
[INFO] [stdout]    |
[INFO] [stdout]    = help: if you wanted to use a crate named `discord_hook`, use `cargo add discord_hook` to add it to your `Cargo.toml`
[INFO] [stdout] 
[INFO] [stdout] error: aborting due to 1 previous error
[INFO] [stdout] 
[INFO] [stdout] For more information about this error, try `rustc --explain E0432`.
[INFO] [stdout] Couldn't compile the test.
[INFO] [stdout] ---- src/client.rs - client::WebhookClient (line 42) stdout ----
[INFO] [stdout] error[E0432]: unresolved import `discord_hook`
[INFO] [stdout]   --> src/client.rs:43:5
[INFO] [stdout]    |
[INFO] [stdout] 43 | use discord_hook::{WebhookClient, WebhookMessage, Embed};
[INFO] [stdout]    |     ^^^^^^^^^^^^ use of unresolved module or unlinked crate `discord_hook`
[INFO] [stdout]    |
[INFO] [stdout]    = help: if you wanted to use a crate named `discord_hook`, use `cargo add discord_hook` to add it to your `Cargo.toml`
[INFO] [stdout] 
[INFO] [stdout] error[E0433]: cannot find module or crate `discord_hook` in this scope
[INFO] [stdout]   --> src/client.rs:46:31
[INFO] [stdout]    |
[INFO] [stdout] 46 | async fn main() -> Result<(), discord_hook::WebhookError> {
[INFO] [stdout]    |                               ^^^^^^^^^^^^ use of unresolved module or unlinked crate `discord_hook`
[INFO] [stdout]    |
[INFO] [stdout]    = help: if you wanted to use a crate named `discord_hook`, use `cargo add discord_hook` to add it to your `Cargo.toml`
[INFO] [stdout] 
[INFO] [stdout] error: aborting due to 2 previous errors
[INFO] [stdout] 
[INFO] [stdout] Some errors have detailed explanations: E0432, E0433.
[INFO] [stdout] For more information about an error, try `rustc --explain E0432`.
[INFO] [stdout] Couldn't compile the test.
[INFO] [stdout] ---- src/client.rs - client::WebhookClientBuilder (line 288) stdout ----
[INFO] [stdout] error[E0432]: unresolved import `discord_hook`
[INFO] [stdout]    --> src/client.rs:289:5
[INFO] [stdout]     |
[INFO] [stdout] 289 | use discord_hook::WebhookClientBuilder;
[INFO] [stdout]     |     ^^^^^^^^^^^^ use of unresolved module or unlinked crate `discord_hook`
[INFO] [stdout]     |
[INFO] [stdout]     = help: if you wanted to use a crate named `discord_hook`, use `cargo add discord_hook` to add it to your `Cargo.toml`
[INFO] [stdout] 
[INFO] [stdout] error[E0433]: cannot find module or crate `discord_hook` in this scope
[INFO] [stdout]    --> src/client.rs:292:25
[INFO] [stdout]     |
[INFO] [stdout] 292 | fn main() -> Result<(), discord_hook::WebhookError> {
[INFO] [stdout]     |                         ^^^^^^^^^^^^ use of unresolved module or unlinked crate `discord_hook`
[INFO] [stdout]     |
[INFO] [stdout]     = help: if you wanted to use a crate named `discord_hook`, use `cargo add discord_hook` to add it to your `Cargo.toml`
[INFO] [stdout] 
[INFO] [stdout] error: aborting due to 2 previous errors
[INFO] [stdout] 
[INFO] [stdout] Some errors have detailed explanations: E0432, E0433.
[INFO] [stdout] For more information about an error, try `rustc --explain E0432`.
[INFO] [stdout] Couldn't compile the test.
[INFO] [stdout] ---- src/lib.rs - (line 32) stdout ----
[INFO] [stdout] error[E0432]: unresolved import `hookburn`
[INFO] [stdout]   --> src/lib.rs:33:5
[INFO] [stdout]    |
[INFO] [stdout] 33 | use hookburn::Hookburn;
[INFO] [stdout]    |     ^^^^^^^^ use of unresolved module or unlinked crate `hookburn`
[INFO] [stdout]    |
[INFO] [stdout]    = help: if you wanted to use a crate named `hookburn`, use `cargo add hookburn` to add it to your `Cargo.toml`
[INFO] [stdout] 
[INFO] [stdout] error: aborting due to 1 previous error
[INFO] [stdout] 
[INFO] [stdout] For more information about this error, try `rustc --explain E0432`.
[INFO] [stdout] Couldn't compile the test.
[INFO] [stdout] ---- src/message.rs - message::WebhookMessageBuilder::json_content (line 500) stdout ----
[INFO] [stdout] error[E0432]: unresolved import `discord_hook`
[INFO] [stdout]    --> src/message.rs:501:5
[INFO] [stdout]     |
[INFO] [stdout] 501 | use discord_hook::WebhookMessage;
[INFO] [stdout]     |     ^^^^^^^^^^^^ use of unresolved module or unlinked crate `discord_hook`
[INFO] [stdout]     |
[INFO] [stdout]     = help: if you wanted to use a crate named `discord_hook`, use `cargo add discord_hook` to add it to your `Cargo.toml`
[INFO] [stdout] 
[INFO] [stdout] error: aborting due to 1 previous error
[INFO] [stdout] 
[INFO] [stdout] For more information about this error, try `rustc --explain E0432`.
[INFO] [stdout] Couldn't compile the test.
[INFO] [stdout] ---- src/message.rs - message::WebhookMessageBuilder::flag (line 466) stdout ----
[INFO] [stdout] error[E0432]: unresolved import `discord_hook`
[INFO] [stdout]    --> src/message.rs:467:5
[INFO] [stdout]     |
[INFO] [stdout] 467 | use discord_hook::{WebhookMessage, flags};
[INFO] [stdout]     |     ^^^^^^^^^^^^ use of unresolved module or unlinked crate `discord_hook`
[INFO] [stdout]     |
[INFO] [stdout]     = help: if you wanted to use a crate named `discord_hook`, use `cargo add discord_hook` to add it to your `Cargo.toml`
[INFO] [stdout] 
[INFO] [stdout] error: aborting due to 1 previous error
[INFO] [stdout] 
[INFO] [stdout] For more information about this error, try `rustc --explain E0432`.
[INFO] [stdout] Couldn't compile the test.
[INFO] [stdout] ---- src/macros.rs - macros::embed (line 50) stdout ----
[INFO] [stdout] error[E0432]: unresolved import `discord_hook`
[INFO] [stdout]   --> src/macros.rs:51:5
[INFO] [stdout]    |
[INFO] [stdout] 51 | use discord_hook::embed;
[INFO] [stdout]    |     ^^^^^^^^^^^^ use of unresolved module or unlinked crate `discord_hook`
[INFO] [stdout]    |
[INFO] [stdout]    = help: if you wanted to use a crate named `discord_hook`, use `cargo add discord_hook` to add it to your `Cargo.toml`
[INFO] [stdout] 
[INFO] [stdout] error[E0432]: unresolved import `discord_hook`
[INFO] [stdout]   --> src/macros.rs:60:5
[INFO] [stdout]    |
[INFO] [stdout] 60 | use discord_hook::{WebhookMessage};
[INFO] [stdout]    |     ^^^^^^^^^^^^ use of unresolved module or unlinked crate `discord_hook`
[INFO] [stdout]    |
[INFO] [stdout]    = help: if you wanted to use a crate named `discord_hook`, use `cargo add discord_hook` to add it to your `Cargo.toml`
[INFO] [stdout] 
[INFO] [stdout] error: aborting due to 2 previous errors
[INFO] [stdout] 
[INFO] [stdout] For more information about this error, try `rustc --explain E0432`.
[INFO] [stdout] Couldn't compile the test.
[INFO] [stdout] ---- src/client.rs - client::WebhookClient::send_with_retry (line 142) stdout ----
[INFO] [stdout] error[E0432]: unresolved import `discord_hook`
[INFO] [stdout]    --> src/client.rs:143:5
[INFO] [stdout]     |
[INFO] [stdout] 143 | use discord_hook::{WebhookClient, WebhookMessage};
[INFO] [stdout]     |     ^^^^^^^^^^^^ use of unresolved module or unlinked crate `discord_hook`
[INFO] [stdout]     |
[INFO] [stdout]     = help: if you wanted to use a crate named `discord_hook`, use `cargo add discord_hook` to add it to your `Cargo.toml`
[INFO] [stdout] 
[INFO] [stdout] error[E0433]: cannot find module or crate `discord_hook` in this scope
[INFO] [stdout]    --> src/client.rs:148:31
[INFO] [stdout]     |
[INFO] [stdout] 148 | async fn main() -> Result<(), discord_hook::WebhookError> {
[INFO] [stdout]     |                               ^^^^^^^^^^^^ use of unresolved module or unlinked crate `discord_hook`
[INFO] [stdout]     |
[INFO] [stdout]     = help: if you wanted to use a crate named `discord_hook`, use `cargo add discord_hook` to add it to your `Cargo.toml`
[INFO] [stdout] 
[INFO] [stdout] error: aborting due to 2 previous errors
[INFO] [stdout] 
[INFO] [stdout] Some errors have detailed explanations: E0432, E0433.
[INFO] [stdout] For more information about an error, try `rustc --explain E0432`.
[INFO] [stdout] Couldn't compile the test.
[INFO] [stdout] 
[INFO] [stdout] failures:
[INFO] [stdout]     src/client.rs - client::WebhookClient (line 42)
[INFO] [stdout]     src/client.rs - client::WebhookClient::send_with_retry (line 142)
[INFO] [stdout]     src/client.rs - client::WebhookClientBuilder (line 288)
[INFO] [stdout]     src/lib.rs - (line 32)
[INFO] [stdout]     src/macros.rs - macros::discord_message (line 15)
[INFO] [stdout]     src/macros.rs - macros::embed (line 50)
[INFO] [stdout]     src/message.rs - message::EmbedBuilder::json_description (line 320)
[INFO] [stdout]     src/message.rs - message::WebhookMessageBuilder::flag (line 466)
[INFO] [stdout]     src/message.rs - message::WebhookMessageBuilder::json_content (line 500)
[INFO] [stdout]     src/message.rs - message::flags (line 97)
[INFO] [stdout]     src/service.rs - service::DiscordService (line 19)
[INFO] [stdout] 
[INFO] [stdout] test result: FAILED. 3 passed; 11 failed; 0 ignored; 0 measured; 0 filtered out; finished in 0.66s
[INFO] [stdout] 
[INFO] [stdout] all doctests ran in 0.85s; merged doctests compilation took 0.20s
[INFO] [stderr] error: doctest failed, to rerun pass `--doc`
[INFO] running `Command { std: "docker" "inspect" "5028eaf2fe39225e98283261d8b398a503349aecfe46cf80798771ee0b11ca8b", kill_on_drop: false }`
[INFO] running `Command { std: "docker" "rm" "-f" "5028eaf2fe39225e98283261d8b398a503349aecfe46cf80798771ee0b11ca8b", kill_on_drop: false }`
[INFO] [stdout] 5028eaf2fe39225e98283261d8b398a503349aecfe46cf80798771ee0b11ca8b
