[INFO] fetching crate hook0-client 2.0.3...
[INFO] testing hook0-client-2.0.3 against 1.100.0-beta.1+cargoflags=--release for beta-release-1.100-2
[INFO] extracting crate hook0-client 2.0.3 into /workspace/builds/worker-0-tc2/source
[INFO] started tweaking crates.io crate hook0-client 2.0.3
[INFO] removed 0 missing examples
[INFO] removed 0 missing tests
[INFO] finished tweaking crates.io crate hook0-client 2.0.3
[INFO] tweaked toml for crates.io crate hook0-client 2.0.3 written to /workspace/builds/worker-0-tc2/source/Cargo.toml
[INFO] validating manifest of crates.io crate hook0-client 2.0.3 on toolchain 1.100.0-beta.1
[INFO] running `Command { std: CARGO_HOME="/workspace/cargo-home" RUSTUP_HOME="/workspace/rustup-home" "/workspace/cargo-home/bin/cargo" "+1.100.0-beta.1" "metadata" "--manifest-path" "Cargo.toml" "--no-deps", kill_on_drop: false }`
[INFO] crate crates.io crate hook0-client 2.0.3 already has a lockfile, it will not be regenerated
[INFO] running `Command { std: CARGO_HOME="/workspace/cargo-home" RUSTUP_HOME="/workspace/rustup-home" "/workspace/cargo-home/bin/cargo" "+1.100.0-beta.1" "fetch" "--manifest-path" "Cargo.toml", kill_on_drop: false }`
[INFO] running `Command { std: "docker" "create" "-v" "/var/lib/crater-agent-workspace/builds/worker-0-tc2/source:/opt/rustwide/workdir:ro,Z" "-v" "/var/lib/crater-agent-workspace/builds/worker-0-tc2/target:/opt/rustwide/target:rw,Z" "-v" "/var/lib/crater-agent-workspace/cargo-home:/opt/rustwide/cargo-home:ro,Z" "-v" "/var/lib/crater-agent-workspace/rustup-home:/opt/rustwide/rustup-home:ro,Z" "-m" "1610612736" "--network" "none" "ghcr.io/rust-lang/crates-build-env/linux@sha256:77db811e55d90add9212f6832c23229e3de5f1c1f9905e8cb07319ea15df73ac" "sleep" "infinity", kill_on_drop: false }`
[INFO] [stdout] 407e4b928477925af2c04d58fa2109208a9a9a58724ea85011a8666753e1c70c
[INFO] running `Command { std: "docker" "start" "407e4b928477925af2c04d58fa2109208a9a9a58724ea85011a8666753e1c70c", kill_on_drop: false }`
[INFO] running `Command { std: "docker" "inspect" "407e4b928477925af2c04d58fa2109208a9a9a58724ea85011a8666753e1c70c", kill_on_drop: false }`
[INFO] running `Command { std: "docker" "exec" "-e" "SOURCE_DIR=/opt/rustwide/workdir" "-e" "CARGO_HOME=/opt/rustwide/cargo-home" "-e" "RUSTUP_HOME=/opt/rustwide/rustup-home" "-e" "CARGO_TARGET_DIR=/opt/rustwide/target" "-w" "/opt/rustwide/workdir" "--user" "0:0" "407e4b928477925af2c04d58fa2109208a9a9a58724ea85011a8666753e1c70c" "/opt/rustwide/cargo-home/bin/cargo" "+1.100.0-beta.1" "metadata" "--no-deps" "--format-version=1", kill_on_drop: false }`
[INFO] running `Command { std: "docker" "inspect" "407e4b928477925af2c04d58fa2109208a9a9a58724ea85011a8666753e1c70c", kill_on_drop: false }`
[INFO] running `Command { std: "docker" "exec" "-e" "SOURCE_DIR=/opt/rustwide/workdir" "-e" "CARGO_HOME=/opt/rustwide/cargo-home" "-e" "RUSTUP_HOME=/opt/rustwide/rustup-home" "-e" "CARGO_TARGET_DIR=/opt/rustwide/target" "-e" "CARGO_INCREMENTAL=0" "-e" "RUST_BACKTRACE=full" "-e" "RUSTFLAGS=--cap-lints=warn" "-e" "RUSTDOCFLAGS=--cap-lints=warn" "-w" "/opt/rustwide/workdir" "--user" "0:0" "407e4b928477925af2c04d58fa2109208a9a9a58724ea85011a8666753e1c70c" "/opt/rustwide/cargo-home/bin/cargo" "+1.100.0-beta.1" "build" "--frozen" "--message-format=json" "--release", kill_on_drop: false }`
[INFO] [stderr]    Compiling portable-atomic v1.15.0
[INFO] [stderr]    Compiling libc v0.2.189
[INFO] [stderr]    Compiling smallvec v1.15.2
[INFO] [stderr]    Compiling syn v3.0.4
[INFO] [stderr]    Compiling syn v2.0.119
[INFO] [stderr]    Compiling find-msvc-tools v0.1.11
[INFO] [stderr]    Compiling socket2 v0.6.5
[INFO] [stderr]    Compiling mio v1.2.2
[INFO] [stderr]    Compiling aws-lc-rs v1.18.0
[INFO] [stderr]    Compiling zeroize v1.9.0
[INFO] [stderr]    Compiling http v1.5.0
[INFO] [stderr]    Compiling getrandom v0.4.3
[INFO] [stderr]    Compiling rustls-pki-types v1.15.1
[INFO] [stderr]    Compiling futures-channel v0.3.34
[INFO] [stderr]    Compiling futures-sink v0.3.34
[INFO] [stderr]    Compiling rustls v0.23.43
[INFO] [stderr]    Compiling once_cell v1.21.4
[INFO] [stderr]    Compiling typenum v1.20.1
[INFO] [stderr]    Compiling jobserver v0.1.35
[INFO] [stderr]    Compiling tracing-core v0.1.36
[INFO] [stderr]    Compiling indexmap v2.14.0
[INFO] [stderr]    Compiling cc v1.4.4
[INFO] [stderr]    Compiling http-body v1.1.0
[INFO] [stderr]    Compiling chacha20 v0.10.1
[INFO] [stderr]    Compiling either v1.18.0
[INFO] [stderr]    Compiling crossbeam-epoch v0.9.20
[INFO] [stderr]    Compiling tinyvec v1.12.0
[INFO] [stderr]    Compiling hybrid-array v0.4.14
[INFO] [stderr]    Compiling rand v0.10.2
[INFO] [stderr]    Compiling parking_lot_core v0.9.12
[INFO] [stderr]    Compiling cmake v0.1.58
[INFO] [stderr]    Compiling data-encoding v2.11.1
[INFO] [stderr]    Compiling cmov v0.5.4
[INFO] [stderr]    Compiling block-buffer v0.12.1
[INFO] [stderr]    Compiling crypto-common v0.2.2
[INFO] [stderr]    Compiling ctutils v0.4.2
[INFO] [stderr]    Compiling parking_lot v0.12.5
[INFO] [stderr]    Compiling aws-lc-sys v0.44.0
[INFO] [stderr]    Compiling crossbeam-channel v0.5.16
[INFO] [stderr]    Compiling uuid v1.25.0
[INFO] [stderr]    Compiling sync_wrapper v1.0.2
[INFO] [stderr]    Compiling tagptr v0.2.0
[INFO] [stderr]    Compiling futures-io v0.3.34
[INFO] [stderr]    Compiling rustls-native-certs v0.8.4
[INFO] [stderr]    Compiling digest v0.11.3
[INFO] [stderr]    Compiling synstructure v0.13.2
[INFO] [stderr]    Compiling moka v0.12.16
[INFO] [stderr]    Compiling resolv-conf v0.7.6
[INFO] [stderr]    Compiling bitflags v2.13.1
[INFO] [stderr]    Compiling serde_json v1.0.151
[INFO] [stderr]    Compiling http-body-util v0.1.5
[INFO] [stderr]    Compiling hmac v0.13.0
[INFO] [stderr]    Compiling sha2 v0.11.0
[INFO] [stderr]    Compiling zerovec-derive v0.11.6
[INFO] [stderr]    Compiling displaydoc v0.2.7
[INFO] [stderr]    Compiling zerofrom-derive v0.1.7
[INFO] [stderr]    Compiling yoke-derive v0.8.2
[INFO] [stderr]    Compiling serde_derive v1.0.229
[INFO] [stderr]    Compiling tokio-macros v2.7.2
[INFO] [stderr]    Compiling tracing-attributes v0.1.31
[INFO] [stderr]    Compiling zerofrom v0.1.8
[INFO] [stderr]    Compiling tokio v1.53.1
[INFO] [stderr]    Compiling futures-macro v0.3.34
[INFO] [stderr]    Compiling yoke v0.8.3
[INFO] [stderr]    Compiling zerovec v0.11.8
[INFO] [stderr]    Compiling zerotrie v0.2.5
[INFO] [stderr]    Compiling tracing v0.1.44
[INFO] [stderr]    Compiling futures-util v0.3.34
[INFO] [stderr]    Compiling thiserror-impl v2.0.20
[INFO] [stderr]    Compiling tinystr v0.8.4
[INFO] [stderr]    Compiling potential_utf v0.1.6
[INFO] [stderr]    Compiling icu_locale_core v2.3.0
[INFO] [stderr]    Compiling icu_collections v2.3.0
[INFO] [stderr]    Compiling async-trait v0.1.92
[INFO] [stderr]    Compiling lazy-regex-proc_macros v3.6.1
[INFO] [stderr]    Compiling thiserror v2.0.20
[INFO] [stderr]    Compiling icu_provider v2.3.1
[INFO] [stderr]    Compiling lazy-regex v3.6.1
[INFO] [stderr]    Compiling serde v1.0.229
[INFO] [stderr]    Compiling icu_properties v2.3.0
[INFO] [stderr]    Compiling icu_normalizer v2.3.0
[INFO] [stderr]    Compiling ipnet v2.12.1
[INFO] [stderr]    Compiling serde_urlencoded v0.7.1
[INFO] [stderr]    Compiling chrono v0.4.45
[INFO] [stderr]    Compiling prefix-trie v0.8.4
[INFO] [stderr]    Compiling idna_adapter v1.2.2
[INFO] [stderr]    Compiling idna v1.1.0
[INFO] [stderr]    Compiling url v2.5.8
[INFO] [stderr]    Compiling tokio-util v0.7.19
[INFO] [stderr]    Compiling hickory-proto v0.26.1
[INFO] [stderr]    Compiling tower v0.5.3
[INFO] [stderr]    Compiling h2 v0.4.19
[INFO] [stderr]    Compiling tower-http v0.6.11
[INFO] [stderr]    Compiling hickory-net v0.26.1
[INFO] [stderr]    Compiling hickory-resolver v0.26.1
[INFO] [stderr]    Compiling hyper v1.11.0
[INFO] [stderr]    Compiling hyper-util v0.1.20
[INFO] [stderr]    Compiling rustls-webpki v0.103.15
[INFO] [stderr]    Compiling tokio-rustls v0.26.4
[INFO] [stderr]    Compiling rustls-platform-verifier v0.7.0
[INFO] [stderr]    Compiling hyper-rustls v0.27.9
[INFO] [stderr]    Compiling reqwest v0.13.4
[INFO] [stderr]    Compiling hook0-client v2.0.3 (/opt/rustwide/workdir)
[INFO] [stderr]     Finished `release` profile [optimized] target(s) in 4m 40s
[INFO] running `Command { std: "docker" "inspect" "407e4b928477925af2c04d58fa2109208a9a9a58724ea85011a8666753e1c70c", kill_on_drop: false }`
[INFO] running `Command { std: "docker" "exec" "-e" "SOURCE_DIR=/opt/rustwide/workdir" "-e" "CARGO_HOME=/opt/rustwide/cargo-home" "-e" "RUSTUP_HOME=/opt/rustwide/rustup-home" "-e" "CARGO_TARGET_DIR=/opt/rustwide/target" "-e" "CARGO_INCREMENTAL=0" "-e" "RUST_BACKTRACE=full" "-e" "RUSTFLAGS=--cap-lints=warn" "-e" "RUSTDOCFLAGS=--cap-lints=warn" "-w" "/opt/rustwide/workdir" "--user" "0:0" "407e4b928477925af2c04d58fa2109208a9a9a58724ea85011a8666753e1c70c" "/opt/rustwide/cargo-home/bin/cargo" "+1.100.0-beta.1" "test" "--frozen" "--no-run" "--message-format=json" "--release", kill_on_drop: false }`
[INFO] [stderr]    Compiling mio v1.2.2
[INFO] [stderr]    Compiling tracing-core v0.1.36
[INFO] [stderr]    Compiling bitflags v2.13.1
[INFO] [stderr]    Compiling getrandom v0.3.4
[INFO] [stderr]    Compiling aho-corasick v1.1.5
[INFO] [stderr]    Compiling serde_core v1.0.229
[INFO] [stderr]    Compiling zerocopy v0.8.56
[INFO] [stderr]    Compiling serde v1.0.229
[INFO] [stderr]    Compiling bytes v1.12.1
[INFO] [stderr]    Compiling rand_core v0.9.5
[INFO] [stderr]    Compiling log v0.4.34
[INFO] [stderr]    Compiling tokio v1.53.1
[INFO] [stderr]    Compiling tracing v0.1.44
[INFO] [stderr]    Compiling bytestring v1.5.1
[INFO] [stderr]    Compiling rustix v1.1.4
[INFO] [stderr]    Compiling derive_more-impl v2.1.1
[INFO] [stderr]    Compiling hickory-proto v0.26.1
[INFO] [stderr]    Compiling actix-service v2.0.3
[INFO] [stderr]    Compiling regex-automata v0.4.18
[INFO] [stderr]    Compiling actix-router v0.5.4
[INFO] [stderr]    Compiling derive_more v2.1.1
[INFO] [stderr]    Compiling tempfile v3.27.0
[INFO] [stderr]    Compiling rustls-platform-verifier v0.7.0
[INFO] [stderr]    Compiling wait-timeout v0.2.1
[INFO] [stderr]    Compiling time v0.3.55
[INFO] [stderr]    Compiling rusty-fork v0.3.1
[INFO] [stderr]    Compiling ppv-lite86 v0.2.21
[INFO] [stderr]    Compiling tokio-util v0.7.19
[INFO] [stderr]    Compiling tower v0.5.3
[INFO] [stderr]    Compiling tokio-rustls v0.26.4
[INFO] [stderr]    Compiling h2 v0.4.19
[INFO] [stderr]    Compiling hickory-net v0.26.1
[INFO] [stderr]    Compiling actix-rt v2.12.0
[INFO] [stderr]    Compiling actix-codec v0.5.2
[INFO] [stderr]    Compiling tower-http v0.6.11
[INFO] [stderr]    Compiling regex v1.13.1
[INFO] [stderr]    Compiling hickory-resolver v0.26.1
[INFO] [stderr]    Compiling lazy-regex v3.6.1
[INFO] [stderr]    Compiling actix-http v3.13.3
[INFO] [stderr]    Compiling actix-server v2.9.0
[INFO] [stderr]    Compiling matchers v0.2.0
[INFO] [stderr]    Compiling rand_chacha v0.9.0
[INFO] [stderr]    Compiling actix-web-codegen v4.3.0
[INFO] [stderr]    Compiling hyper v1.11.0
[INFO] [stderr]    Compiling tracing-log v0.2.0
[INFO] [stderr]    Compiling rand_xorshift v0.4.0
[INFO] [stderr]    Compiling rand v0.9.5
[INFO] [stderr]    Compiling hyper-util v0.1.20
[INFO] [stderr]    Compiling actix-macros v0.2.4
[INFO] [stderr]    Compiling thread_local v1.1.10
[INFO] [stderr]    Compiling nu-ansi-term v0.50.3
[INFO] [stderr]    Compiling tracing-subscriber v0.3.23
[INFO] [stderr]    Compiling hyper-rustls v0.27.9
[INFO] [stderr]    Compiling reqwest v0.13.4
[INFO] [stderr]    Compiling actix-web v4.15.0
[INFO] [stderr]    Compiling proptest v1.11.0
[INFO] [stderr]    Compiling hook0-client v2.0.3 (/opt/rustwide/workdir)
[INFO] [stderr]     Finished `release` profile [optimized] target(s) in 5m 01s
[INFO] running `Command { std: "docker" "inspect" "407e4b928477925af2c04d58fa2109208a9a9a58724ea85011a8666753e1c70c", kill_on_drop: false }`
[INFO] running `Command { std: "docker" "exec" "-e" "SOURCE_DIR=/opt/rustwide/workdir" "-e" "CARGO_HOME=/opt/rustwide/cargo-home" "-e" "RUSTUP_HOME=/opt/rustwide/rustup-home" "-e" "CARGO_TARGET_DIR=/opt/rustwide/target" "-e" "CARGO_INCREMENTAL=0" "-e" "RUST_BACKTRACE=full" "-e" "RUSTFLAGS=--cap-lints=warn" "-e" "RUSTDOCFLAGS=--cap-lints=warn" "-w" "/opt/rustwide/workdir" "--user" "0:0" "407e4b928477925af2c04d58fa2109208a9a9a58724ea85011a8666753e1c70c" "/opt/rustwide/cargo-home/bin/cargo" "+1.100.0-beta.1" "test" "--frozen" "--release", kill_on_drop: false }`
[INFO] [stderr]     Finished `release` profile [optimized] target(s) in 0.45s
[INFO] [stderr]      Running unittests src/lib.rs (/opt/rustwide/target/release/build/hook0-client/86906f8c4a116686/out/hook0_client-86906f8c4a116686)
[INFO] [stdout] 
[INFO] [stderr]      Running tests/client_refusals.rs (/opt/rustwide/target/release/build/hook0-client/7df8b0de89c18d99/out/client_refusals-7df8b0de89c18d99)
[INFO] [stdout] running 0 tests
[INFO] [stdout] 
[INFO] [stdout] test result: ok. 0 passed; 0 failed; 0 ignored; 0 measured; 0 filtered out; finished in 0.00s
[INFO] [stdout] 
[INFO] [stdout] 
[INFO] [stdout] running 16 tests
[INFO] [stdout] test a_send_that_never_reached_the_api_at_all_still_says_it_ran_out_of_attempts ... ok
[INFO] [stdout] test a_client_answers_the_bounds_and_the_addresses_it_was_built_with ... ok
[INFO] [stdout] test a_send_that_ran_out_of_attempts_says_so_rather_than_naming_one_refusal ... ok
[INFO] [stdout] test a_listing_of_event_types_that_is_not_a_list_is_reported ... ok
[INFO] [stdout] test a_token_no_request_could_carry_is_refused_before_any_client_is_built ... ok
[INFO] [stdout] test a_refused_listing_of_event_types_is_reported_with_what_the_api_said ... ok
[INFO] [stdout] test a_listing_of_event_types_that_stopped_mid_answer_is_reported ... ok
[INFO] [stdout] test a_success_this_client_cannot_read_is_not_reported_as_a_send ... ok
[INFO] [stdout] test a_body_that_stopped_where_the_connection_did_is_not_read_as_a_send ... ok
[INFO] [stdout] test event_types_cannot_be_read_from_an_api_nothing_is_listening_on ... ok
[INFO] [stdout] test an_accepted_event_the_api_named_no_identifier_for_is_not_reported_as_sent ... ok
[INFO] [stdout] test an_answer_above_what_this_client_holds_is_refused_rather_than_read ... ok
[INFO] [stdout] test an_event_carrying_metadata_sends_it ... ok
[INFO] [stdout] test an_event_type_the_api_refuses_to_create_is_reported_by_name ... ok
[INFO] [stdout] test an_event_type_cannot_be_created_on_an_api_that_stops_answering ... ok
[INFO] [stdout] test an_event_type_whose_creation_never_reached_the_api_is_reported_by_name ... ok
[INFO] [stderr]      Running tests/conformance.rs (/opt/rustwide/target/release/build/hook0-client/4b777177eb26ae4a/out/conformance-4b777177eb26ae4a)
[INFO] [stdout] 
[INFO] [stdout] test result: ok. 16 passed; 0 failed; 0 ignored; 0 measured; 0 filtered out; finished in 0.30s
[INFO] [stdout] 
[INFO] [stdout] 
[INFO] [stdout] running 10 tests
[INFO] [stdout] test sending::the_bounds_are_the_ones_the_corpus_names ... FAILED
[INFO] [stdout] test sending::a_head_above_the_ceilings_the_corpus_names_is_refused ... FAILED
[INFO] [stdout] test sending::a_policy_asking_for_more_attempts_than_the_cap_states_the_cap ... FAILED
[INFO] [stdout] test sending::every_request_carries_what_the_corpus_says_it_does ... FAILED
[INFO] [stdout] test sending::every_status_the_corpus_rules_on_is_repeated_as_it_says ... FAILED
[INFO] [stdout] test sending::every_transport_cause_the_corpus_names_ends_a_send_as_it_says ... FAILED
[INFO] [stdout] test verifying::every_refusal_the_corpus_declares_reads_as_one_of_this_client_s ... FAILED
[INFO] [stdout] test sending::every_problem_the_corpus_classifies_is_repeated_as_it_says ... FAILED
[INFO] [stdout] test verifying::every_delivery_of_the_corpus_is_verified_as_it_says ... FAILED
[INFO] [stdout] test sending::the_delay_the_api_names_is_honoured_and_bounded ... FAILED
[INFO] [stderr] error: test failed, to rerun pass `--test conformance`
[INFO] [stdout] 
[INFO] [stdout] failures:
[INFO] [stdout] 
[INFO] [stdout] ---- sending::the_bounds_are_the_ones_the_corpus_names stdout ----
[INFO] [stdout] 
[INFO] [stdout] thread 'sending::the_bounds_are_the_ones_the_corpus_names' (4505) panicked at tests/conformance.rs:24:9:
[INFO] [stdout] the shared contract at /opt/rustwide/workdir/../conformance/bounds.json is unreadable: No such file or directory (os error 2)
[INFO] [stdout] stack backtrace:
[INFO] [stdout]    0:     0x566d505a3861 - <<std[617be2ca0a6fd877]::sys::backtrace::BacktraceLock>::print::DisplayBacktrace as core[a373ad73a504971]::fmt::Display>::fmt
[INFO] [stdout]    1:     0x566d505bbd8a - core[a373ad73a504971]::fmt::write
[INFO] [stdout]    2:     0x566d505a878c - <alloc[2e1b2a31b91974c5]::vec::Vec<u8> as core[a373ad73a504971]::io::write::Write>::write_fmt
[INFO] [stdout]    3:     0x566d5057d336 - std[617be2ca0a6fd877]::panicking::default_hook::{closure#0}
[INFO] [stdout]    4:     0x566d5059a659 - std[617be2ca0a6fd877]::panicking::default_hook
[INFO] [stdout]    5:     0x566d4ff785d0 - test[aada8e7e76ba119b]::test_main_inner::{closure#0}
[INFO] [stdout]    6:     0x566d5059a982 - std[617be2ca0a6fd877]::panicking::panic_with_hook
[INFO] [stdout]    7:     0x566d5057d3e2 - std[617be2ca0a6fd877]::panicking::panic_handler::{closure#0}
[INFO] [stdout]    8:     0x566d50575de9 - std[617be2ca0a6fd877]::sys::backtrace::__rust_end_short_backtrace::<std[617be2ca0a6fd877]::panicking::panic_handler::{closure#0}, !>
[INFO] [stdout]    9:     0x566d5057e1dd - __rustc[ea4f61d10b84890b]::rust_begin_unwind
[INFO] [stdout]   10:     0x566d505bc4ec - core[a373ad73a504971]::panicking::panic_fmt
[INFO] [stdout]   11:     0x566d4ff4ead9 - conformance[70f1197760af50d4]::corpus::{closure#0}
[INFO] [stdout]   12:     0x566d4ff4f7be - conformance[70f1197760af50d4]::corpus
[INFO] [stdout]   13:     0x566d4ff30add - <conformance[70f1197760af50d4]::sending::the_bounds_are_the_ones_the_corpus_names::{closure#0} as core[a373ad73a504971]::ops::function::FnOnce<()>>::call_once
[INFO] [stdout]   14:     0x566d4ff6ba1b - test[aada8e7e76ba119b]::__rust_begin_short_backtrace::<core[a373ad73a504971]::result::Result<(), alloc[2e1b2a31b91974c5]::string::String>, fn() -> core[a373ad73a504971]::result::Result<(), alloc[2e1b2a31b91974c5]::string::String>>
[INFO] [stdout]   15:     0x566d4ff78bf5 - test[aada8e7e76ba119b]::run_test::{closure#0}
[INFO] [stdout]   16:     0x566d4ff724e4 - std[617be2ca0a6fd877]::sys::backtrace::__rust_begin_short_backtrace::<test[aada8e7e76ba119b]::run_test::{closure#1}, ()>
[INFO] [stdout]   17:     0x566d4ff7bc82 - <std[617be2ca0a6fd877]::thread::lifecycle::spawn_unchecked<test[aada8e7e76ba119b]::run_test::{closure#1}, ()>::{closure#1} as core[a373ad73a504971]::ops::function::FnOnce<()>>::call_once::{shim:vtable#0}
[INFO] [stdout]   18:     0x566d505a244f - <std[617be2ca0a6fd877]::sys::thread::unix::Thread>::new::thread_start
[INFO] [stdout]   19:     0x75cd3c48adfa - <unknown>
[INFO] [stdout]   20:     0x75cd3c51e3d4 - clone
[INFO] [stdout]   21:                0x0 - <unknown>
[INFO] [stdout] 
[INFO] [stdout] ---- sending::a_head_above_the_ceilings_the_corpus_names_is_refused stdout ----
[INFO] [stdout] 
[INFO] [stdout] thread 'sending::a_head_above_the_ceilings_the_corpus_names_is_refused' (4499) panicked at tests/conformance.rs:24:9:
[INFO] [stdout] the shared contract at /opt/rustwide/workdir/../conformance/bounds.json is unreadable: No such file or directory (os error 2)
[INFO] [stdout] stack backtrace:
[INFO] [stdout]    0:     0x566d505a3861 - <<std[617be2ca0a6fd877]::sys::backtrace::BacktraceLock>::print::DisplayBacktrace as core[a373ad73a504971]::fmt::Display>::fmt
[INFO] [stdout]    1:     0x566d505bbd8a - core[a373ad73a504971]::fmt::write
[INFO] [stdout]    2:     0x566d505a878c - <alloc[2e1b2a31b91974c5]::vec::Vec<u8> as core[a373ad73a504971]::io::write::Write>::write_fmt
[INFO] [stdout]    3:     0x566d5057d336 - std[617be2ca0a6fd877]::panicking::default_hook::{closure#0}
[INFO] [stdout]    4:     0x566d5059a659 - std[617be2ca0a6fd877]::panicking::default_hook
[INFO] [stdout]    5:     0x566d4ff785d0 - test[aada8e7e76ba119b]::test_main_inner::{closure#0}
[INFO] [stdout]    6:     0x566d5059a982 - std[617be2ca0a6fd877]::panicking::panic_with_hook
[INFO] [stdout]    7:     0x566d5057d3e2 - std[617be2ca0a6fd877]::panicking::panic_handler::{closure#0}
[INFO] [stdout]    8:     0x566d50575de9 - std[617be2ca0a6fd877]::sys::backtrace::__rust_end_short_backtrace::<std[617be2ca0a6fd877]::panicking::panic_handler::{closure#0}, !>
[INFO] [stdout]    9:     0x566d5057e1dd - __rustc[ea4f61d10b84890b]::rust_begin_unwind
[INFO] [stdout]   10:     0x566d505bc4ec - core[a373ad73a504971]::panicking::panic_fmt
[INFO] [stdout]   11:     0x566d4ff4ead9 - conformance[70f1197760af50d4]::corpus::{closure#0}
[INFO] [stdout]   12:     0x566d4ff4f7be - conformance[70f1197760af50d4]::corpus
[INFO] [stdout]   13:     0x566d4fef9f86 - <std[617be2ca0a6fd877]::thread::local::LocalKey<tokio[e1b2f995f2067e06]::task::local::LocalData>>::with::<<tokio[e1b2f995f2067e06]::task::local::LocalSet>::with<core[a373ad73a504971]::task::poll::Poll<()>, <tokio[e1b2f995f2067e06]::task::local::RunUntil<conformance[70f1197760af50d4]::sending::a_head_above_the_ceilings_the_corpus_names_is_refused::{closure#0}> as core[a373ad73a504971]::future::future::Future>::poll::{closure#0}>::{closure#0}, core[a373ad73a504971]::task::poll::Poll<()>>
[INFO] [stdout]   14:     0x566d4ff60fd3 - <core[a373ad73a504971]::pin::Pin<&mut <tokio[e1b2f995f2067e06]::task::local::LocalSet>::run_until<conformance[70f1197760af50d4]::sending::a_head_above_the_ceilings_the_corpus_names_is_refused::{closure#0}>::{closure#0}> as core[a373ad73a504971]::future::future::Future>::poll
[INFO] [stdout]   15:     0x566d4ff3f55f - <tokio[e1b2f995f2067e06]::runtime::scheduler::current_thread::Context>::enter::<core[a373ad73a504971]::task::poll::Poll<()>, <tokio[e1b2f995f2067e06]::runtime::scheduler::current_thread::CoreGuard>::block_on<core[a373ad73a504971]::pin::Pin<&mut <tokio[e1b2f995f2067e06]::task::local::LocalSet>::run_until<conformance[70f1197760af50d4]::sending::a_head_above_the_ceilings_the_corpus_names_is_refused::{closure#0}>::{closure#0}>>::{closure#0}::{closure#0}>
[INFO] [stdout]   16:     0x566d4ff31f3c - <tokio[e1b2f995f2067e06]::runtime::context::scoped::Scoped<tokio[e1b2f995f2067e06]::runtime::scheduler::Context>>::set::<<tokio[e1b2f995f2067e06]::runtime::scheduler::current_thread::CoreGuard>::enter<<tokio[e1b2f995f2067e06]::runtime::scheduler::current_thread::CoreGuard>::block_on<core[a373ad73a504971]::pin::Pin<&mut <tokio[e1b2f995f2067e06]::task::local::LocalSet>::run_until<conformance[70f1197760af50d4]::sending::a_head_above_the_ceilings_the_corpus_names_is_refused::{closure#0}>::{closure#0}>>::{closure#0}, core[a373ad73a504971]::option::Option<()>>::{closure#0}, (alloc[2e1b2a31b91974c5]::boxed::Box<tokio[e1b2f995f2067e06]::runtime::scheduler::current_thread::Core>, core[a373ad73a504971]::option::Option<()>)>
[INFO] [stdout]   17:     0x566d4ff40367 - <tokio[e1b2f995f2067e06]::runtime::scheduler::current_thread::CoreGuard>::block_on::<core[a373ad73a504971]::pin::Pin<&mut <tokio[e1b2f995f2067e06]::task::local::LocalSet>::run_until<conformance[70f1197760af50d4]::sending::a_head_above_the_ceilings_the_corpus_names_is_refused::{closure#0}>::{closure#0}>>
[INFO] [stdout]   18:     0x566d4ff3845b - tokio[e1b2f995f2067e06]::runtime::context::runtime::enter_runtime::<<tokio[e1b2f995f2067e06]::runtime::scheduler::current_thread::CurrentThread>::block_on<<tokio[e1b2f995f2067e06]::task::local::LocalSet>::run_until<conformance[70f1197760af50d4]::sending::a_head_above_the_ceilings_the_corpus_names_is_refused::{closure#0}>::{closure#0}>::{closure#0}, ()>
[INFO] [stdout]   19:     0x566d4ff0ce51 - <tokio[e1b2f995f2067e06]::runtime::runtime::Runtime>::block_on::<<tokio[e1b2f995f2067e06]::task::local::LocalSet>::run_until<conformance[70f1197760af50d4]::sending::a_head_above_the_ceilings_the_corpus_names_is_refused::{closure#0}>::{closure#0}>
[INFO] [stdout]   20:     0x566d4ff3150f - <conformance[70f1197760af50d4]::sending::a_head_above_the_ceilings_the_corpus_names_is_refused::{closure#0} as core[a373ad73a504971]::ops::function::FnOnce<()>>::call_once
[INFO] [stdout]   21:     0x566d4ff6ba1b - test[aada8e7e76ba119b]::__rust_begin_short_backtrace::<core[a373ad73a504971]::result::Result<(), alloc[2e1b2a31b91974c5]::string::String>, fn() -> core[a373ad73a504971]::result::Result<(), alloc[2e1b2a31b91974c5]::string::String>>
[INFO] [stdout]   22:     0x566d4ff78bf5 - test[aada8e7e76ba119b]::run_test::{closure#0}
[INFO] [stdout]   23:     0x566d4ff724e4 - std[617be2ca0a6fd877]::sys::backtrace::__rust_begin_short_backtrace::<test[aada8e7e76ba119b]::run_test::{closure#1}, ()>
[INFO] [stdout]   24:     0x566d4ff7bc82 - <std[617be2ca0a6fd877]::thread::lifecycle::spawn_unchecked<test[aada8e7e76ba119b]::run_test::{closure#1}, ()>::{closure#1} as core[a373ad73a504971]::ops::function::FnOnce<()>>::call_once::{shim:vtable#0}
[INFO] [stdout]   25:     0x566d505a244f - <std[617be2ca0a6fd877]::sys::thread::unix::Thread>::new::thread_start
[INFO] [stdout]   26:     0x75cd3c48adfa - <unknown>
[INFO] [stdout]   27:     0x75cd3c51e3d4 - clone
[INFO] [stdout]   28:                0x0 - <unknown>
[INFO] [stdout] 
[INFO] [stdout] ---- sending::a_policy_asking_for_more_attempts_than_the_cap_states_the_cap stdout ----
[INFO] [stdout] 
[INFO] [stdout] thread 'sending::a_policy_asking_for_more_attempts_than_the_cap_states_the_cap' (4500) panicked at tests/conformance.rs:24:9:
[INFO] [stdout] the shared contract at /opt/rustwide/workdir/../conformance/bounds.json is unreadable: No such file or directory (os error 2)
[INFO] [stdout] stack backtrace:
[INFO] [stdout]    0:     0x566d505a3861 - <<std[617be2ca0a6fd877]::sys::backtrace::BacktraceLock>::print::DisplayBacktrace as core[a373ad73a504971]::fmt::Display>::fmt
[INFO] [stdout]    1:     0x566d505bbd8a - core[a373ad73a504971]::fmt::write
[INFO] [stdout]    2:     0x566d505a878c - <alloc[2e1b2a31b91974c5]::vec::Vec<u8> as core[a373ad73a504971]::io::write::Write>::write_fmt
[INFO] [stdout]    3:     0x566d5057d336 - std[617be2ca0a6fd877]::panicking::default_hook::{closure#0}
[INFO] [stdout]    4:     0x566d5059a659 - std[617be2ca0a6fd877]::panicking::default_hook
[INFO] [stdout]    5:     0x566d4ff785d0 - test[aada8e7e76ba119b]::test_main_inner::{closure#0}
[INFO] [stdout]    6:     0x566d5059a982 - std[617be2ca0a6fd877]::panicking::panic_with_hook
[INFO] [stdout]    7:     0x566d5057d3e2 - std[617be2ca0a6fd877]::panicking::panic_handler::{closure#0}
[INFO] [stdout]    8:     0x566d50575de9 - std[617be2ca0a6fd877]::sys::backtrace::__rust_end_short_backtrace::<std[617be2ca0a6fd877]::panicking::panic_handler::{closure#0}, !>
[INFO] [stdout]    9:     0x566d5057e1dd - __rustc[ea4f61d10b84890b]::rust_begin_unwind
[INFO] [stdout]   10:     0x566d505bc4ec - core[a373ad73a504971]::panicking::panic_fmt
[INFO] [stdout]   11:     0x566d4ff4ead9 - conformance[70f1197760af50d4]::corpus::{closure#0}
[INFO] [stdout]   12:     0x566d4ff4f7be - conformance[70f1197760af50d4]::corpus
[INFO] [stdout]   13:     0x566d4fefc82b - <std[617be2ca0a6fd877]::thread::local::LocalKey<tokio[e1b2f995f2067e06]::task::local::LocalData>>::with::<<tokio[e1b2f995f2067e06]::task::local::LocalSet>::with<core[a373ad73a504971]::task::poll::Poll<()>, <tokio[e1b2f995f2067e06]::task::local::RunUntil<conformance[70f1197760af50d4]::sending::a_policy_asking_for_more_attempts_than_the_cap_states_the_cap::{closure#0}> as core[a373ad73a504971]::future::future::Future>::poll::{closure#0}>::{closure#0}, core[a373ad73a504971]::task::poll::Poll<()>>
[INFO] [stdout]   14:     0x566d4ff612d3 - <core[a373ad73a504971]::pin::Pin<&mut <tokio[e1b2f995f2067e06]::task::local::LocalSet>::run_until<conformance[70f1197760af50d4]::sending::a_policy_asking_for_more_attempts_than_the_cap_states_the_cap::{closure#0}>::{closure#0}> as core[a373ad73a504971]::future::future::Future>::poll
[INFO] [stdout]   15:     0x566d4ff3fa3f - <tokio[e1b2f995f2067e06]::runtime::scheduler::current_thread::Context>::enter::<core[a373ad73a504971]::task::poll::Poll<()>, <tokio[e1b2f995f2067e06]::runtime::scheduler::current_thread::CoreGuard>::block_on<core[a373ad73a504971]::pin::Pin<&mut <tokio[e1b2f995f2067e06]::task::local::LocalSet>::run_until<conformance[70f1197760af50d4]::sending::a_policy_asking_for_more_attempts_than_the_cap_states_the_cap::{closure#0}>::{closure#0}>>::{closure#0}::{closure#0}>
[INFO] [stdout]   16:     0x566d4ff324dc - <tokio[e1b2f995f2067e06]::runtime::context::scoped::Scoped<tokio[e1b2f995f2067e06]::runtime::scheduler::Context>>::set::<<tokio[e1b2f995f2067e06]::runtime::scheduler::current_thread::CoreGuard>::enter<<tokio[e1b2f995f2067e06]::runtime::scheduler::current_thread::CoreGuard>::block_on<core[a373ad73a504971]::pin::Pin<&mut <tokio[e1b2f995f2067e06]::task::local::LocalSet>::run_until<conformance[70f1197760af50d4]::sending::a_policy_asking_for_more_attempts_than_the_cap_states_the_cap::{closure#0}>::{closure#0}>>::{closure#0}, core[a373ad73a504971]::option::Option<()>>::{closure#0}, (alloc[2e1b2a31b91974c5]::boxed::Box<tokio[e1b2f995f2067e06]::runtime::scheduler::current_thread::Core>, core[a373ad73a504971]::option::Option<()>)>
[INFO] [stdout]   17:     0x566d4ff40937 - <tokio[e1b2f995f2067e06]::runtime::scheduler::current_thread::CoreGuard>::block_on::<core[a373ad73a504971]::pin::Pin<&mut <tokio[e1b2f995f2067e06]::task::local::LocalSet>::run_until<conformance[70f1197760af50d4]::sending::a_policy_asking_for_more_attempts_than_the_cap_states_the_cap::{closure#0}>::{closure#0}>>
[INFO] [stdout]   18:     0x566d4ff3917b - tokio[e1b2f995f2067e06]::runtime::context::runtime::enter_runtime::<<tokio[e1b2f995f2067e06]::runtime::scheduler::current_thread::CurrentThread>::block_on<<tokio[e1b2f995f2067e06]::task::local::LocalSet>::run_until<conformance[70f1197760af50d4]::sending::a_policy_asking_for_more_attempts_than_the_cap_states_the_cap::{closure#0}>::{closure#0}>::{closure#0}, ()>
[INFO] [stdout]   19:     0x566d4ff0d3c2 - <tokio[e1b2f995f2067e06]::runtime::runtime::Runtime>::block_on::<<tokio[e1b2f995f2067e06]::task::local::LocalSet>::run_until<conformance[70f1197760af50d4]::sending::a_policy_asking_for_more_attempts_than_the_cap_states_the_cap::{closure#0}>::{closure#0}>
[INFO] [stdout]   20:     0x566d4ff3174f - <conformance[70f1197760af50d4]::sending::a_policy_asking_for_more_attempts_than_the_cap_states_the_cap::{closure#0} as core[a373ad73a504971]::ops::function::FnOnce<()>>::call_once
[INFO] [stdout]   21:     0x566d4ff6ba1b - test[aada8e7e76ba119b]::__rust_begin_short_backtrace::<core[a373ad73a504971]::result::Result<(), alloc[2e1b2a31b91974c5]::string::String>, fn() -> core[a373ad73a504971]::result::Result<(), alloc[2e1b2a31b91974c5]::string::String>>
[INFO] [stdout]   22:     0x566d4ff78bf5 - test[aada8e7e76ba119b]::run_test::{closure#0}
[INFO] [stdout]   23:     0x566d4ff724e4 - std[617be2ca0a6fd877]::sys::backtrace::__rust_begin_short_backtrace::<test[aada8e7e76ba119b]::run_test::{closure#1}, ()>
[INFO] [stdout]   24:     0x566d4ff7bc82 - <std[617be2ca0a6fd877]::thread::lifecycle::spawn_unchecked<test[aada8e7e76ba119b]::run_test::{closure#1}, ()>::{closure#1} as core[a373ad73a504971]::ops::function::FnOnce<()>>::call_once::{shim:vtable#0}
[INFO] [stdout]   25:     0x566d505a244f - <std[617be2ca0a6fd877]::sys::thread::unix::Thread>::new::thread_start
[INFO] [stdout]   26:     0x75cd3c48adfa - <unknown>
[INFO] [stdout]   27:     0x75cd3c51e3d4 - clone
[INFO] [stdout]   28:                0x0 - <unknown>
[INFO] [stdout] 
[INFO] [stdout] ---- sending::every_request_carries_what_the_corpus_says_it_does stdout ----
[INFO] [stdout] 
[INFO] [stdout] thread 'sending::every_request_carries_what_the_corpus_says_it_does' (4502) panicked at tests/conformance.rs:24:9:
[INFO] [stdout] the shared contract at /opt/rustwide/workdir/../conformance/request.json is unreadable: No such file or directory (os error 2)
[INFO] [stdout] stack backtrace:
[INFO] [stdout]    0:     0x566d505a3861 - <<std[617be2ca0a6fd877]::sys::backtrace::BacktraceLock>::print::DisplayBacktrace as core[a373ad73a504971]::fmt::Display>::fmt
[INFO] [stdout]    1:     0x566d505bbd8a - core[a373ad73a504971]::fmt::write
[INFO] [stdout]    2:     0x566d505a878c - <alloc[2e1b2a31b91974c5]::vec::Vec<u8> as core[a373ad73a504971]::io::write::Write>::write_fmt
[INFO] [stdout]    3:     0x566d5057d336 - std[617be2ca0a6fd877]::panicking::default_hook::{closure#0}
[INFO] [stdout]    4:     0x566d5059a659 - std[617be2ca0a6fd877]::panicking::default_hook
[INFO] [stdout]    5:     0x566d4ff785d0 - test[aada8e7e76ba119b]::test_main_inner::{closure#0}
[INFO] [stdout]    6:     0x566d5059a982 - std[617be2ca0a6fd877]::panicking::panic_with_hook
[INFO] [stdout]    7:     0x566d5057d3e2 - std[617be2ca0a6fd877]::panicking::panic_handler::{closure#0}
[INFO] [stdout]    8:     0x566d50575de9 - std[617be2ca0a6fd877]::sys::backtrace::__rust_end_short_backtrace::<std[617be2ca0a6fd877]::panicking::panic_handler::{closure#0}, !>
[INFO] [stdout]    9:     0x566d5057e1dd - __rustc[ea4f61d10b84890b]::rust_begin_unwind
[INFO] [stdout]   10:     0x566d505bc4ec - core[a373ad73a504971]::panicking::panic_fmt
[INFO] [stdout]   11:     0x566d4ff4ead9 - conformance[70f1197760af50d4]::corpus::{closure#0}
[INFO] [stdout]   12:     0x566d4ff4f7be - conformance[70f1197760af50d4]::corpus
[INFO] [stdout]   13:     0x566d4fef8b29 - <std[617be2ca0a6fd877]::thread::local::LocalKey<tokio[e1b2f995f2067e06]::task::local::LocalData>>::with::<<tokio[e1b2f995f2067e06]::task::local::LocalSet>::with<core[a373ad73a504971]::task::poll::Poll<()>, <tokio[e1b2f995f2067e06]::task::local::RunUntil<conformance[70f1197760af50d4]::sending::every_request_carries_what_the_corpus_says_it_does::{closure#0}> as core[a373ad73a504971]::future::future::Future>::poll::{closure#0}>::{closure#0}, core[a373ad73a504971]::task::poll::Poll<()>>
[INFO] [stdout]   14:     0x566d4ff60ed3 - <core[a373ad73a504971]::pin::Pin<&mut <tokio[e1b2f995f2067e06]::task::local::LocalSet>::run_until<conformance[70f1197760af50d4]::sending::every_request_carries_what_the_corpus_says_it_does::{closure#0}>::{closure#0}> as core[a373ad73a504971]::future::future::Future>::poll
[INFO] [stdout]   15:     0x566d4ff3f3bf - <tokio[e1b2f995f2067e06]::runtime::scheduler::current_thread::Context>::enter::<core[a373ad73a504971]::task::poll::Poll<()>, <tokio[e1b2f995f2067e06]::runtime::scheduler::current_thread::CoreGuard>::block_on<core[a373ad73a504971]::pin::Pin<&mut <tokio[e1b2f995f2067e06]::task::local::LocalSet>::run_until<conformance[70f1197760af50d4]::sending::every_request_carries_what_the_corpus_says_it_does::{closure#0}>::{closure#0}>>::{closure#0}::{closure#0}>
[INFO] [stdout]   16:     0x566d4ff31d5c - <tokio[e1b2f995f2067e06]::runtime::context::scoped::Scoped<tokio[e1b2f995f2067e06]::runtime::scheduler::Context>>::set::<<tokio[e1b2f995f2067e06]::runtime::scheduler::current_thread::CoreGuard>::enter<<tokio[e1b2f995f2067e06]::runtime::scheduler::current_thread::CoreGuard>::block_on<core[a373ad73a504971]::pin::Pin<&mut <tokio[e1b2f995f2067e06]::task::local::LocalSet>::run_until<conformance[70f1197760af50d4]::sending::every_request_carries_what_the_corpus_says_it_does::{closure#0}>::{closure#0}>>::{closure#0}, core[a373ad73a504971]::option::Option<()>>::{closure#0}, (alloc[2e1b2a31b91974c5]::boxed::Box<tokio[e1b2f995f2067e06]::runtime::scheduler::current_thread::Core>, core[a373ad73a504971]::option::Option<()>)>
[INFO] [stdout]   17:     0x566d4ff40177 - <tokio[e1b2f995f2067e06]::runtime::scheduler::current_thread::CoreGuard>::block_on::<core[a373ad73a504971]::pin::Pin<&mut <tokio[e1b2f995f2067e06]::task::local::LocalSet>::run_until<conformance[70f1197760af50d4]::sending::every_request_carries_what_the_corpus_says_it_does::{closure#0}>::{closure#0}>>
[INFO] [stdout]   18:     0x566d4ff37ffb - tokio[e1b2f995f2067e06]::runtime::context::runtime::enter_runtime::<<tokio[e1b2f995f2067e06]::runtime::scheduler::current_thread::CurrentThread>::block_on<<tokio[e1b2f995f2067e06]::task::local::LocalSet>::run_until<conformance[70f1197760af50d4]::sending::every_request_carries_what_the_corpus_says_it_does::{closure#0}>::{closure#0}>::{closure#0}, ()>
[INFO] [stdout]   19:     0x566d4ff0cc72 - <tokio[e1b2f995f2067e06]::runtime::runtime::Runtime>::block_on::<<tokio[e1b2f995f2067e06]::task::local::LocalSet>::run_until<conformance[70f1197760af50d4]::sending::every_request_carries_what_the_corpus_says_it_does::{closure#0}>::{closure#0}>
[INFO] [stdout]   20:     0x566d4ff3144f - <conformance[70f1197760af50d4]::sending::every_request_carries_what_the_corpus_says_it_does::{closure#0} as core[a373ad73a504971]::ops::function::FnOnce<()>>::call_once
[INFO] [stdout]   21:     0x566d4ff6ba1b - test[aada8e7e76ba119b]::__rust_begin_short_backtrace::<core[a373ad73a504971]::result::Result<(), alloc[2e1b2a31b91974c5]::string::String>, fn() -> core[a373ad73a504971]::result::Result<(), alloc[2e1b2a31b91974c5]::string::String>>
[INFO] [stdout]   22:     0x566d4ff78bf5 - test[aada8e7e76ba119b]::run_test::{closure#0}
[INFO] [stdout]   23:     0x566d4ff724e4 - std[617be2ca0a6fd877]::sys::backtrace::__rust_begin_short_backtrace::<test[aada8e7e76ba119b]::run_test::{closure#1}, ()>
[INFO] [stdout]   24:     0x566d4ff7bc82 - <std[617be2ca0a6fd877]::thread::lifecycle::spawn_unchecked<test[aada8e7e76ba119b]::run_test::{closure#1}, ()>::{closure#1} as core[a373ad73a504971]::ops::function::FnOnce<()>>::call_once::{shim:vtable#0}
[INFO] [stdout]   25:     0x566d505a244f - <std[617be2ca0a6fd877]::sys::thread::unix::Thread>::new::thread_start
[INFO] [stdout]   26:     0x75cd3c48adfa - <unknown>
[INFO] [stdout]   27:     0x75cd3c51e3d4 - clone
[INFO] [stdout]   28:                0x0 - <unknown>
[INFO] [stdout] 
[INFO] [stdout] ---- sending::every_status_the_corpus_rules_on_is_repeated_as_it_says stdout ----
[INFO] [stdout] 
[INFO] [stdout] thread 'sending::every_status_the_corpus_rules_on_is_repeated_as_it_says' (4503) panicked at tests/conformance.rs:24:9:
[INFO] [stdout] the shared contract at /opt/rustwide/workdir/../conformance/retry.json is unreadable: No such file or directory (os error 2)
[INFO] [stdout] stack backtrace:
[INFO] [stdout]    0:     0x566d505a3861 - <<std[617be2ca0a6fd877]::sys::backtrace::BacktraceLock>::print::DisplayBacktrace as core[a373ad73a504971]::fmt::Display>::fmt
[INFO] [stdout]    1:     0x566d505bbd8a - core[a373ad73a504971]::fmt::write
[INFO] [stdout]    2:     0x566d505a878c - <alloc[2e1b2a31b91974c5]::vec::Vec<u8> as core[a373ad73a504971]::io::write::Write>::write_fmt
[INFO] [stdout]    3:     0x566d5057d336 - std[617be2ca0a6fd877]::panicking::default_hook::{closure#0}
[INFO] [stdout]    4:     0x566d5059a659 - std[617be2ca0a6fd877]::panicking::default_hook
[INFO] [stdout]    5:     0x566d4ff785d0 - test[aada8e7e76ba119b]::test_main_inner::{closure#0}
[INFO] [stdout]    6:     0x566d5059a982 - std[617be2ca0a6fd877]::panicking::panic_with_hook
[INFO] [stdout]    7:     0x566d5057d3e2 - std[617be2ca0a6fd877]::panicking::panic_handler::{closure#0}
[INFO] [stdout]    8:     0x566d50575de9 - std[617be2ca0a6fd877]::sys::backtrace::__rust_end_short_backtrace::<std[617be2ca0a6fd877]::panicking::panic_handler::{closure#0}, !>
[INFO] [stdout]    9:     0x566d5057e1dd - __rustc[ea4f61d10b84890b]::rust_begin_unwind
[INFO] [stdout]   10:     0x566d505bc4ec - core[a373ad73a504971]::panicking::panic_fmt
[INFO] [stdout]   11:     0x566d4ff4ead9 - conformance[70f1197760af50d4]::corpus::{closure#0}
[INFO] [stdout]   12:     0x566d4ff4f7be - conformance[70f1197760af50d4]::corpus
[INFO] [stdout]   13:     0x566d4fefbb36 - <std[617be2ca0a6fd877]::thread::local::LocalKey<tokio[e1b2f995f2067e06]::task::local::LocalData>>::with::<<tokio[e1b2f995f2067e06]::task::local::LocalSet>::with<core[a373ad73a504971]::task::poll::Poll<()>, <tokio[e1b2f995f2067e06]::task::local::RunUntil<conformance[70f1197760af50d4]::sending::every_status_the_corpus_rules_on_is_repeated_as_it_says::{closure#0}> as core[a373ad73a504971]::future::future::Future>::poll::{closure#0}>::{closure#0}, core[a373ad73a504971]::task::poll::Poll<()>>
[INFO] [stdout]   14:     0x566d4ff610d3 - <core[a373ad73a504971]::pin::Pin<&mut <tokio[e1b2f995f2067e06]::task::local::LocalSet>::run_until<conformance[70f1197760af50d4]::sending::every_status_the_corpus_rules_on_is_repeated_as_it_says::{closure#0}>::{closure#0}> as core[a373ad73a504971]::future::future::Future>::poll
[INFO] [stdout]   15:     0x566d4ff3f6ff - <tokio[e1b2f995f2067e06]::runtime::scheduler::current_thread::Context>::enter::<core[a373ad73a504971]::task::poll::Poll<()>, <tokio[e1b2f995f2067e06]::runtime::scheduler::current_thread::CoreGuard>::block_on<core[a373ad73a504971]::pin::Pin<&mut <tokio[e1b2f995f2067e06]::task::local::LocalSet>::run_until<conformance[70f1197760af50d4]::sending::every_status_the_corpus_rules_on_is_repeated_as_it_says::{closure#0}>::{closure#0}>>::{closure#0}::{closure#0}>
[INFO] [stdout]   16:     0x566d4ff3211c - <tokio[e1b2f995f2067e06]::runtime::context::scoped::Scoped<tokio[e1b2f995f2067e06]::runtime::scheduler::Context>>::set::<<tokio[e1b2f995f2067e06]::runtime::scheduler::current_thread::CoreGuard>::enter<<tokio[e1b2f995f2067e06]::runtime::scheduler::current_thread::CoreGuard>::block_on<core[a373ad73a504971]::pin::Pin<&mut <tokio[e1b2f995f2067e06]::task::local::LocalSet>::run_until<conformance[70f1197760af50d4]::sending::every_status_the_corpus_rules_on_is_repeated_as_it_says::{closure#0}>::{closure#0}>>::{closure#0}, core[a373ad73a504971]::option::Option<()>>::{closure#0}, (alloc[2e1b2a31b91974c5]::boxed::Box<tokio[e1b2f995f2067e06]::runtime::scheduler::current_thread::Core>, core[a373ad73a504971]::option::Option<()>)>
[INFO] [stdout]   17:     0x566d4ff40557 - <tokio[e1b2f995f2067e06]::runtime::scheduler::current_thread::CoreGuard>::block_on::<core[a373ad73a504971]::pin::Pin<&mut <tokio[e1b2f995f2067e06]::task::local::LocalSet>::run_until<conformance[70f1197760af50d4]::sending::every_status_the_corpus_rules_on_is_repeated_as_it_says::{closure#0}>::{closure#0}>>
[INFO] [stdout]   18:     0x566d4ff388bb - tokio[e1b2f995f2067e06]::runtime::context::runtime::enter_runtime::<<tokio[e1b2f995f2067e06]::runtime::scheduler::current_thread::CurrentThread>::block_on<<tokio[e1b2f995f2067e06]::task::local::LocalSet>::run_until<conformance[70f1197760af50d4]::sending::every_status_the_corpus_rules_on_is_repeated_as_it_says::{closure#0}>::{closure#0}>::{closure#0}, ()>
[INFO] [stdout]   19:     0x566d4ff0d022 - <tokio[e1b2f995f2067e06]::runtime::runtime::Runtime>::block_on::<<tokio[e1b2f995f2067e06]::task::local::LocalSet>::run_until<conformance[70f1197760af50d4]::sending::every_status_the_corpus_rules_on_is_repeated_as_it_says::{closure#0}>::{closure#0}>
[INFO] [stdout]   20:     0x566d4ff315cf - <conformance[70f1197760af50d4]::sending::every_status_the_corpus_rules_on_is_repeated_as_it_says::{closure#0} as core[a373ad73a504971]::ops::function::FnOnce<()>>::call_once
[INFO] [stdout]   21:     0x566d4ff6ba1b - test[aada8e7e76ba119b]::__rust_begin_short_backtrace::<core[a373ad73a504971]::result::Result<(), alloc[2e1b2a31b91974c5]::string::String>, fn() -> core[a373ad73a504971]::result::Result<(), alloc[2e1b2a31b91974c5]::string::String>>
[INFO] [stdout]   22:     0x566d4ff78bf5 - test[aada8e7e76ba119b]::run_test::{closure#0}
[INFO] [stdout]   23:     0x566d4ff724e4 - std[617be2ca0a6fd877]::sys::backtrace::__rust_begin_short_backtrace::<test[aada8e7e76ba119b]::run_test::{closure#1}, ()>
[INFO] [stdout]   24:     0x566d4ff7bc82 - <std[617be2ca0a6fd877]::thread::lifecycle::spawn_unchecked<test[aada8e7e76ba119b]::run_test::{closure#1}, ()>::{closure#1} as core[a373ad73a504971]::ops::function::FnOnce<()>>::call_once::{shim:vtable#0}
[INFO] [stdout]   25:     0x566d505a244f - <std[617be2ca0a6fd877]::sys::thread::unix::Thread>::new::thread_start
[INFO] [stdout]   26:     0x75cd3c48adfa - <unknown>
[INFO] [stdout]   27:     0x75cd3c51e3d4 - clone
[INFO] [stdout]   28:                0x0 - <unknown>
[INFO] [stdout] 
[INFO] [stdout] ---- sending::every_transport_cause_the_corpus_names_ends_a_send_as_it_says stdout ----
[INFO] [stdout] 
[INFO] [stdout] thread 'sending::every_transport_cause_the_corpus_names_ends_a_send_as_it_says' (4504) panicked at tests/conformance.rs:24:9:
[INFO] [stdout] the shared contract at /opt/rustwide/workdir/../conformance/retry.json is unreadable: No such file or directory (os error 2)
[INFO] [stdout] stack backtrace:
[INFO] [stdout]    0:     0x566d505a3861 - <<std[617be2ca0a6fd877]::sys::backtrace::BacktraceLock>::print::DisplayBacktrace as core[a373ad73a504971]::fmt::Display>::fmt
[INFO] [stdout]    1:     0x566d505bbd8a - core[a373ad73a504971]::fmt::write
[INFO] [stdout]    2:     0x566d505a878c - <alloc[2e1b2a31b91974c5]::vec::Vec<u8> as core[a373ad73a504971]::io::write::Write>::write_fmt
[INFO] [stdout]    3:     0x566d5057d336 - std[617be2ca0a6fd877]::panicking::default_hook::{closure#0}
[INFO] [stdout]    4:     0x566d5059a659 - std[617be2ca0a6fd877]::panicking::default_hook
[INFO] [stdout]    5:     0x566d4ff785d0 - test[aada8e7e76ba119b]::test_main_inner::{closure#0}
[INFO] [stdout]    6:     0x566d5059a982 - std[617be2ca0a6fd877]::panicking::panic_with_hook
[INFO] [stdout]    7:     0x566d5057d3e2 - std[617be2ca0a6fd877]::panicking::panic_handler::{closure#0}
[INFO] [stdout]    8:     0x566d50575de9 - std[617be2ca0a6fd877]::sys::backtrace::__rust_end_short_backtrace::<std[617be2ca0a6fd877]::panicking::panic_handler::{closure#0}, !>
[INFO] [stdout]    9:     0x566d5057e1dd - __rustc[ea4f61d10b84890b]::rust_begin_unwind
[INFO] [stdout]   10:     0x566d505bc4ec - core[a373ad73a504971]::panicking::panic_fmt
[INFO] [stdout]   11:     0x566d4ff4ead9 - conformance[70f1197760af50d4]::corpus::{closure#0}
[INFO] [stdout]   12:     0x566d4ff4f7be - conformance[70f1197760af50d4]::corpus
[INFO] [stdout]   13:     0x566d4fefd201 - <std[617be2ca0a6fd877]::thread::local::LocalKey<tokio[e1b2f995f2067e06]::task::local::LocalData>>::with::<<tokio[e1b2f995f2067e06]::task::local::LocalSet>::with<core[a373ad73a504971]::task::poll::Poll<()>, <tokio[e1b2f995f2067e06]::task::local::RunUntil<conformance[70f1197760af50d4]::sending::every_transport_cause_the_corpus_names_ends_a_send_as_it_says::{closure#0}> as core[a373ad73a504971]::future::future::Future>::poll::{closure#0}>::{closure#0}, core[a373ad73a504971]::task::poll::Poll<()>>
[INFO] [stdout]   14:     0x566d4ff613d3 - <core[a373ad73a504971]::pin::Pin<&mut <tokio[e1b2f995f2067e06]::task::local::LocalSet>::run_until<conformance[70f1197760af50d4]::sending::every_transport_cause_the_corpus_names_ends_a_send_as_it_says::{closure#0}>::{closure#0}> as core[a373ad73a504971]::future::future::Future>::poll
[INFO] [stdout]   15:     0x566d4ff3fbdf - <tokio[e1b2f995f2067e06]::runtime::scheduler::current_thread::Context>::enter::<core[a373ad73a504971]::task::poll::Poll<()>, <tokio[e1b2f995f2067e06]::runtime::scheduler::current_thread::CoreGuard>::block_on<core[a373ad73a504971]::pin::Pin<&mut <tokio[e1b2f995f2067e06]::task::local::LocalSet>::run_until<conformance[70f1197760af50d4]::sending::every_transport_cause_the_corpus_names_ends_a_send_as_it_says::{closure#0}>::{closure#0}>>::{closure#0}::{closure#0}>
[INFO] [stdout]   16:     0x566d4ff326bc - <tokio[e1b2f995f2067e06]::runtime::context::scoped::Scoped<tokio[e1b2f995f2067e06]::runtime::scheduler::Context>>::set::<<tokio[e1b2f995f2067e06]::runtime::scheduler::current_thread::CoreGuard>::enter<<tokio[e1b2f995f2067e06]::runtime::scheduler::current_thread::CoreGuard>::block_on<core[a373ad73a504971]::pin::Pin<&mut <tokio[e1b2f995f2067e06]::task::local::LocalSet>::run_until<conformance[70f1197760af50d4]::sending::every_transport_cause_the_corpus_names_ends_a_send_as_it_says::{closure#0}>::{closure#0}>>::{closure#0}, core[a373ad73a504971]::option::Option<()>>::{closure#0}, (alloc[2e1b2a31b91974c5]::boxed::Box<tokio[e1b2f995f2067e06]::runtime::scheduler::current_thread::Core>, core[a373ad73a504971]::option::Option<()>)>
[INFO] [stdout]   17:     0x566d4ff40b27 - <tokio[e1b2f995f2067e06]::runtime::scheduler::current_thread::CoreGuard>::block_on::<core[a373ad73a504971]::pin::Pin<&mut <tokio[e1b2f995f2067e06]::task::local::LocalSet>::run_until<conformance[70f1197760af50d4]::sending::every_transport_cause_the_corpus_names_ends_a_send_as_it_says::{closure#0}>::{closure#0}>>
[INFO] [stdout]   18:     0x566d4ff395db - tokio[e1b2f995f2067e06]::runtime::context::runtime::enter_runtime::<<tokio[e1b2f995f2067e06]::runtime::scheduler::current_thread::CurrentThread>::block_on<<tokio[e1b2f995f2067e06]::task::local::LocalSet>::run_until<conformance[70f1197760af50d4]::sending::every_transport_cause_the_corpus_names_ends_a_send_as_it_says::{closure#0}>::{closure#0}>::{closure#0}, ()>
[INFO] [stdout]   19:     0x566d4ff0d592 - <tokio[e1b2f995f2067e06]::runtime::runtime::Runtime>::block_on::<<tokio[e1b2f995f2067e06]::task::local::LocalSet>::run_until<conformance[70f1197760af50d4]::sending::every_transport_cause_the_corpus_names_ends_a_send_as_it_says::{closure#0}>::{closure#0}>
[INFO] [stdout]   20:     0x566d4ff3180f - <conformance[70f1197760af50d4]::sending::every_transport_cause_the_corpus_names_ends_a_send_as_it_says::{closure#0} as core[a373ad73a504971]::ops::function::FnOnce<()>>::call_once
[INFO] [stdout]   21:     0x566d4ff6ba1b - test[aada8e7e76ba119b]::__rust_begin_short_backtrace::<core[a373ad73a504971]::result::Result<(), alloc[2e1b2a31b91974c5]::string::String>, fn() -> core[a373ad73a504971]::result::Result<(), alloc[2e1b2a31b91974c5]::string::String>>
[INFO] [stdout]   22:     0x566d4ff78bf5 - test[aada8e7e76ba119b]::run_test::{closure#0}
[INFO] [stdout]   23:     0x566d4ff724e4 - std[617be2ca0a6fd877]::sys::backtrace::__rust_begin_short_backtrace::<test[aada8e7e76ba119b]::run_test::{closure#1}, ()>
[INFO] [stdout]   24:     0x566d4ff7bc82 - <std[617be2ca0a6fd877]::thread::lifecycle::spawn_unchecked<test[aada8e7e76ba119b]::run_test::{closure#1}, ()>::{closure#1} as core[a373ad73a504971]::ops::function::FnOnce<()>>::call_once::{shim:vtable#0}
[INFO] [stdout]   25:     0x566d505a244f - <std[617be2ca0a6fd877]::sys::thread::unix::Thread>::new::thread_start
[INFO] [stdout]   26:     0x75cd3c48adfa - <unknown>
[INFO] [stdout]   27:     0x75cd3c51e3d4 - clone
[INFO] [stdout]   28:                0x0 - <unknown>
[INFO] [stdout] 
[INFO] [stdout] ---- verifying::every_refusal_the_corpus_declares_reads_as_one_of_this_client_s stdout ----
[INFO] [stdout] 
[INFO] [stdout] thread 'verifying::every_refusal_the_corpus_declares_reads_as_one_of_this_client_s' (4508) panicked at tests/conformance.rs:24:9:
[INFO] [stdout] the shared contract at /opt/rustwide/workdir/../conformance/signature.json is unreadable: No such file or directory (os error 2)
[INFO] [stdout] stack backtrace:
[INFO] [stdout]    0:     0x566d505a3861 - <<std[617be2ca0a6fd877]::sys::backtrace::BacktraceLock>::print::DisplayBacktrace as core[a373ad73a504971]::fmt::Display>::fmt
[INFO] [stdout]    1:     0x566d505bbd8a - core[a373ad73a504971]::fmt::write
[INFO] [stdout]    2:     0x566d505a878c - <alloc[2e1b2a31b91974c5]::vec::Vec<u8> as core[a373ad73a504971]::io::write::Write>::write_fmt
[INFO] [stdout]    3:     0x566d5057d336 - std[617be2ca0a6fd877]::panicking::default_hook::{closure#0}
[INFO] [stdout]    4:     0x566d5059a659 - std[617be2ca0a6fd877]::panicking::default_hook
[INFO] [stdout]    5:     0x566d4ff785d0 - test[aada8e7e76ba119b]::test_main_inner::{closure#0}
[INFO] [stdout]    6:     0x566d5059a982 - std[617be2ca0a6fd877]::panicking::panic_with_hook
[INFO] [stdout]    7:     0x566d5057d3e2 - std[617be2ca0a6fd877]::panicking::panic_handler::{closure#0}
[INFO] [stdout]    8:     0x566d50575de9 - std[617be2ca0a6fd877]::sys::backtrace::__rust_end_short_backtrace::<std[617be2ca0a6fd877]::panicking::panic_handler::{closure#0}, !>
[INFO] [stdout]    9:     0x566d5057e1dd - __rustc[ea4f61d10b84890b]::rust_begin_unwind
[INFO] [stdout]   10:     0x566d505bc4ec - core[a373ad73a504971]::panicking::panic_fmt
[INFO] [stdout]   11:     0x566d4ff4ead9 - conformance[70f1197760af50d4]::corpus::{closure#0}
[INFO] [stdout]   12:     0x566d4ff4f7be - conformance[70f1197760af50d4]::corpus
[INFO] [stdout]   13:     0x566d4ff2a630 - <conformance[70f1197760af50d4]::verifying::every_refusal_the_corpus_declares_reads_as_one_of_this_client_s::{closure#0} as core[a373ad73a504971]::ops::function::FnOnce<()>>::call_once
[INFO] [stdout]   14:     0x566d4ff6ba1b - test[aada8e7e76ba119b]::__rust_begin_short_backtrace::<core[a373ad73a504971]::result::Result<(), alloc[2e1b2a31b91974c5]::string::String>, fn() -> core[a373ad73a504971]::result::Result<(), alloc[2e1b2a31b91974c5]::string::String>>
[INFO] [stdout]   15:     0x566d4ff78bf5 - test[aada8e7e76ba119b]::run_test::{closure#0}
[INFO] [stdout]   16:     0x566d4ff724e4 - std[617be2ca0a6fd877]::sys::backtrace::__rust_begin_short_backtrace::<test[aada8e7e76ba119b]::run_test::{closure#1}, ()>
[INFO] [stdout]   17:     0x566d4ff7bc82 - <std[617be2ca0a6fd877]::thread::lifecycle::spawn_unchecked<test[aada8e7e76ba119b]::run_test::{closure#1}, ()>::{closure#1} as core[a373ad73a504971]::ops::function::FnOnce<()>>::call_once::{shim:vtable#0}
[INFO] [stdout]   18:     0x566d505a244f - <std[617be2ca0a6fd877]::sys::thread::unix::Thread>::new::thread_start
[INFO] [stdout]   19:     0x75cd3c48adfa - <unknown>
[INFO] [stdout]   20:     0x75cd3c51e3d4 - clone
[INFO] [stdout]   21:                0x0 - <unknown>
[INFO] [stdout] 
[INFO] [stdout] ---- sending::every_problem_the_corpus_classifies_is_repeated_as_it_says stdout ----
[INFO] [stdout] 
[INFO] [stdout] thread 'sending::every_problem_the_corpus_classifies_is_repeated_as_it_says' (4501) panicked at tests/conformance.rs:24:9:
[INFO] [stdout] the shared contract at /opt/rustwide/workdir/../conformance/retry.json is unreadable: No such file or directory (os error 2)
[INFO] [stdout] stack backtrace:
[INFO] [stdout]    0:     0x566d505a3861 - <<std[617be2ca0a6fd877]::sys::backtrace::BacktraceLock>::print::DisplayBacktrace as core[a373ad73a504971]::fmt::Display>::fmt
[INFO] [stdout]    1:     0x566d505bbd8a - core[a373ad73a504971]::fmt::write
[INFO] [stdout]    2:     0x566d505a878c - <alloc[2e1b2a31b91974c5]::vec::Vec<u8> as core[a373ad73a504971]::io::write::Write>::write_fmt
[INFO] [stdout]    3:     0x566d5057d336 - std[617be2ca0a6fd877]::panicking::default_hook::{closure#0}
[INFO] [stdout]    4:     0x566d5059a659 - std[617be2ca0a6fd877]::panicking::default_hook
[INFO] [stdout]    5:     0x566d4ff785d0 - test[aada8e7e76ba119b]::test_main_inner::{closure#0}
[INFO] [stdout]    6:     0x566d5059a982 - std[617be2ca0a6fd877]::panicking::panic_with_hook
[INFO] [stdout]    7:     0x566d5057d3e2 - std[617be2ca0a6fd877]::panicking::panic_handler::{closure#0}
[INFO] [stdout]    8:     0x566d50575de9 - std[617be2ca0a6fd877]::sys::backtrace::__rust_end_short_backtrace::<std[617be2ca0a6fd877]::panicking::panic_handler::{closure#0}, !>
[INFO] [stdout]    9:     0x566d5057e1dd - __rustc[ea4f61d10b84890b]::rust_begin_unwind
[INFO] [stdout]   10:     0x566d505bc4ec - core[a373ad73a504971]::panicking::panic_fmt
[INFO] [stdout]   11:     0x566d4ff4ead9 - conformance[70f1197760af50d4]::corpus::{closure#0}
[INFO] [stdout]   12:     0x566d4ff4f7be - conformance[70f1197760af50d4]::corpus
[INFO] [stdout]   13:     0x566d4fefc0fc - <std[617be2ca0a6fd877]::thread::local::LocalKey<tokio[e1b2f995f2067e06]::task::local::LocalData>>::with::<<tokio[e1b2f995f2067e06]::task::local::LocalSet>::with<core[a373ad73a504971]::task::poll::Poll<()>, <tokio[e1b2f995f2067e06]::task::local::RunUntil<conformance[70f1197760af50d4]::sending::every_problem_the_corpus_classifies_is_repeated_as_it_says::{closure#0}> as core[a373ad73a504971]::future::future::Future>::poll::{closure#0}>::{closure#0}, core[a373ad73a504971]::task::poll::Poll<()>>
[INFO] [stdout]   14:     0x566d4ff611d3 - <core[a373ad73a504971]::pin::Pin<&mut <tokio[e1b2f995f2067e06]::task::local::LocalSet>::run_until<conformance[70f1197760af50d4]::sending::every_problem_the_corpus_classifies_is_repeated_as_it_says::{closure#0}>::{closure#0}> as core[a373ad73a504971]::future::future::Future>::poll
[INFO] [stdout]   15:     0x566d4ff3f89f - <tokio[e1b2f995f2067e06]::runtime::scheduler::current_thread::Context>::enter::<core[a373ad73a504971]::task::poll::Poll<()>, <tokio[e1b2f995f2067e06]::runtime::scheduler::current_thread::CoreGuard>::block_on<core[a373ad73a504971]::pin::Pin<&mut <tokio[e1b2f995f2067e06]::task::local::LocalSet>::run_until<conformance[70f1197760af50d4]::sending::every_problem_the_corpus_classifies_is_repeated_as_it_says::{closure#0}>::{closure#0}>>::{closure#0}::{closure#0}>
[INFO] [stdout]   16:     0x566d4ff322fc - <tokio[e1b2f995f2067e06]::runtime::context::scoped::Scoped<tokio[e1b2f995f2067e06]::runtime::scheduler::Context>>::set::<<tokio[e1b2f995f2067e06]::runtime::scheduler::current_thread::CoreGuard>::enter<<tokio[e1b2f995f2067e06]::runtime::scheduler::current_thread::CoreGuard>::block_on<core[a373ad73a504971]::pin::Pin<&mut <tokio[e1b2f995f2067e06]::task::local::LocalSet>::run_until<conformance[70f1197760af50d4]::sending::every_problem_the_corpus_classifies_is_repeated_as_it_says::{closure#0}>::{closure#0}>>::{closure#0}, core[a373ad73a504971]::option::Option<()>>::{closure#0}, (alloc[2e1b2a31b91974c5]::boxed::Box<tokio[e1b2f995f2067e06]::runtime::scheduler::current_thread::Core>, core[a373ad73a504971]::option::Option<()>)>
[INFO] [stdout]   17:     0x566d4ff40747 - <tokio[e1b2f995f2067e06]::runtime::scheduler::current_thread::CoreGuard>::block_on::<core[a373ad73a504971]::pin::Pin<&mut <tokio[e1b2f995f2067e06]::task::local::LocalSet>::run_until<conformance[70f1197760af50d4]::sending::every_problem_the_corpus_classifies_is_repeated_as_it_says::{closure#0}>::{closure#0}>>
[INFO] [stdout]   18:     0x566d4ff38d1b - tokio[e1b2f995f2067e06]::runtime::context::runtime::enter_runtime::<<tokio[e1b2f995f2067e06]::runtime::scheduler::current_thread::CurrentThread>::block_on<<tokio[e1b2f995f2067e06]::task::local::LocalSet>::run_until<conformance[70f1197760af50d4]::sending::every_problem_the_corpus_classifies_is_repeated_as_it_says::{closure#0}>::{closure#0}>::{closure#0}, ()>
[INFO] [stdout]   19:     0x566d4ff0d1f2 - <tokio[e1b2f995f2067e06]::runtime::runtime::Runtime>::block_on::<<tokio[e1b2f995f2067e06]::task::local::LocalSet>::run_until<conformance[70f1197760af50d4]::sending::every_problem_the_corpus_classifies_is_repeated_as_it_says::{closure#0}>::{closure#0}>
[INFO] [stdout]   20:     0x566d4ff3168f - <conformance[70f1197760af50d4]::sending::every_problem_the_corpus_classifies_is_repeated_as_it_says::{closure#0} as core[a373ad73a504971]::ops::function::FnOnce<()>>::call_once
[INFO] [stdout]   21:     0x566d4ff6ba1b - test[aada8e7e76ba119b]::__rust_begin_short_backtrace::<core[a373ad73a504971]::result::Result<(), alloc[2e1b2a31b91974c5]::string::String>, fn() -> core[a373ad73a504971]::result::Result<(), alloc[2e1b2a31b91974c5]::string::String>>
[INFO] [stdout]   22:     0x566d4ff78bf5 - test[aada8e7e76ba119b]::run_test::{closure#0}
[INFO] [stdout]   23:     0x566d4ff724e4 - std[617be2ca0a6fd877]::sys::backtrace::__rust_begin_short_backtrace::<test[aada8e7e76ba119b]::run_test::{closure#1}, ()>
[INFO] [stdout]   24:     0x566d4ff7bc82 - <std[617be2ca0a6fd877]::thread::lifecycle::spawn_unchecked<test[aada8e7e76ba119b]::run_test::{closure#1}, ()>::{closure#1} as core[a373ad73a504971]::ops::function::FnOnce<()>>::call_once::{shim:vtable#0}
[INFO] [stdout]   25:     0x566d505a244f - <std[617be2ca0a6fd877]::sys::thread::unix::Thread>::new::thread_start
[INFO] [stdout]   26:     0x75cd3c48adfa - <unknown>
[INFO] [stdout]   27:     0x75cd3c51e3d4 - clone
[INFO] [stdout]   28:                0x0 - <unknown>
[INFO] [stdout] 
[INFO] [stdout] ---- verifying::every_delivery_of_the_corpus_is_verified_as_it_says stdout ----
[INFO] [stdout] 
[INFO] [stdout] thread 'verifying::every_delivery_of_the_corpus_is_verified_as_it_says' (4507) panicked at tests/conformance.rs:24:9:
[INFO] [stdout] the shared contract at /opt/rustwide/workdir/../conformance/signature.json is unreadable: No such file or directory (os error 2)
[INFO] [stdout] stack backtrace:
[INFO] [stdout]    0:     0x566d505a3861 - <<std[617be2ca0a6fd877]::sys::backtrace::BacktraceLock>::print::DisplayBacktrace as core[a373ad73a504971]::fmt::Display>::fmt
[INFO] [stdout]    1:     0x566d505bbd8a - core[a373ad73a504971]::fmt::write
[INFO] [stdout]    2:     0x566d505a878c - <alloc[2e1b2a31b91974c5]::vec::Vec<u8> as core[a373ad73a504971]::io::write::Write>::write_fmt
[INFO] [stdout]    3:     0x566d5057d336 - std[617be2ca0a6fd877]::panicking::default_hook::{closure#0}
[INFO] [stdout]    4:     0x566d5059a659 - std[617be2ca0a6fd877]::panicking::default_hook
[INFO] [stdout]    5:     0x566d4ff785d0 - test[aada8e7e76ba119b]::test_main_inner::{closure#0}
[INFO] [stdout]    6:     0x566d5059a982 - std[617be2ca0a6fd877]::panicking::panic_with_hook
[INFO] [stdout]    7:     0x566d5057d3e2 - std[617be2ca0a6fd877]::panicking::panic_handler::{closure#0}
[INFO] [stdout]    8:     0x566d50575de9 - std[617be2ca0a6fd877]::sys::backtrace::__rust_end_short_backtrace::<std[617be2ca0a6fd877]::panicking::panic_handler::{closure#0}, !>
[INFO] [stdout]    9:     0x566d5057e1dd - __rustc[ea4f61d10b84890b]::rust_begin_unwind
[INFO] [stdout]   10:     0x566d505bc4ec - core[a373ad73a504971]::panicking::panic_fmt
[INFO] [stdout]   11:     0x566d4ff4ead9 - conformance[70f1197760af50d4]::corpus::{closure#0}
[INFO] [stdout]   12:     0x566d4ff4f7be - conformance[70f1197760af50d4]::corpus
[INFO] [stdout]   13:     0x566d4ff29a20 - <conformance[70f1197760af50d4]::verifying::every_delivery_of_the_corpus_is_verified_as_it_says::{closure#0} as core[a373ad73a504971]::ops::function::FnOnce<()>>::call_once
[INFO] [stdout]   14:     0x566d4ff6ba1b - test[aada8e7e76ba119b]::__rust_begin_short_backtrace::<core[a373ad73a504971]::result::Result<(), alloc[2e1b2a31b91974c5]::string::String>, fn() -> core[a373ad73a504971]::result::Result<(), alloc[2e1b2a31b91974c5]::string::String>>
[INFO] [stdout]   15:     0x566d4ff78bf5 - test[aada8e7e76ba119b]::run_test::{closure#0}
[INFO] [stdout]   16:     0x566d4ff724e4 - std[617be2ca0a6fd877]::sys::backtrace::__rust_begin_short_backtrace::<test[aada8e7e76ba119b]::run_test::{closure#1}, ()>
[INFO] [stdout]   17:     0x566d4ff7bc82 - <std[617be2ca0a6fd877]::thread::lifecycle::spawn_unchecked<test[aada8e7e76ba119b]::run_test::{closure#1}, ()>::{closure#1} as core[a373ad73a504971]::ops::function::FnOnce<()>>::call_once::{shim:vtable#0}
[INFO] [stdout]   18:     0x566d505a244f - <std[617be2ca0a6fd877]::sys::thread::unix::Thread>::new::thread_start
[INFO] [stdout]   19:     0x75cd3c48adfa - <unknown>
[INFO] [stdout]   20:     0x75cd3c51e3d4 - clone
[INFO] [stdout]   21:                0x0 - <unknown>
[INFO] [stdout] 
[INFO] [stdout] ---- sending::the_delay_the_api_names_is_honoured_and_bounded stdout ----
[INFO] [stdout] 
[INFO] [stdout] thread 'sending::the_delay_the_api_names_is_honoured_and_bounded' (4506) panicked at tests/conformance.rs:24:9:
[INFO] [stdout] the shared contract at /opt/rustwide/workdir/../conformance/retry.json is unreadable: No such file or directory (os error 2)
[INFO] [stdout] stack backtrace:
[INFO] [stdout]    0:     0x566d505a3861 - <<std[617be2ca0a6fd877]::sys::backtrace::BacktraceLock>::print::DisplayBacktrace as core[a373ad73a504971]::fmt::Display>::fmt
[INFO] [stdout]    1:     0x566d505bbd8a - core[a373ad73a504971]::fmt::write
[INFO] [stdout]    2:     0x566d505a878c - <alloc[2e1b2a31b91974c5]::vec::Vec<u8> as core[a373ad73a504971]::io::write::Write>::write_fmt
[INFO] [stdout]    3:     0x566d5057d336 - std[617be2ca0a6fd877]::panicking::default_hook::{closure#0}
[INFO] [stdout]    4:     0x566d5059a659 - std[617be2ca0a6fd877]::panicking::default_hook
[INFO] [stdout]    5:     0x566d4ff785d0 - test[aada8e7e76ba119b]::test_main_inner::{closure#0}
[INFO] [stdout]    6:     0x566d5059a982 - std[617be2ca0a6fd877]::panicking::panic_with_hook
[INFO] [stdout]    7:     0x566d5057d3e2 - std[617be2ca0a6fd877]::panicking::panic_handler::{closure#0}
[INFO] [stdout]    8:     0x566d50575de9 - std[617be2ca0a6fd877]::sys::backtrace::__rust_end_short_backtrace::<std[617be2ca0a6fd877]::panicking::panic_handler::{closure#0}, !>
[INFO] [stdout]    9:     0x566d5057e1dd - __rustc[ea4f61d10b84890b]::rust_begin_unwind
[INFO] [stdout]   10:     0x566d505bc4ec - core[a373ad73a504971]::panicking::panic_fmt
[INFO] [stdout]   11:     0x566d4ff4ead9 - conformance[70f1197760af50d4]::corpus::{closure#0}
[INFO] [stdout]   12:     0x566d4ff4f7be - conformance[70f1197760af50d4]::corpus
[INFO] [stdout]   13:     0x566d4fef7b0e - <std[617be2ca0a6fd877]::thread::local::LocalKey<tokio[e1b2f995f2067e06]::task::local::LocalData>>::with::<<tokio[e1b2f995f2067e06]::task::local::LocalSet>::with<core[a373ad73a504971]::task::poll::Poll<()>, <tokio[e1b2f995f2067e06]::task::local::RunUntil<conformance[70f1197760af50d4]::sending::the_delay_the_api_names_is_honoured_and_bounded::{closure#0}> as core[a373ad73a504971]::future::future::Future>::poll::{closure#0}>::{closure#0}, core[a373ad73a504971]::task::poll::Poll<()>>
[INFO] [stdout]   14:     0x566d4ff60dd3 - <core[a373ad73a504971]::pin::Pin<&mut <tokio[e1b2f995f2067e06]::task::local::LocalSet>::run_until<conformance[70f1197760af50d4]::sending::the_delay_the_api_names_is_honoured_and_bounded::{closure#0}>::{closure#0}> as core[a373ad73a504971]::future::future::Future>::poll
[INFO] [stdout]   15:     0x566d4ff3f21f - <tokio[e1b2f995f2067e06]::runtime::scheduler::current_thread::Context>::enter::<core[a373ad73a504971]::task::poll::Poll<()>, <tokio[e1b2f995f2067e06]::runtime::scheduler::current_thread::CoreGuard>::block_on<core[a373ad73a504971]::pin::Pin<&mut <tokio[e1b2f995f2067e06]::task::local::LocalSet>::run_until<conformance[70f1197760af50d4]::sending::the_delay_the_api_names_is_honoured_and_bounded::{closure#0}>::{closure#0}>>::{closure#0}::{closure#0}>
[INFO] [stdout]   16:     0x566d4ff31b7c - <tokio[e1b2f995f2067e06]::runtime::context::scoped::Scoped<tokio[e1b2f995f2067e06]::runtime::scheduler::Context>>::set::<<tokio[e1b2f995f2067e06]::runtime::scheduler::current_thread::CoreGuard>::enter<<tokio[e1b2f995f2067e06]::runtime::scheduler::current_thread::CoreGuard>::block_on<core[a373ad73a504971]::pin::Pin<&mut <tokio[e1b2f995f2067e06]::task::local::LocalSet>::run_until<conformance[70f1197760af50d4]::sending::the_delay_the_api_names_is_honoured_and_bounded::{closure#0}>::{closure#0}>>::{closure#0}, core[a373ad73a504971]::option::Option<()>>::{closure#0}, (alloc[2e1b2a31b91974c5]::boxed::Box<tokio[e1b2f995f2067e06]::runtime::scheduler::current_thread::Core>, core[a373ad73a504971]::option::Option<()>)>
[INFO] [stdout]   17:     0x566d4ff3ff87 - <tokio[e1b2f995f2067e06]::runtime::scheduler::current_thread::CoreGuard>::block_on::<core[a373ad73a504971]::pin::Pin<&mut <tokio[e1b2f995f2067e06]::task::local::LocalSet>::run_until<conformance[70f1197760af50d4]::sending::the_delay_the_api_names_is_honoured_and_bounded::{closure#0}>::{closure#0}>>
[INFO] [stdout]   18:     0x566d4ff37b9b - tokio[e1b2f995f2067e06]::runtime::context::runtime::enter_runtime::<<tokio[e1b2f995f2067e06]::runtime::scheduler::current_thread::CurrentThread>::block_on<<tokio[e1b2f995f2067e06]::task::local::LocalSet>::run_until<conformance[70f1197760af50d4]::sending::the_delay_the_api_names_is_honoured_and_bounded::{closure#0}>::{closure#0}>::{closure#0}, ()>
[INFO] [stdout]   19:     0x566d4ff0caa2 - <tokio[e1b2f995f2067e06]::runtime::runtime::Runtime>::block_on::<<tokio[e1b2f995f2067e06]::task::local::LocalSet>::run_until<conformance[70f1197760af50d4]::sending::the_delay_the_api_names_is_honoured_and_bounded::{closure#0}>::{closure#0}>
[INFO] [stdout]   20:     0x566d4ff3138f - <conformance[70f1197760af50d4]::sending::the_delay_the_api_names_is_honoured_and_bounded::{closure#0} as core[a373ad73a504971]::ops::function::FnOnce<()>>::call_once
[INFO] [stdout]   21:     0x566d4ff6ba1b - test[aada8e7e76ba119b]::__rust_begin_short_backtrace::<core[a373ad73a504971]::result::Result<(), alloc[2e1b2a31b91974c5]::string::String>, fn() -> core[a373ad73a504971]::result::Result<(), alloc[2e1b2a31b91974c5]::string::String>>
[INFO] [stdout]   22:     0x566d4ff78bf5 - test[aada8e7e76ba119b]::run_test::{closure#0}
[INFO] [stdout]   23:     0x566d4ff724e4 - std[617be2ca0a6fd877]::sys::backtrace::__rust_begin_short_backtrace::<test[aada8e7e76ba119b]::run_test::{closure#1}, ()>
[INFO] [stdout]   24:     0x566d4ff7bc82 - <std[617be2ca0a6fd877]::thread::lifecycle::spawn_unchecked<test[aada8e7e76ba119b]::run_test::{closure#1}, ()>::{closure#1} as core[a373ad73a504971]::ops::function::FnOnce<()>>::call_once::{shim:vtable#0}
[INFO] [stdout]   25:     0x566d505a244f - <std[617be2ca0a6fd877]::sys::thread::unix::Thread>::new::thread_start
[INFO] [stdout]   26:     0x75cd3c48adfa - <unknown>
[INFO] [stdout]   27:     0x75cd3c51e3d4 - clone
[INFO] [stdout]   28:                0x0 - <unknown>
[INFO] [stdout] 
[INFO] [stdout] 
[INFO] [stdout] failures:
[INFO] [stdout]     sending::a_head_above_the_ceilings_the_corpus_names_is_refused
[INFO] [stdout]     sending::a_policy_asking_for_more_attempts_than_the_cap_states_the_cap
[INFO] [stdout]     sending::every_problem_the_corpus_classifies_is_repeated_as_it_says
[INFO] [stdout]     sending::every_request_carries_what_the_corpus_says_it_does
[INFO] [stdout]     sending::every_status_the_corpus_rules_on_is_repeated_as_it_says
[INFO] [stdout]     sending::every_transport_cause_the_corpus_names_ends_a_send_as_it_says
[INFO] [stdout]     sending::the_bounds_are_the_ones_the_corpus_names
[INFO] [stdout]     sending::the_delay_the_api_names_is_honoured_and_bounded
[INFO] [stdout]     verifying::every_delivery_of_the_corpus_is_verified_as_it_says
[INFO] [stdout]     verifying::every_refusal_the_corpus_declares_reads_as_one_of_this_client_s
[INFO] [stdout] 
[INFO] [stdout] test result: FAILED. 0 passed; 10 failed; 0 ignored; 0 measured; 0 filtered out; finished in 0.01s
[INFO] [stdout] 
[INFO] running `Command { std: "docker" "inspect" "407e4b928477925af2c04d58fa2109208a9a9a58724ea85011a8666753e1c70c", kill_on_drop: false }`
[INFO] running `Command { std: "docker" "rm" "-f" "407e4b928477925af2c04d58fa2109208a9a9a58724ea85011a8666753e1c70c", kill_on_drop: false }`
[INFO] [stdout] 407e4b928477925af2c04d58fa2109208a9a9a58724ea85011a8666753e1c70c
