[INFO] fetching crate hook-transpiler 0.2.5...
[INFO] testing hook-transpiler-0.2.5 against 1.99.0-beta.8+cargoflags=--release for beta-release-1.100-2
[INFO] extracting crate hook-transpiler 0.2.5 into /workspace/builds/worker-4-tc1/source
[INFO] started tweaking crates.io crate hook-transpiler 0.2.5
[INFO] finished tweaking crates.io crate hook-transpiler 0.2.5
[INFO] tweaked toml for crates.io crate hook-transpiler 0.2.5 written to /workspace/builds/worker-4-tc1/source/Cargo.toml
[INFO] validating manifest of crates.io crate hook-transpiler 0.2.5 on toolchain 1.99.0-beta.8
[INFO] running `Command { std: CARGO_HOME="/workspace/cargo-home" RUSTUP_HOME="/workspace/rustup-home" "/workspace/cargo-home/bin/cargo" "+1.99.0-beta.8" "metadata" "--manifest-path" "Cargo.toml" "--no-deps", kill_on_drop: false }`
[INFO] crate crates.io crate hook-transpiler 0.2.5 already has a lockfile, it will not be regenerated
[INFO] running `Command { std: CARGO_HOME="/workspace/cargo-home" RUSTUP_HOME="/workspace/rustup-home" "/workspace/cargo-home/bin/cargo" "+1.99.0-beta.8" "fetch" "--manifest-path" "Cargo.toml", kill_on_drop: false }`
[INFO] [stderr]     Updating crates.io index
[INFO] [stderr]  Downloading crates ...
[INFO] [stderr]   Downloaded swc_visit v2.0.1
[INFO] [stderr]   Downloaded swc_config_macro v1.0.1
[INFO] [stderr]   Downloaded swc_ecma_codegen_macros v2.0.2
[INFO] [stderr]   Downloaded swc_ecma_ast v19.0.0
[INFO] [stderr]   Downloaded better_scoped_tls v1.0.1
[INFO] [stderr]   Downloaded swc_atoms v9.0.0
[INFO] [stderr]   Downloaded bytes-str v0.2.7
[INFO] [stderr]   Downloaded string_enum v1.0.2
[INFO] [stderr]   Downloaded is-macro v0.3.7
[INFO] [stderr]   Downloaded swc_macros_common v1.0.1
[INFO] [stderr]   Downloaded from_variant v3.0.0
[INFO] [stderr]   Downloaded swc_config v3.1.2
[INFO] [stderr]   Downloaded par-core v2.0.0
[INFO] [stderr]   Downloaded swc_allocator v4.0.1
[INFO] [stderr]   Downloaded swc_eq_ignore_macros v1.0.1
[INFO] [stderr]   Downloaded vergen-lib v0.1.6
[INFO] [stderr]   Downloaded swc_ecma_transforms_module v35.0.0
[INFO] [stderr]   Downloaded ast_node v5.0.0
[INFO] [stderr]   Downloaded swc_ecma_loader v18.0.0
[INFO] [stderr]   Downloaded cargo_metadata v0.19.2
[INFO] [stderr]   Downloaded compression-codecs v0.4.35
[INFO] [stderr]   Downloaded triomphe v0.1.15
[INFO] [stderr]   Downloaded vergen v9.0.6
[INFO] [stderr]   Downloaded hstr v3.0.3
[INFO] [stderr]   Downloaded swc_ecma_transforms_typescript v35.0.0
[INFO] [stderr]   Downloaded swc_ecma_utils v25.0.0
[INFO] [stderr]   Downloaded swc_core v50.2.3
[INFO] [stderr]   Downloaded swc_ecma_transforms_react v35.0.0
[INFO] [stderr]   Downloaded swc_sourcemap v9.3.4
[INFO] [stderr]   Downloaded ryu-js v1.0.2
[INFO] [stderr]   Downloaded swc_ecma_codegen v21.0.0
[INFO] [stderr]   Downloaded swc_common v18.0.1
[INFO] [stderr]   Downloaded swc_ecma_transforms_base v32.0.0
[INFO] [stderr]   Downloaded async-compression v0.4.36
[INFO] [stderr]   Downloaded swc_ecma_visit v19.0.0
[INFO] [stderr]   Downloaded swc_ecma_parser v29.0.2
[INFO] [stderr]   Downloaded reqwest v0.12.26
[INFO] running `Command { std: "docker" "create" "-v" "/var/lib/crater-agent-workspace/builds/worker-4-tc1/source:/opt/rustwide/workdir:ro,Z" "-v" "/var/lib/crater-agent-workspace/builds/worker-4-tc1/target:/opt/rustwide/target:rw,Z" "-v" "/var/lib/crater-agent-workspace/cargo-home:/opt/rustwide/cargo-home:ro,Z" "-v" "/var/lib/crater-agent-workspace/rustup-home:/opt/rustwide/rustup-home:ro,Z" "-m" "1610612736" "--network" "none" "ghcr.io/rust-lang/crates-build-env/linux@sha256:77db811e55d90add9212f6832c23229e3de5f1c1f9905e8cb07319ea15df73ac" "sleep" "infinity", kill_on_drop: false }`
[INFO] [stdout] ea01965b84cd169da95bdb3d1cf95aa16313cff0c4cc36324d9776271bac7322
[INFO] running `Command { std: "docker" "start" "ea01965b84cd169da95bdb3d1cf95aa16313cff0c4cc36324d9776271bac7322", kill_on_drop: false }`
[INFO] running `Command { std: "docker" "inspect" "ea01965b84cd169da95bdb3d1cf95aa16313cff0c4cc36324d9776271bac7322", kill_on_drop: false }`
[INFO] running `Command { std: "docker" "exec" "-e" "SOURCE_DIR=/opt/rustwide/workdir" "-e" "CARGO_HOME=/opt/rustwide/cargo-home" "-e" "RUSTUP_HOME=/opt/rustwide/rustup-home" "-e" "CARGO_TARGET_DIR=/opt/rustwide/target" "-w" "/opt/rustwide/workdir" "--user" "0:0" "ea01965b84cd169da95bdb3d1cf95aa16313cff0c4cc36324d9776271bac7322" "/opt/rustwide/cargo-home/bin/cargo" "+1.99.0-beta.8" "metadata" "--no-deps" "--format-version=1", kill_on_drop: false }`
[INFO] running `Command { std: "docker" "inspect" "ea01965b84cd169da95bdb3d1cf95aa16313cff0c4cc36324d9776271bac7322", kill_on_drop: false }`
[INFO] running `Command { std: "docker" "exec" "-e" "SOURCE_DIR=/opt/rustwide/workdir" "-e" "CARGO_HOME=/opt/rustwide/cargo-home" "-e" "RUSTUP_HOME=/opt/rustwide/rustup-home" "-e" "CARGO_TARGET_DIR=/opt/rustwide/target" "-e" "CARGO_INCREMENTAL=0" "-e" "RUST_BACKTRACE=full" "-e" "RUSTFLAGS=--cap-lints=warn" "-e" "RUSTDOCFLAGS=--cap-lints=warn" "-w" "/opt/rustwide/workdir" "--user" "0:0" "ea01965b84cd169da95bdb3d1cf95aa16313cff0c4cc36324d9776271bac7322" "/opt/rustwide/cargo-home/bin/cargo" "+1.99.0-beta.8" "build" "--frozen" "--message-format=json" "--release", kill_on_drop: false }`
[INFO] [stderr]    Compiling serde_core v1.0.228
[INFO] [stderr]    Compiling serde v1.0.228
[INFO] [stderr]    Compiling allocator-api2 v0.2.21
[INFO] [stderr]    Compiling new_debug_unreachable v1.0.6
[INFO] [stderr]    Compiling zerocopy v0.8.31
[INFO] [stderr]    Compiling syn v2.0.111
[INFO] [stderr]    Compiling phf_shared v0.11.3
[INFO] [stderr]    Compiling tracing-core v0.1.35
[INFO] [stderr]    Compiling either v1.15.0
[INFO] [stderr]    Compiling better_scoped_tls v1.0.1
[INFO] [stderr]    Compiling siphasher v0.3.11
[INFO] [stderr]    Compiling unicode-id-start v1.4.0
[INFO] [stderr]    Compiling aho-corasick v1.1.4
[INFO] [stderr]    Compiling bitflags v2.10.0
[INFO] [stderr]    Compiling regex-syntax v0.8.8
[INFO] [stderr]    Compiling serde_json v1.0.145
[INFO] [stderr]    Compiling smartstring v1.0.1
[INFO] [stderr]    Compiling camino v1.2.2
[INFO] [stderr]    Compiling swc_visit v2.0.1
[INFO] [stderr]    Compiling ryu-js v1.0.2
[INFO] [stderr]    Compiling parking_lot_core v0.9.12
[INFO] [stderr]    Compiling thiserror v2.0.17
[INFO] [stderr]    Compiling num_cpus v1.17.0
[INFO] [stderr]    Compiling vergen-lib v0.1.6
[INFO] [stderr]    Compiling phf_generator v0.11.3
[INFO] [stderr]    Compiling bstr v1.12.1
[INFO] [stderr]    Compiling par-core v2.0.0
[INFO] [stderr]    Compiling ryu v1.0.20
[INFO] [stderr]    Compiling radium v0.7.0
[INFO] [stderr]    Compiling itoa v1.0.15
[INFO] [stderr]    Compiling seq-macro v0.3.6
[INFO] [stderr]    Compiling vergen v9.0.6
[INFO] [stderr]    Compiling tap v1.0.1
[INFO] [stderr]    Compiling wyz v0.5.1
[INFO] [stderr]    Compiling funty v2.0.0
[INFO] [stderr]    Compiling vsimd v0.8.0
[INFO] [stderr]    Compiling uuid v1.19.0
[INFO] [stderr]    Compiling outref v0.5.2
[INFO] [stderr]    Compiling sha1 v0.10.6
[INFO] [stderr]    Compiling bumpalo v3.19.1
[INFO] [stderr]    Compiling castaway v0.2.4
[INFO] [stderr]    Compiling if_chain v1.0.3
[INFO] [stderr]    Compiling data-encoding v2.9.0
[INFO] [stderr]    Compiling bitvec v1.0.1
[INFO] [stderr]    Compiling pathdiff v0.2.3
[INFO] [stderr]    Compiling compact_str v0.7.1
[INFO] [stderr]    Compiling path-clean v1.0.1
[INFO] [stderr]    Compiling ascii v1.1.0
[INFO] [stderr]    Compiling base64-simd v0.8.0
[INFO] [stderr]    Compiling ahash v0.8.12
[INFO] [stderr]    Compiling hashbrown v0.14.5
[INFO] [stderr]    Compiling regex-automata v0.4.13
[INFO] [stderr]    Compiling dashmap v5.5.3
[INFO] [stderr]    Compiling semver v1.0.27
[INFO] [stderr]    Compiling swc_allocator v4.0.1
[INFO] [stderr]    Compiling synstructure v0.13.2
[INFO] [stderr]    Compiling swc_macros_common v1.0.1
[INFO] [stderr]    Compiling darling_core v0.20.11
[INFO] [stderr]    Compiling regex v1.12.2
[INFO] [stderr]    Compiling globset v0.4.18
[INFO] [stderr]    Compiling serde_derive v1.0.228
[INFO] [stderr]    Compiling zerofrom-derive v0.1.6
[INFO] [stderr]    Compiling yoke-derive v0.8.1
[INFO] [stderr]    Compiling zerovec-derive v0.11.2
[INFO] [stderr]    Compiling displaydoc v0.2.5
[INFO] [stderr]    Compiling tracing-attributes v0.1.31
[INFO] [stderr]    Compiling swc_eq_ignore_macros v1.0.1
[INFO] [stderr]    Compiling from_variant v3.0.0
[INFO] [stderr]    Compiling ast_node v5.0.0
[INFO] [stderr]    Compiling phf_macros v0.11.3
[INFO] [stderr]    Compiling string_enum v1.0.2
[INFO] [stderr]    Compiling is-macro v0.3.7
[INFO] [stderr]    Compiling thiserror-impl v2.0.17
[INFO] [stderr]    Compiling swc_config_macro v1.0.1
[INFO] [stderr]    Compiling Inflector v0.11.4
[INFO] [stderr]    Compiling swc_ecma_codegen_macros v2.0.2
[INFO] [stderr]    Compiling phf v0.11.3
[INFO] [stderr]    Compiling zerofrom v0.1.6
[INFO] [stderr]    Compiling yoke v0.8.1
[INFO] [stderr]    Compiling tracing v0.1.43
[INFO] [stderr]    Compiling zerovec v0.11.5
[INFO] [stderr]    Compiling zerotrie v0.2.3
[INFO] [stderr]    Compiling darling_macro v0.20.11
[INFO] [stderr]    Compiling darling v0.20.11
[INFO] [stderr]    Compiling derive_builder_core v0.20.2
[INFO] [stderr]    Compiling tinystr v0.8.2
[INFO] [stderr]    Compiling potential_utf v0.1.4
[INFO] [stderr]    Compiling icu_collections v2.1.1
[INFO] [stderr]    Compiling icu_locale_core v2.1.1
[INFO] [stderr]    Compiling derive_builder_macro v0.20.2
[INFO] [stderr]    Compiling derive_builder v0.20.2
[INFO] [stderr]    Compiling cargo-platform v0.1.9
[INFO] [stderr]    Compiling bytes-str v0.2.7
[INFO] [stderr]    Compiling triomphe v0.1.15
[INFO] [stderr]    Compiling num-bigint v0.4.6
[INFO] [stderr]    Compiling debugid v0.8.0
[INFO] [stderr]    Compiling cargo_metadata v0.19.2
[INFO] [stderr]    Compiling hstr v3.0.3
[INFO] [stderr]    Compiling swc_config v3.1.2
[INFO] [stderr]    Compiling icu_provider v2.1.1
[INFO] [stderr]    Compiling swc_atoms v9.0.0
[INFO] [stderr]    Compiling icu_normalizer v2.1.1
[INFO] [stderr]    Compiling icu_properties v2.1.2
[INFO] [stderr]    Compiling swc_core v50.2.3
[INFO] [stderr]    Compiling idna_adapter v1.2.1
[INFO] [stderr]    Compiling idna v1.1.0
[INFO] [stderr]    Compiling url v2.5.7
[INFO] [stderr]    Compiling swc_common v18.0.1
[INFO] [stderr]    Compiling swc_sourcemap v9.3.4
[INFO] [stderr]    Compiling swc_ecma_ast v19.0.0
[INFO] [stderr]    Compiling swc_ecma_loader v18.0.0
[INFO] [stderr]    Compiling swc_ecma_visit v19.0.0
[INFO] [stderr]    Compiling swc_ecma_parser v29.0.2
[INFO] [stderr]    Compiling swc_ecma_codegen v21.0.0
[INFO] [stderr]    Compiling swc_ecma_utils v25.0.0
[INFO] [stderr]    Compiling swc_ecma_transforms_base v32.0.0
[INFO] [stderr]    Compiling swc_ecma_transforms_react v35.0.0
[INFO] [stderr]    Compiling swc_ecma_transforms_module v35.0.0
[INFO] [stderr]    Compiling swc_ecma_transforms_typescript v35.0.0
[INFO] [stderr]    Compiling hook-transpiler v0.2.5 (/opt/rustwide/workdir)
[INFO] [stderr]     Finished `release` profile [optimized] target(s) in 2m 32s
[INFO] running `Command { std: "docker" "inspect" "ea01965b84cd169da95bdb3d1cf95aa16313cff0c4cc36324d9776271bac7322", kill_on_drop: false }`
[INFO] running `Command { std: "docker" "exec" "-e" "SOURCE_DIR=/opt/rustwide/workdir" "-e" "CARGO_HOME=/opt/rustwide/cargo-home" "-e" "RUSTUP_HOME=/opt/rustwide/rustup-home" "-e" "CARGO_TARGET_DIR=/opt/rustwide/target" "-e" "CARGO_INCREMENTAL=0" "-e" "RUST_BACKTRACE=full" "-e" "RUSTFLAGS=--cap-lints=warn" "-e" "RUSTDOCFLAGS=--cap-lints=warn" "-w" "/opt/rustwide/workdir" "--user" "0:0" "ea01965b84cd169da95bdb3d1cf95aa16313cff0c4cc36324d9776271bac7322" "/opt/rustwide/cargo-home/bin/cargo" "+1.99.0-beta.8" "test" "--frozen" "--no-run" "--message-format=json" "--release", kill_on_drop: false }`
[INFO] [stderr]    Compiling yansi v1.0.1
[INFO] [stderr]    Compiling pretty_assertions v1.4.1
[INFO] [stderr]    Compiling hook-transpiler v0.2.5 (/opt/rustwide/workdir)
[INFO] [stderr]     Finished `release` profile [optimized] target(s) in 21.01s
[INFO] running `Command { std: "docker" "inspect" "ea01965b84cd169da95bdb3d1cf95aa16313cff0c4cc36324d9776271bac7322", kill_on_drop: false }`
[INFO] running `Command { std: "docker" "exec" "-e" "SOURCE_DIR=/opt/rustwide/workdir" "-e" "CARGO_HOME=/opt/rustwide/cargo-home" "-e" "RUSTUP_HOME=/opt/rustwide/rustup-home" "-e" "CARGO_TARGET_DIR=/opt/rustwide/target" "-e" "CARGO_INCREMENTAL=0" "-e" "RUST_BACKTRACE=full" "-e" "RUSTFLAGS=--cap-lints=warn" "-e" "RUSTDOCFLAGS=--cap-lints=warn" "-w" "/opt/rustwide/workdir" "--user" "0:0" "ea01965b84cd169da95bdb3d1cf95aa16313cff0c4cc36324d9776271bac7322" "/opt/rustwide/cargo-home/bin/cargo" "+1.99.0-beta.8" "test" "--frozen" "--release", kill_on_drop: false }`
[INFO] [stderr]     Finished `release` profile [optimized] target(s) in 0.24s
[INFO] [stderr]      Running unittests src/lib.rs (/opt/rustwide/target/release/deps/hook_transpiler-0b716f949f2d955c)
[INFO] [stdout] 
[INFO] [stdout] running 9 tests
[INFO] [stdout] test tests::transpiles_to_commonjs_exports ... ok
[INFO] [stdout] test tests::transpiles_real_get_client_file_if_present ... ok
[INFO] [stdout] test tests::transpiles_layout_component_fixture ... ok
[INFO] [stdout] test tests::transpiles_tmdb_plugin_commonjs ... ok
[INFO] [stdout] test tests::rewrites_dynamic_import ... ok
[INFO] [stdout] test tests::transpiles_get_client ... ok
[INFO] [stdout] test tests::rewrites_static_special_imports ... ok
[INFO] [stdout] test tests::transpiles_basic_jsx ... FAILED
[INFO] [stdout] test tests::transpiles_query_client_fixture ... ok
[INFO] [stdout] 
[INFO] [stdout] failures:
[INFO] [stdout] 
[INFO] [stdout] ---- tests::transpiles_basic_jsx stdout ----
[INFO] [stdout] 
[INFO] [stdout] thread 'tests::transpiles_basic_jsx' (2636) panicked at src/lib.rs:476:9:
[INFO] [stdout] assertion failed: out.code.contains("React.createElement") || out.code.contains("h(")
[INFO] [stdout] stack backtrace:
[INFO] [stdout]    0:     0x5ff5a13ca271 - <<std[70759c8f55707aa4]::sys::backtrace::BacktraceLock>::print::DisplayBacktrace as core[df12db4294e9bfd3]::fmt::Display>::fmt
[INFO] [stdout]    1:     0x5ff5a13e176a - core[df12db4294e9bfd3]::fmt::write
[INFO] [stdout]    2:     0x5ff5a13cf68c - <alloc[2182bb758b4b3781]::vec::Vec<u8> as core[df12db4294e9bfd3]::io::write::Write>::write_fmt
[INFO] [stdout]    3:     0x5ff5a13a54e6 - std[70759c8f55707aa4]::panicking::default_hook::{closure#0}
[INFO] [stdout]    4:     0x5ff5a13c21a9 - std[70759c8f55707aa4]::panicking::default_hook
[INFO] [stdout]    5:     0x5ff5a0f99bd0 - test[9d35eded1c95d3be]::test_main_inner::<test[9d35eded1c95d3be]::test_main_static::{closure#0}>::{closure#0}
[INFO] [stdout]    6:     0x5ff5a13c2362 - std[70759c8f55707aa4]::panicking::panic_with_hook
[INFO] [stdout]    7:     0x5ff5a13a55c4 - std[70759c8f55707aa4]::panicking::panic_handler::{closure#0}
[INFO] [stdout]    8:     0x5ff5a139dbc9 - std[70759c8f55707aa4]::sys::backtrace::__rust_end_short_backtrace::<std[70759c8f55707aa4]::panicking::panic_handler::{closure#0}, !>
[INFO] [stdout]    9:     0x5ff5a13a629d - __rustc[8fa7c3cbc660c2b3]::rust_begin_unwind
[INFO] [stdout]   10:     0x5ff5a13e1f4c - core[df12db4294e9bfd3]::panicking::panic_fmt
[INFO] [stdout]   11:     0x5ff5a13e1f12 - core[df12db4294e9bfd3]::panicking::panic
[INFO] [stdout]   12:     0x5ff5a0f8b354 - <hook_transpiler[864000ecc416756f]::tests::transpiles_basic_jsx::{closure#0} as core[df12db4294e9bfd3]::ops::function::FnOnce<()>>::call_once
[INFO] [stdout]   13:     0x5ff5a0f8cebb - test[9d35eded1c95d3be]::__rust_begin_short_backtrace::<core[df12db4294e9bfd3]::result::Result<(), alloc[2182bb758b4b3781]::string::String>, fn() -> core[df12db4294e9bfd3]::result::Result<(), alloc[2182bb758b4b3781]::string::String>>
[INFO] [stdout]   14:     0x5ff5a0f9a525 - test[9d35eded1c95d3be]::run_test::{closure#0}
[INFO] [stdout]   15:     0x5ff5a0f93de4 - std[70759c8f55707aa4]::sys::backtrace::__rust_begin_short_backtrace::<test[9d35eded1c95d3be]::run_test::{closure#1}, ()>
[INFO] [stdout]   16:     0x5ff5a0f9d682 - <std[70759c8f55707aa4]::thread::lifecycle::spawn_unchecked<test[9d35eded1c95d3be]::run_test::{closure#1}, ()>::{closure#1} as core[df12db4294e9bfd3]::ops::function::FnOnce<()>>::call_once::{shim:vtable#0}
[INFO] [stdout]   17:     0x5ff5a13c9489 - <std[70759c8f55707aa4]::sys::thread::unix::Thread>::new::thread_start
[INFO] [stdout]   18:     0x78a259c8edfa - <unknown>
[INFO] [stdout]   19:     0x78a259d223d4 - clone
[INFO] [stdout]   20:                0x0 - <unknown>
[INFO] [stdout] 
[INFO] [stdout] 
[INFO] [stdout] failures:
[INFO] [stdout]     tests::transpiles_basic_jsx
[INFO] [stdout] 
[INFO] [stdout] test result: FAILED. 8 passed; 1 failed; 0 ignored; 0 measured; 0 filtered out; finished in 0.08s
[INFO] [stdout] 
[INFO] [stderr] error: test failed, to rerun pass `--lib`
[INFO] running `Command { std: "docker" "inspect" "ea01965b84cd169da95bdb3d1cf95aa16313cff0c4cc36324d9776271bac7322", kill_on_drop: false }`
[INFO] running `Command { std: "docker" "rm" "-f" "ea01965b84cd169da95bdb3d1cf95aa16313cff0c4cc36324d9776271bac7322", kill_on_drop: false }`
[INFO] [stdout] ea01965b84cd169da95bdb3d1cf95aa16313cff0c4cc36324d9776271bac7322
