[INFO] fetching crate hoogle-syntax 0.1.2...
[INFO] testing hoogle-syntax-0.1.2 against 1.100.0-beta.1+cargoflags=--release for beta-release-1.100-2
[INFO] extracting crate hoogle-syntax 0.1.2 into /workspace/builds/worker-7-tc2/source
[INFO] started tweaking crates.io crate hoogle-syntax 0.1.2
[INFO] finished tweaking crates.io crate hoogle-syntax 0.1.2
[INFO] tweaked toml for crates.io crate hoogle-syntax 0.1.2 written to /workspace/builds/worker-7-tc2/source/Cargo.toml
[INFO] validating manifest of crates.io crate hoogle-syntax 0.1.2 on toolchain 1.100.0-beta.1
[INFO] running `Command { std: CARGO_HOME="/workspace/cargo-home" RUSTUP_HOME="/workspace/rustup-home" "/workspace/cargo-home/bin/cargo" "+1.100.0-beta.1" "metadata" "--manifest-path" "Cargo.toml" "--no-deps", kill_on_drop: false }`
[INFO] crate crates.io crate hoogle-syntax 0.1.2 already has a lockfile, it will not be regenerated
[INFO] running `Command { std: CARGO_HOME="/workspace/cargo-home" RUSTUP_HOME="/workspace/rustup-home" "/workspace/cargo-home/bin/cargo" "+1.100.0-beta.1" "fetch" "--manifest-path" "Cargo.toml", kill_on_drop: false }`
[INFO] running `Command { std: "docker" "create" "-v" "/var/lib/crater-agent-workspace/builds/worker-7-tc2/source:/opt/rustwide/workdir:ro,Z" "-v" "/var/lib/crater-agent-workspace/builds/worker-7-tc2/target:/opt/rustwide/target:rw,Z" "-v" "/var/lib/crater-agent-workspace/cargo-home:/opt/rustwide/cargo-home:ro,Z" "-v" "/var/lib/crater-agent-workspace/rustup-home:/opt/rustwide/rustup-home:ro,Z" "-m" "1610612736" "--network" "none" "ghcr.io/rust-lang/crates-build-env/linux@sha256:77db811e55d90add9212f6832c23229e3de5f1c1f9905e8cb07319ea15df73ac" "sleep" "infinity", kill_on_drop: false }`
[INFO] [stdout] 9d7475d8f387ab0a1eaf96b1ca9c0c5804c6fa3695f5015929f5525a7e926872
[INFO] running `Command { std: "docker" "start" "9d7475d8f387ab0a1eaf96b1ca9c0c5804c6fa3695f5015929f5525a7e926872", kill_on_drop: false }`
[INFO] running `Command { std: "docker" "inspect" "9d7475d8f387ab0a1eaf96b1ca9c0c5804c6fa3695f5015929f5525a7e926872", kill_on_drop: false }`
[INFO] running `Command { std: "docker" "exec" "-e" "SOURCE_DIR=/opt/rustwide/workdir" "-e" "CARGO_HOME=/opt/rustwide/cargo-home" "-e" "RUSTUP_HOME=/opt/rustwide/rustup-home" "-e" "CARGO_TARGET_DIR=/opt/rustwide/target" "-w" "/opt/rustwide/workdir" "--user" "0:0" "9d7475d8f387ab0a1eaf96b1ca9c0c5804c6fa3695f5015929f5525a7e926872" "/opt/rustwide/cargo-home/bin/cargo" "+1.100.0-beta.1" "metadata" "--no-deps" "--format-version=1", kill_on_drop: false }`
[INFO] running `Command { std: "docker" "inspect" "9d7475d8f387ab0a1eaf96b1ca9c0c5804c6fa3695f5015929f5525a7e926872", kill_on_drop: false }`
[INFO] running `Command { std: "docker" "exec" "-e" "SOURCE_DIR=/opt/rustwide/workdir" "-e" "CARGO_HOME=/opt/rustwide/cargo-home" "-e" "RUSTUP_HOME=/opt/rustwide/rustup-home" "-e" "CARGO_TARGET_DIR=/opt/rustwide/target" "-e" "CARGO_INCREMENTAL=0" "-e" "RUST_BACKTRACE=full" "-e" "RUSTFLAGS=--cap-lints=warn" "-e" "RUSTDOCFLAGS=--cap-lints=warn" "-w" "/opt/rustwide/workdir" "--user" "0:0" "9d7475d8f387ab0a1eaf96b1ca9c0c5804c6fa3695f5015929f5525a7e926872" "/opt/rustwide/cargo-home/bin/cargo" "+1.100.0-beta.1" "build" "--frozen" "--message-format=json" "--release", kill_on_drop: false }`
[INFO] [stderr]    Compiling libc v0.2.183
[INFO] [stderr]    Compiling rustix v0.38.44
[INFO] [stderr]    Compiling instability v0.3.11
[INFO] [stderr]    Compiling serde_derive v1.0.228
[INFO] [stderr]    Compiling darling_core v0.23.0
[INFO] [stderr]    Compiling itertools v0.13.0
[INFO] [stderr]    Compiling strum_macros v0.26.4
[INFO] [stderr]    Compiling winnow v0.7.15
[INFO] [stderr]    Compiling compact_str v0.8.1
[INFO] [stderr]    Compiling errno v0.3.14
[INFO] [stderr]    Compiling signal-hook-registry v1.4.8
[INFO] [stderr]    Compiling mio v1.1.1
[INFO] [stderr]    Compiling parking_lot_core v0.9.12
[INFO] [stderr]    Compiling signal-hook v0.3.18
[INFO] [stderr]    Compiling parking_lot v0.12.5
[INFO] [stderr]    Compiling unicode-truncate v1.1.0
[INFO] [stderr]    Compiling strum v0.26.3
[INFO] [stderr]    Compiling signal-hook-mio v0.2.5
[INFO] [stderr]    Compiling crossterm v0.28.1
[INFO] [stderr]    Compiling unicode-width v0.2.0
[INFO] [stderr]    Compiling darling_macro v0.23.0
[INFO] [stderr]    Compiling darling v0.23.0
[INFO] [stderr]    Compiling serde v1.0.228
[INFO] [stderr]    Compiling ratatui v0.29.0
[INFO] [stderr]    Compiling serde_spanned v0.6.9
[INFO] [stderr]    Compiling toml_datetime v0.6.11
[INFO] [stderr]    Compiling toml_edit v0.22.27
[INFO] [stderr]    Compiling toml v0.8.23
[INFO] [stderr]    Compiling hoogle-syntax v0.1.2 (/opt/rustwide/workdir)
[INFO] [stderr]     Finished `release` profile [optimized] target(s) in 52.88s
[INFO] running `Command { std: "docker" "inspect" "9d7475d8f387ab0a1eaf96b1ca9c0c5804c6fa3695f5015929f5525a7e926872", kill_on_drop: false }`
[INFO] running `Command { std: "docker" "exec" "-e" "SOURCE_DIR=/opt/rustwide/workdir" "-e" "CARGO_HOME=/opt/rustwide/cargo-home" "-e" "RUSTUP_HOME=/opt/rustwide/rustup-home" "-e" "CARGO_TARGET_DIR=/opt/rustwide/target" "-e" "CARGO_INCREMENTAL=0" "-e" "RUST_BACKTRACE=full" "-e" "RUSTFLAGS=--cap-lints=warn" "-e" "RUSTDOCFLAGS=--cap-lints=warn" "-w" "/opt/rustwide/workdir" "--user" "0:0" "9d7475d8f387ab0a1eaf96b1ca9c0c5804c6fa3695f5015929f5525a7e926872" "/opt/rustwide/cargo-home/bin/cargo" "+1.100.0-beta.1" "test" "--frozen" "--no-run" "--message-format=json" "--release", kill_on_drop: false }`
[INFO] [stderr]    Compiling hoogle-syntax v0.1.2 (/opt/rustwide/workdir)
[INFO] [stderr]     Finished `release` profile [optimized] target(s) in 5.23s
[INFO] running `Command { std: "docker" "inspect" "9d7475d8f387ab0a1eaf96b1ca9c0c5804c6fa3695f5015929f5525a7e926872", kill_on_drop: false }`
[INFO] running `Command { std: "docker" "exec" "-e" "SOURCE_DIR=/opt/rustwide/workdir" "-e" "CARGO_HOME=/opt/rustwide/cargo-home" "-e" "RUSTUP_HOME=/opt/rustwide/rustup-home" "-e" "CARGO_TARGET_DIR=/opt/rustwide/target" "-e" "CARGO_INCREMENTAL=0" "-e" "RUST_BACKTRACE=full" "-e" "RUSTFLAGS=--cap-lints=warn" "-e" "RUSTDOCFLAGS=--cap-lints=warn" "-w" "/opt/rustwide/workdir" "--user" "0:0" "9d7475d8f387ab0a1eaf96b1ca9c0c5804c6fa3695f5015929f5525a7e926872" "/opt/rustwide/cargo-home/bin/cargo" "+1.100.0-beta.1" "test" "--frozen" "--release", kill_on_drop: false }`
[INFO] [stderr]     Finished `release` profile [optimized] target(s) in 0.13s
[INFO] [stdout] 
[INFO] [stderr]      Running unittests src/lib.rs (/opt/rustwide/target/release/build/hoogle-syntax/52a76b1ea16aa240/out/hoogle_syntax-52a76b1ea16aa240)
[INFO] [stdout] running 44 tests
[INFO] [stdout] test haskell::tests::operators ... ok
[INFO] [stdout] test haskell::tests::import_line ... ok
[INFO] [stdout] test haskell::tests::block_comment ... ok
[INFO] [stdout] test haskell::tests::pragma ... ok
[INFO] [stdout] test haskell::tests::string_literal ... ok
[INFO] [stdout] test tests::all_themes_produce_styled_output ... ok
[INFO] [stdout] test tests::highlight_code_empty ... ok
[INFO] [stdout] test tests::highlight_code_multiline ... ok
[INFO] [stdout] test tests::highlight_signature_empty ... ok
[INFO] [stdout] test tests::highlight_signature_produces_spans ... ok
[INFO] [stdout] test theme::tests::all_builtin_themes_cover_all_tokens ... ok
[INFO] [stdout] test theme::tests::by_name_returns_correct_theme ... ok
[INFO] [stdout] test haskell::tests::empty_input ... ok
[INFO] [stdout] test haskell::tests::keywords_recognized ... ok
[INFO] [stdout] test theme::tests::default_theme_is_dracula ... ok
[INFO] [stdout] test theme::tests::parse_hex_color_invalid ... ok
[INFO] [stdout] test tokenizer::tests::arrow_no_spaces ... ok
[INFO] [stdout] test tokenizer::tests::class_keyword ... ok
[INFO] [stdout] test tokenizer::tests::complex_real_world_sig ... ok
[INFO] [stdout] test tokenizer::tests::constrained ... ok
[INFO] [stdout] test tokenizer::tests::data_keyword ... ok
[INFO] [stdout] test tokenizer::tests::double_colon ... ok
[INFO] [stdout] test tokenizer::tests::empty_input ... ok
[INFO] [stdout] test tokenizer::tests::forall_signature ... ok
[INFO] [stdout] test tokenizer::tests::kind_signature ... ok
[INFO] [stdout] test tokenizer::tests::linear_types_percent ... ok
[INFO] [stdout] test tokenizer::tests::multi_constraint ... ok
[INFO] [stdout] test theme::tests::parse_hex_color_valid ... ok
[INFO] [stdout] test tokenizer::tests::only_punctuation ... ok
[INFO] [stdout] test theme::tests::load_all_theme_toml_files ... FAILED
[INFO] [stdout] test theme::tests::toml_theme_roundtrip ... ok
[INFO] [stdout] test tokenizer::tests::nested_parens ... ok
[INFO] [stdout] test haskell::tests::multiline ... ok
[INFO] [stdout] test tokenizer::tests::type_level_nat ... ok
[INFO] [stdout] test tokenizer::tests::type_level_string ... ok
[INFO] [stdout] test haskell::tests::line_comment ... ok
[INFO] [stdout] test tokenizer::tests::single_identifier ... ok
[INFO] [stdout] test tokenizer::tests::type_variables ... ok
[INFO] [stdout] test tokenizer::tests::operator_type_in_parens ... ok
[INFO] [stdout] test tokenizer::tests::promoted_constructor ... ok
[INFO] [stdout] test tokenizer::tests::qualified_name ... ok
[INFO] [stdout] test tokenizer::tests::simple_function ... ok
[INFO] [stdout] test tokenizer::tests::whitespace_preserved ... ok
[INFO] [stdout] test haskell::tests::numeric_literals ... ok
[INFO] [stderr] error: test failed, to rerun pass `--lib`
[INFO] [stdout] 
[INFO] [stdout] failures:
[INFO] [stdout] 
[INFO] [stdout] ---- theme::tests::load_all_theme_toml_files stdout ----
[INFO] [stdout] 
[INFO] [stdout] thread 'theme::tests::load_all_theme_toml_files' (708) panicked at src/theme.rs:554:13:
[INFO] [stdout] theme file missing: /opt/themes/dracula.toml
[INFO] [stdout] stack backtrace:
[INFO] [stdout]    0:     0x5b9564b10bc1 - <<std[617be2ca0a6fd877]::sys::backtrace::BacktraceLock>::print::DisplayBacktrace as core[a373ad73a504971]::fmt::Display>::fmt
[INFO] [stdout]    1:     0x5b9564b2576a - core[a373ad73a504971]::fmt::write
[INFO] [stdout]    2:     0x5b9564b14dfc - <alloc[2e1b2a31b91974c5]::vec::Vec<u8> as core[a373ad73a504971]::io::write::Write>::write_fmt
[INFO] [stdout]    3:     0x5b9564aecab6 - std[617be2ca0a6fd877]::panicking::default_hook::{closure#0}
[INFO] [stdout]    4:     0x5b9564b08ef9 - std[617be2ca0a6fd877]::panicking::default_hook
[INFO] [stdout]    5:     0x5b9564aa47d0 - test[aada8e7e76ba119b]::test_main_inner::{closure#0}
[INFO] [stdout]    6:     0x5b9564b090b2 - std[617be2ca0a6fd877]::panicking::panic_with_hook
[INFO] [stdout]    7:     0x5b9564aecb62 - std[617be2ca0a6fd877]::panicking::panic_handler::{closure#0}
[INFO] [stdout]    8:     0x5b9564ae56e9 - std[617be2ca0a6fd877]::sys::backtrace::__rust_end_short_backtrace::<std[617be2ca0a6fd877]::panicking::panic_handler::{closure#0}, !>
[INFO] [stdout]    9:     0x5b9564aed76d - __rustc[ea4f61d10b84890b]::rust_begin_unwind
[INFO] [stdout]   10:     0x5b9564b25e9c - core[a373ad73a504971]::panicking::panic_fmt
[INFO] [stdout]   11:     0x5b9564a6d02b - <hoogle_syntax[196fda633a06c3a]::theme::tests::load_all_theme_toml_files::{closure#0} as core[a373ad73a504971]::ops::function::FnOnce<()>>::call_once
[INFO] [stdout]   12:     0x5b9564a97c1b - test[aada8e7e76ba119b]::__rust_begin_short_backtrace::<core[a373ad73a504971]::result::Result<(), alloc[2e1b2a31b91974c5]::string::String>, fn() -> core[a373ad73a504971]::result::Result<(), alloc[2e1b2a31b91974c5]::string::String>>
[INFO] [stdout]   13:     0x5b9564aa4df5 - test[aada8e7e76ba119b]::run_test::{closure#0}
[INFO] [stdout]   14:     0x5b9564a9e6e4 - std[617be2ca0a6fd877]::sys::backtrace::__rust_begin_short_backtrace::<test[aada8e7e76ba119b]::run_test::{closure#1}, ()>
[INFO] [stdout]   15:     0x5b9564aa7e82 - <std[617be2ca0a6fd877]::thread::lifecycle::spawn_unchecked<test[aada8e7e76ba119b]::run_test::{closure#1}, ()>::{closure#1} as core[a373ad73a504971]::ops::function::FnOnce<()>>::call_once::{shim:vtable#0}
[INFO] [stdout]   16:     0x5b9564b100bf - <std[617be2ca0a6fd877]::sys::thread::unix::Thread>::new::thread_start
[INFO] [stdout]   17:     0x739e404dbdfa - <unknown>
[INFO] [stdout]   18:     0x739e4056f3d4 - clone
[INFO] [stdout]   19:                0x0 - <unknown>
[INFO] [stdout] 
[INFO] [stdout] 
[INFO] [stdout] failures:
[INFO] [stdout]     theme::tests::load_all_theme_toml_files
[INFO] [stdout] 
[INFO] [stdout] test result: FAILED. 43 passed; 1 failed; 0 ignored; 0 measured; 0 filtered out; finished in 0.15s
[INFO] [stdout] 
[INFO] running `Command { std: "docker" "inspect" "9d7475d8f387ab0a1eaf96b1ca9c0c5804c6fa3695f5015929f5525a7e926872", kill_on_drop: false }`
[INFO] running `Command { std: "docker" "rm" "-f" "9d7475d8f387ab0a1eaf96b1ca9c0c5804c6fa3695f5015929f5525a7e926872", kill_on_drop: false }`
[INFO] [stdout] 9d7475d8f387ab0a1eaf96b1ca9c0c5804c6fa3695f5015929f5525a7e926872
