[INFO] fetching crate hooch 0.1.6...
[INFO] testing hooch-0.1.6 against 1.99.0-beta.8+cargoflags=--release for beta-release-1.100-2
[INFO] extracting crate hooch 0.1.6 into /workspace/builds/worker-6-tc1/source
[INFO] started tweaking crates.io crate hooch 0.1.6
[INFO] removed 0 missing tests
[INFO] finished tweaking crates.io crate hooch 0.1.6
[INFO] tweaked toml for crates.io crate hooch 0.1.6 written to /workspace/builds/worker-6-tc1/source/Cargo.toml
[INFO] validating manifest of crates.io crate hooch 0.1.6 on toolchain 1.99.0-beta.8
[INFO] running `Command { std: CARGO_HOME="/workspace/cargo-home" RUSTUP_HOME="/workspace/rustup-home" "/workspace/cargo-home/bin/cargo" "+1.99.0-beta.8" "metadata" "--manifest-path" "Cargo.toml" "--no-deps", kill_on_drop: false }`
[INFO] crate crates.io crate hooch 0.1.6 already has a lockfile, it will not be regenerated
[INFO] running `Command { std: CARGO_HOME="/workspace/cargo-home" RUSTUP_HOME="/workspace/rustup-home" "/workspace/cargo-home/bin/cargo" "+1.99.0-beta.8" "fetch" "--manifest-path" "Cargo.toml", kill_on_drop: false }`
[INFO] [stderr]     Updating crates.io index
[INFO] [stderr]  Downloading crates ...
[INFO] [stderr]   Downloaded hooch-macro v0.1.1
[INFO] [stderr]   Downloaded redox_syscall v0.5.7
[INFO] [stderr]   Downloaded mio v1.0.2
[INFO] running `Command { std: "docker" "create" "-v" "/var/lib/crater-agent-workspace/builds/worker-6-tc1/source:/opt/rustwide/workdir:ro,Z" "-v" "/var/lib/crater-agent-workspace/builds/worker-6-tc1/target:/opt/rustwide/target:rw,Z" "-v" "/var/lib/crater-agent-workspace/cargo-home:/opt/rustwide/cargo-home:ro,Z" "-v" "/var/lib/crater-agent-workspace/rustup-home:/opt/rustwide/rustup-home:ro,Z" "-m" "1610612736" "--network" "none" "ghcr.io/rust-lang/crates-build-env/linux@sha256:77db811e55d90add9212f6832c23229e3de5f1c1f9905e8cb07319ea15df73ac" "sleep" "infinity", kill_on_drop: false }`
[INFO] [stdout] cdf90f554fa90a8467adcb1ec6a3c0dc055be373c54158f1564e9df34550b84d
[INFO] running `Command { std: "docker" "start" "cdf90f554fa90a8467adcb1ec6a3c0dc055be373c54158f1564e9df34550b84d", kill_on_drop: false }`
[INFO] running `Command { std: "docker" "inspect" "cdf90f554fa90a8467adcb1ec6a3c0dc055be373c54158f1564e9df34550b84d", kill_on_drop: false }`
[INFO] running `Command { std: "docker" "exec" "-e" "SOURCE_DIR=/opt/rustwide/workdir" "-e" "CARGO_HOME=/opt/rustwide/cargo-home" "-e" "RUSTUP_HOME=/opt/rustwide/rustup-home" "-e" "CARGO_TARGET_DIR=/opt/rustwide/target" "-w" "/opt/rustwide/workdir" "--user" "0:0" "cdf90f554fa90a8467adcb1ec6a3c0dc055be373c54158f1564e9df34550b84d" "/opt/rustwide/cargo-home/bin/cargo" "+1.99.0-beta.8" "metadata" "--no-deps" "--format-version=1", kill_on_drop: false }`
[INFO] running `Command { std: "docker" "inspect" "cdf90f554fa90a8467adcb1ec6a3c0dc055be373c54158f1564e9df34550b84d", kill_on_drop: false }`
[INFO] running `Command { std: "docker" "exec" "-e" "SOURCE_DIR=/opt/rustwide/workdir" "-e" "CARGO_HOME=/opt/rustwide/cargo-home" "-e" "RUSTUP_HOME=/opt/rustwide/rustup-home" "-e" "CARGO_TARGET_DIR=/opt/rustwide/target" "-e" "CARGO_INCREMENTAL=0" "-e" "RUST_BACKTRACE=full" "-e" "RUSTFLAGS=--cap-lints=warn" "-e" "RUSTDOCFLAGS=--cap-lints=warn" "-w" "/opt/rustwide/workdir" "--user" "0:0" "cdf90f554fa90a8467adcb1ec6a3c0dc055be373c54158f1564e9df34550b84d" "/opt/rustwide/cargo-home/bin/cargo" "+1.99.0-beta.8" "build" "--frozen" "--message-format=json" "--release", kill_on_drop: false }`
[INFO] [stderr]    Compiling libc v0.2.161
[INFO] [stderr]    Compiling proc-macro2 v1.0.89
[INFO] [stderr]    Compiling crossbeam-utils v0.8.20
[INFO] [stderr]    Compiling parking_lot_core v0.9.10
[INFO] [stderr]    Compiling smallvec v1.13.2
[INFO] [stderr]    Compiling log v0.4.22
[INFO] [stderr]    Compiling once_cell v1.20.2
[INFO] [stderr]    Compiling bitflags v2.6.0
[INFO] [stderr]    Compiling lock_api v0.4.12
[INFO] [stderr]    Compiling nix v0.29.0
[INFO] [stderr]    Compiling quote v1.0.37
[INFO] [stderr]    Compiling syn v2.0.87
[INFO] [stderr]    Compiling mio v1.0.2
[INFO] [stderr]    Compiling dashmap v6.1.0
[INFO] [stderr]    Compiling hooch-macro v0.1.1
[INFO] [stderr]    Compiling hooch v0.1.6 (/opt/rustwide/workdir)
[INFO] [stderr]     Finished `release` profile [optimized] target(s) in 9.37s
[INFO] running `Command { std: "docker" "inspect" "cdf90f554fa90a8467adcb1ec6a3c0dc055be373c54158f1564e9df34550b84d", kill_on_drop: false }`
[INFO] running `Command { std: "docker" "exec" "-e" "SOURCE_DIR=/opt/rustwide/workdir" "-e" "CARGO_HOME=/opt/rustwide/cargo-home" "-e" "RUSTUP_HOME=/opt/rustwide/rustup-home" "-e" "CARGO_TARGET_DIR=/opt/rustwide/target" "-e" "CARGO_INCREMENTAL=0" "-e" "RUST_BACKTRACE=full" "-e" "RUSTFLAGS=--cap-lints=warn" "-e" "RUSTDOCFLAGS=--cap-lints=warn" "-w" "/opt/rustwide/workdir" "--user" "0:0" "cdf90f554fa90a8467adcb1ec6a3c0dc055be373c54158f1564e9df34550b84d" "/opt/rustwide/cargo-home/bin/cargo" "+1.99.0-beta.8" "test" "--frozen" "--no-run" "--message-format=json" "--release", kill_on_drop: false }`
[INFO] [stderr]    Compiling hooch v0.1.6 (/opt/rustwide/workdir)
[INFO] [stderr]     Finished `release` profile [optimized] target(s) in 8.19s
[INFO] running `Command { std: "docker" "inspect" "cdf90f554fa90a8467adcb1ec6a3c0dc055be373c54158f1564e9df34550b84d", kill_on_drop: false }`
[INFO] running `Command { std: "docker" "exec" "-e" "SOURCE_DIR=/opt/rustwide/workdir" "-e" "CARGO_HOME=/opt/rustwide/cargo-home" "-e" "RUSTUP_HOME=/opt/rustwide/rustup-home" "-e" "CARGO_TARGET_DIR=/opt/rustwide/target" "-e" "CARGO_INCREMENTAL=0" "-e" "RUST_BACKTRACE=full" "-e" "RUSTFLAGS=--cap-lints=warn" "-e" "RUSTDOCFLAGS=--cap-lints=warn" "-w" "/opt/rustwide/workdir" "--user" "0:0" "cdf90f554fa90a8467adcb1ec6a3c0dc055be373c54158f1564e9df34550b84d" "/opt/rustwide/cargo-home/bin/cargo" "+1.99.0-beta.8" "test" "--frozen" "--release", kill_on_drop: false }`
[INFO] [stderr]     Finished `release` profile [optimized] target(s) in 0.04s
[INFO] [stderr]      Running unittests src/lib.rs (/opt/rustwide/target/release/deps/hooch-76696a8fe9d36e7f)
[INFO] [stdout] 
[INFO] [stdout] running 18 tests
[INFO] [stdout] test runtime::tests::test_runtime_builder_default ... ok
[INFO] [stdout] test runtime::tests::test_runtime_builder_num_workers ... ok
[INFO] [stdout] test runtime::tests::test_runtime_num_workers ... ok
[INFO] [stdout] test utils::ring_buffer::tests::test_push ... ok
[INFO] [stdout] test runtime::tests::test_run_blocking_return ... ok
[INFO] [stdout] test pool::thread_pool::tests::test_hooch_pool_execution ... ok
[INFO] [stdout] test pool::thread_pool::tests::test_index_update ... ok
[INFO] [stdout] test runtime::tests::test_obtaining_multiple_handles_from_same_runtime ... ok
[INFO] [stdout] test utils::ring_buffer::tests::test_default ... ok
[INFO] [stdout] test utils::ring_buffer::tests::test_multi_insert_multi_pop ... ok
[INFO] [stdout] test runtime::tests::test_handle_scoped_panicking_task - should panic ... ok
[INFO] [stdout] test utils::ring_buffer::tests::test_pop ... ok
[INFO] [stdout] test runtime::tests::test_run_blocking ... ok
[INFO] [stdout] test time::timeout::tests::test_timeout_function_ok_result ... ok
[INFO] [stdout] test runtime::tests::test_multiple_runtimes_thread_task ... ok
[INFO] [stdout] test runtime::tests::test_handle_nested_panicking_task - should panic ... ok
[INFO] [stdout] test time::timeout::tests::test_timeout_function_timeout_error ... ok
[INFO] [stdout] test time::sleep::tests::test_sleep ... ok
[INFO] [stdout] 
[INFO] [stdout] test result: ok. 18 passed; 0 failed; 0 ignored; 0 measured; 0 filtered out; finished in 0.41s
[INFO] [stdout] 
[INFO] [stderr]      Running tests/channels.rs (/opt/rustwide/target/release/deps/channels-706c6484f176f68b)
[INFO] [stdout] 
[INFO] [stdout] running 1 test
[INFO] [stdout] test test_bounded_channels ... ok
[INFO] [stdout] 
[INFO] [stdout] test result: ok. 1 passed; 0 failed; 0 ignored; 0 measured; 0 filtered out; finished in 0.11s
[INFO] [stdout] 
[INFO] [stderr]      Running tests/executors.rs (/opt/rustwide/target/release/deps/executors-93ba1a3c773ad109)
[INFO] [stdout] 
[INFO] [stdout] running 1 test
[INFO] [stdout] test test_runs_on_pool_thread ... ok
[INFO] [stdout] 
[INFO] [stdout] test result: ok. 1 passed; 0 failed; 0 ignored; 0 measured; 0 filtered out; finished in 0.01s
[INFO] [stdout] 
[INFO] [stderr]      Running tests/fs.rs (/opt/rustwide/target/release/deps/fs-95ea9883eef768ee)
[INFO] [stdout] 
[INFO] [stdout] running 4 tests
[INFO] [stdout] test test_hooch_open_file_ok ... ok
[INFO] [stdout] test test_hooch_create_file ... FAILED
[INFO] [stdout] test test_hooch_open_hooch_trait ... FAILED
[INFO] [stdout] test test_hooch_open_file_err ... ok
[INFO] [stdout] 
[INFO] [stdout] failures:
[INFO] [stdout] 
[INFO] [stdout] ---- test_hooch_create_file stdout ----
[INFO] [stdout] 
[INFO] [stdout] thread 'test_hooch_create_file' (818) panicked at tests/fs.rs:44:5:
[INFO] [stdout] assertion failed: PathBuf::from_str(FILE_CREATE_NAME).unwrap().exists()
[INFO] [stdout] stack backtrace:
[INFO] [stdout]    0:     0x5c68fd615191 - <<std[70759c8f55707aa4]::sys::backtrace::BacktraceLock>::print::DisplayBacktrace as core[df12db4294e9bfd3]::fmt::Display>::fmt
[INFO] [stdout]    1:     0x5c68fd62998a - core[df12db4294e9bfd3]::fmt::write
[INFO] [stdout]    2:     0x5c68fd61969c - <alloc[2182bb758b4b3781]::vec::Vec<u8> as core[df12db4294e9bfd3]::io::write::Write>::write_fmt
[INFO] [stdout]    3:     0x5c68fd5f1306 - std[70759c8f55707aa4]::panicking::default_hook::{closure#0}
[INFO] [stdout]    4:     0x5c68fd60d5e9 - std[70759c8f55707aa4]::panicking::default_hook
[INFO] [stdout]    5:     0x5c68fd5838b0 - test[9d35eded1c95d3be]::test_main_inner::<test[9d35eded1c95d3be]::test_main_static::{closure#0}>::{closure#0}
[INFO] [stdout]    6:     0x5c68fd60d7a2 - std[70759c8f55707aa4]::panicking::panic_with_hook
[INFO] [stdout]    7:     0x5c68fd5f13e4 - std[70759c8f55707aa4]::panicking::panic_handler::{closure#0}
[INFO] [stdout]    8:     0x5c68fd5ea089 - std[70759c8f55707aa4]::sys::backtrace::__rust_end_short_backtrace::<std[70759c8f55707aa4]::panicking::panic_handler::{closure#0}, !>
[INFO] [stdout]    9:     0x5c68fd5f1fad - __rustc[8fa7c3cbc660c2b3]::rust_begin_unwind
[INFO] [stdout]   10:     0x5c68fd62a0bc - core[df12db4294e9bfd3]::panicking::panic_fmt
[INFO] [stdout]   11:     0x5c68fd62a082 - core[df12db4294e9bfd3]::panicking::panic
[INFO] [stdout]   12:     0x5c68fd56e518 - <fs[c930c5fa0f5c7be9]::test_hooch_create_file::{closure#0} as core[df12db4294e9bfd3]::ops::function::FnOnce<()>>::call_once
[INFO] [stdout]   13:     0x5c68fd576b9b - test[9d35eded1c95d3be]::__rust_begin_short_backtrace::<core[df12db4294e9bfd3]::result::Result<(), alloc[2182bb758b4b3781]::string::String>, fn() -> core[df12db4294e9bfd3]::result::Result<(), alloc[2182bb758b4b3781]::string::String>>
[INFO] [stdout]   14:     0x5c68fd584205 - test[9d35eded1c95d3be]::run_test::{closure#0}
[INFO] [stdout]   15:     0x5c68fd57dac4 - std[70759c8f55707aa4]::sys::backtrace::__rust_begin_short_backtrace::<test[9d35eded1c95d3be]::run_test::{closure#1}, ()>
[INFO] [stdout]   16:     0x5c68fd587362 - <std[70759c8f55707aa4]::thread::lifecycle::spawn_unchecked<test[9d35eded1c95d3be]::run_test::{closure#1}, ()>::{closure#1} as core[df12db4294e9bfd3]::ops::function::FnOnce<()>>::call_once::{shim:vtable#0}
[INFO] [stdout]   17:     0x5c68fd614a39 - <std[70759c8f55707aa4]::sys::thread::unix::Thread>::new::thread_start
[INFO] [stdout]   18:     0x7bd70b99ddfa - <unknown>
[INFO] [stdout]   19:     0x7bd70ba313d4 - clone
[INFO] [stdout]   20:                0x0 - <unknown>
[INFO] [stdout] 
[INFO] [stdout] ---- test_hooch_open_hooch_trait stdout ----
[INFO] [stdout] 
[INFO] [stdout] thread 'test_hooch_open_hooch_trait' (821) panicked at tests/fs.rs:65:5:
[INFO] [stdout] assertion failed: file_path_clone.exists()
[INFO] [stdout] stack backtrace:
[INFO] [stdout]    0:     0x5c68fd615191 - <<std[70759c8f55707aa4]::sys::backtrace::BacktraceLock>::print::DisplayBacktrace as core[df12db4294e9bfd3]::fmt::Display>::fmt
[INFO] [stdout]    1:     0x5c68fd62998a - core[df12db4294e9bfd3]::fmt::write
[INFO] [stdout]    2:     0x5c68fd61969c - <alloc[2182bb758b4b3781]::vec::Vec<u8> as core[df12db4294e9bfd3]::io::write::Write>::write_fmt
[INFO] [stdout]    3:     0x5c68fd5f1306 - std[70759c8f55707aa4]::panicking::default_hook::{closure#0}
[INFO] [stdout]    4:     0x5c68fd60d5e9 - std[70759c8f55707aa4]::panicking::default_hook
[INFO] [stdout]    5:     0x5c68fd5838b0 - test[9d35eded1c95d3be]::test_main_inner::<test[9d35eded1c95d3be]::test_main_static::{closure#0}>::{closure#0}
[INFO] [stdout]    6:     0x5c68fd60d7a2 - std[70759c8f55707aa4]::panicking::panic_with_hook
[INFO] [stdout]    7:     0x5c68fd5f13e4 - std[70759c8f55707aa4]::panicking::panic_handler::{closure#0}
[INFO] [stdout]    8:     0x5c68fd5ea089 - std[70759c8f55707aa4]::sys::backtrace::__rust_end_short_backtrace::<std[70759c8f55707aa4]::panicking::panic_handler::{closure#0}, !>
[INFO] [stdout]    9:     0x5c68fd5f1fad - __rustc[8fa7c3cbc660c2b3]::rust_begin_unwind
[INFO] [stdout]   10:     0x5c68fd62a0bc - core[df12db4294e9bfd3]::panicking::panic_fmt
[INFO] [stdout]   11:     0x5c68fd62a082 - core[df12db4294e9bfd3]::panicking::panic
[INFO] [stdout]   12:     0x5c68fd56e969 - <fs[c930c5fa0f5c7be9]::test_hooch_open_hooch_trait::{closure#0} as core[df12db4294e9bfd3]::ops::function::FnOnce<()>>::call_once
[INFO] [stdout]   13:     0x5c68fd576b9b - test[9d35eded1c95d3be]::__rust_begin_short_backtrace::<core[df12db4294e9bfd3]::result::Result<(), alloc[2182bb758b4b3781]::string::String>, fn() -> core[df12db4294e9bfd3]::result::Result<(), alloc[2182bb758b4b3781]::string::String>>
[INFO] [stdout]   14:     0x5c68fd584205 - test[9d35eded1c95d3be]::run_test::{closure#0}
[INFO] [stdout]   15:     0x5c68fd57dac4 - std[70759c8f55707aa4]::sys::backtrace::__rust_begin_short_backtrace::<test[9d35eded1c95d3be]::run_test::{closure#1}, ()>
[INFO] [stdout]   16:     0x5c68fd587362 - <std[70759c8f55707aa4]::thread::lifecycle::spawn_unchecked<test[9d35eded1c95d3be]::run_test::{closure#1}, ()>::{closure#1} as core[df12db4294e9bfd3]::ops::function::FnOnce<()>>::call_once::{shim:vtable#0}
[INFO] [stdout]   17:     0x5c68fd614a39 - <std[70759c8f55707aa4]::sys::thread::unix::Thread>::new::thread_start
[INFO] [stdout]   18:     0x7bd70b99ddfa - <unknown>
[INFO] [stdout]   19:     0x7bd70ba313d4 - clone
[INFO] [stdout]   20:                0x0 - <unknown>
[INFO] [stdout] 
[INFO] [stdout] 
[INFO] [stdout] failures:
[INFO] [stdout]     test_hooch_create_file
[INFO] [stdout]     test_hooch_open_hooch_trait
[INFO] [stdout] 
[INFO] [stdout] test result: FAILED. 2 passed; 2 failed; 0 ignored; 0 measured; 0 filtered out; finished in 0.01s
[INFO] [stdout] 
[INFO] [stderr] error: test failed, to rerun pass `--test fs`
[INFO] running `Command { std: "docker" "inspect" "cdf90f554fa90a8467adcb1ec6a3c0dc055be373c54158f1564e9df34550b84d", kill_on_drop: false }`
[INFO] running `Command { std: "docker" "rm" "-f" "cdf90f554fa90a8467adcb1ec6a3c0dc055be373c54158f1564e9df34550b84d", kill_on_drop: false }`
[INFO] [stdout] cdf90f554fa90a8467adcb1ec6a3c0dc055be373c54158f1564e9df34550b84d
