[INFO] fetching crate honeycomb-rs 0.1.0...
[INFO] testing honeycomb-rs-0.1.0 against 1.99.0-beta.8+cargoflags=--release for beta-release-1.100-2
[INFO] extracting crate honeycomb-rs 0.1.0 into /workspace/builds/worker-7-tc1/source
[INFO] started tweaking crates.io crate honeycomb-rs 0.1.0
[INFO] removed 0 missing examples
[INFO] removed 0 missing tests
[INFO] finished tweaking crates.io crate honeycomb-rs 0.1.0
[INFO] tweaked toml for crates.io crate honeycomb-rs 0.1.0 written to /workspace/builds/worker-7-tc1/source/Cargo.toml
[INFO] validating manifest of crates.io crate honeycomb-rs 0.1.0 on toolchain 1.99.0-beta.8
[INFO] running `Command { std: CARGO_HOME="/workspace/cargo-home" RUSTUP_HOME="/workspace/rustup-home" "/workspace/cargo-home/bin/cargo" "+1.99.0-beta.8" "metadata" "--manifest-path" "Cargo.toml" "--no-deps", kill_on_drop: false }`
[INFO] crate crates.io crate honeycomb-rs 0.1.0 already has a lockfile, it will not be regenerated
[INFO] running `Command { std: CARGO_HOME="/workspace/cargo-home" RUSTUP_HOME="/workspace/rustup-home" "/workspace/cargo-home/bin/cargo" "+1.99.0-beta.8" "fetch" "--manifest-path" "Cargo.toml", kill_on_drop: false }`
[INFO] running `Command { std: "docker" "create" "-v" "/var/lib/crater-agent-workspace/builds/worker-7-tc1/source:/opt/rustwide/workdir:ro,Z" "-v" "/var/lib/crater-agent-workspace/builds/worker-7-tc1/target:/opt/rustwide/target:rw,Z" "-v" "/var/lib/crater-agent-workspace/cargo-home:/opt/rustwide/cargo-home:ro,Z" "-v" "/var/lib/crater-agent-workspace/rustup-home:/opt/rustwide/rustup-home:ro,Z" "-m" "1610612736" "--network" "none" "ghcr.io/rust-lang/crates-build-env/linux@sha256:77db811e55d90add9212f6832c23229e3de5f1c1f9905e8cb07319ea15df73ac" "sleep" "infinity", kill_on_drop: false }`
[INFO] [stdout] 3b208b896720bf6cfdd126fe4d901445f3364004d9f64e30f60293e118955fb3
[INFO] running `Command { std: "docker" "start" "3b208b896720bf6cfdd126fe4d901445f3364004d9f64e30f60293e118955fb3", kill_on_drop: false }`
[INFO] running `Command { std: "docker" "inspect" "3b208b896720bf6cfdd126fe4d901445f3364004d9f64e30f60293e118955fb3", kill_on_drop: false }`
[INFO] running `Command { std: "docker" "exec" "-e" "SOURCE_DIR=/opt/rustwide/workdir" "-e" "CARGO_HOME=/opt/rustwide/cargo-home" "-e" "RUSTUP_HOME=/opt/rustwide/rustup-home" "-e" "CARGO_TARGET_DIR=/opt/rustwide/target" "-w" "/opt/rustwide/workdir" "--user" "0:0" "3b208b896720bf6cfdd126fe4d901445f3364004d9f64e30f60293e118955fb3" "/opt/rustwide/cargo-home/bin/cargo" "+1.99.0-beta.8" "metadata" "--no-deps" "--format-version=1", kill_on_drop: false }`
[INFO] running `Command { std: "docker" "inspect" "3b208b896720bf6cfdd126fe4d901445f3364004d9f64e30f60293e118955fb3", kill_on_drop: false }`
[INFO] running `Command { std: "docker" "exec" "-e" "SOURCE_DIR=/opt/rustwide/workdir" "-e" "CARGO_HOME=/opt/rustwide/cargo-home" "-e" "RUSTUP_HOME=/opt/rustwide/rustup-home" "-e" "CARGO_TARGET_DIR=/opt/rustwide/target" "-e" "CARGO_INCREMENTAL=0" "-e" "RUST_BACKTRACE=full" "-e" "RUSTFLAGS=--cap-lints=warn" "-e" "RUSTDOCFLAGS=--cap-lints=warn" "-w" "/opt/rustwide/workdir" "--user" "0:0" "3b208b896720bf6cfdd126fe4d901445f3364004d9f64e30f60293e118955fb3" "/opt/rustwide/cargo-home/bin/cargo" "+1.99.0-beta.8" "build" "--frozen" "--message-format=json" "--release", kill_on_drop: false }`
[INFO] [stderr]    Compiling proc-macro2 v1.0.106
[INFO] [stderr]    Compiling quote v1.0.44
[INFO] [stderr]    Compiling zmij v1.0.19
[INFO] [stderr]    Compiling serde_json v1.0.149
[INFO] [stderr]    Compiling syn v2.0.114
[INFO] [stderr]    Compiling serde_derive v1.0.228
[INFO] [stderr]    Compiling serde v1.0.228
[INFO] [stderr]    Compiling honeycomb-rs v0.1.0 (/opt/rustwide/workdir)
[INFO] [stderr]     Finished `release` profile [optimized] target(s) in 10.79s
[INFO] running `Command { std: "docker" "inspect" "3b208b896720bf6cfdd126fe4d901445f3364004d9f64e30f60293e118955fb3", kill_on_drop: false }`
[INFO] running `Command { std: "docker" "exec" "-e" "SOURCE_DIR=/opt/rustwide/workdir" "-e" "CARGO_HOME=/opt/rustwide/cargo-home" "-e" "RUSTUP_HOME=/opt/rustwide/rustup-home" "-e" "CARGO_TARGET_DIR=/opt/rustwide/target" "-e" "CARGO_INCREMENTAL=0" "-e" "RUST_BACKTRACE=full" "-e" "RUSTFLAGS=--cap-lints=warn" "-e" "RUSTDOCFLAGS=--cap-lints=warn" "-w" "/opt/rustwide/workdir" "--user" "0:0" "3b208b896720bf6cfdd126fe4d901445f3364004d9f64e30f60293e118955fb3" "/opt/rustwide/cargo-home/bin/cargo" "+1.99.0-beta.8" "test" "--frozen" "--no-run" "--message-format=json" "--release", kill_on_drop: false }`
[INFO] [stderr]    Compiling libc v0.2.180
[INFO] [stderr]    Compiling proc-macro2 v1.0.106
[INFO] [stderr]    Compiling http v1.4.0
[INFO] [stderr]    Compiling indexmap v2.13.0
[INFO] [stderr]    Compiling aho-corasick v1.1.4
[INFO] [stderr]    Compiling getrandom v0.3.4
[INFO] [stderr]    Compiling regex-syntax v0.8.9
[INFO] [stderr]    Compiling serde_json v1.0.149
[INFO] [stderr]    Compiling rustix v1.1.3
[INFO] [stderr]    Compiling deadpool-runtime v0.1.4
[INFO] [stderr]    Compiling bitflags v2.10.0
[INFO] [stderr]    Compiling linux-raw-sys v0.11.0
[INFO] [stderr]    Compiling quote v1.0.44
[INFO] [stderr]    Compiling syn v2.0.114
[INFO] [stderr]    Compiling http-body v1.0.1
[INFO] [stderr]    Compiling socket2 v0.6.2
[INFO] [stderr]    Compiling mio v1.1.1
[INFO] [stderr]    Compiling num_cpus v1.17.0
[INFO] [stderr]    Compiling http-body-util v0.1.3
[INFO] [stderr]    Compiling regex-automata v0.4.14
[INFO] [stderr]    Compiling tempfile v3.24.0
[INFO] [stderr]    Compiling synstructure v0.13.2
[INFO] [stderr]    Compiling regex v1.12.3
[INFO] [stderr]    Compiling zerovec-derive v0.11.2
[INFO] [stderr]    Compiling displaydoc v0.2.5
[INFO] [stderr]    Compiling tokio-macros v2.6.0
[INFO] [stderr]    Compiling serde_derive v1.0.228
[INFO] [stderr]    Compiling futures-macro v0.3.31
[INFO] [stderr]    Compiling zerofrom-derive v0.1.6
[INFO] [stderr]    Compiling yoke-derive v0.8.1
[INFO] [stderr]    Compiling futures-util v0.3.31
[INFO] [stderr]    Compiling tokio v1.49.0
[INFO] [stderr]    Compiling zerofrom v0.1.6
[INFO] [stderr]    Compiling yoke v0.8.1
[INFO] [stderr]    Compiling zerovec v0.11.5
[INFO] [stderr]    Compiling zerotrie v0.2.3
[INFO] [stderr]    Compiling tinystr v0.8.2
[INFO] [stderr]    Compiling potential_utf v0.1.4
[INFO] [stderr]    Compiling icu_collections v2.1.1
[INFO] [stderr]    Compiling icu_locale_core v2.1.1
[INFO] [stderr]    Compiling icu_provider v2.1.1
[INFO] [stderr]    Compiling serde v1.0.228
[INFO] [stderr]    Compiling icu_normalizer v2.1.1
[INFO] [stderr]    Compiling icu_properties v2.1.2
[INFO] [stderr]    Compiling assert-json-diff v2.0.2
[INFO] [stderr]    Compiling honeycomb-rs v0.1.0 (/opt/rustwide/workdir)
[INFO] [stderr]    Compiling futures-executor v0.3.31
[INFO] [stderr]    Compiling futures v0.3.31
[INFO] [stderr]    Compiling idna_adapter v1.2.1
[INFO] [stderr]    Compiling idna v1.1.0
[INFO] [stderr]    Compiling url v2.5.8
[INFO] [stderr]    Compiling tokio-util v0.7.18
[INFO] [stderr]    Compiling deadpool v0.12.3
[INFO] [stderr]    Compiling h2 v0.4.13
[INFO] [stderr]    Compiling hyper v1.8.1
[INFO] [stderr]    Compiling hyper-util v0.1.20
[INFO] [stderr]    Compiling wiremock v0.6.5
[INFO] [stderr]     Finished `release` profile [optimized] target(s) in 1m 12s
[INFO] running `Command { std: "docker" "inspect" "3b208b896720bf6cfdd126fe4d901445f3364004d9f64e30f60293e118955fb3", kill_on_drop: false }`
[INFO] running `Command { std: "docker" "exec" "-e" "SOURCE_DIR=/opt/rustwide/workdir" "-e" "CARGO_HOME=/opt/rustwide/cargo-home" "-e" "RUSTUP_HOME=/opt/rustwide/rustup-home" "-e" "CARGO_TARGET_DIR=/opt/rustwide/target" "-e" "CARGO_INCREMENTAL=0" "-e" "RUST_BACKTRACE=full" "-e" "RUSTFLAGS=--cap-lints=warn" "-e" "RUSTDOCFLAGS=--cap-lints=warn" "-w" "/opt/rustwide/workdir" "--user" "0:0" "3b208b896720bf6cfdd126fe4d901445f3364004d9f64e30f60293e118955fb3" "/opt/rustwide/cargo-home/bin/cargo" "+1.99.0-beta.8" "test" "--frozen" "--release", kill_on_drop: false }`
[INFO] [stderr]     Finished `release` profile [optimized] target(s) in 0.21s
[INFO] [stderr]      Running unittests src/lib.rs (/opt/rustwide/target/release/deps/honeycomb_rs-3f826639d696d82f)
[INFO] [stdout] 
[INFO] [stdout] running 166 tests
[INFO] [stdout] test batch::tests::test_batch_buffer_custom_options ... ok
[INFO] [stdout] test batch::tests::test_batch_buffer_debug ... ok
[INFO] [stdout] test batch::tests::test_batch_buffer_flush_empty ... ok
[INFO] [stdout] test batch::tests::test_batch_buffer_timeout_not_expired_empty ... ok
[INFO] [stdout] test batch::tests::test_batch_buffer_new ... ok
[INFO] [stdout] test batch::tests::test_batch_buffer_with_defaults ... ok
[INFO] [stdout] test batch::tests::test_batch_buffer_add_at_capacity ... ok
[INFO] [stdout] test batch::tests::test_batch_buffer_timeout_not_expired_recent ... ok
[INFO] [stdout] test batch::tests::test_batch_stats_new ... ok
[INFO] [stdout] test batch::tests::test_batch_stats_record_batch_failed ... ok
[INFO] [stdout] test batch::tests::test_batch_buffer_accessors ... ok
[INFO] [stdout] test batch::tests::test_batch_buffer_flush_multiple_times ... ok
[INFO] [stdout] test batch::tests::test_batch_buffer_add_updates_stats ... ok
[INFO] [stdout] test batch::tests::test_batch_stats_record_batch_sent ... ok
[INFO] [stdout] test batch::tests::test_batch_buffer_add_single_event ... ok
[INFO] [stdout] test batch::tests::test_batch_buffer_stats_shared ... ok
[INFO] [stdout] test batch::tests::test_batch_buffer_add_preserves_event_data ... ok
[INFO] [stdout] test batch::tests::test_batch_buffer_batch_size_one ... ok
[INFO] [stdout] test batch::tests::test_batch_buffer_add_fills_batch ... ok
[INFO] [stdout] test batch::tests::test_batch_stats_record_event_dropped ... ok
[INFO] [stdout] test batch::tests::test_batch_stats_snapshot_default ... ok
[INFO] [stdout] test batch::tests::test_is_empty_returns_false_when_not_empty ... ok
[INFO] [stdout] test batch::tests::test_batch_buffer_concurrent_adds ... ok
[INFO] [stdout] test batch::tests::test_is_empty_returns_true_when_empty ... ok
[INFO] [stdout] test batch::tests::test_batch_stats_record_event_added ... ok
[INFO] [stdout] test batch::tests::test_batch_stats_record_events_sent ... ok
[INFO] [stdout] test client::tests::test_batch_size_boundary_validation ... FAILED
[INFO] [stdout] test client::tests::test_client_batch_auto_flush ... ok
[INFO] [stdout] test client::tests::test_client_close ... ok
[INFO] [stdout] test client::tests::test_client_new ... ok
[INFO] [stdout] test client::tests::test_client_config_accessor ... ok
[INFO] [stdout] test client::tests::test_client_debug ... ok
[INFO] [stdout] test client::tests::test_client_flush_clears_buffer ... ok
[INFO] [stdout] test client::tests::test_client_flush_empty ... ok
[INFO] [stdout] test client::tests::test_client_send_buffers_event ... ok
[INFO] [stdout] test client::tests::test_client_send_multiple_events ... ok
[INFO] [stdout] test client::tests::test_client_preserves_event_data ... ok
[INFO] [stdout] test client::tests::test_client_should_flush_empty ... ok
[INFO] [stdout] test batch::tests::test_batch_stats_snapshot_clone ... ok
[INFO] [stdout] test client::tests::test_client_flush_updates_stats ... ok
[INFO] [stdout] test batch::tests::test_batch_stats_snapshot_debug ... ok
[INFO] [stdout] test client::tests::test_client_new_event ... ok
[INFO] [stdout] test client::tests::test_client_retry_config_accessor ... ok
[INFO] [stdout] test client::tests::test_client_stats_accessor ... ok
[INFO] [stdout] test client::tests::test_client_with_retry_config ... ok
[INFO] [stdout] test client::tests::test_close_actually_closes ... ok
[INFO] [stdout] test client::tests::test_close_with_negation_logic ... ok
[INFO] [stdout] test batch::tests::test_batch_stats_concurrent ... ok
[INFO] [stdout] test client::tests::test_client_concurrent_sends ... ok
[INFO] [stdout] test client::tests::test_client_send_with_sampling ... ok
[INFO] [stdout] test client::tests::test_flush_with_retry_rejects_zero_attempts ... ok
[INFO] [stdout] test client::tests::test_flush_with_retry_succeeds_in_mock_mode ... ok
[INFO] [stdout] test client::tests::test_close_with_retry_succeeds_in_mock_mode ... ok
[INFO] [stdout] test client::tests::test_flush_actually_flushes_buffer ... ok
[INFO] [stdout] test client::tests::test_flush_respects_empty_check ... ok
[INFO] [stdout] test client::tests::test_response_error ... ok
[INFO] [stdout] test client::tests::test_close_with_retry_rejects_zero_attempts ... ok
[INFO] [stdout] test client::tests::test_response_debug ... ok
[INFO] [stdout] test client::tests::test_response_is_retryable ... ok
[INFO] [stdout] test client::tests::test_response_success ... ok
[INFO] [stdout] test client::tests::test_retry_config_builder ... ok
[INFO] [stdout] test batch::tests::test_batch_buffer_timeout_expired ... ok
[INFO] [stdout] test client::tests::test_default_constants ... ok
[INFO] [stdout] test client::tests::test_response_clone ... ok
[INFO] [stdout] test client::tests::test_retry_config_delay_for_attempt ... ok
[INFO] [stdout] test client::tests::test_retry_config_default_total_timeout ... ok
[INFO] [stdout] test client::tests::test_retry_config_should_retry ... ok
[INFO] [stdout] test client::tests::test_response_is_success_various_codes ... ok
[INFO] [stdout] test client::tests::test_retry_config_delay_capped_at_max ... ok
[INFO] [stdout] test client::tests::test_user_agent_constant ... ok
[INFO] [stdout] test client::tests::test_retry_config_total_timeout ... ok
[INFO] [stdout] test client::tests::test_retry_config_new ... ok
[INFO] [stdout] test config::tests::test_config_builder_pattern ... ok
[INFO] [stdout] test config::tests::test_config_clone ... ok
[INFO] [stdout] test config::tests::test_config_debug ... ok
[INFO] [stdout] test config::tests::test_config_validate_invalid_options ... ok
[INFO] [stdout] test config::tests::test_config_with_transmission_options ... ok
[INFO] [stdout] test config::tests::test_config_default ... ok
[INFO] [stdout] test config::tests::test_max_batch_bytes_calculation ... ok
[INFO] [stdout] test config::tests::test_config_new ... ok
[INFO] [stdout] test config::tests::test_config_with_custom_options ... ok
[INFO] [stdout] test config::tests::test_client_module_alias ... ok
[INFO] [stdout] test client::tests::test_with_retry_config_actually_sets_config ... ok
[INFO] [stdout] test config::tests::test_options_batch_endpoint ... ok
[INFO] [stdout] test config::tests::test_options_batch_endpoint_encodes_dataset_path_segment ... ok
[INFO] [stdout] test config::tests::test_options_clone ... ok
[INFO] [stdout] test config::tests::test_options_builder_pattern ... ok
[INFO] [stdout] test batch::tests::test_batch_buffer_concurrent_add_and_flush ... ok
[INFO] [stdout] test config::tests::test_libhoney_api_compatibility ... ok
[INFO] [stdout] test config::tests::test_options_validate_missing_api_key ... ok
[INFO] [stdout] test config::tests::test_options_validate_missing_dataset ... ok
[INFO] [stdout] test config::tests::test_options_validate_zero_sample_rate ... ok
[INFO] [stdout] test config::tests::test_transmission_module_alias ... ok
[INFO] [stdout] test config::tests::test_transmission_options_builder_pattern ... ok
[INFO] [stdout] test config::tests::test_transmission_options_clone ... ok
[INFO] [stdout] test config::tests::test_config_validate_invalid_transmission_options ... ok
[INFO] [stdout] test config::tests::test_config_validate_success ... ok
[INFO] [stdout] test config::tests::test_transmission_options_default ... ok
[INFO] [stdout] test config::tests::test_options_new ... ok
[INFO] [stdout] test client::tests::test_retry_config_debug ... ok
[INFO] [stdout] test client::tests::test_retry_config_default ... ok
[INFO] [stdout] test client::tests::test_retry_config_clone ... ok
[INFO] [stdout] test config::tests::test_transmission_options_validate_zero_concurrent_batches ... ok
[INFO] [stdout] test config::tests::test_options_validate_excessive_sample_rate ... ok
[INFO] [stdout] test config::tests::test_options_validate_success ... ok
[INFO] [stdout] test config::tests::test_transmission_options_validate_zero_batch_size ... ok
[INFO] [stdout] test config::tests::test_transmission_options_max_batch_bytes ... ok
[INFO] [stdout] test config::tests::test_transmission_options_new ... ok
[INFO] [stdout] test config::tests::test_transmission_options_validate_success ... ok
[INFO] [stdout] test config::tests::test_transmission_options_validate_zero_capacity ... ok
[INFO] [stdout] test config::tests::test_options_debug ... ok
[INFO] [stdout] test config::tests::test_options_default ... ok
[INFO] [stdout] test config::tests::test_transmission_options_debug ... ok
[INFO] [stdout] test config::tests::test_transmission_options_default_max_batch_bytes ... ok
[INFO] [stdout] test client::tests::test_client_should_flush_timeout ... ok
[INFO] [stdout] test event::tests::test_add_field_bool ... ok
[INFO] [stdout] test error::tests::test_error_debug ... ok
[INFO] [stdout] test error::tests::test_error_display ... ok
[INFO] [stdout] test event::tests::test_add_rejects_non_object_values ... ok
[INFO] [stdout] test error::tests::test_error_is_std_error ... ok
[INFO] [stdout] test event::tests::test_add_field_float ... ok
[INFO] [stdout] test event::tests::test_add_field_number ... ok
[INFO] [stdout] test event::tests::test_add_struct ... ok
[INFO] [stdout] test event::tests::test_date_algorithm_edge_cases ... ok
[INFO] [stdout] test event::tests::test_add_field_overwrite ... ok
[INFO] [stdout] test event::tests::test_deserialize_event ... ok
[INFO] [stdout] test event::tests::test_date_algorithm_month_boundary ... ok
[INFO] [stdout] test event::tests::test_batch_serialization ... ok
[INFO] [stdout] test error::tests::test_from_serde_json_error ... ok
[INFO] [stdout] test event::tests::test_add_field_null ... ok
[INFO] [stdout] test event::tests::test_add_field_string ... ok
[INFO] [stdout] test event::tests::test_date_arithmetic_unix_epoch ... ok
[INFO] [stdout] test event::tests::test_date_algorithm_negative_era ... ok
[INFO] [stdout] test event::tests::test_content_hash_deterministic ... ok
[INFO] [stdout] test event::tests::test_content_hash_different_for_different_events ... ok
[INFO] [stdout] test batch::tests::test_batch_buffer_flush_with_events ... ok
[INFO] [stdout] test config::tests::test_transmission_options_validate_zero_batch_bytes ... ok
[INFO] [stdout] test event::tests::test_empty_string_field ... ok
[INFO] [stdout] test event::tests::test_event_with_timestamp ... ok
[INFO] [stdout] test event::tests::test_field_holder_trait ... ok
[INFO] [stdout] test event::tests::test_event_default ... ok
[INFO] [stdout] test event::tests::test_fields_access ... ok
[INFO] [stdout] test event::tests::test_large_number_of_fields ... ok
[INFO] [stdout] test event::tests::test_format_timestamp_epoch ... ok
[INFO] [stdout] test event::tests::test_len ... ok
[INFO] [stdout] test event::tests::test_event_clone ... ok
[INFO] [stdout] test event::tests::test_event_new ... ok
[INFO] [stdout] test event::tests::test_fields_mut_access ... ok
[INFO] [stdout] test event::tests::test_event_debug ... ok
[INFO] [stdout] test event::tests::test_fieldholder_add_actually_works ... ok
[INFO] [stdout] test event::tests::test_format_timestamp_pre_epoch_fallback ... ok
[INFO] [stdout] test event::tests::test_format_timestamp_specific_date ... ok
[INFO] [stdout] test event::tests::test_is_empty ... ok
[INFO] [stdout] test event::tests::test_serialization_excludes_metadata ... ok
[INFO] [stdout] test event::tests::test_timestamp_format_iso8601 ... ok
[INFO] [stdout] test event::tests::test_to_json ... ok
[INFO] [stdout] test event::tests::test_rfc3339_millisecond_precision ... ok
[INFO] [stdout] test event::tests::test_metadata ... ok
[INFO] [stdout] test event::tests::test_set_timestamp ... ok
[INFO] [stdout] test event::tests::test_metadata_complex ... ok
[INFO] [stdout] test event::tests::test_should_drop_no_sampling ... ok
[INFO] [stdout] test event::tests::test_should_drop_with_sampling ... ok
[INFO] [stdout] test event::tests::test_unicode_fields ... ok
[INFO] [stdout] test event::tests::test_set_sample_rate ... ok
[INFO] [stdout] test event::tests::test_nested_json_value ... ok
[INFO] [stdout] test batch::tests::test_batch_buffer_timeout_reset_after_flush ... ok
[INFO] [stderr] error: test failed, to rerun pass `--lib`
[INFO] [stdout] 
[INFO] [stdout] failures:
[INFO] [stdout] 
[INFO] [stdout] ---- client::tests::test_batch_size_boundary_validation stdout ----
[INFO] [stdout] 
[INFO] [stdout] thread 'client::tests::test_batch_size_boundary_validation' (1595) panicked at src/client.rs:1247:9:
[INFO] [stdout] Should fail when batch exceeds max_batch_bytes
[INFO] [stdout] stack backtrace:
[INFO] [stdout]    0:     0x5e35fdd2e791 - <<std[70759c8f55707aa4]::sys::backtrace::BacktraceLock>::print::DisplayBacktrace as core[df12db4294e9bfd3]::fmt::Display>::fmt
[INFO] [stdout]    1:     0x5e35fdd43c0a - core[df12db4294e9bfd3]::fmt::write
[INFO] [stdout]    2:     0x5e35fdd32d2c - <alloc[2182bb758b4b3781]::vec::Vec<u8> as core[df12db4294e9bfd3]::io::write::Write>::write_fmt
[INFO] [stdout]    3:     0x5e35fdd0acd6 - std[70759c8f55707aa4]::panicking::default_hook::{closure#0}
[INFO] [stdout]    4:     0x5e35fdd26e49 - std[70759c8f55707aa4]::panicking::default_hook
[INFO] [stdout]    5:     0x5e35fdcbc5f0 - test[9d35eded1c95d3be]::test_main_inner::<test[9d35eded1c95d3be]::test_main_static::{closure#0}>::{closure#0}
[INFO] [stdout]    6:     0x5e35fdd27002 - std[70759c8f55707aa4]::panicking::panic_with_hook
[INFO] [stdout]    7:     0x5e35fdd0adb4 - std[70759c8f55707aa4]::panicking::panic_handler::{closure#0}
[INFO] [stdout]    8:     0x5e35fdd03b09 - std[70759c8f55707aa4]::sys::backtrace::__rust_end_short_backtrace::<std[70759c8f55707aa4]::panicking::panic_handler::{closure#0}, !>
[INFO] [stdout]    9:     0x5e35fdd0b97d - __rustc[8fa7c3cbc660c2b3]::rust_begin_unwind
[INFO] [stdout]   10:     0x5e35fdd4433c - core[df12db4294e9bfd3]::panicking::panic_fmt
[INFO] [stdout]   11:     0x5e35fdc88637 - honeycomb_rs[e5724a83bd396692]::client::tests::test_batch_size_boundary_validation
[INFO] [stdout]   12:     0x5e35fdc9f9b9 - <honeycomb_rs[e5724a83bd396692]::client::tests::test_batch_size_boundary_validation::{closure#0} as core[df12db4294e9bfd3]::ops::function::FnOnce<()>>::call_once
[INFO] [stdout]   13:     0x5e35fdcaf8db - test[9d35eded1c95d3be]::__rust_begin_short_backtrace::<core[df12db4294e9bfd3]::result::Result<(), alloc[2182bb758b4b3781]::string::String>, fn() -> core[df12db4294e9bfd3]::result::Result<(), alloc[2182bb758b4b3781]::string::String>>
[INFO] [stdout]   14:     0x5e35fdcbcf45 - test[9d35eded1c95d3be]::run_test::{closure#0}
[INFO] [stdout]   15:     0x5e35fdcb6804 - std[70759c8f55707aa4]::sys::backtrace::__rust_begin_short_backtrace::<test[9d35eded1c95d3be]::run_test::{closure#1}, ()>
[INFO] [stdout]   16:     0x5e35fdcc00a2 - <std[70759c8f55707aa4]::thread::lifecycle::spawn_unchecked<test[9d35eded1c95d3be]::run_test::{closure#1}, ()>::{closure#1} as core[df12db4294e9bfd3]::ops::function::FnOnce<()>>::call_once::{shim:vtable#0}
[INFO] [stdout]   17:     0x5e35fdd2e069 - <std[70759c8f55707aa4]::sys::thread::unix::Thread>::new::thread_start
[INFO] [stdout]   18:     0x70b9c7fa9dfa - <unknown>
[INFO] [stdout]   19:     0x70b9c803d3d4 - clone
[INFO] [stdout]   20:                0x0 - <unknown>
[INFO] [stdout] 
[INFO] [stdout] 
[INFO] [stdout] failures:
[INFO] [stdout]     client::tests::test_batch_size_boundary_validation
[INFO] [stdout] 
[INFO] [stdout] test result: FAILED. 165 passed; 1 failed; 0 ignored; 0 measured; 0 filtered out; finished in 0.04s
[INFO] [stdout] 
[INFO] running `Command { std: "docker" "inspect" "3b208b896720bf6cfdd126fe4d901445f3364004d9f64e30f60293e118955fb3", kill_on_drop: false }`
[INFO] running `Command { std: "docker" "rm" "-f" "3b208b896720bf6cfdd126fe4d901445f3364004d9f64e30f60293e118955fb3", kill_on_drop: false }`
[INFO] [stdout] 3b208b896720bf6cfdd126fe4d901445f3364004d9f64e30f60293e118955fb3
