[INFO] fetching crate honeycomb-kernels 0.12.0...
[INFO] testing honeycomb-kernels-0.12.0 against 1.100.0-beta.1+cargoflags=--release for beta-release-1.100-2
[INFO] extracting crate honeycomb-kernels 0.12.0 into /workspace/builds/worker-2-tc2/source
[INFO] started tweaking crates.io crate honeycomb-kernels 0.12.0
[INFO] finished tweaking crates.io crate honeycomb-kernels 0.12.0
[INFO] tweaked toml for crates.io crate honeycomb-kernels 0.12.0 written to /workspace/builds/worker-2-tc2/source/Cargo.toml
[INFO] validating manifest of crates.io crate honeycomb-kernels 0.12.0 on toolchain 1.100.0-beta.1
[INFO] running `Command { std: CARGO_HOME="/workspace/cargo-home" RUSTUP_HOME="/workspace/rustup-home" "/workspace/cargo-home/bin/cargo" "+1.100.0-beta.1" "metadata" "--manifest-path" "Cargo.toml" "--no-deps", kill_on_drop: false }`
[INFO] crate crates.io crate honeycomb-kernels 0.12.0 already has a lockfile, it will not be regenerated
[INFO] running `Command { std: CARGO_HOME="/workspace/cargo-home" RUSTUP_HOME="/workspace/rustup-home" "/workspace/cargo-home/bin/cargo" "+1.100.0-beta.1" "fetch" "--manifest-path" "Cargo.toml", kill_on_drop: false }`
[INFO] running `Command { std: "docker" "create" "-v" "/var/lib/crater-agent-workspace/builds/worker-2-tc2/source:/opt/rustwide/workdir:ro,Z" "-v" "/var/lib/crater-agent-workspace/builds/worker-2-tc2/target:/opt/rustwide/target:rw,Z" "-v" "/var/lib/crater-agent-workspace/cargo-home:/opt/rustwide/cargo-home:ro,Z" "-v" "/var/lib/crater-agent-workspace/rustup-home:/opt/rustwide/rustup-home:ro,Z" "-m" "1610612736" "--network" "none" "ghcr.io/rust-lang/crates-build-env/linux@sha256:77db811e55d90add9212f6832c23229e3de5f1c1f9905e8cb07319ea15df73ac" "sleep" "infinity", kill_on_drop: false }`
[INFO] [stdout] 9ca2c90314ec888142c2a2f08eccfbb10f57d58c1b3f9aafc0251bcb5c1f9c5b
[INFO] running `Command { std: "docker" "start" "9ca2c90314ec888142c2a2f08eccfbb10f57d58c1b3f9aafc0251bcb5c1f9c5b", kill_on_drop: false }`
[INFO] running `Command { std: "docker" "inspect" "9ca2c90314ec888142c2a2f08eccfbb10f57d58c1b3f9aafc0251bcb5c1f9c5b", kill_on_drop: false }`
[INFO] running `Command { std: "docker" "exec" "-e" "SOURCE_DIR=/opt/rustwide/workdir" "-e" "CARGO_HOME=/opt/rustwide/cargo-home" "-e" "RUSTUP_HOME=/opt/rustwide/rustup-home" "-e" "CARGO_TARGET_DIR=/opt/rustwide/target" "-w" "/opt/rustwide/workdir" "--user" "0:0" "9ca2c90314ec888142c2a2f08eccfbb10f57d58c1b3f9aafc0251bcb5c1f9c5b" "/opt/rustwide/cargo-home/bin/cargo" "+1.100.0-beta.1" "metadata" "--no-deps" "--format-version=1", kill_on_drop: false }`
[INFO] running `Command { std: "docker" "inspect" "9ca2c90314ec888142c2a2f08eccfbb10f57d58c1b3f9aafc0251bcb5c1f9c5b", kill_on_drop: false }`
[INFO] running `Command { std: "docker" "exec" "-e" "SOURCE_DIR=/opt/rustwide/workdir" "-e" "CARGO_HOME=/opt/rustwide/cargo-home" "-e" "RUSTUP_HOME=/opt/rustwide/rustup-home" "-e" "CARGO_TARGET_DIR=/opt/rustwide/target" "-e" "CARGO_INCREMENTAL=0" "-e" "RUST_BACKTRACE=full" "-e" "RUSTFLAGS=--cap-lints=warn" "-e" "RUSTDOCFLAGS=--cap-lints=warn" "-w" "/opt/rustwide/workdir" "--user" "0:0" "9ca2c90314ec888142c2a2f08eccfbb10f57d58c1b3f9aafc0251bcb5c1f9c5b" "/opt/rustwide/cargo-home/bin/cargo" "+1.100.0-beta.1" "build" "--frozen" "--message-format=json" "--release", kill_on_drop: false }`
[INFO] [stderr]    Compiling crossbeam-deque v0.8.7
[INFO] [stderr]    Compiling smallvec v1.16.0
[INFO] [stderr]    Compiling either v1.18.0
[INFO] [stderr]    Compiling nom v8.0.0
[INFO] [stderr]    Compiling rustc-hash v2.1.3
[INFO] [stderr]    Compiling log v0.4.34
[INFO] [stderr]    Compiling trim-in-place v0.1.7
[INFO] [stderr]    Compiling bytemuck v1.25.2
[INFO] [stderr]    Compiling crossbeam-epoch v0.9.20
[INFO] [stderr]    Compiling syn v3.0.4
[INFO] [stderr]    Compiling fast-stm v0.7.1
[INFO] [stderr]    Compiling syn v2.0.119
[INFO] [stderr]    Compiling honeycomb-core v0.12.0
[INFO] [stderr]    Compiling honeycomb-kernels v0.12.0 (/opt/rustwide/workdir)
[INFO] [stderr]    Compiling smallvec v2.0.0-alpha.12
[INFO] [stderr]    Compiling parking_lot_core v0.9.12
[INFO] [stderr]    Compiling itertools v0.15.0
[INFO] [stderr]    Compiling parking_lot v0.12.5
[INFO] [stderr]    Compiling rayon-core v1.13.0
[INFO] [stderr]    Compiling rayon v1.12.0
[INFO] [stderr]    Compiling thiserror-impl v2.0.20
[INFO] [stderr]    Compiling num-derive v0.4.2
[INFO] [stderr]    Compiling thiserror v2.0.20
[INFO] [stderr]    Compiling vtkio v0.7.0-rc2
[INFO] [stderr]     Finished `release` profile [optimized] target(s) in 15.04s
[INFO] running `Command { std: "docker" "inspect" "9ca2c90314ec888142c2a2f08eccfbb10f57d58c1b3f9aafc0251bcb5c1f9c5b", kill_on_drop: false }`
[INFO] running `Command { std: "docker" "exec" "-e" "SOURCE_DIR=/opt/rustwide/workdir" "-e" "CARGO_HOME=/opt/rustwide/cargo-home" "-e" "RUSTUP_HOME=/opt/rustwide/rustup-home" "-e" "CARGO_TARGET_DIR=/opt/rustwide/target" "-e" "CARGO_INCREMENTAL=0" "-e" "RUST_BACKTRACE=full" "-e" "RUSTFLAGS=--cap-lints=warn" "-e" "RUSTDOCFLAGS=--cap-lints=warn" "-w" "/opt/rustwide/workdir" "--user" "0:0" "9ca2c90314ec888142c2a2f08eccfbb10f57d58c1b3f9aafc0251bcb5c1f9c5b" "/opt/rustwide/cargo-home/bin/cargo" "+1.100.0-beta.1" "test" "--frozen" "--no-run" "--message-format=json" "--release", kill_on_drop: false }`
[INFO] [stderr]    Compiling honeycomb-kernels v0.12.0 (/opt/rustwide/workdir)
[INFO] [stderr]     Finished `release` profile [optimized] target(s) in 9.36s
[INFO] running `Command { std: "docker" "inspect" "9ca2c90314ec888142c2a2f08eccfbb10f57d58c1b3f9aafc0251bcb5c1f9c5b", kill_on_drop: false }`
[INFO] running `Command { std: "docker" "exec" "-e" "SOURCE_DIR=/opt/rustwide/workdir" "-e" "CARGO_HOME=/opt/rustwide/cargo-home" "-e" "RUSTUP_HOME=/opt/rustwide/rustup-home" "-e" "CARGO_TARGET_DIR=/opt/rustwide/target" "-e" "CARGO_INCREMENTAL=0" "-e" "RUST_BACKTRACE=full" "-e" "RUSTFLAGS=--cap-lints=warn" "-e" "RUSTDOCFLAGS=--cap-lints=warn" "-w" "/opt/rustwide/workdir" "--user" "0:0" "9ca2c90314ec888142c2a2f08eccfbb10f57d58c1b3f9aafc0251bcb5c1f9c5b" "/opt/rustwide/cargo-home/bin/cargo" "+1.100.0-beta.1" "test" "--frozen" "--release", kill_on_drop: false }`
[INFO] [stderr]     Finished `release` profile [optimized] target(s) in 0.06s
[INFO] [stderr]      Running unittests src/lib.rs (/opt/rustwide/target/release/build/honeycomb-kernels/e9e11ed60be87695/out/honeycomb_kernels-e9e11ed60be87695)
[INFO] [stdout] 
[INFO] [stdout] running 56 tests
[INFO] [stdout] test cell_insertion::tests::vertices::splitn_single_dart ... ok
[INFO] [stdout] test cell_insertion::tests::vertices::split_edge_complete ... ok
[INFO] [stdout] test cell_insertion::tests::vertices::splitn_edge_missing_vertex ... ok
[INFO] [stdout] test grid_generation::tests::grid_descriptor_3d::build_lpc_l ... ok
[INFO] [stdout] test cell_insertion::tests::vertices::split_edge_missing_vertex ... ok
[INFO] [stdout] test grid_generation::tests::grid_descriptor_3d::build_nc_lpc_l ... ok
[INFO] [stdout] test grid_generation::tests::grid_descriptor_2d::build_nc_l ... ok
[INFO] [stdout] test cell_insertion::tests::vertices::split_edge_isolated ... ok
[INFO] [stdout] test grid_generation::tests::grid_descriptor_3d::build_nc_lpc ... ok
[INFO] [stdout] test grid_generation::tests::grid_descriptor_2d::build_nc_lpc_l ... ok
[INFO] [stdout] test cell_insertion::tests::vertices::splitn_edge_isolated ... ok
[INFO] [stdout] test cell_insertion::tests::vertices::splitn_edge_complete ... ok
[INFO] [stdout] test grid_generation::tests::grid_descriptor_3d::build_incomplete ... ok
[INFO] [stdout] test grid_generation::tests::square_cmap2_correctness ... ok
[INFO] [stdout] test grid_generation::tests::grid_descriptor_2d::build_lpc_l ... ok
[INFO] [stdout] test cell_insertion::tests::vertices::split_single_dart ... ok
[INFO] [stdout] test grid_generation::tests::grid_descriptor_2d::build_nc_lpc ... ok
[INFO] [stdout] test grid_generation::tests::grid_descriptor_2d::build_incomplete ... ok
[INFO] [stdout] test grid_generation::tests::splitsquare_cmap2_correctness ... ok
[INFO] [stdout] test grisubal::tests::successive_straight_intersections ... ok
[INFO] [stdout] test remeshing::relaxation::tests::smooth_vertices_3d ... ok
[INFO] [stdout] test remeshing::tests::anchors::merge_face_diff_dim ... ok
[INFO] [stdout] test grisubal::tests::corner_intersection ... ok
[INFO] [stdout] test remeshing::tests::anchors::merge_vertex_diff_dim ... ok
[INFO] [stdout] test remeshing::tests::anchors::merge_face_eq_dim ... ok
[INFO] [stdout] test grid_generation::tests::grid_descriptor_2d::build_neg_lpc - should panic ... ok
[INFO] [stdout] test grisubal::tests::regular_intersections ... ok
[INFO] [stdout] test remeshing::tests::capture_and_classify::capture_example ... FAILED
[INFO] [stdout] test grid_generation::tests::hex_cmap3_correctness ... ok
[INFO] [stdout] test remeshing::tests::anchors::split_anchors ... ok
[INFO] [stdout] test remeshing::tests::anchors::merge_edge_diff_dim ... ok
[INFO] [stdout] test grid_generation::tests::grid_descriptor_3d::build_neg_lpc - should panic ... ok
[INFO] [stdout] test grisubal::tests::build_valid_geometry ... ok
[INFO] [stdout] test grid_generation::tests::grid_descriptor_2d::build_null_l - should panic ... ok
[INFO] [stdout] test grid_generation::tests::grid_descriptor_3d::build_neg_lpc_neg_l - should panic ... ok
[INFO] [stdout] test grid_generation::tests::grid_descriptor_2d::build_neg_lpc_neg_l - should panic ... ok
[INFO] [stdout] test remeshing::tests::anchors::merge_edge_eq_dim ... ok
[INFO] [stdout] test remeshing::tests::capture_and_classify::classify_without_anchors ... ok
[INFO] [stdout] test remeshing::tests::anchors::merge_vertex_eq_dim ... ok
[INFO] [stdout] test grid_generation::tests::grid_descriptor_3d::build_nc_l ... ok
[INFO] [stdout] test grid_generation::tests::grid_descriptor_3d::build_null_l - should panic ... ok
[INFO] [stdout] test triangulation::tests::earclip_cells ... ok
[INFO] [stdout] test remeshing::tests::swap::swap_edge_seq ... ok
[INFO] [stdout] test triangulation::tests::fan_cells ... ok
[INFO] [stdout] test remeshing::tests::triangulate_and_classify::tri_after_class ... ok
[INFO] [stdout] test grisubal::tests::successive_diag_intersections ... ok
[INFO] [stdout] test remeshing::tests::triangulate_and_classify::tri_before_class ... ok
[INFO] [stdout] test remeshing::tests::capture_and_classify::classify_with_anchored_vertex_values ... ok
[INFO] [stdout] test remeshing::tests::swap::swap_edge_errs ... ok
[INFO] [stdout] test remeshing::tests::triangulate_and_classify::tri_after_class_no_anchor_value ... ok
[INFO] [stdout] test remeshing::tests::triangulate_and_classify::collapse::collapse_edge_errs ... ok
[INFO] [stdout] test remeshing::tests::triangulate_and_classify::collapse::collapse_edge_seq ... ok
[INFO] [stdout] test remeshing::tests::capture_and_classify::classify_without_anchored_vertex_values ... ok
[INFO] [stdout] test remeshing::tests::triangulate_and_classify::tri_before_class_no_anchor_value - should panic ... ok
[INFO] [stdout] test skewness::tests::dim2_grids ... ok
[INFO] [stdout] test grid_generation::tests::tet_cmap3_correctness ... ok
[INFO] [stdout] 
[INFO] [stdout] failures:
[INFO] [stdout] 
[INFO] [stdout] ---- remeshing::tests::capture_and_classify::capture_example stdout ----
[INFO] [stdout] 
[INFO] [stdout] thread 'remeshing::tests::capture_and_classify::capture_example' (666) panicked at src/remeshing/capture.rs:54:19:
[INFO] [stdout] E: could not open specified vtk file - IO error: No such file or directory (os error 2)
[INFO] [stdout] stack backtrace:
[INFO] [stdout]    0:     0x5ba88f7d6a21 - <<std[617be2ca0a6fd877]::sys::backtrace::BacktraceLock>::print::DisplayBacktrace as core[a373ad73a504971]::fmt::Display>::fmt
[INFO] [stdout]    1:     0x5ba88f7ec1fa - core[a373ad73a504971]::fmt::write
[INFO] [stdout]    2:     0x5ba88f7dac8c - <alloc[2e1b2a31b91974c5]::vec::Vec<u8> as core[a373ad73a504971]::io::write::Write>::write_fmt
[INFO] [stdout]    3:     0x5ba88f7b28e6 - std[617be2ca0a6fd877]::panicking::default_hook::{closure#0}
[INFO] [stdout]    4:     0x5ba88f7cef39 - std[617be2ca0a6fd877]::panicking::default_hook
[INFO] [stdout]    5:     0x5ba88f7419f0 - test[aada8e7e76ba119b]::test_main_inner::{closure#0}
[INFO] [stdout]    6:     0x5ba88f7cf262 - std[617be2ca0a6fd877]::panicking::panic_with_hook
[INFO] [stdout]    7:     0x5ba88f7b2992 - std[617be2ca0a6fd877]::panicking::panic_handler::{closure#0}
[INFO] [stdout]    8:     0x5ba88f7ab6a9 - std[617be2ca0a6fd877]::sys::backtrace::__rust_end_short_backtrace::<std[617be2ca0a6fd877]::panicking::panic_handler::{closure#0}, !>
[INFO] [stdout]    9:     0x5ba88f7b359d - __rustc[ea4f61d10b84890b]::rust_begin_unwind
[INFO] [stdout]   10:     0x5ba88f7ec92c - core[a373ad73a504971]::panicking::panic_fmt
[INFO] [stdout]   11:     0x5ba88f6cbce2 - honeycomb_kernels[56a904c752265905]::remeshing::capture::capture_geometry::<f64, &str>
[INFO] [stdout]   12:     0x5ba88f6dc429 - <honeycomb_kernels[56a904c752265905]::remeshing::tests::capture_and_classify::capture_example::{closure#0} as core[a373ad73a504971]::ops::function::FnOnce<()>>::call_once
[INFO] [stdout]   13:     0x5ba88f734e3b - test[aada8e7e76ba119b]::__rust_begin_short_backtrace::<core[a373ad73a504971]::result::Result<(), alloc[2e1b2a31b91974c5]::string::String>, fn() -> core[a373ad73a504971]::result::Result<(), alloc[2e1b2a31b91974c5]::string::String>>
[INFO] [stdout]   14:     0x5ba88f742015 - test[aada8e7e76ba119b]::run_test::{closure#0}
[INFO] [stdout]   15:     0x5ba88f73b904 - std[617be2ca0a6fd877]::sys::backtrace::__rust_begin_short_backtrace::<test[aada8e7e76ba119b]::run_test::{closure#1}, ()>
[INFO] [stdout]   16:     0x5ba88f7450a2 - <std[617be2ca0a6fd877]::thread::lifecycle::spawn_unchecked<test[aada8e7e76ba119b]::run_test::{closure#1}, ()>::{closure#1} as core[a373ad73a504971]::ops::function::FnOnce<()>>::call_once::{shim:vtable#0}
[INFO] [stdout]   17:     0x5ba88f7d626f - <std[617be2ca0a6fd877]::sys::thread::unix::Thread>::new::thread_start
[INFO] [stdout]   18:     0x7ce1443c9dfa - <unknown>
[INFO] [stdout]   19:     0x7ce14445d3d4 - clone
[INFO] [stdout]   20:                0x0 - <unknown>
[INFO] [stdout] 
[INFO] [stdout] 
[INFO] [stdout] failures:
[INFO] [stdout]     remeshing::tests::capture_and_classify::capture_example
[INFO] [stdout] 
[INFO] [stdout] test result: FAILED. 55 passed; 1 failed; 0 ignored; 0 measured; 0 filtered out; finished in 0.05s
[INFO] [stdout] 
[INFO] [stderr] error: test failed, to rerun pass `--lib`
[INFO] running `Command { std: "docker" "inspect" "9ca2c90314ec888142c2a2f08eccfbb10f57d58c1b3f9aafc0251bcb5c1f9c5b", kill_on_drop: false }`
[INFO] running `Command { std: "docker" "rm" "-f" "9ca2c90314ec888142c2a2f08eccfbb10f57d58c1b3f9aafc0251bcb5c1f9c5b", kill_on_drop: false }`
[INFO] [stdout] 9ca2c90314ec888142c2a2f08eccfbb10f57d58c1b3f9aafc0251bcb5c1f9c5b
