[INFO] fetching crate homie5 0.12.0...
[INFO] testing homie5-0.12.0 against 1.99.0-beta.8+cargoflags=--release for beta-release-1.100-2
[INFO] extracting crate homie5 0.12.0 into /workspace/builds/worker-1-tc1/source
[INFO] started tweaking crates.io crate homie5 0.12.0
[INFO] removed 0 missing examples
[INFO] removed 0 missing tests
[INFO] finished tweaking crates.io crate homie5 0.12.0
[INFO] tweaked toml for crates.io crate homie5 0.12.0 written to /workspace/builds/worker-1-tc1/source/Cargo.toml
[INFO] validating manifest of crates.io crate homie5 0.12.0 on toolchain 1.99.0-beta.8
[INFO] running `Command { std: CARGO_HOME="/workspace/cargo-home" RUSTUP_HOME="/workspace/rustup-home" "/workspace/cargo-home/bin/cargo" "+1.99.0-beta.8" "metadata" "--manifest-path" "Cargo.toml" "--no-deps", kill_on_drop: false }`
[INFO] crate crates.io crate homie5 0.12.0 already has a lockfile, it will not be regenerated
[INFO] running `Command { std: CARGO_HOME="/workspace/cargo-home" RUSTUP_HOME="/workspace/rustup-home" "/workspace/cargo-home/bin/cargo" "+1.99.0-beta.8" "fetch" "--manifest-path" "Cargo.toml", kill_on_drop: false }`
[INFO] [stderr]     Updating crates.io index
[INFO] [stderr]  Downloading crates ...
[INFO] [stderr]   Downloaded ctrlc v3.5.1
[INFO] [stderr]   Downloaded aws-lc-rs v1.15.0
[INFO] [stderr]   Downloaded rumqttc v0.25.0
[INFO] [stderr]   Downloaded aws-lc-sys v0.33.0
[INFO] running `Command { std: "docker" "create" "-v" "/var/lib/crater-agent-workspace/builds/worker-1-tc1/source:/opt/rustwide/workdir:ro,Z" "-v" "/var/lib/crater-agent-workspace/builds/worker-1-tc1/target:/opt/rustwide/target:rw,Z" "-v" "/var/lib/crater-agent-workspace/cargo-home:/opt/rustwide/cargo-home:ro,Z" "-v" "/var/lib/crater-agent-workspace/rustup-home:/opt/rustwide/rustup-home:ro,Z" "-m" "1610612736" "--network" "none" "ghcr.io/rust-lang/crates-build-env/linux@sha256:77db811e55d90add9212f6832c23229e3de5f1c1f9905e8cb07319ea15df73ac" "sleep" "infinity", kill_on_drop: false }`
[INFO] [stdout] b09dd5d601c4c12668fed266901ae647aa3786bb3beba8873edf86e3a862551a
[INFO] running `Command { std: "docker" "start" "b09dd5d601c4c12668fed266901ae647aa3786bb3beba8873edf86e3a862551a", kill_on_drop: false }`
[INFO] running `Command { std: "docker" "inspect" "b09dd5d601c4c12668fed266901ae647aa3786bb3beba8873edf86e3a862551a", kill_on_drop: false }`
[INFO] running `Command { std: "docker" "exec" "-e" "SOURCE_DIR=/opt/rustwide/workdir" "-e" "CARGO_HOME=/opt/rustwide/cargo-home" "-e" "RUSTUP_HOME=/opt/rustwide/rustup-home" "-e" "CARGO_TARGET_DIR=/opt/rustwide/target" "-w" "/opt/rustwide/workdir" "--user" "0:0" "b09dd5d601c4c12668fed266901ae647aa3786bb3beba8873edf86e3a862551a" "/opt/rustwide/cargo-home/bin/cargo" "+1.99.0-beta.8" "metadata" "--no-deps" "--format-version=1", kill_on_drop: false }`
[INFO] running `Command { std: "docker" "inspect" "b09dd5d601c4c12668fed266901ae647aa3786bb3beba8873edf86e3a862551a", kill_on_drop: false }`
[INFO] running `Command { std: "docker" "exec" "-e" "SOURCE_DIR=/opt/rustwide/workdir" "-e" "CARGO_HOME=/opt/rustwide/cargo-home" "-e" "RUSTUP_HOME=/opt/rustwide/rustup-home" "-e" "CARGO_TARGET_DIR=/opt/rustwide/target" "-e" "CARGO_INCREMENTAL=0" "-e" "RUST_BACKTRACE=full" "-e" "RUSTFLAGS=--cap-lints=warn" "-e" "RUSTDOCFLAGS=--cap-lints=warn" "-w" "/opt/rustwide/workdir" "--user" "0:0" "b09dd5d601c4c12668fed266901ae647aa3786bb3beba8873edf86e3a862551a" "/opt/rustwide/cargo-home/bin/cargo" "+1.99.0-beta.8" "build" "--frozen" "--message-format=json" "--release", kill_on_drop: false }`
[INFO] [stderr]    Compiling thiserror v2.0.17
[INFO] [stderr]    Compiling syn v2.0.110
[INFO] [stderr]    Compiling serde_derive v1.0.228
[INFO] [stderr]    Compiling thiserror-impl v2.0.17
[INFO] [stderr]    Compiling serde v1.0.228
[INFO] [stderr]    Compiling chrono v0.4.42
[INFO] [stderr]    Compiling homie5 v0.12.0 (/opt/rustwide/workdir)
[INFO] [stderr]     Finished `release` profile [optimized] target(s) in 19.50s
[INFO] running `Command { std: "docker" "inspect" "b09dd5d601c4c12668fed266901ae647aa3786bb3beba8873edf86e3a862551a", kill_on_drop: false }`
[INFO] running `Command { std: "docker" "exec" "-e" "SOURCE_DIR=/opt/rustwide/workdir" "-e" "CARGO_HOME=/opt/rustwide/cargo-home" "-e" "RUSTUP_HOME=/opt/rustwide/rustup-home" "-e" "CARGO_TARGET_DIR=/opt/rustwide/target" "-e" "CARGO_INCREMENTAL=0" "-e" "RUST_BACKTRACE=full" "-e" "RUSTFLAGS=--cap-lints=warn" "-e" "RUSTDOCFLAGS=--cap-lints=warn" "-w" "/opt/rustwide/workdir" "--user" "0:0" "b09dd5d601c4c12668fed266901ae647aa3786bb3beba8873edf86e3a862551a" "/opt/rustwide/cargo-home/bin/cargo" "+1.99.0-beta.8" "test" "--frozen" "--no-run" "--message-format=json" "--release", kill_on_drop: false }`
[INFO] [stderr]    Compiling libc v0.2.186
[INFO] [stderr]    Compiling aws-lc-rs v1.15.0
[INFO] [stderr]    Compiling cc v1.2.46
[INFO] [stderr]    Compiling syn v2.0.110
[INFO] [stderr]    Compiling regex-syntax v0.8.8
[INFO] [stderr]    Compiling rustls v0.23.35
[INFO] [stderr]    Compiling nix v0.30.1
[INFO] [stderr]    Compiling once_cell v1.21.3
[INFO] [stderr]    Compiling spin v0.9.8
[INFO] [stderr]    Compiling hashbrown v0.16.0
[INFO] [stderr]    Compiling flume v0.11.1
[INFO] [stderr]    Compiling futures-util v0.3.31
[INFO] [stderr]    Compiling rustls-native-certs v0.8.2
[INFO] [stderr]    Compiling anstream v0.6.21
[INFO] [stderr]    Compiling indexmap v2.12.0
[INFO] [stderr]    Compiling rustls-pemfile v2.2.0
[INFO] [stderr]    Compiling cmake v0.1.54
[INFO] [stderr]    Compiling fixedbitset v0.5.7
[INFO] [stderr]    Compiling jiff v0.2.16
[INFO] [stderr]    Compiling regex-automata v0.4.13
[INFO] [stderr]    Compiling aws-lc-sys v0.33.0
[INFO] [stderr]    Compiling ring v0.17.14
[INFO] [stderr]    Compiling parking_lot_core v0.9.12
[INFO] [stderr]    Compiling socket2 v0.6.4
[INFO] [stderr]    Compiling parking_lot v0.12.5
[INFO] [stderr]    Compiling mio v1.2.1
[INFO] [stderr]    Compiling signal-hook-registry v1.4.6
[INFO] [stderr]    Compiling getrandom v0.2.16
[INFO] [stderr]    Compiling tokio-macros v2.7.0
[INFO] [stderr]    Compiling tokio v1.52.3
[INFO] [stderr]    Compiling serde_derive v1.0.228
[INFO] [stderr]    Compiling thiserror-impl v2.0.17
[INFO] [stderr]    Compiling regex v1.12.2
[INFO] [stderr]    Compiling thiserror v2.0.17
[INFO] [stderr]    Compiling env_filter v0.1.4
[INFO] [stderr]    Compiling env_logger v0.11.8
[INFO] [stderr]    Compiling ctrlc v3.5.1
[INFO] [stderr]    Compiling serde v1.0.228
[INFO] [stderr]    Compiling chrono v0.4.42
[INFO] [stderr]    Compiling serde_yaml_ng v0.10.0
[INFO] [stderr]    Compiling homie5 v0.12.0 (/opt/rustwide/workdir)
[INFO] [stderr]    Compiling tokio-util v0.7.17
[INFO] [stderr]    Compiling tokio-stream v0.1.17
[INFO] [stderr]    Compiling rustls-webpki v0.102.8
[INFO] [stderr]    Compiling rustls-webpki v0.103.8
[INFO] [stderr]    Compiling tokio-rustls v0.26.4
[INFO] [stderr]    Compiling rumqttc v0.25.0
[INFO] [stderr]     Finished `release` profile [optimized] target(s) in 4m 52s
[INFO] running `Command { std: "docker" "inspect" "b09dd5d601c4c12668fed266901ae647aa3786bb3beba8873edf86e3a862551a", kill_on_drop: false }`
[INFO] running `Command { std: "docker" "exec" "-e" "SOURCE_DIR=/opt/rustwide/workdir" "-e" "CARGO_HOME=/opt/rustwide/cargo-home" "-e" "RUSTUP_HOME=/opt/rustwide/rustup-home" "-e" "CARGO_TARGET_DIR=/opt/rustwide/target" "-e" "CARGO_INCREMENTAL=0" "-e" "RUST_BACKTRACE=full" "-e" "RUSTFLAGS=--cap-lints=warn" "-e" "RUSTDOCFLAGS=--cap-lints=warn" "-w" "/opt/rustwide/workdir" "--user" "0:0" "b09dd5d601c4c12668fed266901ae647aa3786bb3beba8873edf86e3a862551a" "/opt/rustwide/cargo-home/bin/cargo" "+1.99.0-beta.8" "test" "--frozen" "--release", kill_on_drop: false }`
[INFO] [stderr]     Finished `release` profile [optimized] target(s) in 0.20s
[INFO] [stderr]      Running unittests src/lib.rs (/opt/rustwide/target/release/deps/homie5-1165bfba6f5981dd)
[INFO] [stdout] 
[INFO] [stdout] running 3 tests
[INFO] [stdout] test device_description::test::test_deserialization ... ok
[INFO] [stdout] test device_description::test::test_format_float ... ok
[INFO] [stdout] test homie_domain::test_homie_domain ... ok
[INFO] [stdout] 
[INFO] [stdout] test result: ok. 3 passed; 0 failed; 0 ignored; 0 measured; 0 filtered out; finished in 0.00s
[INFO] [stdout] 
[INFO] [stderr]      Running tests/controller_proto.rs (/opt/rustwide/target/release/deps/controller_proto-dd427e8d6679f274)
[INFO] [stdout] 
[INFO] [stdout] running 4 tests
[INFO] [stdout] test device_subscriptions_cover_device_attributes ... ok
[INFO] [stdout] test set_command_for_property_uses_qos_0_for_non_retained ... ok
[INFO] [stdout] test set_command_uses_set_topic_without_retain ... ok
[INFO] [stdout] test set_command_encodes_empty_string_as_nul_byte ... ok
[INFO] [stdout] 
[INFO] [stdout] test result: ok. 4 passed; 0 failed; 0 ignored; 0 measured; 0 filtered out; finished in 0.00s
[INFO] [stdout] 
[INFO] [stderr]      Running tests/datatypes.rs (/opt/rustwide/target/release/deps/datatypes-30e5f0bc0a806305)
[INFO] [stdout] 
[INFO] [stdout] running 6 tests
[INFO] [stdout] test test_homie_data_type_from_str ... ok
[INFO] [stdout] test test_homie_data_type_hash_and_eq ... ok
[INFO] [stdout] test test_homie_data_type_debug ... ok
[INFO] [stdout] test test_homie_data_type_deserialize ... ok
[INFO] [stdout] test test_homie_data_type_serialize ... ok
[INFO] [stdout] test test_homie_data_type_display ... ok
[INFO] [stdout] 
[INFO] [stdout] test result: ok. 6 passed; 0 failed; 0 ignored; 0 measured; 0 filtered out; finished in 0.00s
[INFO] [stdout] 
[INFO] [stderr]      Running tests/description.rs (/opt/rustwide/target/release/deps/description-3b61ade1cd578f47)
[INFO] [stdout] 
[INFO] [stdout] running 6 tests
[INFO] [stdout] test invalid_device_frame_is_rejected ... ok
[INFO] [stdout] test lenient_and_strict_agree_on_valid_descriptions ... ok
[INFO] [stdout] test lenient_parsing_drops_only_invalid_objects ... ok
[INFO] [stdout] test parser_reports_issues_with_description ... ok
[INFO] [stdout] test version_is_stable_and_content_based ... ok
[INFO] [stdout] test strict_parsing_rejects_any_invalid_object ... ok
[INFO] [stdout] 
[INFO] [stdout] test result: ok. 6 passed; 0 failed; 0 ignored; 0 measured; 0 filtered out; finished in 0.00s
[INFO] [stdout] 
[INFO] [stdout] 
[INFO] [stdout] running 11 tests
[INFO] [stdout] test child_device_description_must_reference_root ... ok
[INFO] [stdout] test clear_alert_targets_alert_topic ... ok
[INFO] [stdout] test root_device_description_must_not_have_root ... ok
[INFO] [stdout] test step_sequences_are_fixed ... ok
[INFO] [stdout] test subscribe_props_only_covers_settable_properties ... ok
[INFO] [stdout] test description_json_omits_unset_optional_fields ... ok
[INFO] [stdout] test remove_device_clears_state_first_and_only_retained_topics ... ok
[INFO] [stderr]      Running tests/device_proto.rs (/opt/rustwide/target/release/deps/device_proto-b01d4e18a9872a66)
[INFO] [stdout] test last_will_publishes_lost_state ... ok
[INFO] [stderr]      Running tests/formats.rs (/opt/rustwide/target/release/deps/formats-7bfb7db1ad678be0)
[INFO] [stdout] test nested_child_keeps_original_root ... ok
[INFO] [stdout] test empty_string_value_is_published_as_nul_byte ... ok
[INFO] [stdout] test non_retained_values_and_targets_use_qos_0 ... ok
[INFO] [stdout] 
[INFO] [stdout] test result: ok. 11 passed; 0 failed; 0 ignored; 0 measured; 0 filtered out; finished in 0.00s
[INFO] [stdout] 
[INFO] [stdout] 
[INFO] [stdout] running 1 test
[INFO] [stderr] error: test failed, to rerun pass `--test formats`
[INFO] [stdout] test test_homie_formats_boolean ... FAILED
[INFO] [stdout] 
[INFO] [stdout] failures:
[INFO] [stdout] 
[INFO] [stdout] ---- test_homie_formats_boolean stdout ----
[INFO] [stdout] 
[INFO] [stdout] thread 'test_homie_formats_boolean' (3032) panicked at tests/formats.rs:16:5:
[INFO] [stdout] Err(No such file or directory (os error 2)
[INFO] [stdout] 
[INFO] [stdout] Stack backtrace:
[INFO] [stdout]    0: <anyhow::Error as core::convert::From<core::io::error::Error>>::from
[INFO] [stdout]    1: formats::common::run_homietests::<formats::test_homie_formats_boolean::{closure#0}>
[INFO] [stdout]    2: <formats::test_homie_formats_boolean::{closure#0} as core::ops::function::FnOnce<()>>::call_once
[INFO] [stdout]    3: test::__rust_begin_short_backtrace::<core::result::Result<(), alloc::string::String>, fn() -> core::result::Result<(), alloc::string::String>>
[INFO] [stdout]    4: test::run_test::{closure#0}
[INFO] [stdout]    5: std::sys::backtrace::__rust_begin_short_backtrace::<test::run_test::{closure#1}, ()>
[INFO] [stdout]    6: <std::thread::lifecycle::spawn_unchecked<test::run_test::{closure#1}, ()>::{closure#1} as core::ops::function::FnOnce<()>>::call_once::{shim:vtable#0}
[INFO] [stdout]    7: <std::sys::thread::unix::Thread>::new::thread_start
[INFO] [stdout]    8: <unknown>
[INFO] [stdout]    9: clone)
[INFO] [stdout] stack backtrace:
[INFO] [stdout]    0:     0x62fc266117c1 - <<std[70759c8f55707aa4]::sys::backtrace::BacktraceLock>::print::DisplayBacktrace as core[df12db4294e9bfd3]::fmt::Display>::fmt
[INFO] [stdout]    1:     0x62fc26626a3a - core[df12db4294e9bfd3]::fmt::write
[INFO] [stdout]    2:     0x62fc2661615c - <alloc[2182bb758b4b3781]::vec::Vec<u8> as core[df12db4294e9bfd3]::io::write::Write>::write_fmt
[INFO] [stdout]    3:     0x62fc265ed336 - std[70759c8f55707aa4]::panicking::default_hook::{closure#0}
[INFO] [stdout]    4:     0x62fc26609b99 - std[70759c8f55707aa4]::panicking::default_hook
[INFO] [stdout]    5:     0x62fc265a1ed0 - test[9d35eded1c95d3be]::test_main_inner::<test[9d35eded1c95d3be]::test_main_static::{closure#0}>::{closure#0}
[INFO] [stdout]    6:     0x62fc26609d52 - std[70759c8f55707aa4]::panicking::panic_with_hook
[INFO] [stdout]    7:     0x62fc265ed3e2 - std[70759c8f55707aa4]::panicking::panic_handler::{closure#0}
[INFO] [stdout]    8:     0x62fc265e5a49 - std[70759c8f55707aa4]::sys::backtrace::__rust_end_short_backtrace::<std[70759c8f55707aa4]::panicking::panic_handler::{closure#0}, !>
[INFO] [stdout]    9:     0x62fc265ee0ed - __rustc[8fa7c3cbc660c2b3]::rust_begin_unwind
[INFO] [stdout]   10:     0x62fc2662716c - core[df12db4294e9bfd3]::panicking::panic_fmt
[INFO] [stdout]   11:     0x62fc26573352 - <formats[d7d39ef6090e9355]::test_homie_formats_boolean::{closure#0} as core[df12db4294e9bfd3]::ops::function::FnOnce<()>>::call_once
[INFO] [stdout]   12:     0x62fc265951bb - test[9d35eded1c95d3be]::__rust_begin_short_backtrace::<core[df12db4294e9bfd3]::result::Result<(), alloc[2182bb758b4b3781]::string::String>, fn() -> core[df12db4294e9bfd3]::result::Result<(), alloc[2182bb758b4b3781]::string::String>>
[INFO] [stdout]   13:     0x62fc265a2825 - test[9d35eded1c95d3be]::run_test::{closure#0}
[INFO] [stdout]   14:     0x62fc2659c0e4 - std[70759c8f55707aa4]::sys::backtrace::__rust_begin_short_backtrace::<test[9d35eded1c95d3be]::run_test::{closure#1}, ()>
[INFO] [stdout]   15:     0x62fc265a5982 - <std[70759c8f55707aa4]::thread::lifecycle::spawn_unchecked<test[9d35eded1c95d3be]::run_test::{closure#1}, ()>::{closure#1} as core[df12db4294e9bfd3]::ops::function::FnOnce<()>>::call_once::{shim:vtable#0}
[INFO] [stdout]   16:     0x62fc26610d29 - <std[70759c8f55707aa4]::sys::thread::unix::Thread>::new::thread_start
[INFO] [stdout]   17:     0x7d1f27c67dfa - <unknown>
[INFO] [stdout]   18:     0x7d1f27cfb3d4 - clone
[INFO] [stdout]   19:                0x0 - <unknown>
[INFO] [stdout] 
[INFO] [stdout] 
[INFO] [stdout] failures:
[INFO] [stdout]     test_homie_formats_boolean
[INFO] [stdout] 
[INFO] [stdout] test result: FAILED. 0 passed; 1 failed; 0 ignored; 0 measured; 0 filtered out; finished in 0.01s
[INFO] [stdout] 
[INFO] running `Command { std: "docker" "inspect" "b09dd5d601c4c12668fed266901ae647aa3786bb3beba8873edf86e3a862551a", kill_on_drop: false }`
[INFO] running `Command { std: "docker" "rm" "-f" "b09dd5d601c4c12668fed266901ae647aa3786bb3beba8873edf86e3a862551a", kill_on_drop: false }`
[INFO] [stdout] b09dd5d601c4c12668fed266901ae647aa3786bb3beba8873edf86e3a862551a
