[INFO] fetching crate holiday_event_api 1.2.0...
[INFO] testing holiday_event_api-1.2.0 against 1.99.0-beta.8+cargoflags=--release for beta-release-1.100-2
[INFO] extracting crate holiday_event_api 1.2.0 into /workspace/builds/worker-6-tc1/source
[INFO] started tweaking crates.io crate holiday_event_api 1.2.0
[INFO] finished tweaking crates.io crate holiday_event_api 1.2.0
[INFO] tweaked toml for crates.io crate holiday_event_api 1.2.0 written to /workspace/builds/worker-6-tc1/source/Cargo.toml
[INFO] validating manifest of crates.io crate holiday_event_api 1.2.0 on toolchain 1.99.0-beta.8
[INFO] running `Command { std: CARGO_HOME="/workspace/cargo-home" RUSTUP_HOME="/workspace/rustup-home" "/workspace/cargo-home/bin/cargo" "+1.99.0-beta.8" "metadata" "--manifest-path" "Cargo.toml" "--no-deps", kill_on_drop: false }`
[INFO] crate crates.io crate holiday_event_api 1.2.0 already has a lockfile, it will not be regenerated
[INFO] running `Command { std: CARGO_HOME="/workspace/cargo-home" RUSTUP_HOME="/workspace/rustup-home" "/workspace/cargo-home/bin/cargo" "+1.99.0-beta.8" "fetch" "--manifest-path" "Cargo.toml", kill_on_drop: false }`
[INFO] [stderr]  Downloading crates ...
[INFO] [stderr]   Downloaded windows-targets v0.48.1
[INFO] [stderr]   Downloaded quote v1.0.32
[INFO] [stderr]   Downloaded tokio-test v0.4.2
[INFO] [stderr]   Downloaded async-stream-impl v0.3.5
[INFO] [stderr]   Downloaded async-stream v0.3.5
[INFO] [stderr]   Downloaded cc v1.0.82
[INFO] [stderr]   Downloaded syn v2.0.28
[INFO] [stderr]   Downloaded reqwest v0.11.18
[INFO] [stderr]   Downloaded serde_derive v1.0.183
[INFO] [stderr]   Downloaded wasm-bindgen-futures v0.4.37
[INFO] [stderr]   Downloaded tokio v1.31.0
[INFO] [stderr]   Downloaded rustix v0.38.8
[INFO] [stderr]   Downloaded errno v0.3.2
[INFO] [stderr]   Downloaded fastrand v2.0.0
[INFO] [stderr]   Downloaded tempfile v3.7.1
[INFO] [stderr]   Downloaded bitflags v2.4.0
[INFO] [stderr]   Downloaded linux-raw-sys v0.4.5
[INFO] [stderr]   Downloaded openssl-sys v0.9.91
[INFO] [stderr]   Downloaded serde_json v1.0.104
[INFO] [stderr]   Downloaded openssl v0.10.56
[INFO] [stderr]   Downloaded mockito v1.1.0
[INFO] [stderr]   Downloaded aho-corasick v1.0.3
[INFO] [stderr]   Downloaded colored v2.0.4
[INFO] running `Command { std: "docker" "create" "-v" "/var/lib/crater-agent-workspace/builds/worker-6-tc1/source:/opt/rustwide/workdir:ro,Z" "-v" "/var/lib/crater-agent-workspace/builds/worker-6-tc1/target:/opt/rustwide/target:rw,Z" "-v" "/var/lib/crater-agent-workspace/cargo-home:/opt/rustwide/cargo-home:ro,Z" "-v" "/var/lib/crater-agent-workspace/rustup-home:/opt/rustwide/rustup-home:ro,Z" "-m" "1610612736" "--network" "none" "ghcr.io/rust-lang/crates-build-env/linux@sha256:77db811e55d90add9212f6832c23229e3de5f1c1f9905e8cb07319ea15df73ac" "sleep" "infinity", kill_on_drop: false }`
[INFO] [stdout] 346f628db5e8e7c356bae2ecd47bf783ec8b1bcd9c1fc86d5a0bb90ac0d62cd5
[INFO] running `Command { std: "docker" "start" "346f628db5e8e7c356bae2ecd47bf783ec8b1bcd9c1fc86d5a0bb90ac0d62cd5", kill_on_drop: false }`
[INFO] running `Command { std: "docker" "inspect" "346f628db5e8e7c356bae2ecd47bf783ec8b1bcd9c1fc86d5a0bb90ac0d62cd5", kill_on_drop: false }`
[INFO] running `Command { std: "docker" "exec" "-e" "SOURCE_DIR=/opt/rustwide/workdir" "-e" "CARGO_HOME=/opt/rustwide/cargo-home" "-e" "RUSTUP_HOME=/opt/rustwide/rustup-home" "-e" "CARGO_TARGET_DIR=/opt/rustwide/target" "-w" "/opt/rustwide/workdir" "--user" "0:0" "346f628db5e8e7c356bae2ecd47bf783ec8b1bcd9c1fc86d5a0bb90ac0d62cd5" "/opt/rustwide/cargo-home/bin/cargo" "+1.99.0-beta.8" "metadata" "--no-deps" "--format-version=1", kill_on_drop: false }`
[INFO] running `Command { std: "docker" "inspect" "346f628db5e8e7c356bae2ecd47bf783ec8b1bcd9c1fc86d5a0bb90ac0d62cd5", kill_on_drop: false }`
[INFO] running `Command { std: "docker" "exec" "-e" "SOURCE_DIR=/opt/rustwide/workdir" "-e" "CARGO_HOME=/opt/rustwide/cargo-home" "-e" "RUSTUP_HOME=/opt/rustwide/rustup-home" "-e" "CARGO_TARGET_DIR=/opt/rustwide/target" "-e" "CARGO_INCREMENTAL=0" "-e" "RUST_BACKTRACE=full" "-e" "RUSTFLAGS=--cap-lints=warn" "-e" "RUSTDOCFLAGS=--cap-lints=warn" "-w" "/opt/rustwide/workdir" "--user" "0:0" "346f628db5e8e7c356bae2ecd47bf783ec8b1bcd9c1fc86d5a0bb90ac0d62cd5" "/opt/rustwide/cargo-home/bin/cargo" "+1.99.0-beta.8" "build" "--frozen" "--message-format=json" "--release", kill_on_drop: false }`
[INFO] [stderr]    Compiling libc v0.2.147
[INFO] [stderr]    Compiling proc-macro2 v1.0.66
[INFO] [stderr]    Compiling pkg-config v0.3.27
[INFO] [stderr]    Compiling pin-project-lite v0.2.12
[INFO] [stderr]    Compiling once_cell v1.18.0
[INFO] [stderr]    Compiling smallvec v1.11.0
[INFO] [stderr]    Compiling futures-core v0.3.28
[INFO] [stderr]    Compiling bytes v1.4.0
[INFO] [stderr]    Compiling futures-task v0.3.28
[INFO] [stderr]    Compiling indexmap v1.9.3
[INFO] [stderr]    Compiling slab v0.4.8
[INFO] [stderr]    Compiling openssl v0.10.56
[INFO] [stderr]    Compiling futures-util v0.3.28
[INFO] [stderr]    Compiling futures-sink v0.3.28
[INFO] [stderr]    Compiling native-tls v0.2.11
[INFO] [stderr]    Compiling serde v1.0.183
[INFO] [stderr]    Compiling futures-channel v0.3.28
[INFO] [stderr]    Compiling httparse v1.8.0
[INFO] [stderr]    Compiling openssl-probe v0.1.5
[INFO] [stderr]    Compiling percent-encoding v2.3.0
[INFO] [stderr]    Compiling log v0.4.20
[INFO] [stderr]    Compiling try-lock v0.2.4
[INFO] [stderr]    Compiling serde_derive v1.0.183
[INFO] [stderr]    Compiling tracing-core v0.1.31
[INFO] [stderr]    Compiling want v0.3.1
[INFO] [stderr]    Compiling form_urlencoded v1.2.0
[INFO] [stderr]    Compiling httpdate v1.0.2
[INFO] [stderr]    Compiling tower-service v0.3.2
[INFO] [stderr]    Compiling unicode-bidi v0.3.13
[INFO] [stderr]    Compiling serde_json v1.0.104
[INFO] [stderr]    Compiling semver-parser v0.7.0
[INFO] [stderr]    Compiling rustc_version_runtime v0.2.1
[INFO] [stderr]    Compiling encoding_rs v0.8.32
[INFO] [stderr]    Compiling parking_lot_core v0.9.8
[INFO] [stderr]    Compiling socket2 v0.5.3
[INFO] [stderr]    Compiling num_cpus v1.16.0
[INFO] [stderr]    Compiling mio v0.8.8
[INFO] [stderr]    Compiling signal-hook-registry v1.4.1
[INFO] [stderr]    Compiling quote v1.0.32
[INFO] [stderr]    Compiling cc v1.0.82
[INFO] [stderr]    Compiling parking_lot v0.12.1
[INFO] [stderr]    Compiling tracing v0.1.37
[INFO] [stderr]    Compiling http v0.2.9
[INFO] [stderr]    Compiling syn v2.0.28
[INFO] [stderr]    Compiling socket2 v0.4.9
[INFO] [stderr]    Compiling idna v0.4.0
[INFO] [stderr]    Compiling semver v0.9.0
[INFO] [stderr]    Compiling ipnet v2.8.0
[INFO] [stderr]    Compiling base64 v0.21.2
[INFO] [stderr]    Compiling rustc_version v0.2.3
[INFO] [stderr]    Compiling openssl-sys v0.9.91
[INFO] [stderr]    Compiling url v2.4.0
[INFO] [stderr]    Compiling http-body v0.4.5
[INFO] [stderr]    Compiling tokio-macros v2.1.0
[INFO] [stderr]    Compiling openssl-macros v0.1.1
[INFO] [stderr]    Compiling tokio v1.31.0
[INFO] [stderr]    Compiling serde_urlencoded v0.7.1
[INFO] [stderr]    Compiling tokio-util v0.7.8
[INFO] [stderr]    Compiling tokio-native-tls v0.3.1
[INFO] [stderr]    Compiling h2 v0.3.20
[INFO] [stderr]    Compiling hyper v0.14.27
[INFO] [stderr]    Compiling hyper-tls v0.5.0
[INFO] [stderr]    Compiling reqwest v0.11.18
[INFO] [stderr]    Compiling holiday_event_api v1.2.0 (/opt/rustwide/workdir)
[INFO] [stderr]     Finished `release` profile [optimized] target(s) in 53.62s
[INFO] running `Command { std: "docker" "inspect" "346f628db5e8e7c356bae2ecd47bf783ec8b1bcd9c1fc86d5a0bb90ac0d62cd5", kill_on_drop: false }`
[INFO] running `Command { std: "docker" "exec" "-e" "SOURCE_DIR=/opt/rustwide/workdir" "-e" "CARGO_HOME=/opt/rustwide/cargo-home" "-e" "RUSTUP_HOME=/opt/rustwide/rustup-home" "-e" "CARGO_TARGET_DIR=/opt/rustwide/target" "-e" "CARGO_INCREMENTAL=0" "-e" "RUST_BACKTRACE=full" "-e" "RUSTFLAGS=--cap-lints=warn" "-e" "RUSTDOCFLAGS=--cap-lints=warn" "-w" "/opt/rustwide/workdir" "--user" "0:0" "346f628db5e8e7c356bae2ecd47bf783ec8b1bcd9c1fc86d5a0bb90ac0d62cd5" "/opt/rustwide/cargo-home/bin/cargo" "+1.99.0-beta.8" "test" "--frozen" "--no-run" "--message-format=json" "--release", kill_on_drop: false }`
[INFO] [stderr]    Compiling memchr v2.5.0
[INFO] [stderr]    Compiling futures-task v0.3.28
[INFO] [stderr]    Compiling futures-channel v0.3.28
[INFO] [stderr]    Compiling futures-util v0.3.28
[INFO] [stderr]    Compiling futures-io v0.3.28
[INFO] [stderr]    Compiling syn v2.0.28
[INFO] [stderr]    Compiling rustix v0.38.8
[INFO] [stderr]    Compiling getrandom v0.2.10
[INFO] [stderr]    Compiling bitflags v2.4.0
[INFO] [stderr]    Compiling linux-raw-sys v0.4.5
[INFO] [stderr]    Compiling regex-syntax v0.7.4
[INFO] [stderr]    Compiling assert-json-diff v2.0.2
[INFO] [stderr]    Compiling similar v2.2.1
[INFO] [stderr]    Compiling rand_core v0.6.4
[INFO] [stderr]    Compiling rand_chacha v0.3.1
[INFO] [stderr]    Compiling rand v0.8.5
[INFO] [stderr]    Compiling aho-corasick v1.0.3
[INFO] [stderr]    Compiling is-terminal v0.4.9
[INFO] [stderr]    Compiling colored v2.0.4
[INFO] [stderr]    Compiling regex-automata v0.3.6
[INFO] [stderr]    Compiling tokio-macros v2.1.0
[INFO] [stderr]    Compiling futures-macro v0.3.28
[INFO] [stderr]    Compiling openssl-macros v0.1.1
[INFO] [stderr]    Compiling async-stream-impl v0.3.5
[INFO] [stderr]    Compiling openssl v0.10.56
[INFO] [stderr]    Compiling async-stream v0.3.5
[INFO] [stderr]    Compiling tokio v1.31.0
[INFO] [stderr]    Compiling regex v1.9.3
[INFO] [stderr]    Compiling futures-executor v0.3.28
[INFO] [stderr]    Compiling futures v0.3.28
[INFO] [stderr]    Compiling native-tls v0.2.11
[INFO] [stderr]    Compiling tokio-util v0.7.8
[INFO] [stderr]    Compiling tokio-native-tls v0.3.1
[INFO] [stderr]    Compiling tokio-stream v0.1.14
[INFO] [stderr]    Compiling tokio-test v0.4.2
[INFO] [stderr]    Compiling h2 v0.3.20
[INFO] [stderr]    Compiling hyper v0.14.27
[INFO] [stderr]    Compiling hyper-tls v0.5.0
[INFO] [stderr]    Compiling mockito v1.1.0
[INFO] [stderr]    Compiling reqwest v0.11.18
[INFO] [stderr]    Compiling holiday_event_api v1.2.0 (/opt/rustwide/workdir)
[INFO] [stderr]     Finished `release` profile [optimized] target(s) in 1m 02s
[INFO] running `Command { std: "docker" "inspect" "346f628db5e8e7c356bae2ecd47bf783ec8b1bcd9c1fc86d5a0bb90ac0d62cd5", kill_on_drop: false }`
[INFO] running `Command { std: "docker" "exec" "-e" "SOURCE_DIR=/opt/rustwide/workdir" "-e" "CARGO_HOME=/opt/rustwide/cargo-home" "-e" "RUSTUP_HOME=/opt/rustwide/rustup-home" "-e" "CARGO_TARGET_DIR=/opt/rustwide/target" "-e" "CARGO_INCREMENTAL=0" "-e" "RUST_BACKTRACE=full" "-e" "RUSTFLAGS=--cap-lints=warn" "-e" "RUSTDOCFLAGS=--cap-lints=warn" "-w" "/opt/rustwide/workdir" "--user" "0:0" "346f628db5e8e7c356bae2ecd47bf783ec8b1bcd9c1fc86d5a0bb90ac0d62cd5" "/opt/rustwide/cargo-home/bin/cargo" "+1.99.0-beta.8" "test" "--frozen" "--release", kill_on_drop: false }`
[INFO] [stderr]     Finished `release` profile [optimized] target(s) in 0.15s
[INFO] [stderr]      Running unittests src/lib.rs (/opt/rustwide/target/release/deps/holiday_event_api-8162a6c46b3ddfc3)
[INFO] [stdout] 
[INFO] [stdout] running 25 tests
[INFO] [stdout] test tests::common_functionality::passes_along_user_agent ... FAILED
[INFO] [stdout] test tests::get_event_info::fetches_with_set_parameters ... FAILED
[INFO] [stdout] test tests::get_event_info::fetches_with_default_parameters ... FAILED
[INFO] [stdout] test tests::get_events::fetches_with_default_parameters ... FAILED
[INFO] [stdout] test tests::common_functionality::follows_redirects ... FAILED
[INFO] [stdout] test tests::common_functionality::reports_rate_limits ... FAILED
[INFO] [stdout] test tests::common_functionality::passes_along_api_key ... FAILED
[INFO] [stdout] test tests::common_functionality::passes_along_platform_version ... FAILED
[INFO] [stdout] test tests::new::fails_with_missing_api_key ... ok
[INFO] [stdout] test tests::get_events::fetches_with_set_parameters ... FAILED
[INFO] [stdout] test tests::get_event_info::fetches_with_starter_plan ... FAILED
[INFO] [stdout] test tests::search::fetches_with_default_parameters ... FAILED
[INFO] [stdout] test tests::search::fetches_with_set_parameters ... FAILED
[INFO] [stdout] test tests::common_functionality::passes_along_error ... ok
[INFO] [stdout] test tests::common_functionality::server_error_500 ... ok
[INFO] [stdout] test tests::search::too_many_results ... ok
[INFO] [stdout] test tests::new::returns_a_new_client ... ok
[INFO] [stdout] test tests::search::query_too_short ... ok
[INFO] [stdout] test tests::common_functionality::server_error_other ... ok
[INFO] [stdout] test tests::get_event_info::missing_id ... ok
[INFO] [stdout] test tests::search::missing_parameters ... ok
[INFO] [stdout] test tests::common_functionality::server_error_malformed_response ... ok
[INFO] [stdout] test tests::new::fails_with_invalid_base_url ... ok
[INFO] [stdout] test tests::get_event_info::invalid_event ... ok
[INFO] [stdout] test tests::common_functionality::server_error_unknown ... ok
[INFO] [stdout] 
[INFO] [stdout] failures:
[INFO] [stdout] 
[INFO] [stdout] ---- tests::common_functionality::passes_along_user_agent stdout ----
[INFO] [stdout] 
[INFO] [stdout] thread 'tests::common_functionality::passes_along_user_agent' (2458) panicked at src/lib.rs:228:18:
[INFO] [stdout] called `Result::unwrap()` on an `Err` value: Error { kind: FileNotFound, context: None }
[INFO] [stdout] stack backtrace:
[INFO] [stdout]    0:     0x64dcac88c091 - <<std[70759c8f55707aa4]::sys::backtrace::BacktraceLock>::print::DisplayBacktrace as core[df12db4294e9bfd3]::fmt::Display>::fmt
[INFO] [stdout]    1:     0x64dcac8a3dfa - core[df12db4294e9bfd3]::fmt::write
[INFO] [stdout]    2:     0x64dcac890c8c - <alloc[2182bb758b4b3781]::vec::Vec<u8> as core[df12db4294e9bfd3]::io::write::Write>::write_fmt
[INFO] [stdout]    3:     0x64dcac866f86 - std[70759c8f55707aa4]::panicking::default_hook::{closure#0}
[INFO] [stdout]    4:     0x64dcac883ca9 - std[70759c8f55707aa4]::panicking::default_hook
[INFO] [stdout]    5:     0x64dcac595210 - test[9d35eded1c95d3be]::test_main_inner::<test[9d35eded1c95d3be]::test_main_static::{closure#0}>::{closure#0}
[INFO] [stdout]    6:     0x64dcac883fd2 - std[70759c8f55707aa4]::panicking::panic_with_hook
[INFO] [stdout]    7:     0x64dcac867032 - std[70759c8f55707aa4]::panicking::panic_handler::{closure#0}
[INFO] [stdout]    8:     0x64dcac85f909 - std[70759c8f55707aa4]::sys::backtrace::__rust_end_short_backtrace::<std[70759c8f55707aa4]::panicking::panic_handler::{closure#0}, !>
[INFO] [stdout]    9:     0x64dcac867ebd - __rustc[8fa7c3cbc660c2b3]::rust_begin_unwind
[INFO] [stdout]   10:     0x64dcac8a45dc - core[df12db4294e9bfd3]::panicking::panic_fmt
[INFO] [stdout]   11:     0x64dcac8a43b2 - core[df12db4294e9bfd3]::result::unwrap_failed
[INFO] [stdout]   12:     0x64dcac56c22c - <mockito[a1653e7ff14b005f]::mock::Mock>::with_body_from_file::<&str>
[INFO] [stdout]   13:     0x64dcac57fad9 - holiday_event_api[fecfa2ba02db55d5]::tests::common_functionality::passes_along_user_agent
[INFO] [stdout]   14:     0x64dcac57c149 - <holiday_event_api[fecfa2ba02db55d5]::tests::common_functionality::passes_along_user_agent::{closure#0} as core[df12db4294e9bfd3]::ops::function::FnOnce<()>>::call_once
[INFO] [stdout]   15:     0x64dcac5884fb - test[9d35eded1c95d3be]::__rust_begin_short_backtrace::<core[df12db4294e9bfd3]::result::Result<(), alloc[2182bb758b4b3781]::string::String>, fn() -> core[df12db4294e9bfd3]::result::Result<(), alloc[2182bb758b4b3781]::string::String>>
[INFO] [stdout]   16:     0x64dcac595b65 - test[9d35eded1c95d3be]::run_test::{closure#0}
[INFO] [stdout]   17:     0x64dcac58f424 - std[70759c8f55707aa4]::sys::backtrace::__rust_begin_short_backtrace::<test[9d35eded1c95d3be]::run_test::{closure#1}, ()>
[INFO] [stdout]   18:     0x64dcac598cc2 - <std[70759c8f55707aa4]::thread::lifecycle::spawn_unchecked<test[9d35eded1c95d3be]::run_test::{closure#1}, ()>::{closure#1} as core[df12db4294e9bfd3]::ops::function::FnOnce<()>>::call_once::{shim:vtable#0}
[INFO] [stdout]   19:     0x64dcac88b299 - <std[70759c8f55707aa4]::sys::thread::unix::Thread>::new::thread_start
[INFO] [stdout]   20:     0x7d00c9049dfa - <unknown>
[INFO] [stdout]   21:     0x7d00c90dd3d4 - clone
[INFO] [stdout]   22:                0x0 - <unknown>
[INFO] [stdout] 
[INFO] [stdout] ---- tests::get_event_info::fetches_with_set_parameters stdout ----
[INFO] [stdout] 
[INFO] [stdout] thread 'tests::get_event_info::fetches_with_set_parameters' (2466) panicked at src/lib.rs:677:18:
[INFO] [stdout] called `Result::unwrap()` on an `Err` value: Error { kind: FileNotFound, context: None }
[INFO] [stdout] stack backtrace:
[INFO] [stdout]    0:     0x64dcac88c091 - <<std[70759c8f55707aa4]::sys::backtrace::BacktraceLock>::print::DisplayBacktrace as core[df12db4294e9bfd3]::fmt::Display>::fmt
[INFO] [stdout]    1:     0x64dcac8a3dfa - core[df12db4294e9bfd3]::fmt::write
[INFO] [stdout]    2:     0x64dcac890c8c - <alloc[2182bb758b4b3781]::vec::Vec<u8> as core[df12db4294e9bfd3]::io::write::Write>::write_fmt
[INFO] [stdout]    3:     0x64dcac866f86 - std[70759c8f55707aa4]::panicking::default_hook::{closure#0}
[INFO] [stdout]    4:     0x64dcac883ca9 - std[70759c8f55707aa4]::panicking::default_hook
[INFO] [stdout]    5:     0x64dcac595210 - test[9d35eded1c95d3be]::test_main_inner::<test[9d35eded1c95d3be]::test_main_static::{closure#0}>::{closure#0}
[INFO] [stdout]    6:     0x64dcac883fd2 - std[70759c8f55707aa4]::panicking::panic_with_hook
[INFO] [stdout]    7:     0x64dcac867032 - std[70759c8f55707aa4]::panicking::panic_handler::{closure#0}
[INFO] [stdout]    8:     0x64dcac85f909 - std[70759c8f55707aa4]::sys::backtrace::__rust_end_short_backtrace::<std[70759c8f55707aa4]::panicking::panic_handler::{closure#0}, !>
[INFO] [stdout]    9:     0x64dcac867ebd - __rustc[8fa7c3cbc660c2b3]::rust_begin_unwind
[INFO] [stdout]   10:     0x64dcac8a45dc - core[df12db4294e9bfd3]::panicking::panic_fmt
[INFO] [stdout]   11:     0x64dcac8a43b2 - core[df12db4294e9bfd3]::result::unwrap_failed
[INFO] [stdout]   12:     0x64dcac56c22c - <mockito[a1653e7ff14b005f]::mock::Mock>::with_body_from_file::<&str>
[INFO] [stdout]   13:     0x64dcac561928 - holiday_event_api[fecfa2ba02db55d5]::tests::get_event_info::fetches_with_set_parameters
[INFO] [stdout]   14:     0x64dcac57c029 - <holiday_event_api[fecfa2ba02db55d5]::tests::get_event_info::fetches_with_set_parameters::{closure#0} as core[df12db4294e9bfd3]::ops::function::FnOnce<()>>::call_once
[INFO] [stdout]   15:     0x64dcac5884fb - test[9d35eded1c95d3be]::__rust_begin_short_backtrace::<core[df12db4294e9bfd3]::result::Result<(), alloc[2182bb758b4b3781]::string::String>, fn() -> core[df12db4294e9bfd3]::result::Result<(), alloc[2182bb758b4b3781]::string::String>>
[INFO] [stdout]   16:     0x64dcac595b65 - test[9d35eded1c95d3be]::run_test::{closure#0}
[INFO] [stdout]   17:     0x64dcac58f424 - std[70759c8f55707aa4]::sys::backtrace::__rust_begin_short_backtrace::<test[9d35eded1c95d3be]::run_test::{closure#1}, ()>
[INFO] [stdout]   18:     0x64dcac598cc2 - <std[70759c8f55707aa4]::thread::lifecycle::spawn_unchecked<test[9d35eded1c95d3be]::run_test::{closure#1}, ()>::{closure#1} as core[df12db4294e9bfd3]::ops::function::FnOnce<()>>::call_once::{shim:vtable#0}
[INFO] [stdout]   19:     0x64dcac88b299 - <std[70759c8f55707aa4]::sys::thread::unix::Thread>::new::thread_start
[INFO] [stdout]   20:     0x7d00c9049dfa - <unknown>
[INFO] [stdout]   21:     0x7d00c90dd3d4 - clone
[INFO] [stdout]   22:                0x0 - <unknown>
[INFO] [stdout] 
[INFO] [stdout] ---- tests::get_event_info::fetches_with_default_parameters stdout ----
[INFO] [stdout] 
[INFO] [stdout] thread 'tests::get_event_info::fetches_with_default_parameters' (2464) panicked at src/lib.rs:568:18:
[INFO] [stdout] called `Result::unwrap()` on an `Err` value: Error { kind: FileNotFound, context: None }
[INFO] [stdout] stack backtrace:
[INFO] [stdout]    0:     0x64dcac88c091 - <<std[70759c8f55707aa4]::sys::backtrace::BacktraceLock>::print::DisplayBacktrace as core[df12db4294e9bfd3]::fmt::Display>::fmt
[INFO] [stdout]    1:     0x64dcac8a3dfa - core[df12db4294e9bfd3]::fmt::write
[INFO] [stdout]    2:     0x64dcac890c8c - <alloc[2182bb758b4b3781]::vec::Vec<u8> as core[df12db4294e9bfd3]::io::write::Write>::write_fmt
[INFO] [stdout]    3:     0x64dcac866f86 - std[70759c8f55707aa4]::panicking::default_hook::{closure#0}
[INFO] [stdout]    4:     0x64dcac883ca9 - std[70759c8f55707aa4]::panicking::default_hook
[INFO] [stdout]    5:     0x64dcac595210 - test[9d35eded1c95d3be]::test_main_inner::<test[9d35eded1c95d3be]::test_main_static::{closure#0}>::{closure#0}
[INFO] [stdout]    6:     0x64dcac883fd2 - std[70759c8f55707aa4]::panicking::panic_with_hook
[INFO] [stdout]    7:     0x64dcac867032 - std[70759c8f55707aa4]::panicking::panic_handler::{closure#0}
[INFO] [stdout]    8:     0x64dcac85f909 - std[70759c8f55707aa4]::sys::backtrace::__rust_end_short_backtrace::<std[70759c8f55707aa4]::panicking::panic_handler::{closure#0}, !>
[INFO] [stdout]    9:     0x64dcac867ebd - __rustc[8fa7c3cbc660c2b3]::rust_begin_unwind
[INFO] [stdout]   10:     0x64dcac8a45dc - core[df12db4294e9bfd3]::panicking::panic_fmt
[INFO] [stdout]   11:     0x64dcac8a43b2 - core[df12db4294e9bfd3]::result::unwrap_failed
[INFO] [stdout]   12:     0x64dcac56c22c - <mockito[a1653e7ff14b005f]::mock::Mock>::with_body_from_file::<&str>
[INFO] [stdout]   13:     0x64dcac56344f - holiday_event_api[fecfa2ba02db55d5]::tests::get_event_info::fetches_with_default_parameters
[INFO] [stdout]   14:     0x64dcac57c049 - <holiday_event_api[fecfa2ba02db55d5]::tests::get_event_info::fetches_with_default_parameters::{closure#0} as core[df12db4294e9bfd3]::ops::function::FnOnce<()>>::call_once
[INFO] [stdout]   15:     0x64dcac5884fb - test[9d35eded1c95d3be]::__rust_begin_short_backtrace::<core[df12db4294e9bfd3]::result::Result<(), alloc[2182bb758b4b3781]::string::String>, fn() -> core[df12db4294e9bfd3]::result::Result<(), alloc[2182bb758b4b3781]::string::String>>
[INFO] [stdout]   16:     0x64dcac595b65 - test[9d35eded1c95d3be]::run_test::{closure#0}
[INFO] [stdout]   17:     0x64dcac58f424 - std[70759c8f55707aa4]::sys::backtrace::__rust_begin_short_backtrace::<test[9d35eded1c95d3be]::run_test::{closure#1}, ()>
[INFO] [stdout]   18:     0x64dcac598cc2 - <std[70759c8f55707aa4]::thread::lifecycle::spawn_unchecked<test[9d35eded1c95d3be]::run_test::{closure#1}, ()>::{closure#1} as core[df12db4294e9bfd3]::ops::function::FnOnce<()>>::call_once::{shim:vtable#0}
[INFO] [stdout]   19:     0x64dcac88b299 - <std[70759c8f55707aa4]::sys::thread::unix::Thread>::new::thread_start
[INFO] [stdout]   20:     0x7d00c9049dfa - <unknown>
[INFO] [stdout]   21:     0x7d00c90dd3d4 - clone
[INFO] [stdout]   22:                0x0 - <unknown>
[INFO] [stdout] 
[INFO] [stdout] ---- tests::get_events::fetches_with_default_parameters stdout ----
[INFO] [stdout] 
[INFO] [stdout] thread 'tests::get_events::fetches_with_default_parameters' (2472) panicked at src/lib.rs:445:18:
[INFO] [stdout] called `Result::unwrap()` on an `Err` value: Error { kind: FileNotFound, context: None }
[INFO] [stdout] stack backtrace:
[INFO] [stdout]    0:     0x64dcac88c091 - <<std[70759c8f55707aa4]::sys::backtrace::BacktraceLock>::print::DisplayBacktrace as core[df12db4294e9bfd3]::fmt::Display>::fmt
[INFO] [stdout]    1:     0x64dcac8a3dfa - core[df12db4294e9bfd3]::fmt::write
[INFO] [stdout]    2:     0x64dcac890c8c - <alloc[2182bb758b4b3781]::vec::Vec<u8> as core[df12db4294e9bfd3]::io::write::Write>::write_fmt
[INFO] [stdout]    3:     0x64dcac866f86 - std[70759c8f55707aa4]::panicking::default_hook::{closure#0}
[INFO] [stdout]    4:     0x64dcac883ca9 - std[70759c8f55707aa4]::panicking::default_hook
[INFO] [stdout]    5:     0x64dcac595210 - test[9d35eded1c95d3be]::test_main_inner::<test[9d35eded1c95d3be]::test_main_static::{closure#0}>::{closure#0}
[INFO] [stdout]    6:     0x64dcac883fd2 - std[70759c8f55707aa4]::panicking::panic_with_hook
[INFO] [stdout]    7:     0x64dcac867032 - std[70759c8f55707aa4]::panicking::panic_handler::{closure#0}
[INFO] [stdout]    8:     0x64dcac85f909 - std[70759c8f55707aa4]::sys::backtrace::__rust_end_short_backtrace::<std[70759c8f55707aa4]::panicking::panic_handler::{closure#0}, !>
[INFO] [stdout]    9:     0x64dcac867ebd - __rustc[8fa7c3cbc660c2b3]::rust_begin_unwind
[INFO] [stdout]   10:     0x64dcac8a45dc - core[df12db4294e9bfd3]::panicking::panic_fmt
[INFO] [stdout]   11:     0x64dcac8a43b2 - core[df12db4294e9bfd3]::result::unwrap_failed
[INFO] [stdout]   12:     0x64dcac56c22c - <mockito[a1653e7ff14b005f]::mock::Mock>::with_body_from_file::<&str>
[INFO] [stdout]   13:     0x64dcac586991 - holiday_event_api[fecfa2ba02db55d5]::tests::get_events::fetches_with_default_parameters
[INFO] [stdout]   14:     0x64dcac57bfa9 - <holiday_event_api[fecfa2ba02db55d5]::tests::get_events::fetches_with_default_parameters::{closure#0} as core[df12db4294e9bfd3]::ops::function::FnOnce<()>>::call_once
[INFO] [stdout]   15:     0x64dcac5884fb - test[9d35eded1c95d3be]::__rust_begin_short_backtrace::<core[df12db4294e9bfd3]::result::Result<(), alloc[2182bb758b4b3781]::string::String>, fn() -> core[df12db4294e9bfd3]::result::Result<(), alloc[2182bb758b4b3781]::string::String>>
[INFO] [stdout]   16:     0x64dcac595b65 - test[9d35eded1c95d3be]::run_test::{closure#0}
[INFO] [stdout]   17:     0x64dcac58f424 - std[70759c8f55707aa4]::sys::backtrace::__rust_begin_short_backtrace::<test[9d35eded1c95d3be]::run_test::{closure#1}, ()>
[INFO] [stdout]   18:     0x64dcac598cc2 - <std[70759c8f55707aa4]::thread::lifecycle::spawn_unchecked<test[9d35eded1c95d3be]::run_test::{closure#1}, ()>::{closure#1} as core[df12db4294e9bfd3]::ops::function::FnOnce<()>>::call_once::{shim:vtable#0}
[INFO] [stdout]   19:     0x64dcac88b299 - <std[70759c8f55707aa4]::sys::thread::unix::Thread>::new::thread_start
[INFO] [stdout]   20:     0x7d00c9049dfa - <unknown>
[INFO] [stdout]   21:     0x7d00c90dd3d4 - clone
[INFO] [stdout]   22:                0x0 - <unknown>
[INFO] [stdout] 
[INFO] [stdout] ---- tests::common_functionality::follows_redirects stdout ----
[INFO] [stdout] 
[INFO] [stdout] thread 'tests::common_functionality::follows_redirects' (2454) panicked at src/lib.rs:388:18:
[INFO] [stdout] called `Result::unwrap()` on an `Err` value: Error { kind: FileNotFound, context: None }
[INFO] [stdout] stack backtrace:
[INFO] [stdout]    0:     0x64dcac88c091 - <<std[70759c8f55707aa4]::sys::backtrace::BacktraceLock>::print::DisplayBacktrace as core[df12db4294e9bfd3]::fmt::Display>::fmt
[INFO] [stdout]    1:     0x64dcac8a3dfa - core[df12db4294e9bfd3]::fmt::write
[INFO] [stdout]    2:     0x64dcac890c8c - <alloc[2182bb758b4b3781]::vec::Vec<u8> as core[df12db4294e9bfd3]::io::write::Write>::write_fmt
[INFO] [stdout]    3:     0x64dcac866f86 - std[70759c8f55707aa4]::panicking::default_hook::{closure#0}
[INFO] [stdout]    4:     0x64dcac883ca9 - std[70759c8f55707aa4]::panicking::default_hook
[INFO] [stdout]    5:     0x64dcac595210 - test[9d35eded1c95d3be]::test_main_inner::<test[9d35eded1c95d3be]::test_main_static::{closure#0}>::{closure#0}
[INFO] [stdout]    6:     0x64dcac883fd2 - std[70759c8f55707aa4]::panicking::panic_with_hook
[INFO] [stdout]    7:     0x64dcac867032 - std[70759c8f55707aa4]::panicking::panic_handler::{closure#0}
[INFO] [stdout]    8:     0x64dcac85f909 - std[70759c8f55707aa4]::sys::backtrace::__rust_end_short_backtrace::<std[70759c8f55707aa4]::panicking::panic_handler::{closure#0}, !>
[INFO] [stdout]    9:     0x64dcac867ebd - __rustc[8fa7c3cbc660c2b3]::rust_begin_unwind
[INFO] [stdout]   10:     0x64dcac8a45dc - core[df12db4294e9bfd3]::panicking::panic_fmt
[INFO] [stderr] error: test failed, to rerun pass `--lib`
[INFO] [stdout]   11:     0x64dcac8a43b2 - core[df12db4294e9bfd3]::result::unwrap_failed
[INFO] [stdout]   12:     0x64dcac56c22c - <mockito[a1653e7ff14b005f]::mock::Mock>::with_body_from_file::<&str>
[INFO] [stdout]   13:     0x64dcac57df00 - holiday_event_api[fecfa2ba02db55d5]::tests::common_functionality::follows_redirects
[INFO] [stdout]   14:     0x64dcac57c089 - <holiday_event_api[fecfa2ba02db55d5]::tests::common_functionality::follows_redirects::{closure#0} as core[df12db4294e9bfd3]::ops::function::FnOnce<()>>::call_once
[INFO] [stdout]   15:     0x64dcac5884fb - test[9d35eded1c95d3be]::__rust_begin_short_backtrace::<core[df12db4294e9bfd3]::result::Result<(), alloc[2182bb758b4b3781]::string::String>, fn() -> core[df12db4294e9bfd3]::result::Result<(), alloc[2182bb758b4b3781]::string::String>>
[INFO] [stdout]   16:     0x64dcac595b65 - test[9d35eded1c95d3be]::run_test::{closure#0}
[INFO] [stdout]   17:     0x64dcac58f424 - std[70759c8f55707aa4]::sys::backtrace::__rust_begin_short_backtrace::<test[9d35eded1c95d3be]::run_test::{closure#1}, ()>
[INFO] [stdout]   18:     0x64dcac598cc2 - <std[70759c8f55707aa4]::thread::lifecycle::spawn_unchecked<test[9d35eded1c95d3be]::run_test::{closure#1}, ()>::{closure#1} as core[df12db4294e9bfd3]::ops::function::FnOnce<()>>::call_once::{shim:vtable#0}
[INFO] [stdout]   19:     0x64dcac88b299 - <std[70759c8f55707aa4]::sys::thread::unix::Thread>::new::thread_start
[INFO] [stdout]   20:     0x7d00c9049dfa - <unknown>
[INFO] [stdout]   21:     0x7d00c90dd3d4 - clone
[INFO] [stdout]   22:                0x0 - <unknown>
[INFO] [stdout] 
[INFO] [stdout] ---- tests::common_functionality::reports_rate_limits stdout ----
[INFO] [stdout] 
[INFO] [stdout] thread 'tests::common_functionality::reports_rate_limits' (2459) panicked at src/lib.rs:412:18:
[INFO] [stdout] called `Result::unwrap()` on an `Err` value: Error { kind: FileNotFound, context: None }
[INFO] [stdout] stack backtrace:
[INFO] [stdout]    0:     0x64dcac88c091 - <<std[70759c8f55707aa4]::sys::backtrace::BacktraceLock>::print::DisplayBacktrace as core[df12db4294e9bfd3]::fmt::Display>::fmt
[INFO] [stdout]    1:     0x64dcac8a3dfa - core[df12db4294e9bfd3]::fmt::write
[INFO] [stdout]    2:     0x64dcac890c8c - <alloc[2182bb758b4b3781]::vec::Vec<u8> as core[df12db4294e9bfd3]::io::write::Write>::write_fmt
[INFO] [stdout]    3:     0x64dcac866f86 - std[70759c8f55707aa4]::panicking::default_hook::{closure#0}
[INFO] [stdout]    4:     0x64dcac883ca9 - std[70759c8f55707aa4]::panicking::default_hook
[INFO] [stdout]    5:     0x64dcac595210 - test[9d35eded1c95d3be]::test_main_inner::<test[9d35eded1c95d3be]::test_main_static::{closure#0}>::{closure#0}
[INFO] [stdout]    6:     0x64dcac883fd2 - std[70759c8f55707aa4]::panicking::panic_with_hook
[INFO] [stdout]    7:     0x64dcac867032 - std[70759c8f55707aa4]::panicking::panic_handler::{closure#0}
[INFO] [stdout]    8:     0x64dcac85f909 - std[70759c8f55707aa4]::sys::backtrace::__rust_end_short_backtrace::<std[70759c8f55707aa4]::panicking::panic_handler::{closure#0}, !>
[INFO] [stdout]    9:     0x64dcac867ebd - __rustc[8fa7c3cbc660c2b3]::rust_begin_unwind
[INFO] [stdout]   10:     0x64dcac8a45dc - core[df12db4294e9bfd3]::panicking::panic_fmt
[INFO] [stdout]   11:     0x64dcac8a43b2 - core[df12db4294e9bfd3]::result::unwrap_failed
[INFO] [stdout]   12:     0x64dcac56c22c - <mockito[a1653e7ff14b005f]::mock::Mock>::with_body_from_file::<&str>
[INFO] [stdout]   13:     0x64dcac57ec1b - holiday_event_api[fecfa2ba02db55d5]::tests::common_functionality::reports_rate_limits
[INFO] [stdout]   14:     0x64dcac57c0e9 - <holiday_event_api[fecfa2ba02db55d5]::tests::common_functionality::reports_rate_limits::{closure#0} as core[df12db4294e9bfd3]::ops::function::FnOnce<()>>::call_once
[INFO] [stdout]   15:     0x64dcac5884fb - test[9d35eded1c95d3be]::__rust_begin_short_backtrace::<core[df12db4294e9bfd3]::result::Result<(), alloc[2182bb758b4b3781]::string::String>, fn() -> core[df12db4294e9bfd3]::result::Result<(), alloc[2182bb758b4b3781]::string::String>>
[INFO] [stdout]   16:     0x64dcac595b65 - test[9d35eded1c95d3be]::run_test::{closure#0}
[INFO] [stdout]   17:     0x64dcac58f424 - std[70759c8f55707aa4]::sys::backtrace::__rust_begin_short_backtrace::<test[9d35eded1c95d3be]::run_test::{closure#1}, ()>
[INFO] [stdout]   18:     0x64dcac598cc2 - <std[70759c8f55707aa4]::thread::lifecycle::spawn_unchecked<test[9d35eded1c95d3be]::run_test::{closure#1}, ()>::{closure#1} as core[df12db4294e9bfd3]::ops::function::FnOnce<()>>::call_once::{shim:vtable#0}
[INFO] [stdout]   19:     0x64dcac88b299 - <std[70759c8f55707aa4]::sys::thread::unix::Thread>::new::thread_start
[INFO] [stdout]   20:     0x7d00c9049dfa - <unknown>
[INFO] [stdout]   21:     0x7d00c90dd3d4 - clone
[INFO] [stdout]   22:                0x0 - <unknown>
[INFO] [stdout] 
[INFO] [stdout] ---- tests::common_functionality::passes_along_api_key stdout ----
[INFO] [stdout] 
[INFO] [stdout] thread 'tests::common_functionality::passes_along_api_key' (2455) panicked at src/lib.rs:202:18:
[INFO] [stdout] called `Result::unwrap()` on an `Err` value: Error { kind: FileNotFound, context: None }
[INFO] [stdout] stack backtrace:
[INFO] [stdout]    0:     0x64dcac88c091 - <<std[70759c8f55707aa4]::sys::backtrace::BacktraceLock>::print::DisplayBacktrace as core[df12db4294e9bfd3]::fmt::Display>::fmt
[INFO] [stdout]    1:     0x64dcac8a3dfa - core[df12db4294e9bfd3]::fmt::write
[INFO] [stdout]    2:     0x64dcac890c8c - <alloc[2182bb758b4b3781]::vec::Vec<u8> as core[df12db4294e9bfd3]::io::write::Write>::write_fmt
[INFO] [stdout]    3:     0x64dcac866f86 - std[70759c8f55707aa4]::panicking::default_hook::{closure#0}
[INFO] [stdout]    4:     0x64dcac883ca9 - std[70759c8f55707aa4]::panicking::default_hook
[INFO] [stdout]    5:     0x64dcac595210 - test[9d35eded1c95d3be]::test_main_inner::<test[9d35eded1c95d3be]::test_main_static::{closure#0}>::{closure#0}
[INFO] [stdout]    6:     0x64dcac883fd2 - std[70759c8f55707aa4]::panicking::panic_with_hook
[INFO] [stdout]    7:     0x64dcac867032 - std[70759c8f55707aa4]::panicking::panic_handler::{closure#0}
[INFO] [stdout]    8:     0x64dcac85f909 - std[70759c8f55707aa4]::sys::backtrace::__rust_end_short_backtrace::<std[70759c8f55707aa4]::panicking::panic_handler::{closure#0}, !>
[INFO] [stdout]    9:     0x64dcac867ebd - __rustc[8fa7c3cbc660c2b3]::rust_begin_unwind
[INFO] [stdout]   10:     0x64dcac8a45dc - core[df12db4294e9bfd3]::panicking::panic_fmt
[INFO] [stdout]   11:     0x64dcac8a43b2 - core[df12db4294e9bfd3]::result::unwrap_failed
[INFO] [stdout]   12:     0x64dcac56c22c - <mockito[a1653e7ff14b005f]::mock::Mock>::with_body_from_file::<&str>
[INFO] [stdout]   13:     0x64dcac57f15b - holiday_event_api[fecfa2ba02db55d5]::tests::common_functionality::passes_along_api_key
[INFO] [stdout]   14:     0x64dcac57c109 - <holiday_event_api[fecfa2ba02db55d5]::tests::common_functionality::passes_along_api_key::{closure#0} as core[df12db4294e9bfd3]::ops::function::FnOnce<()>>::call_once
[INFO] [stdout]   15:     0x64dcac5884fb - test[9d35eded1c95d3be]::__rust_begin_short_backtrace::<core[df12db4294e9bfd3]::result::Result<(), alloc[2182bb758b4b3781]::string::String>, fn() -> core[df12db4294e9bfd3]::result::Result<(), alloc[2182bb758b4b3781]::string::String>>
[INFO] [stdout]   16:     0x64dcac595b65 - test[9d35eded1c95d3be]::run_test::{closure#0}
[INFO] [stdout]   17:     0x64dcac58f424 - std[70759c8f55707aa4]::sys::backtrace::__rust_begin_short_backtrace::<test[9d35eded1c95d3be]::run_test::{closure#1}, ()>
[INFO] [stdout]   18:     0x64dcac598cc2 - <std[70759c8f55707aa4]::thread::lifecycle::spawn_unchecked<test[9d35eded1c95d3be]::run_test::{closure#1}, ()>::{closure#1} as core[df12db4294e9bfd3]::ops::function::FnOnce<()>>::call_once::{shim:vtable#0}
[INFO] [stdout]   19:     0x64dcac88b299 - <std[70759c8f55707aa4]::sys::thread::unix::Thread>::new::thread_start
[INFO] [stdout]   20:     0x7d00c9049dfa - <unknown>
[INFO] [stdout]   21:     0x7d00c90dd3d4 - clone
[INFO] [stdout]   22:                0x0 - <unknown>
[INFO] [stdout] 
[INFO] [stdout] ---- tests::common_functionality::passes_along_platform_version stdout ----
[INFO] [stdout] 
[INFO] [stdout] thread 'tests::common_functionality::passes_along_platform_version' (2457) panicked at src/lib.rs:251:18:
[INFO] [stdout] called `Result::unwrap()` on an `Err` value: Error { kind: FileNotFound, context: None }
[INFO] [stdout] stack backtrace:
[INFO] [stdout]    0:     0x64dcac88c091 - <<std[70759c8f55707aa4]::sys::backtrace::BacktraceLock>::print::DisplayBacktrace as core[df12db4294e9bfd3]::fmt::Display>::fmt
[INFO] [stdout]    1:     0x64dcac8a3dfa - core[df12db4294e9bfd3]::fmt::write
[INFO] [stdout]    2:     0x64dcac890c8c - <alloc[2182bb758b4b3781]::vec::Vec<u8> as core[df12db4294e9bfd3]::io::write::Write>::write_fmt
[INFO] [stdout]    3:     0x64dcac866f86 - std[70759c8f55707aa4]::panicking::default_hook::{closure#0}
[INFO] [stdout]    4:     0x64dcac883ca9 - std[70759c8f55707aa4]::panicking::default_hook
[INFO] [stdout]    5:     0x64dcac595210 - test[9d35eded1c95d3be]::test_main_inner::<test[9d35eded1c95d3be]::test_main_static::{closure#0}>::{closure#0}
[INFO] [stdout]    6:     0x64dcac883fd2 - std[70759c8f55707aa4]::panicking::panic_with_hook
[INFO] [stdout]    7:     0x64dcac867032 - std[70759c8f55707aa4]::panicking::panic_handler::{closure#0}
[INFO] [stdout]    8:     0x64dcac85f909 - std[70759c8f55707aa4]::sys::backtrace::__rust_end_short_backtrace::<std[70759c8f55707aa4]::panicking::panic_handler::{closure#0}, !>
[INFO] [stdout]    9:     0x64dcac867ebd - __rustc[8fa7c3cbc660c2b3]::rust_begin_unwind
[INFO] [stdout]   10:     0x64dcac8a45dc - core[df12db4294e9bfd3]::panicking::panic_fmt
[INFO] [stdout]   11:     0x64dcac8a43b2 - core[df12db4294e9bfd3]::result::unwrap_failed
[INFO] [stdout]   12:     0x64dcac56c22c - <mockito[a1653e7ff14b005f]::mock::Mock>::with_body_from_file::<&str>
[INFO] [stdout]   13:     0x64dcac580166 - holiday_event_api[fecfa2ba02db55d5]::tests::common_functionality::passes_along_platform_version
[INFO] [stdout]   14:     0x64dcac57c169 - <holiday_event_api[fecfa2ba02db55d5]::tests::common_functionality::passes_along_platform_version::{closure#0} as core[df12db4294e9bfd3]::ops::function::FnOnce<()>>::call_once
[INFO] [stdout]   15:     0x64dcac5884fb - test[9d35eded1c95d3be]::__rust_begin_short_backtrace::<core[df12db4294e9bfd3]::result::Result<(), alloc[2182bb758b4b3781]::string::String>, fn() -> core[df12db4294e9bfd3]::result::Result<(), alloc[2182bb758b4b3781]::string::String>>
[INFO] [stdout]   16:     0x64dcac595b65 - test[9d35eded1c95d3be]::run_test::{closure#0}
[INFO] [stdout]   17:     0x64dcac58f424 - std[70759c8f55707aa4]::sys::backtrace::__rust_begin_short_backtrace::<test[9d35eded1c95d3be]::run_test::{closure#1}, ()>
[INFO] [stdout]   18:     0x64dcac598cc2 - <std[70759c8f55707aa4]::thread::lifecycle::spawn_unchecked<test[9d35eded1c95d3be]::run_test::{closure#1}, ()>::{closure#1} as core[df12db4294e9bfd3]::ops::function::FnOnce<()>>::call_once::{shim:vtable#0}
[INFO] [stdout]   19:     0x64dcac88b299 - <std[70759c8f55707aa4]::sys::thread::unix::Thread>::new::thread_start
[INFO] [stdout]   20:     0x7d00c9049dfa - <unknown>
[INFO] [stdout]   21:     0x7d00c90dd3d4 - clone
[INFO] [stdout]   22:                0x0 - <unknown>
[INFO] [stdout] 
[INFO] [stdout] ---- tests::get_events::fetches_with_set_parameters stdout ----
[INFO] [stdout] 
[INFO] [stdout] thread 'tests::get_events::fetches_with_set_parameters' (2484) panicked at src/lib.rs:513:18:
[INFO] [stdout] called `Result::unwrap()` on an `Err` value: Error { kind: FileNotFound, context: None }
[INFO] [stdout] stack backtrace:
[INFO] [stdout]    0:     0x64dcac88c091 - <<std[70759c8f55707aa4]::sys::backtrace::BacktraceLock>::print::DisplayBacktrace as core[df12db4294e9bfd3]::fmt::Display>::fmt
[INFO] [stdout]    1:     0x64dcac8a3dfa - core[df12db4294e9bfd3]::fmt::write
[INFO] [stdout]    2:     0x64dcac890c8c - <alloc[2182bb758b4b3781]::vec::Vec<u8> as core[df12db4294e9bfd3]::io::write::Write>::write_fmt
[INFO] [stdout]    3:     0x64dcac866f86 - std[70759c8f55707aa4]::panicking::default_hook::{closure#0}
[INFO] [stdout]    4:     0x64dcac883ca9 - std[70759c8f55707aa4]::panicking::default_hook
[INFO] [stdout]    5:     0x64dcac595210 - test[9d35eded1c95d3be]::test_main_inner::<test[9d35eded1c95d3be]::test_main_static::{closure#0}>::{closure#0}
[INFO] [stdout]    6:     0x64dcac883fd2 - std[70759c8f55707aa4]::panicking::panic_with_hook
[INFO] [stdout]    7:     0x64dcac867032 - std[70759c8f55707aa4]::panicking::panic_handler::{closure#0}
[INFO] [stdout]    8:     0x64dcac85f909 - std[70759c8f55707aa4]::sys::backtrace::__rust_end_short_backtrace::<std[70759c8f55707aa4]::panicking::panic_handler::{closure#0}, !>
[INFO] [stdout]    9:     0x64dcac867ebd - __rustc[8fa7c3cbc660c2b3]::rust_begin_unwind
[INFO] [stdout]   10:     0x64dcac8a45dc - core[df12db4294e9bfd3]::panicking::panic_fmt
[INFO] [stdout]   11:     0x64dcac8a43b2 - core[df12db4294e9bfd3]::result::unwrap_failed
[INFO] [stdout]   12:     0x64dcac56c22c - <mockito[a1653e7ff14b005f]::mock::Mock>::with_body_from_file::<&str>
[INFO] [stdout]   13:     0x64dcac585ba2 - holiday_event_api[fecfa2ba02db55d5]::tests::get_events::fetches_with_set_parameters
[INFO] [stdout]   14:     0x64dcac57bf89 - <holiday_event_api[fecfa2ba02db55d5]::tests::get_events::fetches_with_set_parameters::{closure#0} as core[df12db4294e9bfd3]::ops::function::FnOnce<()>>::call_once
[INFO] [stdout]   15:     0x64dcac5884fb - test[9d35eded1c95d3be]::__rust_begin_short_backtrace::<core[df12db4294e9bfd3]::result::Result<(), alloc[2182bb758b4b3781]::string::String>, fn() -> core[df12db4294e9bfd3]::result::Result<(), alloc[2182bb758b4b3781]::string::String>>
[INFO] [stdout]   16:     0x64dcac595b65 - test[9d35eded1c95d3be]::run_test::{closure#0}
[INFO] [stdout]   17:     0x64dcac58f424 - std[70759c8f55707aa4]::sys::backtrace::__rust_begin_short_backtrace::<test[9d35eded1c95d3be]::run_test::{closure#1}, ()>
[INFO] [stdout]   18:     0x64dcac598cc2 - <std[70759c8f55707aa4]::thread::lifecycle::spawn_unchecked<test[9d35eded1c95d3be]::run_test::{closure#1}, ()>::{closure#1} as core[df12db4294e9bfd3]::ops::function::FnOnce<()>>::call_once::{shim:vtable#0}
[INFO] [stdout]   19:     0x64dcac88b299 - <std[70759c8f55707aa4]::sys::thread::unix::Thread>::new::thread_start
[INFO] [stdout]   20:     0x7d00c9049dfa - <unknown>
[INFO] [stdout]   21:     0x7d00c90dd3d4 - clone
[INFO] [stdout]   22:                0x0 - <unknown>
[INFO] [stdout] 
[INFO] [stdout] ---- tests::get_event_info::fetches_with_starter_plan stdout ----
[INFO] [stdout] 
[INFO] [stdout] thread 'tests::get_event_info::fetches_with_starter_plan' (2467) panicked at src/lib.rs:769:18:
[INFO] [stdout] called `Result::unwrap()` on an `Err` value: Error { kind: FileNotFound, context: None }
[INFO] [stdout] stack backtrace:
[INFO] [stdout]    0:     0x64dcac88c091 - <<std[70759c8f55707aa4]::sys::backtrace::BacktraceLock>::print::DisplayBacktrace as core[df12db4294e9bfd3]::fmt::Display>::fmt
[INFO] [stdout]    1:     0x64dcac8a3dfa - core[df12db4294e9bfd3]::fmt::write
[INFO] [stdout]    2:     0x64dcac890c8c - <alloc[2182bb758b4b3781]::vec::Vec<u8> as core[df12db4294e9bfd3]::io::write::Write>::write_fmt
[INFO] [stdout]    3:     0x64dcac866f86 - std[70759c8f55707aa4]::panicking::default_hook::{closure#0}
[INFO] [stdout]    4:     0x64dcac883ca9 - std[70759c8f55707aa4]::panicking::default_hook
[INFO] [stdout]    5:     0x64dcac595210 - test[9d35eded1c95d3be]::test_main_inner::<test[9d35eded1c95d3be]::test_main_static::{closure#0}>::{closure#0}
[INFO] [stdout]    6:     0x64dcac883fd2 - std[70759c8f55707aa4]::panicking::panic_with_hook
[INFO] [stdout]    7:     0x64dcac867032 - std[70759c8f55707aa4]::panicking::panic_handler::{closure#0}
[INFO] [stdout]    8:     0x64dcac85f909 - std[70759c8f55707aa4]::sys::backtrace::__rust_end_short_backtrace::<std[70759c8f55707aa4]::panicking::panic_handler::{closure#0}, !>
[INFO] [stdout]    9:     0x64dcac867ebd - __rustc[8fa7c3cbc660c2b3]::rust_begin_unwind
[INFO] [stdout]   10:     0x64dcac8a45dc - core[df12db4294e9bfd3]::panicking::panic_fmt
[INFO] [stdout]   11:     0x64dcac8a43b2 - core[df12db4294e9bfd3]::result::unwrap_failed
[INFO] [stdout]   12:     0x64dcac56c22c - <mockito[a1653e7ff14b005f]::mock::Mock>::with_body_from_file::<&str>
[INFO] [stdout]   13:     0x64dcac560dfc - holiday_event_api[fecfa2ba02db55d5]::tests::get_event_info::fetches_with_starter_plan
[INFO] [stdout]   14:     0x64dcac57c009 - <holiday_event_api[fecfa2ba02db55d5]::tests::get_event_info::fetches_with_starter_plan::{closure#0} as core[df12db4294e9bfd3]::ops::function::FnOnce<()>>::call_once
[INFO] [stdout]   15:     0x64dcac5884fb - test[9d35eded1c95d3be]::__rust_begin_short_backtrace::<core[df12db4294e9bfd3]::result::Result<(), alloc[2182bb758b4b3781]::string::String>, fn() -> core[df12db4294e9bfd3]::result::Result<(), alloc[2182bb758b4b3781]::string::String>>
[INFO] [stdout]   16:     0x64dcac595b65 - test[9d35eded1c95d3be]::run_test::{closure#0}
[INFO] [stdout]   17:     0x64dcac58f424 - std[70759c8f55707aa4]::sys::backtrace::__rust_begin_short_backtrace::<test[9d35eded1c95d3be]::run_test::{closure#1}, ()>
[INFO] [stdout]   18:     0x64dcac598cc2 - <std[70759c8f55707aa4]::thread::lifecycle::spawn_unchecked<test[9d35eded1c95d3be]::run_test::{closure#1}, ()>::{closure#1} as core[df12db4294e9bfd3]::ops::function::FnOnce<()>>::call_once::{shim:vtable#0}
[INFO] [stdout]   19:     0x64dcac88b299 - <std[70759c8f55707aa4]::sys::thread::unix::Thread>::new::thread_start
[INFO] [stdout]   20:     0x7d00c9049dfa - <unknown>
[INFO] [stdout]   21:     0x7d00c90dd3d4 - clone
[INFO] [stdout]   22:                0x0 - <unknown>
[INFO] [stdout] 
[INFO] [stdout] ---- tests::search::fetches_with_default_parameters stdout ----
[INFO] [stdout] 
[INFO] [stdout] thread 'tests::search::fetches_with_default_parameters' (2489) panicked at src/lib.rs:859:18:
[INFO] [stdout] called `Result::unwrap()` on an `Err` value: Error { kind: FileNotFound, context: None }
[INFO] [stdout] stack backtrace:
[INFO] [stdout]    0:     0x64dcac88c091 - <<std[70759c8f55707aa4]::sys::backtrace::BacktraceLock>::print::DisplayBacktrace as core[df12db4294e9bfd3]::fmt::Display>::fmt
[INFO] [stdout]    1:     0x64dcac8a3dfa - core[df12db4294e9bfd3]::fmt::write
[INFO] [stdout]    2:     0x64dcac890c8c - <alloc[2182bb758b4b3781]::vec::Vec<u8> as core[df12db4294e9bfd3]::io::write::Write>::write_fmt
[INFO] [stdout]    3:     0x64dcac866f86 - std[70759c8f55707aa4]::panicking::default_hook::{closure#0}
[INFO] [stdout]    4:     0x64dcac883ca9 - std[70759c8f55707aa4]::panicking::default_hook
[INFO] [stdout]    5:     0x64dcac595210 - test[9d35eded1c95d3be]::test_main_inner::<test[9d35eded1c95d3be]::test_main_static::{closure#0}>::{closure#0}
[INFO] [stdout]    6:     0x64dcac883fd2 - std[70759c8f55707aa4]::panicking::panic_with_hook
[INFO] [stdout]    7:     0x64dcac867032 - std[70759c8f55707aa4]::panicking::panic_handler::{closure#0}
[INFO] [stdout]    8:     0x64dcac85f909 - std[70759c8f55707aa4]::sys::backtrace::__rust_end_short_backtrace::<std[70759c8f55707aa4]::panicking::panic_handler::{closure#0}, !>
[INFO] [stdout]    9:     0x64dcac867ebd - __rustc[8fa7c3cbc660c2b3]::rust_begin_unwind
[INFO] [stdout]   10:     0x64dcac8a45dc - core[df12db4294e9bfd3]::panicking::panic_fmt
[INFO] [stdout]   11:     0x64dcac8a43b2 - core[df12db4294e9bfd3]::result::unwrap_failed
[INFO] [stdout]   12:     0x64dcac56c22c - <mockito[a1653e7ff14b005f]::mock::Mock>::with_body_from_file::<&str>
[INFO] [stdout]   13:     0x64dcac583d17 - holiday_event_api[fecfa2ba02db55d5]::tests::search::fetches_with_default_parameters
[INFO] [stdout]   14:     0x64dcac57c289 - <holiday_event_api[fecfa2ba02db55d5]::tests::search::fetches_with_default_parameters::{closure#0} as core[df12db4294e9bfd3]::ops::function::FnOnce<()>>::call_once
[INFO] [stdout]   15:     0x64dcac5884fb - test[9d35eded1c95d3be]::__rust_begin_short_backtrace::<core[df12db4294e9bfd3]::result::Result<(), alloc[2182bb758b4b3781]::string::String>, fn() -> core[df12db4294e9bfd3]::result::Result<(), alloc[2182bb758b4b3781]::string::String>>
[INFO] [stdout]   16:     0x64dcac595b65 - test[9d35eded1c95d3be]::run_test::{closure#0}
[INFO] [stdout]   17:     0x64dcac58f424 - std[70759c8f55707aa4]::sys::backtrace::__rust_begin_short_backtrace::<test[9d35eded1c95d3be]::run_test::{closure#1}, ()>
[INFO] [stdout]   18:     0x64dcac598cc2 - <std[70759c8f55707aa4]::thread::lifecycle::spawn_unchecked<test[9d35eded1c95d3be]::run_test::{closure#1}, ()>::{closure#1} as core[df12db4294e9bfd3]::ops::function::FnOnce<()>>::call_once::{shim:vtable#0}
[INFO] [stdout]   19:     0x64dcac88b299 - <std[70759c8f55707aa4]::sys::thread::unix::Thread>::new::thread_start
[INFO] [stdout]   20:     0x7d00c9049dfa - <unknown>
[INFO] [stdout]   21:     0x7d00c90dd3d4 - clone
[INFO] [stdout]   22:                0x0 - <unknown>
[INFO] [stdout] 
[INFO] [stdout] ---- tests::search::fetches_with_set_parameters stdout ----
[INFO] [stdout] 
[INFO] [stdout] thread 'tests::search::fetches_with_set_parameters' (2491) panicked at src/lib.rs:898:18:
[INFO] [stdout] called `Result::unwrap()` on an `Err` value: Error { kind: FileNotFound, context: None }
[INFO] [stdout] stack backtrace:
[INFO] [stdout]    0:     0x64dcac88c091 - <<std[70759c8f55707aa4]::sys::backtrace::BacktraceLock>::print::DisplayBacktrace as core[df12db4294e9bfd3]::fmt::Display>::fmt
[INFO] [stdout]    1:     0x64dcac8a3dfa - core[df12db4294e9bfd3]::fmt::write
[INFO] [stdout]    2:     0x64dcac890c8c - <alloc[2182bb758b4b3781]::vec::Vec<u8> as core[df12db4294e9bfd3]::io::write::Write>::write_fmt
[INFO] [stdout]    3:     0x64dcac866f86 - std[70759c8f55707aa4]::panicking::default_hook::{closure#0}
[INFO] [stdout]    4:     0x64dcac883ca9 - std[70759c8f55707aa4]::panicking::default_hook
[INFO] [stdout]    5:     0x64dcac595210 - test[9d35eded1c95d3be]::test_main_inner::<test[9d35eded1c95d3be]::test_main_static::{closure#0}>::{closure#0}
[INFO] [stdout]    6:     0x64dcac883fd2 - std[70759c8f55707aa4]::panicking::panic_with_hook
[INFO] [stdout]    7:     0x64dcac867032 - std[70759c8f55707aa4]::panicking::panic_handler::{closure#0}
[INFO] [stdout]    8:     0x64dcac85f909 - std[70759c8f55707aa4]::sys::backtrace::__rust_end_short_backtrace::<std[70759c8f55707aa4]::panicking::panic_handler::{closure#0}, !>
[INFO] [stdout]    9:     0x64dcac867ebd - __rustc[8fa7c3cbc660c2b3]::rust_begin_unwind
[INFO] [stdout]   10:     0x64dcac8a45dc - core[df12db4294e9bfd3]::panicking::panic_fmt
[INFO] [stdout]   11:     0x64dcac8a43b2 - core[df12db4294e9bfd3]::result::unwrap_failed
[INFO] [stdout]   12:     0x64dcac56c22c - <mockito[a1653e7ff14b005f]::mock::Mock>::with_body_from_file::<&str>
[INFO] [stdout]   13:     0x64dcac58331a - holiday_event_api[fecfa2ba02db55d5]::tests::search::fetches_with_set_parameters
[INFO] [stdout]   14:     0x64dcac57c269 - <holiday_event_api[fecfa2ba02db55d5]::tests::search::fetches_with_set_parameters::{closure#0} as core[df12db4294e9bfd3]::ops::function::FnOnce<()>>::call_once
[INFO] [stdout]   15:     0x64dcac5884fb - test[9d35eded1c95d3be]::__rust_begin_short_backtrace::<core[df12db4294e9bfd3]::result::Result<(), alloc[2182bb758b4b3781]::string::String>, fn() -> core[df12db4294e9bfd3]::result::Result<(), alloc[2182bb758b4b3781]::string::String>>
[INFO] [stdout]   16:     0x64dcac595b65 - test[9d35eded1c95d3be]::run_test::{closure#0}
[INFO] [stdout]   17:     0x64dcac58f424 - std[70759c8f55707aa4]::sys::backtrace::__rust_begin_short_backtrace::<test[9d35eded1c95d3be]::run_test::{closure#1}, ()>
[INFO] [stdout]   18:     0x64dcac598cc2 - <std[70759c8f55707aa4]::thread::lifecycle::spawn_unchecked<test[9d35eded1c95d3be]::run_test::{closure#1}, ()>::{closure#1} as core[df12db4294e9bfd3]::ops::function::FnOnce<()>>::call_once::{shim:vtable#0}
[INFO] [stdout]   19:     0x64dcac88b299 - <std[70759c8f55707aa4]::sys::thread::unix::Thread>::new::thread_start
[INFO] [stdout]   20:     0x7d00c9049dfa - <unknown>
[INFO] [stdout]   21:     0x7d00c90dd3d4 - clone
[INFO] [stdout]   22:                0x0 - <unknown>
[INFO] [stdout] 
[INFO] [stdout] 
[INFO] [stdout] failures:
[INFO] [stdout]     tests::common_functionality::follows_redirects
[INFO] [stdout]     tests::common_functionality::passes_along_api_key
[INFO] [stdout]     tests::common_functionality::passes_along_platform_version
[INFO] [stdout]     tests::common_functionality::passes_along_user_agent
[INFO] [stdout]     tests::common_functionality::reports_rate_limits
[INFO] [stdout]     tests::get_event_info::fetches_with_default_parameters
[INFO] [stdout]     tests::get_event_info::fetches_with_set_parameters
[INFO] [stdout]     tests::get_event_info::fetches_with_starter_plan
[INFO] [stdout]     tests::get_events::fetches_with_default_parameters
[INFO] [stdout]     tests::get_events::fetches_with_set_parameters
[INFO] [stdout]     tests::search::fetches_with_default_parameters
[INFO] [stdout]     tests::search::fetches_with_set_parameters
[INFO] [stdout] 
[INFO] [stdout] test result: FAILED. 13 passed; 12 failed; 0 ignored; 0 measured; 0 filtered out; finished in 0.16s
[INFO] [stdout] 
[INFO] running `Command { std: "docker" "inspect" "346f628db5e8e7c356bae2ecd47bf783ec8b1bcd9c1fc86d5a0bb90ac0d62cd5", kill_on_drop: false }`
[INFO] running `Command { std: "docker" "rm" "-f" "346f628db5e8e7c356bae2ecd47bf783ec8b1bcd9c1fc86d5a0bb90ac0d62cd5", kill_on_drop: false }`
[INFO] [stdout] 346f628db5e8e7c356bae2ecd47bf783ec8b1bcd9c1fc86d5a0bb90ac0d62cd5
