[INFO] fetching crate holger-traits 0.6.10...
[INFO] testing holger-traits-0.6.10 against 1.99.0-beta.8+cargoflags=--release for beta-release-1.100-2
[INFO] extracting crate holger-traits 0.6.10 into /workspace/builds/worker-4-tc1/source
[INFO] started tweaking crates.io crate holger-traits 0.6.10
[INFO] removed 0 missing tests
[INFO] finished tweaking crates.io crate holger-traits 0.6.10
[INFO] tweaked toml for crates.io crate holger-traits 0.6.10 written to /workspace/builds/worker-4-tc1/source/Cargo.toml
[INFO] validating manifest of crates.io crate holger-traits 0.6.10 on toolchain 1.99.0-beta.8
[INFO] running `Command { std: CARGO_HOME="/workspace/cargo-home" RUSTUP_HOME="/workspace/rustup-home" "/workspace/cargo-home/bin/cargo" "+1.99.0-beta.8" "metadata" "--manifest-path" "Cargo.toml" "--no-deps", kill_on_drop: false }`
[INFO] crate crates.io crate holger-traits 0.6.10 already has a lockfile, it will not be regenerated
[INFO] running `Command { std: CARGO_HOME="/workspace/cargo-home" RUSTUP_HOME="/workspace/rustup-home" "/workspace/cargo-home/bin/cargo" "+1.99.0-beta.8" "fetch" "--manifest-path" "Cargo.toml", kill_on_drop: false }`
[INFO] [stderr]     Updating crates.io index
[INFO] [stderr]  Downloading crates ...
[INFO] [stderr]   Downloaded rotaryengine v0.1.10
[INFO] [stderr]   Downloaded ldeflate v0.1.0
[INFO] [stderr]   Downloaded nornir-testmatrix v0.2.9
[INFO] [stderr]   Downloaded zlib-rs v0.6.4
[INFO] [stderr]   Downloaded znippy-common v0.9.14
[INFO] [stderr]   Downloaded openzl-sys-rs v0.3.1
[INFO] [stderr]   Downloaded znippy-zoomies v0.1.22
[INFO] running `Command { std: "docker" "create" "-v" "/var/lib/crater-agent-workspace/builds/worker-4-tc1/source:/opt/rustwide/workdir:ro,Z" "-v" "/var/lib/crater-agent-workspace/builds/worker-4-tc1/target:/opt/rustwide/target:rw,Z" "-v" "/var/lib/crater-agent-workspace/cargo-home:/opt/rustwide/cargo-home:ro,Z" "-v" "/var/lib/crater-agent-workspace/rustup-home:/opt/rustwide/rustup-home:ro,Z" "-m" "1610612736" "--network" "none" "ghcr.io/rust-lang/crates-build-env/linux@sha256:77db811e55d90add9212f6832c23229e3de5f1c1f9905e8cb07319ea15df73ac" "sleep" "infinity", kill_on_drop: false }`
[INFO] [stdout] fe63c00d9b7ab4f71ac6967dcafe533ce012ea4c1670485334288d17f90db88a
[INFO] running `Command { std: "docker" "start" "fe63c00d9b7ab4f71ac6967dcafe533ce012ea4c1670485334288d17f90db88a", kill_on_drop: false }`
[INFO] running `Command { std: "docker" "inspect" "fe63c00d9b7ab4f71ac6967dcafe533ce012ea4c1670485334288d17f90db88a", kill_on_drop: false }`
[INFO] running `Command { std: "docker" "exec" "-e" "SOURCE_DIR=/opt/rustwide/workdir" "-e" "CARGO_HOME=/opt/rustwide/cargo-home" "-e" "RUSTUP_HOME=/opt/rustwide/rustup-home" "-e" "CARGO_TARGET_DIR=/opt/rustwide/target" "-w" "/opt/rustwide/workdir" "--user" "0:0" "fe63c00d9b7ab4f71ac6967dcafe533ce012ea4c1670485334288d17f90db88a" "/opt/rustwide/cargo-home/bin/cargo" "+1.99.0-beta.8" "metadata" "--no-deps" "--format-version=1", kill_on_drop: false }`
[INFO] running `Command { std: "docker" "inspect" "fe63c00d9b7ab4f71ac6967dcafe533ce012ea4c1670485334288d17f90db88a", kill_on_drop: false }`
[INFO] running `Command { std: "docker" "exec" "-e" "SOURCE_DIR=/opt/rustwide/workdir" "-e" "CARGO_HOME=/opt/rustwide/cargo-home" "-e" "RUSTUP_HOME=/opt/rustwide/rustup-home" "-e" "CARGO_TARGET_DIR=/opt/rustwide/target" "-e" "CARGO_INCREMENTAL=0" "-e" "RUST_BACKTRACE=full" "-e" "RUSTFLAGS=--cap-lints=warn" "-e" "RUSTDOCFLAGS=--cap-lints=warn" "-w" "/opt/rustwide/workdir" "--user" "0:0" "fe63c00d9b7ab4f71ac6967dcafe533ce012ea4c1670485334288d17f90db88a" "/opt/rustwide/cargo-home/bin/cargo" "+1.99.0-beta.8" "build" "--frozen" "--message-format=json" "--release", kill_on_drop: false }`
[INFO] [stderr]    Compiling syn v2.0.118
[INFO] [stderr]    Compiling bytes v1.12.0
[INFO] [stderr]    Compiling memchr v2.8.2
[INFO] [stderr]    Compiling arrow-schema v59.2.0
[INFO] [stderr]    Compiling serde_core v1.0.228
[INFO] [stderr]    Compiling cc v1.2.64
[INFO] [stderr]    Compiling getrandom v0.3.4
[INFO] [stderr]    Compiling bitflags v2.13.0
[INFO] [stderr]    Compiling regex-syntax v0.8.11
[INFO] [stderr]    Compiling num-integer v0.1.46
[INFO] [stderr]    Compiling chrono v0.4.45
[INFO] [stderr]    Compiling serde_json v1.0.150
[INFO] [stderr]    Compiling indexmap v2.14.0
[INFO] [stderr]    Compiling fst v0.4.7
[INFO] [stderr]    Compiling simdutf8 v0.1.5
[INFO] [stderr]    Compiling zlib-rs v0.6.4
[INFO] [stderr]    Compiling getrandom v0.4.3
[INFO] [stderr]    Compiling memmap2 v0.9.11
[INFO] [stderr]    Compiling flatbuffers v25.12.19
[INFO] [stderr]    Compiling rustix v1.1.4
[INFO] [stderr]    Compiling num-bigint v0.5.1
[INFO] [stderr]    Compiling aho-corasick v1.1.4
[INFO] [stderr]    Compiling csv-core v0.1.13
[INFO] [stderr]    Compiling openzl-sys-rs v0.3.1
[INFO] [stderr]    Compiling blake3 v1.8.5
[INFO] [stderr]    Compiling regex-automata v0.4.14
[INFO] [stderr]    Compiling tempfile v3.27.0
[INFO] [stderr]    Compiling flate2 v1.1.9
[INFO] [stderr]    Compiling csv v1.4.0
[INFO] [stderr]    Compiling zerocopy-derive v0.8.52
[INFO] [stderr]    Compiling futures-macro v0.3.32
[INFO] [stderr]    Compiling serde_derive v1.0.228
[INFO] [stderr]    Compiling async-trait v0.1.89
[INFO] [stderr]    Compiling futures-util v0.3.32
[INFO] [stderr]    Compiling regex v1.12.4
[INFO] [stderr]    Compiling zerocopy v0.8.52
[INFO] [stderr]    Compiling serde v1.0.228
[INFO] [stderr]    Compiling futures-executor v0.3.32
[INFO] [stderr]    Compiling futures v0.3.32
[INFO] [stderr]    Compiling rotaryengine v0.1.10
[INFO] [stderr]    Compiling znippy-zoomies v0.1.22
[INFO] [stderr]    Compiling ldeflate v0.1.0
[INFO] [stderr]    Compiling half v2.7.1
[INFO] [stderr]    Compiling ahash v0.8.12
[INFO] [stderr]    Compiling arrow-buffer v59.2.0
[INFO] [stderr]    Compiling arrow-data v59.2.0
[INFO] [stderr]    Compiling arrow-array v59.2.0
[INFO] [stderr]    Compiling arrow-select v59.2.0
[INFO] [stderr]    Compiling arrow-row v59.2.0
[INFO] [stderr]    Compiling arrow-arith v59.2.0
[INFO] [stderr]    Compiling arrow-ord v59.2.0
[INFO] [stderr]    Compiling arrow-string v59.2.0
[INFO] [stderr]    Compiling arrow-ipc v59.2.0
[INFO] [stderr]    Compiling arrow-cast v59.2.0
[INFO] [stderr]    Compiling arrow-json v59.2.0
[INFO] [stderr]    Compiling arrow-csv v59.2.0
[INFO] [stderr]    Compiling arrow v59.2.0
[INFO] [stderr]    Compiling znippy-common v0.9.14
[INFO] [stderr]    Compiling holger-traits v0.6.10 (/opt/rustwide/workdir)
[INFO] [stderr]     Finished `release` profile [optimized] target(s) in 6m 37s
[INFO] running `Command { std: "docker" "inspect" "fe63c00d9b7ab4f71ac6967dcafe533ce012ea4c1670485334288d17f90db88a", kill_on_drop: false }`
[INFO] running `Command { std: "docker" "exec" "-e" "SOURCE_DIR=/opt/rustwide/workdir" "-e" "CARGO_HOME=/opt/rustwide/cargo-home" "-e" "RUSTUP_HOME=/opt/rustwide/rustup-home" "-e" "CARGO_TARGET_DIR=/opt/rustwide/target" "-e" "CARGO_INCREMENTAL=0" "-e" "RUST_BACKTRACE=full" "-e" "RUSTFLAGS=--cap-lints=warn" "-e" "RUSTDOCFLAGS=--cap-lints=warn" "-w" "/opt/rustwide/workdir" "--user" "0:0" "fe63c00d9b7ab4f71ac6967dcafe533ce012ea4c1670485334288d17f90db88a" "/opt/rustwide/cargo-home/bin/cargo" "+1.99.0-beta.8" "test" "--frozen" "--no-run" "--message-format=json" "--release", kill_on_drop: false }`
[INFO] [stderr]    Compiling holger-traits v0.6.10 (/opt/rustwide/workdir)
[INFO] [stderr]     Finished `release` profile [optimized] target(s) in 3.99s
[INFO] running `Command { std: "docker" "inspect" "fe63c00d9b7ab4f71ac6967dcafe533ce012ea4c1670485334288d17f90db88a", kill_on_drop: false }`
[INFO] running `Command { std: "docker" "exec" "-e" "SOURCE_DIR=/opt/rustwide/workdir" "-e" "CARGO_HOME=/opt/rustwide/cargo-home" "-e" "RUSTUP_HOME=/opt/rustwide/rustup-home" "-e" "CARGO_TARGET_DIR=/opt/rustwide/target" "-e" "CARGO_INCREMENTAL=0" "-e" "RUST_BACKTRACE=full" "-e" "RUSTFLAGS=--cap-lints=warn" "-e" "RUSTDOCFLAGS=--cap-lints=warn" "-w" "/opt/rustwide/workdir" "--user" "0:0" "fe63c00d9b7ab4f71ac6967dcafe533ce012ea4c1670485334288d17f90db88a" "/opt/rustwide/cargo-home/bin/cargo" "+1.99.0-beta.8" "test" "--frozen" "--release", kill_on_drop: false }`
[INFO] [stderr]     Finished `release` profile [optimized] target(s) in 0.13s
[INFO] [stderr]      Running unittests src/lib.rs (/opt/rustwide/target/release/deps/holger_traits-2244f92177e12a81)
[INFO] [stdout] 
[INFO] [stdout] running 11 tests
[INFO] [stdout] test tests::upstream_auth_defaults_to_none ... ok
[INFO] [stdout] test tests::the_pypi_four_name_split_is_pinned ... ok
[INFO] [stdout] test tests::format_str_roundtrips_aliases ... ok
[INFO] [stdout] test tests::every_format_names_a_crate_that_exists ... FAILED
[INFO] [stdout] test tests::znippy_type_ids_match_znippy_skeletons ... ok
[INFO] [stdout] test tests::upstream_path_maps_per_ecosystem_layout ... ok
[INFO] [stdout] test znippy_format::tests::the_pin_refuses_newer_and_admits_current_and_older ... ok
[INFO] [stdout] test tests::znippy_type_ids_derive_from_znippy_handlers_not_holger_copies ... ok
[INFO] [stdout] test znippy_format::tests::the_refusal_names_the_archive_the_version_and_the_ceiling ... ok
[INFO] [stdout] test znippy_format::tests::a_missing_or_garbage_archive_is_undetermined_not_refused ... ok
[INFO] [stdout] test znippy_format::tests::the_gate_memo_is_keyed_on_the_file_not_the_path ... ok
[INFO] [stdout] 
[INFO] [stdout] failures:
[INFO] [stdout] 
[INFO] [stdout] ---- tests::every_format_names_a_crate_that_exists stdout ----
[INFO] [stdout] 
[INFO] [stdout] thread 'tests::every_format_names_a_crate_that_exists' (2517) panicked at src/lib.rs:944:17:
[INFO] [stdout] Maven3: home() points at server/repository/znippy-maven, which does not exist (renamed? then update ArtifactFormat::home)
[INFO] [stdout] stack backtrace:
[INFO] [stdout]    0:     0x579772de7cf1 - <<std[70759c8f55707aa4]::sys::backtrace::BacktraceLock>::print::DisplayBacktrace as core[df12db4294e9bfd3]::fmt::Display>::fmt
[INFO] [stdout]    1:     0x579772dfeeba - core[df12db4294e9bfd3]::fmt::write
[INFO] [stdout]    2:     0x579772dec98c - <alloc[2182bb758b4b3781]::vec::Vec<u8> as core[df12db4294e9bfd3]::io::write::Write>::write_fmt
[INFO] [stdout]    3:     0x579772dc20a6 - std[70759c8f55707aa4]::panicking::default_hook::{closure#0}
[INFO] [stdout]    4:     0x579772ddf719 - std[70759c8f55707aa4]::panicking::default_hook
[INFO] [stdout]    5:     0x579772ba28b0 - test[9d35eded1c95d3be]::test_main_inner::<test[9d35eded1c95d3be]::test_main_static::{closure#0}>::{closure#0}
[INFO] [stdout]    6:     0x579772ddf8d2 - std[70759c8f55707aa4]::panicking::panic_with_hook
[INFO] [stdout]    7:     0x579772dc2152 - std[70759c8f55707aa4]::panicking::panic_handler::{closure#0}
[INFO] [stdout]    8:     0x579772dba699 - std[70759c8f55707aa4]::sys::backtrace::__rust_end_short_backtrace::<std[70759c8f55707aa4]::panicking::panic_handler::{closure#0}, !>
[INFO] [stdout]    9:     0x579772dc2e5d - __rustc[8fa7c3cbc660c2b3]::rust_begin_unwind
[INFO] [stdout]   10:     0x579772dff5ec - core[df12db4294e9bfd3]::panicking::panic_fmt
[INFO] [stdout]   11:     0x579772b92d58 - holger_traits[6ec32eec4614dfc9]::tests::every_format_names_a_crate_that_exists
[INFO] [stdout]   12:     0x579772b91cb9 - <holger_traits[6ec32eec4614dfc9]::tests::every_format_names_a_crate_that_exists::{closure#0} as core[df12db4294e9bfd3]::ops::function::FnOnce<()>>::call_once
[INFO] [stdout]   13:     0x579772b95b9b - test[9d35eded1c95d3be]::__rust_begin_short_backtrace::<core[df12db4294e9bfd3]::result::Result<(), alloc[2182bb758b4b3781]::string::String>, fn() -> core[df12db4294e9bfd3]::result::Result<(), alloc[2182bb758b4b3781]::string::String>>
[INFO] [stdout]   14:     0x579772ba3205 - test[9d35eded1c95d3be]::run_test::{closure#0}
[INFO] [stdout]   15:     0x579772b9cac4 - std[70759c8f55707aa4]::sys::backtrace::__rust_begin_short_backtrace::<test[9d35eded1c95d3be]::run_test::{closure#1}, ()>
[INFO] [stdout]   16:     0x579772ba6362 - <std[70759c8f55707aa4]::thread::lifecycle::spawn_unchecked<test[9d35eded1c95d3be]::run_test::{closure#1}, ()>::{closure#1} as core[df12db4294e9bfd3]::ops::function::FnOnce<()>>::call_once::{shim:vtable#0}
[INFO] [stdout]   17:     0x579772de7069 - <std[70759c8f55707aa4]::sys::thread::unix::Thread>::new::thread_start
[INFO] [stdout]   18:     0x7f40cf90adfa - <unknown>
[INFO] [stdout]   19:     0x7f40cf99e3d4 - clone
[INFO] [stdout]   20:                0x0 - <unknown>
[INFO] [stdout] 
[INFO] [stdout] 
[INFO] [stdout] failures:
[INFO] [stdout]     tests::every_format_names_a_crate_that_exists
[INFO] [stdout] 
[INFO] [stdout] test result: FAILED. 10 passed; 1 failed; 0 ignored; 0 measured; 0 filtered out; finished in 0.02s
[INFO] [stdout] 
[INFO] [stderr] error: test failed, to rerun pass `--lib`
[INFO] running `Command { std: "docker" "inspect" "fe63c00d9b7ab4f71ac6967dcafe533ce012ea4c1670485334288d17f90db88a", kill_on_drop: false }`
[INFO] running `Command { std: "docker" "rm" "-f" "fe63c00d9b7ab4f71ac6967dcafe533ce012ea4c1670485334288d17f90db88a", kill_on_drop: false }`
[INFO] [stdout] fe63c00d9b7ab4f71ac6967dcafe533ce012ea4c1670485334288d17f90db88a
