[INFO] fetching crate hocon_ 0.12.2...
[INFO] testing hocon_-0.12.2 against 1.99.0-beta.8+cargoflags=--release for beta-release-1.100-2
[INFO] extracting crate hocon_ 0.12.2 into /workspace/builds/worker-7-tc1/source
[INFO] removed /workspace/builds/worker-7-tc1/source/.cargo/config.toml
[INFO] started tweaking crates.io crate hocon_ 0.12.2
[INFO] removed 0 missing examples
[INFO] removed 0 missing tests
[INFO] finished tweaking crates.io crate hocon_ 0.12.2
[INFO] tweaked toml for crates.io crate hocon_ 0.12.2 written to /workspace/builds/worker-7-tc1/source/Cargo.toml
[INFO] validating manifest of crates.io crate hocon_ 0.12.2 on toolchain 1.99.0-beta.8
[INFO] running `Command { std: CARGO_HOME="/workspace/cargo-home" RUSTUP_HOME="/workspace/rustup-home" "/workspace/cargo-home/bin/cargo" "+1.99.0-beta.8" "metadata" "--manifest-path" "Cargo.toml" "--no-deps", kill_on_drop: false }`
[INFO] crate crates.io crate hocon_ 0.12.2 already has a lockfile, it will not be regenerated
[INFO] running `Command { std: CARGO_HOME="/workspace/cargo-home" RUSTUP_HOME="/workspace/rustup-home" "/workspace/cargo-home/bin/cargo" "+1.99.0-beta.8" "fetch" "--manifest-path" "Cargo.toml", kill_on_drop: false }`
[INFO] [stderr]     Blocking waiting for file lock on package cache
[INFO] [stderr]     Updating crates.io index
[INFO] [stderr]  Downloading crates ...
[INFO] [stderr]   Downloaded unicode-ident v1.0.26
[INFO] [stderr]   Downloaded uuid v1.27.0
[INFO] [stderr]   Downloaded wasm-bindgen-futures v0.4.79
[INFO] [stderr]   Downloaded test-generator v0.3.1
[INFO] [stderr]   Downloaded jni-sys v0.4.1
[INFO] [stderr]   Downloaded jni-sys-macros v0.4.1
[INFO] [stderr]   Downloaded glob v0.3.4
[INFO] [stderr]   Downloaded java-properties v2.0.0
[INFO] [stderr]   Downloaded rustls-native-certs v0.8.4
[INFO] [stderr]   Downloaded rustls-platform-verifier-android v0.2.0
[INFO] [stderr]   Downloaded security-framework-sys v2.17.0
[INFO] [stderr]   Downloaded page_size v0.6.0
[INFO] [stderr]   Downloaded smallvec v1.16.2
[INFO] [stderr]   Downloaded crossbeam-deque v0.8.8
[INFO] [stderr]   Downloaded either v1.19.0
[INFO] [stderr]   Downloaded schannel v0.1.29
[INFO] [stderr]   Downloaded alloca v0.4.0
[INFO] [stderr]   Downloaded criterion-plot v0.8.2
[INFO] [stderr]   Downloaded jni-macros v0.22.4
[INFO] [stderr]   Downloaded console v0.16.6
[INFO] [stderr]   Downloaded crossbeam-epoch v0.9.21
[INFO] [stderr]   Downloaded similar v2.7.0
[INFO] [stderr]   Downloaded security-framework v3.7.0
[INFO] [stderr]   Downloaded cc v1.6.0
[INFO] [stderr]   Downloaded combine v4.6.8
[INFO] [stderr]   Downloaded insta v1.49.0
[INFO] [stderr]   Downloaded criterion v0.8.2
[INFO] [stderr]   Downloaded webpki-root-certs v1.0.9
[INFO] [stderr]   Downloaded zerocopy-derive v0.8.62
[INFO] [stderr]   Downloaded rayon v1.12.0
[INFO] [stderr]   Downloaded jni v0.22.4
[INFO] [stderr]   Downloaded aws-lc-rs v1.18.1
[INFO] [stderr]   Downloaded syn v3.0.6
[INFO] [stderr]   Downloaded simd_cesu8 v1.2.0
[INFO] [stderr]   Downloaded zerocopy v0.8.62
[INFO] [stderr]   Downloaded rustls v0.23.45
[INFO] [stderr]   Downloaded web-sys v0.3.106
[INFO] [stderr]   Downloaded libc v0.2.190
[INFO] [stderr]   Downloaded tokio v1.53.2
[INFO] [stderr]   Downloaded aws-lc-sys v0.45.0
[INFO] running `Command { std: "docker" "create" "-v" "/var/lib/crater-agent-workspace/builds/worker-7-tc1/source:/opt/rustwide/workdir:ro,Z" "-v" "/var/lib/crater-agent-workspace/builds/worker-7-tc1/target:/opt/rustwide/target:rw,Z" "-v" "/var/lib/crater-agent-workspace/cargo-home:/opt/rustwide/cargo-home:ro,Z" "-v" "/var/lib/crater-agent-workspace/rustup-home:/opt/rustwide/rustup-home:ro,Z" "-m" "1610612736" "--network" "none" "ghcr.io/rust-lang/crates-build-env/linux@sha256:77db811e55d90add9212f6832c23229e3de5f1c1f9905e8cb07319ea15df73ac" "sleep" "infinity", kill_on_drop: false }`
[INFO] [stdout] e6022b6925e2e74a6ea442eeca0a192bc4aafe2ede220fff6db1d5caa1f12b62
[INFO] running `Command { std: "docker" "start" "e6022b6925e2e74a6ea442eeca0a192bc4aafe2ede220fff6db1d5caa1f12b62", kill_on_drop: false }`
[INFO] running `Command { std: "docker" "inspect" "e6022b6925e2e74a6ea442eeca0a192bc4aafe2ede220fff6db1d5caa1f12b62", kill_on_drop: false }`
[INFO] running `Command { std: "docker" "exec" "-e" "SOURCE_DIR=/opt/rustwide/workdir" "-e" "CARGO_HOME=/opt/rustwide/cargo-home" "-e" "RUSTUP_HOME=/opt/rustwide/rustup-home" "-e" "CARGO_TARGET_DIR=/opt/rustwide/target" "-w" "/opt/rustwide/workdir" "--user" "0:0" "e6022b6925e2e74a6ea442eeca0a192bc4aafe2ede220fff6db1d5caa1f12b62" "/opt/rustwide/cargo-home/bin/cargo" "+1.99.0-beta.8" "metadata" "--no-deps" "--format-version=1", kill_on_drop: false }`
[INFO] running `Command { std: "docker" "inspect" "e6022b6925e2e74a6ea442eeca0a192bc4aafe2ede220fff6db1d5caa1f12b62", kill_on_drop: false }`
[INFO] running `Command { std: "docker" "exec" "-e" "SOURCE_DIR=/opt/rustwide/workdir" "-e" "CARGO_HOME=/opt/rustwide/cargo-home" "-e" "RUSTUP_HOME=/opt/rustwide/rustup-home" "-e" "CARGO_TARGET_DIR=/opt/rustwide/target" "-e" "CARGO_INCREMENTAL=0" "-e" "RUST_BACKTRACE=full" "-e" "RUSTFLAGS=--cap-lints=warn" "-e" "RUSTDOCFLAGS=--cap-lints=warn" "-w" "/opt/rustwide/workdir" "--user" "0:0" "e6022b6925e2e74a6ea442eeca0a192bc4aafe2ede220fff6db1d5caa1f12b62" "/opt/rustwide/cargo-home/bin/cargo" "+1.99.0-beta.8" "build" "--frozen" "--message-format=json" "--release", kill_on_drop: false }`
[INFO] [stderr]    Compiling libc v0.2.190
[INFO] [stderr]    Compiling unicode-ident v1.0.26
[INFO] [stderr]    Compiling shlex v2.0.1
[INFO] [stderr]    Compiling find-msvc-tools v0.1.14
[INFO] [stderr]    Compiling dunce v1.0.5
[INFO] [stderr]    Compiling pkg-config v0.3.34
[INFO] [stderr]    Compiling fs_extra v1.3.0
[INFO] [stderr]    Compiling pin-project-lite v0.2.17
[INFO] [stderr]    Compiling memchr v2.8.3
[INFO] [stderr]    Compiling bytes v1.12.1
[INFO] [stderr]    Compiling futures-core v0.3.34
[INFO] [stderr]    Compiling smallvec v1.16.2
[INFO] [stderr]    Compiling aws-lc-rs v1.18.1
[INFO] [stderr]    Compiling zeroize v1.9.1
[INFO] [stderr]    Compiling once_cell v1.21.4
[INFO] [stderr]    Compiling futures-sink v0.3.34
[INFO] [stderr]    Compiling proc-macro2 v1.0.107
[INFO] [stderr]    Compiling slab v0.4.12
[INFO] [stderr]    Compiling percent-encoding v2.3.2
[INFO] [stderr]    Compiling httparse v1.10.1
[INFO] [stderr]    Compiling rustls v0.23.45
[INFO] [stderr]    Compiling rustls-pki-types v1.15.1
[INFO] [stderr]    Compiling rustversion v1.0.23
[INFO] [stderr]    Compiling futures-io v0.3.34
[INFO] [stderr]    Compiling futures-task v0.3.34
[INFO] [stderr]    Compiling tower-service v0.3.3
[INFO] [stderr]    Compiling subtle v2.6.1
[INFO] [stderr]    Compiling want v0.3.2
[INFO] [stderr]    Compiling tracing-core v0.1.36
[INFO] [stderr]    Compiling cfg-if v1.0.5
[INFO] [stderr]    Compiling serde_core v1.0.229
[INFO] [stderr]    Compiling atomic-waker v1.1.2
[INFO] [stderr]    Compiling form_urlencoded v1.2.2
[INFO] [stderr]    Compiling futures-channel v0.3.34
[INFO] [stderr]    Compiling sync_wrapper v1.0.2
[INFO] [stderr]    Compiling getrandom v0.4.3
[INFO] [stderr]    Compiling openssl-probe v0.2.1
[INFO] [stderr]    Compiling base64 v0.23.1
[INFO] [stderr]    Compiling tower-layer v0.3.3
[INFO] [stderr]    Compiling ipnet v2.12.2
[INFO] [stderr]    Compiling quote v1.0.47
[INFO] [stderr]    Compiling rustls-native-certs v0.8.4
[INFO] [stderr]    Compiling bitflags v2.13.2
[INFO] [stderr]    Compiling syn v3.0.6
[INFO] [stderr]    Compiling futures-util v0.3.34
[INFO] [stderr]    Compiling encoding_rs v0.8.42
[INFO] [stderr]    Compiling http v1.5.0
[INFO] [stderr]    Compiling aho-corasick v1.1.5
[INFO] [stderr]    Compiling tracing v0.1.44
[INFO] [stderr]    Compiling core_detect v1.0.0
[INFO] [stderr]    Compiling simdutf8 v0.1.5
[INFO] [stderr]    Compiling thiserror v2.0.21
[INFO] [stderr]    Compiling serde v1.0.229
[INFO] [stderr]    Compiling multiversion_no_op v1.0.0
[INFO] [stderr]    Compiling nom v8.0.0
[INFO] [stderr]    Compiling socket2 v0.6.5
[INFO] [stderr]    Compiling mio v1.2.4
[INFO] [stderr]    Compiling uuid v1.27.0
[INFO] [stderr]    Compiling tokio v1.53.2
[INFO] [stderr]    Compiling http-body v1.1.0
[INFO] [stderr]    Compiling http-body-util v0.1.5
[INFO] [stderr]    Compiling jobserver v0.1.35
[INFO] [stderr]    Compiling cc v1.6.0
[INFO] [stderr]    Compiling regex-automata v0.4.18
[INFO] [stderr]    Compiling cmake v0.1.58
[INFO] [stderr]    Compiling synstructure v0.14.0
[INFO] [stderr]    Compiling serde_path_to_error v0.1.20
[INFO] [stderr]    Compiling aws-lc-sys v0.45.0
[INFO] [stderr]    Compiling zerovec-derive v0.11.6
[INFO] [stderr]    Compiling displaydoc v0.2.7
[INFO] [stderr]    Compiling thiserror-impl v2.0.21
[INFO] [stderr]    Compiling zerofrom-derive v0.1.8
[INFO] [stderr]    Compiling yoke-derive v0.8.4
[INFO] [stderr]    Compiling zerofrom v0.1.8
[INFO] [stderr]    Compiling yoke v0.8.3
[INFO] [stderr]    Compiling zerotrie v0.2.5
[INFO] [stderr]    Compiling zerovec v0.11.8
[INFO] [stderr]    Compiling tinystr v0.8.4
[INFO] [stderr]    Compiling potential_utf v0.1.6
[INFO] [stderr]    Compiling icu_collections v2.3.0
[INFO] [stderr]    Compiling icu_locale_core v2.3.0
[INFO] [stderr]    Compiling regex v1.13.1
[INFO] [stderr]    Compiling java-properties v2.0.0
[INFO] [stderr]    Compiling icu_provider v2.3.1
[INFO] [stderr]    Compiling icu_normalizer v2.3.0
[INFO] [stderr]    Compiling icu_properties v2.3.0
[INFO] [stderr]    Compiling hyper v1.12.0
[INFO] [stderr]    Compiling tower v0.5.3
[INFO] [stderr]    Compiling idna_adapter v1.2.2
[INFO] [stderr]    Compiling hyper-util v0.1.21
[INFO] [stderr]    Compiling idna v1.1.0
[INFO] [stderr]    Compiling url v2.5.8
[INFO] [stderr]    Compiling tower-http v0.6.11
[INFO] [stderr]    Compiling rustls-webpki v0.103.15
[INFO] [stderr]    Compiling tokio-rustls v0.26.6
[INFO] [stderr]    Compiling rustls-platform-verifier v0.7.1
[INFO] [stderr]    Compiling hyper-rustls v0.27.10
[INFO] [stderr]    Compiling reqwest v0.13.5
[INFO] [stderr]    Compiling hocon_ v0.12.2 (/opt/rustwide/workdir)
[INFO] [stderr]     Finished `release` profile [optimized] target(s) in 2m 25s
[INFO] running `Command { std: "docker" "inspect" "e6022b6925e2e74a6ea442eeca0a192bc4aafe2ede220fff6db1d5caa1f12b62", kill_on_drop: false }`
[INFO] running `Command { std: "docker" "exec" "-e" "SOURCE_DIR=/opt/rustwide/workdir" "-e" "CARGO_HOME=/opt/rustwide/cargo-home" "-e" "RUSTUP_HOME=/opt/rustwide/rustup-home" "-e" "CARGO_TARGET_DIR=/opt/rustwide/target" "-e" "CARGO_INCREMENTAL=0" "-e" "RUST_BACKTRACE=full" "-e" "RUSTFLAGS=--cap-lints=warn" "-e" "RUSTDOCFLAGS=--cap-lints=warn" "-w" "/opt/rustwide/workdir" "--user" "0:0" "e6022b6925e2e74a6ea442eeca0a192bc4aafe2ede220fff6db1d5caa1f12b62" "/opt/rustwide/cargo-home/bin/cargo" "+1.99.0-beta.8" "test" "--frozen" "--no-run" "--message-format=json" "--release", kill_on_drop: false }`
[INFO] [stderr]    Compiling crossbeam-utils v0.8.23
[INFO] [stderr]    Compiling getrandom v0.4.3
[INFO] [stderr]    Compiling rand_core v0.10.1
[INFO] [stderr]    Compiling crossbeam-epoch v0.9.21
[INFO] [stderr]    Compiling zerocopy v0.8.62
[INFO] [stderr]    Compiling syn v2.0.119
[INFO] [stderr]    Compiling bitflags v2.13.2
[INFO] [stderr]    Compiling serde v1.0.229
[INFO] [stderr]    Compiling serde_derive v1.0.229
[INFO] [stderr]    Compiling crossbeam-deque v0.8.8
[INFO] [stderr]    Compiling proc-macro2 v0.4.30
[INFO] [stderr]    Compiling num-traits v0.2.19
[INFO] [stderr]    Compiling rayon-core v1.13.0
[INFO] [stderr]    Compiling either v1.19.0
[INFO] [stderr]    Compiling rustix v1.1.5
[INFO] [stderr]    Compiling unicode-xid v0.1.0
[INFO] [stderr]    Compiling serde_json v1.0.151
[INFO] [stderr]    Compiling alloca v0.4.0
[INFO] [stderr]    Compiling ciborium-io v0.2.2
[INFO] [stderr]    Compiling clap_lex v1.1.1
[INFO] [stderr]    Compiling anstyle v1.0.14
[INFO] [stderr]    Compiling plotters-backend v0.3.7
[INFO] [stderr]    Compiling linux-raw-sys v0.12.1
[INFO] [stderr]    Compiling syn v0.15.44
[INFO] [stderr]    Compiling cpufeatures v0.3.1
[INFO] [stderr]    Compiling itertools v0.13.0
[INFO] [stderr]    Compiling cast v0.3.0
[INFO] [stderr]    Compiling same-file v1.0.6
[INFO] [stderr]    Compiling fastrand v2.5.0
[INFO] [stderr]    Compiling clap_builder v4.6.7
[INFO] [stderr]    Compiling plotters-svg v0.3.7
[INFO] [stderr]    Compiling tower-http v0.6.11
[INFO] [stderr]    Compiling walkdir v2.5.0
[INFO] [stderr]    Compiling uuid v1.27.0
[INFO] [stderr]    Compiling chacha20 v0.10.2
[INFO] [stderr]    Compiling quote v0.6.13
[INFO] [stderr]    Compiling page_size v0.6.0
[INFO] [stderr]    Compiling console v0.16.6
[INFO] [stderr]    Compiling similar v2.7.0
[INFO] [stderr]    Compiling reqwest v0.13.5
[INFO] [stderr]    Compiling oorandom v11.1.5
[INFO] [stderr]    Compiling plotters v0.3.7
[INFO] [stderr]    Compiling glob v0.3.4
[INFO] [stderr]    Compiling anes v0.1.6
[INFO] [stderr]    Compiling rand v0.10.3
[INFO] [stderr]    Compiling rayon v1.12.0
[INFO] [stderr]    Compiling criterion-plot v0.8.2
[INFO] [stderr]    Compiling tempfile v3.27.0
[INFO] [stderr]    Compiling insta v1.49.0
[INFO] [stderr]    Compiling zerocopy-derive v0.8.62
[INFO] [stderr]    Compiling clap v4.6.7
[INFO] [stderr]    Compiling tinytemplate v1.2.1
[INFO] [stderr]    Compiling hocon_ v0.12.2 (/opt/rustwide/workdir)
[INFO] [stderr]    Compiling test-generator v0.3.1
[INFO] [stderr]    Compiling half v2.7.1
[INFO] [stderr]    Compiling ciborium-ll v0.2.2
[INFO] [stderr]    Compiling ciborium v0.2.2
[INFO] [stderr]    Compiling criterion v0.8.2
[INFO] [stderr]     Finished `release` profile [optimized] target(s) in 1m 25s
[INFO] running `Command { std: "docker" "inspect" "e6022b6925e2e74a6ea442eeca0a192bc4aafe2ede220fff6db1d5caa1f12b62", kill_on_drop: false }`
[INFO] running `Command { std: "docker" "exec" "-e" "SOURCE_DIR=/opt/rustwide/workdir" "-e" "CARGO_HOME=/opt/rustwide/cargo-home" "-e" "RUSTUP_HOME=/opt/rustwide/rustup-home" "-e" "CARGO_TARGET_DIR=/opt/rustwide/target" "-e" "CARGO_INCREMENTAL=0" "-e" "RUST_BACKTRACE=full" "-e" "RUSTFLAGS=--cap-lints=warn" "-e" "RUSTDOCFLAGS=--cap-lints=warn" "-w" "/opt/rustwide/workdir" "--user" "0:0" "e6022b6925e2e74a6ea442eeca0a192bc4aafe2ede220fff6db1d5caa1f12b62" "/opt/rustwide/cargo-home/bin/cargo" "+1.99.0-beta.8" "test" "--frozen" "--release", kill_on_drop: false }`
[INFO] [stderr]     Finished `release` profile [optimized] target(s) in 0.25s
[INFO] [stderr]      Running unittests src/lib.rs (/opt/rustwide/target/release/deps/hocon-4247c81b2239eb21)
[INFO] [stdout] 
[INFO] [stdout] running 38 tests
[INFO] [stdout] test serde::de::tests::access_hash_as_array ... ok
[INFO] [stdout] test internals::internal::tests::missing_file_included ... ok
[INFO] [stdout] test serde::de::tests::deserialize_unit_enum ... ok
[INFO] [stdout] test serde::de::tests::tuple_struct ... ok
[INFO] [stdout] test internals::internal::tests::max_depth_of_include ... ok
[INFO] [stdout] test serde::de::tests::deserialize_tuple_enum ... ok
[INFO] [stdout] test serde::de::tests::deserialize_tagged_enum ... ok
[INFO] [stdout] test serde::de::tests::unit_struct ... ok
[INFO] [stdout] test tests::can_deserialize_struct ... ok
[INFO] [stdout] test serde::de::tests::can_deserialize_struct ... ok
[INFO] [stdout] test serde::de::tests::will_fail_on_wrong_type ... ok
[INFO] [stdout] test serde::de::tests::will_fail_on_missing_field ... ok
[INFO] [stdout] test serde::de::tests::deserialize_struct_enum ... ok
[INFO] [stdout] test tests::can_deserialize_struct2 ... ok
[INFO] [stdout] test tests::read_from_hocon ... ok
[INFO] [stdout] test tests::read_from_properties ... ok
[INFO] [stdout] test value::tests::access_hash_as_array ... ok
[INFO] [stdout] test value::tests::access_on_array ... ok
[INFO] [stdout] test value::tests::access_on_bad_value ... ok
[INFO] [stdout] test value::tests::access_on_boolean_false ... ok
[INFO] [stdout] test value::tests::access_on_duration ... ok
[INFO] [stdout] test serde::de::tests::will_not_fail_on_extra_field ... ok
[INFO] [stdout] test value::tests::access_on_integer ... ok
[INFO] [stdout] test value::tests::access_on_null ... ok
[INFO] [stdout] test tests::error_deserializing_struct ... ok
[INFO] [stdout] test value::tests::access_on_string ... ok
[INFO] [stdout] test value::tests::cast_string ... ok
[INFO] [stdout] test value::tests::access_on_boolean_true ... ok
[INFO] [stdout] test serde::de::tests::map ... ok
[INFO] [stdout] test value::tests::access_on_bytes ... ok
[INFO] [stdout] test serde::de::tests::map_with_enum_keys ... ok
[INFO] [stdout] test serde::de::tests::tuple ... ok
[INFO] [stdout] test value::tests::access_on_bytes_all_bytes_units ... ok
[INFO] [stdout] test value::tests::access_on_hash ... ok
[INFO] [stdout] test value::tests::access_on_real ... ok
[INFO] [stdout] test serde::de::tests::hoconand_serde_default ... ok
[INFO] [stdout] test serde::error::tests::can_display_error ... ok
[INFO] [stdout] test tests::can_disable_url_include ... ok
[INFO] [stdout] 
[INFO] [stdout] test result: ok. 38 passed; 0 failed; 0 ignored; 0 measured; 0 filtered out; finished in 0.07s
[INFO] [stdout] 
[INFO] [stderr]      Running tests/deserialize.rs (/opt/rustwide/target/release/deps/deserialize-89ff48eb5edc52f5)
[INFO] [stdout] 
[INFO] [stdout] running 9 tests
[INFO] [stdout] test deserialize_filesize_as_float ... ok
[INFO] [stdout] test deserialize_multilevel_struct_missing_field ... ok
[INFO] [stdout] test deserialize_multilevel_struct ... ok
[INFO] [stdout] test deserialize_struct_simple_path ... ok
[INFO] [stdout] test deserialize_struct_duration_wrapper ... ok
[INFO] [stdout] test deserialize_struct_duration_with ... ok
[INFO] [stdout] test deserialize_struct ... ok
[INFO] [stdout] test deserialize_struct_missing_field ... ok
[INFO] [stdout] test deserialize_filesize ... ok
[INFO] [stdout] 
[INFO] [stdout] test result: ok. 9 passed; 0 failed; 0 ignored; 0 measured; 0 filtered out; finished in 0.01s
[INFO] [stdout] 
[INFO] [stderr]      Running tests/load.rs (/opt/rustwide/target/release/deps/load-f92426a28f158fc7)
[INFO] [stdout] 
[INFO] [stdout] running 24 tests
[INFO] [stdout] test file_load_tests_data_issue_26_4_conf ... ok
[INFO] [stdout] test file_load_tests_data_file_with_different_types_conf ... ok
[INFO] [stdout] test file_load_tests_data_include_conf ... ok
[INFO] [stdout] test file_load_tests_data_separator_newline_conf ... ok
[INFO] [stdout] test file_load_tests_data_issue_27_conf ... ok
[INFO] [stdout] test file_load_tests_data_substitution_conf ... ok
[INFO] [stdout] test file_load_tests_data_root_braces_omitted_conf ... ok
[INFO] [stdout] test file_load_tests_data_test01_conf ... ok
[INFO] [stdout] test file_load_tests_data_unquoted_conf ... ok
[INFO] [stdout] test missing_file ... ok
[INFO] [stdout] test file_load_tests_data_concatenation_conf ... ok
[INFO] [stdout] test file_load_tests_data_equals_trailing_comma_conf ... ok
[INFO] [stdout] test file_load_tests_data_hyphen_key_conf ... ok
[INFO] [stdout] test file_load_tests_data_include_file_conf ... ok
[INFO] [stdout] test file_load_tests_data_comments_conf ... ok
[INFO] [stdout] test file_load_tests_data_include_and_subst_conf ... ok
[INFO] [stdout] test file_load_tests_data_basic_conf ... ok
[INFO] [stdout] test file_load_tests_data_test03_conf ... ok
[INFO] [stdout] test file_load_tests_data_include_multiple_file_conf ... ok
[INFO] [stdout] test file_load_tests_data_issue_26_3_conf ... ok
[INFO] [stdout] test file_load_tests_data_includes_no_separator_conf ... ok
[INFO] [stdout] test file_load_tests_data_issue_26_2_conf ... ok
[INFO] [stdout] test file_load_tests_data_issue_26_1_conf ... ok
[INFO] [stdout] test file_load_tests_data_include_url_conf ... ok
[INFO] [stdout] 
[INFO] [stdout] test result: ok. 24 passed; 0 failed; 0 ignored; 0 measured; 0 filtered out; finished in 0.13s
[INFO] [stdout] 
[INFO] [stderr]      Running tests/parse.rs (/opt/rustwide/target/release/deps/parse-df9e284635d2f0ee)
[INFO] [stdout] 
[INFO] [stdout] running 60 tests
[INFO] [stdout] test parse_change_type_to_array ... ok
[INFO] [stdout] test parse_comment ... ok
[INFO] [stdout] test environment_variable_with_default_value_complex ... ok
[INFO] [stdout] test parse_change_type_to_object ... ok
[INFO] [stdout] test hyphen_keys ... ok
[INFO] [stdout] test environment_variable ... ok
[INFO] [stdout] test environment_variable_with_default_value ... ok
[INFO] [stdout] test parse_concat_arrays_with_plus_equal ... ok
[INFO] [stdout] test parse_comment_in_array_no_comma ... ok
[INFO] [stdout] test environment_variable_disabled ... ok
[INFO] [stdout] test parse_concat_arrays_with_substitution ... ok
[INFO] [stdout] test parse_concat_arrays_with_self_substitution ... ok
[INFO] [stdout] test parse_concat_arrays_with_plus_equal_with_object ... ok
[INFO] [stdout] test parse_concat_arrays_of_object_with_self_substitution ... ok
[INFO] [stdout] test parse_concat_arrays_of_object_with_several_self_substitution ... ok
[INFO] [stdout] test parse_file_ends_with_unquoted_string ... ok
[INFO] [stdout] test parse_comment_after_object ... ok
[INFO] [stdout] test parse_int_array_newline_as_separator ... ok
[INFO] [stdout] test parse_float ... ok
[INFO] [stdout] test parse_keyvalue_separator ... ok
[INFO] [stdout] test parse_missing_optional_substitution ... ok
[INFO] [stdout] test parse_int ... ok
[INFO] [stdout] test parse_missing_substitution ... ok
[INFO] [stdout] test parse_concat ... ok
[INFO] [stdout] test parse_error ... ok
[INFO] [stdout] test parse_include_from_str ... ok
[INFO] [stdout] test parse_multiline_string ... ok
[INFO] [stdout] test parse_concat_arrays_with_plus_equal_with_init ... ok
[INFO] [stdout] test parse_concat_objects ... ok
[INFO] [stdout] test parse_empty_objects ... ok
[INFO] [stdout] test parse_empty_object ... ok
[INFO] [stdout] test parse_concat_objects_with_self_substitution ... ok
[INFO] [stdout] test parse_concat_objects_with_substitution ... ok
[INFO] [stdout] test parse_concat_arrays_with_substitution_and_replace ... ok
[INFO] [stdout] test parse_concat_arrays ... ok
[INFO] [stdout] test parse_bool ... ok
[INFO] [stdout] test parse_null_value ... ok
[INFO] [stdout] test parse_string_escaped ... ok
[INFO] [stdout] test parse_object_merging ... ok
[INFO] [stdout] test parse_replace_array ... ok
[INFO] [stdout] test parse_int_array ... ok
[INFO] [stdout] test parse_substitute_array ... ok
[INFO] [stdout] test parse_multiple_triple_quote_strings ... ok
[INFO] [stdout] test parse_nested ... ok
[INFO] [stdout] test parse_path ... ok
[INFO] [stdout] test parse_newlines ... ok
[INFO] [stdout] test parse_triple_quote_with_extra_quote ... ok
[INFO] [stdout] test parse_reset_array_index ... ok
[INFO] [stdout] test parse_trailing_commas ... ok
[INFO] [stdout] test parse_object_newline_as_separator ... ok
[INFO] [stdout] test parse_path_substitution ... ok
[INFO] [stdout] test parse_root_braces_omitted ... ok
[INFO] [stdout] test parse_string_strict_with_windows_newline ... ok
[INFO] [stdout] test parse_string ... ok
[INFO] [stdout] test parse_string_escaped_key ... ok
[INFO] [stdout] test substitute_before_and_after ... ok
[INFO] [stdout] test wrong_casts ... ok
[INFO] [stdout] test wrong_index ... ok
[INFO] [stdout] test parse_triple_quote ... ok
[INFO] [stdout] test parse_unquoted_string ... ok
[INFO] [stdout] 
[INFO] [stdout] test result: ok. 60 passed; 0 failed; 0 ignored; 0 measured; 0 filtered out; finished in 0.02s
[INFO] [stdout] 
[INFO] [stderr]      Running tests/snapshot.rs (/opt/rustwide/target/release/deps/snapshot-3dd1af29a500fa71)
[INFO] [stdout] 
[INFO] [stdout] running 23 tests
[INFO] [stdout] test snapshot_tests_data_basic_conf ... ok
[INFO] [stdout] test snapshot_tests_data_hyphen_key_conf ... ok
[INFO] [stdout] test snapshot_tests_data_include_conf ... ok
[INFO] [stdout] test snapshot_tests_data_comments_conf ... ok
[INFO] [stdout] test snapshot_tests_data_file_with_different_types_conf ... ok
[INFO] [stdout] test snapshot_tests_data_issue_26_4_conf ... ok
[INFO] [stdout] test snapshot_tests_data_issue_26_3_conf ... ok
[INFO] [stdout] test snapshot_tests_data_include_file_conf ... ok
[INFO] [stdout] test snapshot_tests_data_concatenation_conf ... ok
[INFO] [stdout] test snapshot_tests_data_include_and_subst_conf ... ok
[INFO] [stdout] test snapshot_tests_data_include_multiple_file_conf ... ok
[INFO] [stdout] test snapshot_tests_data_issue_26_1_conf ... ok
[INFO] [stdout] test snapshot_tests_data_issue_26_2_conf ... ok
[INFO] [stdout] test snapshot_tests_data_equals_trailing_comma_conf ... ok
[INFO] [stdout] test snapshot_tests_data_includes_no_separator_conf ... ok
[INFO] [stdout] test snapshot_tests_data_root_braces_omitted_conf ... ok
[INFO] [stdout] test snapshot_tests_data_issue_27_conf ... ok
[INFO] [stdout] test snapshot_tests_data_unquoted_conf ... ok
[INFO] [stdout] test snapshot_tests_data_test01_conf ... ok
[INFO] [stdout] test snapshot_tests_data_test03_conf ... ok
[INFO] [stdout] test snapshot_tests_data_substitution_conf ... ok
[INFO] [stdout] test snapshot_tests_data_separator_newline_conf ... ok
[INFO] [stdout] test snapshot_tests_data_include_url_conf ... FAILED
[INFO] [stderr] error: test failed, to rerun pass `--test snapshot`
[INFO] [stdout] 
[INFO] [stdout] failures:
[INFO] [stdout] 
[INFO] [stdout] ---- snapshot_tests_data_include_url_conf stdout ----
[INFO] [stdout] original file: tests/data/include_url.conf
[INFO] [stdout] include url("https://raw.githubusercontent.com/mockersf/hocon.rs/master/tests/data/basic.conf")
[INFO] [stdout] 
[INFO] [stdout] {
[INFO] [stdout]     "a": 12,
[INFO] [stdout]     "f": {
[INFO] [stdout]         "h": 8
[INFO] [stdout]     }
[INFO] [stdout] }
[INFO] [stdout] 
[INFO] [stdout] ━━━━━━━━━━━━━━━━━━━━━━━━━━━━━━━ Snapshot Summary ━━━━━━━━━━━━━━━━━━━━━━━━━━━━━━━
[INFO] [stdout] Snapshot file: tests/snapshots/snapshot__include_url.conf.snap
[INFO] [stdout] Snapshot: include_url.conf
[INFO] [stdout] Source: tests/snapshot.rs:57
[INFO] [stdout] ────────────────────────────────────────────────────────────────────────────────
[INFO] [stdout] Expression: stable_readable_display(&doc)
[INFO] [stdout] ────────────────────────────────────────────────────────────────────────────────
[INFO] [stdout] -old snapshot
[INFO] [stdout] +new results
[INFO] [stdout] ────────────┬───────────────────────────────────────────────────────────────────
[INFO] [stdout]     1       │-"{a: 12, b: 6.7, c: [1, 2, 3], d: true, e: \"val\", f: {g: false, h: 8}}"
[INFO] [stdout]           1 │+"{a: 12, f: {h: 8}, https://raw.githubusercontent.com/mockersf/hocon.rs/master/tests/data/basic.conf: BadValue}"
[INFO] [stdout] ────────────┴───────────────────────────────────────────────────────────────────
[INFO] [stdout] 
[INFO] [stdout] thread 'snapshot_tests_data_include_url_conf' (4677) panicked at tests/snapshot.rs:57:5:
[INFO] [stdout] called `Result::unwrap()` on an `Err` value: FileIo(Os { code: 30, kind: ReadOnlyFilesystem, message: "Read-only file system" }, "/opt/rustwide/workdir/tests/snapshots/snapshot__include_url.conf.snap.new")
[INFO] [stdout] stack backtrace:
[INFO] [stdout]    0:     0x5d1677cfe761 - <<std[70759c8f55707aa4]::sys::backtrace::BacktraceLock>::print::DisplayBacktrace as core[df12db4294e9bfd3]::fmt::Display>::fmt
[INFO] [stdout]    1:     0x5d1677d184ba - core[df12db4294e9bfd3]::fmt::write
[INFO] [stdout]    2:     0x5d1677d038fc - <alloc[2182bb758b4b3781]::vec::Vec<u8> as core[df12db4294e9bfd3]::io::write::Write>::write_fmt
[INFO] [stdout]    3:     0x5d1677cd6176 - std[70759c8f55707aa4]::panicking::default_hook::{closure#0}
[INFO] [stdout]    4:     0x5d1677cf4b99 - std[70759c8f55707aa4]::panicking::default_hook
[INFO] [stdout]    5:     0x5d167776c4c0 - test[9d35eded1c95d3be]::test_main_inner::<test[9d35eded1c95d3be]::test_main_static::{closure#0}>::{closure#0}
[INFO] [stdout]    6:     0x5d1677cf4ec2 - std[70759c8f55707aa4]::panicking::panic_with_hook
[INFO] [stdout]    7:     0x5d1677cd6222 - std[70759c8f55707aa4]::panicking::panic_handler::{closure#0}
[INFO] [stdout]    8:     0x5d1677cce9e9 - std[70759c8f55707aa4]::sys::backtrace::__rust_end_short_backtrace::<std[70759c8f55707aa4]::panicking::panic_handler::{closure#0}, !>
[INFO] [stdout]    9:     0x5d1677cd70ad - __rustc[8fa7c3cbc660c2b3]::rust_begin_unwind
[INFO] [stdout]   10:     0x5d1677d18c9c - core[df12db4294e9bfd3]::panicking::panic_fmt
[INFO] [stdout]   11:     0x5d1677d18a72 - core[df12db4294e9bfd3]::result::unwrap_failed
[INFO] [stdout]   12:     0x5d167775b651 - snapshot[effb8dda287063d9]::snapshot
[INFO] [stdout]   13:     0x5d167775c455 - <snapshot[effb8dda287063d9]::snapshot_tests_data_include_url_conf::{closure#0} as core[df12db4294e9bfd3]::ops::function::FnOnce<()>>::call_once
[INFO] [stdout]   14:     0x5d167775f7ab - test[9d35eded1c95d3be]::__rust_begin_short_backtrace::<core[df12db4294e9bfd3]::result::Result<(), alloc[2182bb758b4b3781]::string::String>, fn() -> core[df12db4294e9bfd3]::result::Result<(), alloc[2182bb758b4b3781]::string::String>>
[INFO] [stdout]   15:     0x5d167776ce15 - test[9d35eded1c95d3be]::run_test::{closure#0}
[INFO] [stdout]   16:     0x5d16777666d4 - std[70759c8f55707aa4]::sys::backtrace::__rust_begin_short_backtrace::<test[9d35eded1c95d3be]::run_test::{closure#1}, ()>
[INFO] [stdout]   17:     0x5d167776ff72 - <std[70759c8f55707aa4]::thread::lifecycle::spawn_unchecked<test[9d35eded1c95d3be]::run_test::{closure#1}, ()>::{closure#1} as core[df12db4294e9bfd3]::ops::function::FnOnce<()>>::call_once::{shim:vtable#0}
[INFO] [stdout]   18:     0x5d1677cfd409 - <std[70759c8f55707aa4]::sys::thread::unix::Thread>::new::thread_start
[INFO] [stdout]   19:     0x7b0d192bfdfa - <unknown>
[INFO] [stdout]   20:     0x7b0d193533d4 - clone
[INFO] [stdout]   21:                0x0 - <unknown>
[INFO] [stdout] 
[INFO] [stdout] 
[INFO] [stdout] failures:
[INFO] [stdout]     snapshot_tests_data_include_url_conf
[INFO] [stdout] 
[INFO] [stdout] test result: FAILED. 22 passed; 1 failed; 0 ignored; 0 measured; 0 filtered out; finished in 0.54s
[INFO] [stdout] 
[INFO] running `Command { std: "docker" "inspect" "e6022b6925e2e74a6ea442eeca0a192bc4aafe2ede220fff6db1d5caa1f12b62", kill_on_drop: false }`
[INFO] running `Command { std: "docker" "rm" "-f" "e6022b6925e2e74a6ea442eeca0a192bc4aafe2ede220fff6db1d5caa1f12b62", kill_on_drop: false }`
[INFO] [stdout] e6022b6925e2e74a6ea442eeca0a192bc4aafe2ede220fff6db1d5caa1f12b62
