[INFO] fetching crate hocon-parser 1.13.1...
[INFO] testing hocon-parser-1.13.1 against 1.100.0-beta.1+cargoflags=--release for beta-release-1.100-2
[INFO] extracting crate hocon-parser 1.13.1 into /workspace/builds/worker-6-tc2/source
[INFO] started tweaking crates.io crate hocon-parser 1.13.1
[INFO] removed 0 missing examples
[INFO] removed 0 missing tests
[INFO] finished tweaking crates.io crate hocon-parser 1.13.1
[INFO] tweaked toml for crates.io crate hocon-parser 1.13.1 written to /workspace/builds/worker-6-tc2/source/Cargo.toml
[INFO] validating manifest of crates.io crate hocon-parser 1.13.1 on toolchain 1.100.0-beta.1
[INFO] running `Command { std: CARGO_HOME="/workspace/cargo-home" RUSTUP_HOME="/workspace/rustup-home" "/workspace/cargo-home/bin/cargo" "+1.100.0-beta.1" "metadata" "--manifest-path" "Cargo.toml" "--no-deps", kill_on_drop: false }`
[INFO] crate crates.io crate hocon-parser 1.13.1 already has a lockfile, it will not be regenerated
[INFO] running `Command { std: CARGO_HOME="/workspace/cargo-home" RUSTUP_HOME="/workspace/rustup-home" "/workspace/cargo-home/bin/cargo" "+1.100.0-beta.1" "fetch" "--manifest-path" "Cargo.toml", kill_on_drop: false }`
[INFO] running `Command { std: "docker" "create" "-v" "/var/lib/crater-agent-workspace/builds/worker-6-tc2/source:/opt/rustwide/workdir:ro,Z" "-v" "/var/lib/crater-agent-workspace/builds/worker-6-tc2/target:/opt/rustwide/target:rw,Z" "-v" "/var/lib/crater-agent-workspace/cargo-home:/opt/rustwide/cargo-home:ro,Z" "-v" "/var/lib/crater-agent-workspace/rustup-home:/opt/rustwide/rustup-home:ro,Z" "-m" "1610612736" "--network" "none" "ghcr.io/rust-lang/crates-build-env/linux@sha256:77db811e55d90add9212f6832c23229e3de5f1c1f9905e8cb07319ea15df73ac" "sleep" "infinity", kill_on_drop: false }`
[INFO] [stdout] 39f524d99bea2c68a9f9f888220649e67836bd339903a9b9c536cfd546d9e577
[INFO] running `Command { std: "docker" "start" "39f524d99bea2c68a9f9f888220649e67836bd339903a9b9c536cfd546d9e577", kill_on_drop: false }`
[INFO] running `Command { std: "docker" "inspect" "39f524d99bea2c68a9f9f888220649e67836bd339903a9b9c536cfd546d9e577", kill_on_drop: false }`
[INFO] running `Command { std: "docker" "exec" "-e" "SOURCE_DIR=/opt/rustwide/workdir" "-e" "CARGO_HOME=/opt/rustwide/cargo-home" "-e" "RUSTUP_HOME=/opt/rustwide/rustup-home" "-e" "CARGO_TARGET_DIR=/opt/rustwide/target" "-w" "/opt/rustwide/workdir" "--user" "0:0" "39f524d99bea2c68a9f9f888220649e67836bd339903a9b9c536cfd546d9e577" "/opt/rustwide/cargo-home/bin/cargo" "+1.100.0-beta.1" "metadata" "--no-deps" "--format-version=1", kill_on_drop: false }`
[INFO] running `Command { std: "docker" "inspect" "39f524d99bea2c68a9f9f888220649e67836bd339903a9b9c536cfd546d9e577", kill_on_drop: false }`
[INFO] running `Command { std: "docker" "exec" "-e" "SOURCE_DIR=/opt/rustwide/workdir" "-e" "CARGO_HOME=/opt/rustwide/cargo-home" "-e" "RUSTUP_HOME=/opt/rustwide/rustup-home" "-e" "CARGO_TARGET_DIR=/opt/rustwide/target" "-e" "CARGO_INCREMENTAL=0" "-e" "RUST_BACKTRACE=full" "-e" "RUSTFLAGS=--cap-lints=warn" "-e" "RUSTDOCFLAGS=--cap-lints=warn" "-w" "/opt/rustwide/workdir" "--user" "0:0" "39f524d99bea2c68a9f9f888220649e67836bd339903a9b9c536cfd546d9e577" "/opt/rustwide/cargo-home/bin/cargo" "+1.100.0-beta.1" "build" "--frozen" "--message-format=json" "--release", kill_on_drop: false }`
[INFO] [stderr]    Compiling hashbrown v0.16.1
[INFO] [stderr]    Compiling indexmap v2.13.0
[INFO] [stderr]    Compiling hocon-parser v1.13.1 (/opt/rustwide/workdir)
[INFO] [stderr]     Finished `release` profile [optimized] target(s) in 7.31s
[INFO] running `Command { std: "docker" "inspect" "39f524d99bea2c68a9f9f888220649e67836bd339903a9b9c536cfd546d9e577", kill_on_drop: false }`
[INFO] running `Command { std: "docker" "exec" "-e" "SOURCE_DIR=/opt/rustwide/workdir" "-e" "CARGO_HOME=/opt/rustwide/cargo-home" "-e" "RUSTUP_HOME=/opt/rustwide/rustup-home" "-e" "CARGO_TARGET_DIR=/opt/rustwide/target" "-e" "CARGO_INCREMENTAL=0" "-e" "RUST_BACKTRACE=full" "-e" "RUSTFLAGS=--cap-lints=warn" "-e" "RUSTDOCFLAGS=--cap-lints=warn" "-w" "/opt/rustwide/workdir" "--user" "0:0" "39f524d99bea2c68a9f9f888220649e67836bd339903a9b9c536cfd546d9e577" "/opt/rustwide/cargo-home/bin/cargo" "+1.100.0-beta.1" "test" "--frozen" "--no-run" "--message-format=json" "--release", kill_on_drop: false }`
[INFO] [stderr]    Compiling quote v1.0.46
[INFO] [stderr]    Compiling serde_core v1.0.228
[INFO] [stderr]    Compiling crossbeam-utils v0.8.22
[INFO] [stderr]    Compiling serde v1.0.228
[INFO] [stderr]    Compiling crossbeam-epoch v0.9.20
[INFO] [stderr]    Compiling zerocopy v0.8.54
[INFO] [stderr]    Compiling crossbeam-deque v0.8.7
[INFO] [stderr]    Compiling rayon-core v1.13.0
[INFO] [stderr]    Compiling either v1.16.0
[INFO] [stderr]    Compiling clap_lex v1.0.1
[INFO] [stderr]    Compiling num-traits v0.2.19
[INFO] [stderr]    Compiling regex-syntax v0.8.11
[INFO] [stderr]    Compiling plotters-backend v0.3.7
[INFO] [stderr]    Compiling getrandom v0.3.4
[INFO] [stderr]    Compiling ciborium-io v0.2.2
[INFO] [stderr]    Compiling anstyle v1.0.14
[INFO] [stderr]    Compiling cast v0.3.0
[INFO] [stderr]    Compiling walkdir v2.5.0
[INFO] [stderr]    Compiling is-terminal v0.4.17
[INFO] [stderr]    Compiling unsafe-libyaml v0.2.11
[INFO] [stderr]    Compiling oorandom v11.1.5
[INFO] [stderr]    Compiling plotters-svg v0.3.7
[INFO] [stderr]    Compiling clap_builder v4.5.61
[INFO] [stderr]    Compiling anes v0.1.6
[INFO] [stderr]    Compiling ryu v1.0.23
[INFO] [stderr]    Compiling syn v2.0.118
[INFO] [stderr]    Compiling itertools v0.10.5
[INFO] [stderr]    Compiling tempfile v3.19.1
[INFO] [stderr]    Compiling plotters v0.3.7
[INFO] [stderr]    Compiling regex-automata v0.4.15
[INFO] [stderr]    Compiling rayon v1.12.0
[INFO] [stderr]    Compiling criterion-plot v0.5.0
[INFO] [stderr]    Compiling clap v4.5.61
[INFO] [stderr]    Compiling zerocopy-derive v0.8.54
[INFO] [stderr]    Compiling serde_derive v1.0.228
[INFO] [stderr]    Compiling serde_json v1.0.150
[INFO] [stderr]    Compiling regex v1.13.0
[INFO] [stderr]    Compiling tinytemplate v1.2.1
[INFO] [stderr]    Compiling serde_yaml v0.9.34+deprecated
[INFO] [stderr]    Compiling half v2.7.1
[INFO] [stderr]    Compiling ciborium-ll v0.2.2
[INFO] [stderr]    Compiling ciborium v0.2.2
[INFO] [stderr]    Compiling criterion v0.5.1
[INFO] [stderr]    Compiling hocon-parser v1.13.1 (/opt/rustwide/workdir)
[INFO] [stdout] warning: function `yaml_to_json` is never used
[INFO] [stdout]    --> tests/deferred_resolution_fixtures.rs:229:4
[INFO] [stdout]     |
[INFO] [stdout] 229 | fn yaml_to_json(val: &serde_yaml::Value) -> serde_json::Value {
[INFO] [stdout]     |    ^^^^^^^^^^^^
[INFO] [stdout]     |
[INFO] [stdout]     = note: `#[warn(dead_code)]` (part of `#[warn(unused)]`) on by default
[INFO] [stdout] 
[INFO] [stdout] 
[INFO] [stderr]     Finished `release` profile [optimized] target(s) in 1m 22s
[INFO] running `Command { std: "docker" "inspect" "39f524d99bea2c68a9f9f888220649e67836bd339903a9b9c536cfd546d9e577", kill_on_drop: false }`
[INFO] running `Command { std: "docker" "exec" "-e" "SOURCE_DIR=/opt/rustwide/workdir" "-e" "CARGO_HOME=/opt/rustwide/cargo-home" "-e" "RUSTUP_HOME=/opt/rustwide/rustup-home" "-e" "CARGO_TARGET_DIR=/opt/rustwide/target" "-e" "CARGO_INCREMENTAL=0" "-e" "RUST_BACKTRACE=full" "-e" "RUSTFLAGS=--cap-lints=warn" "-e" "RUSTDOCFLAGS=--cap-lints=warn" "-w" "/opt/rustwide/workdir" "--user" "0:0" "39f524d99bea2c68a9f9f888220649e67836bd339903a9b9c536cfd546d9e577" "/opt/rustwide/cargo-home/bin/cargo" "+1.100.0-beta.1" "test" "--frozen" "--release", kill_on_drop: false }`
[INFO] [stderr] warning: function `yaml_to_json` is never used
[INFO] [stderr]    --> tests/deferred_resolution_fixtures.rs:229:4
[INFO] [stderr]     |
[INFO] [stderr] 229 | fn yaml_to_json(val: &serde_yaml::Value) -> serde_json::Value {
[INFO] [stderr]     |    ^^^^^^^^^^^^
[INFO] [stderr]     |
[INFO] [stderr]     = note: `#[warn(dead_code)]` (part of `#[warn(unused)]`) on by default
[INFO] [stderr] 
[INFO] [stderr] warning: `hocon-parser` (test "deferred_resolution_fixtures") generated 1 warning
[INFO] [stderr]     Finished `release` profile [optimized] target(s) in 0.17s
[INFO] [stderr]      Running unittests src/lib.rs (/opt/rustwide/target/release/build/hocon-parser/0173db8a402665de/out/hocon-0173db8a402665de)
[INFO] [stdout] 
[INFO] [stdout] running 248 tests
[INFO] [stdout] test config::tests::get_bool_coerces_string_true ... ok
[INFO] [stdout] test config::tests::get_bytes_long_unit ... ok
[INFO] [stdout] test config::tests::get_bool_is_case_insensitive ... ok
[INFO] [stdout] test config::tests::get_bytes_kibibytes ... ok
[INFO] [stdout] test config::tests::get_bool_coerces_yes_no_on_off ... ok
[INFO] [stdout] test config::tests::get_bytes_mebibytes ... ok
[INFO] [stdout] test config::tests::get_bytes_megabytes ... ok
[INFO] [stdout] test config::tests::get_bytes_negative_bare_number_rejects ... ok
[INFO] [stdout] test config::tests::get_bool_returns_bool ... ok
[INFO] [stdout] test config::tests::get_bytes_negative_accessor_rejects ... ok
[INFO] [stdout] test config::tests::get_bytes_error_invalid_unit ... ok
[INFO] [stdout] test config::tests::get_bytes_gibibytes ... ok
[INFO] [stdout] test config::tests::get_bool_error_on_non_boolean ... ok
[INFO] [stdout] test config::tests::get_bytes_gigabytes ... ok
[INFO] [stdout] test config::tests::get_duration_error_invalid_unit ... ok
[INFO] [stdout] test config::tests::get_duration_fractional ... ok
[INFO] [stdout] test config::tests::get_duration_hours ... ok
[INFO] [stdout] test config::tests::get_duration_milliseconds ... ok
[INFO] [stdout] test config::tests::get_duration_minutes ... ok
[INFO] [stdout] test config::tests::get_bytes_kilobytes ... ok
[INFO] [stdout] test config::tests::get_bytes_no_space ... ok
[INFO] [stdout] test config::tests::get_bytes_plain ... ok
[INFO] [stdout] test config::tests::get_bytes_option_negative_bare_number_is_none ... ok
[INFO] [stdout] test config::tests::get_bytes_terabytes ... ok
[INFO] [stdout] test config::tests::get_duration_no_space ... ok
[INFO] [stdout] test config::tests::get_duration_nanoseconds ... ok
[INFO] [stdout] test config::tests::get_bytes_tebibytes ... ok
[INFO] [stdout] test config::tests::get_duration_days ... ok
[INFO] [stdout] test config::tests::get_bool_coerces_string_false ... ok
[INFO] [stdout] test config::tests::get_duration_option_missing ... ok
[INFO] [stdout] test config::tests::get_nested_dot_path ... ok
[INFO] [stdout] test config::tests::get_duration_seconds ... ok
[INFO] [stdout] test config::tests::get_i64_error_on_overflow ... ok
[INFO] [stdout] test config::tests::get_string_coerces_bool ... ok
[INFO] [stdout] test config::tests::get_string_coerces_float ... ok
[INFO] [stdout] test config::tests::get_string_coerces_int ... ok
[INFO] [stdout] test config::tests::get_string_error_on_null ... ok
[INFO] [stdout] test config::tests::get_string_error_on_object ... ok
[INFO] [stdout] test config::tests::get_string_returns_string ... ok
[INFO] [stdout] test config::tests::get_bytes_option_missing ... ok
[INFO] [stdout] test config::tests::has_returns_false_for_missing ... ok
[INFO] [stdout] test config::tests::get_config_returns_sub_config ... ok
[INFO] [stdout] test config::tests::has_returns_true_for_existing ... ok
[INFO] [stdout] test config::tests::option_variants_return_none_on_missing ... ok
[INFO] [stdout] test config::tests::parse_bytes_fractional_truncated ... ok
[INFO] [stdout] test config::tests::get_f64_coerces_numeric_string ... ok
[INFO] [stdout] test config::tests::parse_bytes_leading_trailing_ws_bare ... ok
[INFO] [stdout] test config::tests::get_f64_returns_float ... ok
[INFO] [stdout] test config::tests::parse_duration_bare_integer_uses_ms_default ... ok
[INFO] [stdout] test config::tests::get_bytes_fractional_rounds ... ok
[INFO] [stdout] test config::tests::parse_duration_integer_max_u64_nanos_succeeds ... ok
[INFO] [stdout] test config::tests::parse_duration_integer_overflow_days_is_none ... ok
[INFO] [stdout] test config::tests::parse_duration_leading_ws_bare ... ok
[INFO] [stdout] test config::tests::parse_duration_trailing_ws_bare ... ok
[INFO] [stdout] test config::tests::parse_duration_unit_only_is_none ... ok
[INFO] [stdout] test config::tests::parse_duration_weeks_rejected ... ok
[INFO] [stdout] test config::tests::parse_duration_ws_only_is_none ... ok
[INFO] [stdout] test config::tests::parse_period_bare_integer_uses_days_default ... ok
[INFO] [stdout] test config::tests::keys_returns_in_order ... ok
[INFO] [stdout] test config::tests::parse_period_days_explicit ... ok
[INFO] [stdout] test config::tests::parse_duration_both_ws_bare ... ok
[INFO] [stdout] test config::tests::parse_duration_empty_is_none ... ok
[INFO] [stdout] test config::tests::parse_period_fractional_rejected ... ok
[INFO] [stdout] test config::tests::parse_period_leading_trailing_ws ... ok
[INFO] [stdout] test config::tests::parse_period_empty_is_none ... ok
[INFO] [stdout] test config::tests::parse_duration_fractional_succeeds_below_boundary ... ok
[INFO] [stdout] test config::tests::parse_period_negative_allowed ... ok
[INFO] [stdout] test config::tests::parse_period_months_unit ... ok
[INFO] [stdout] test config::tests::parse_duration_fractional_above_u64_max_is_none ... ok
[INFO] [stdout] test config::tests::parse_period_years_unit ... ok
[INFO] [stdout] test config::tests::parse_period_weeks_unit ... ok
[INFO] [stdout] test config::tests::split_config_path_trailing_dot_empty_segment ... ok
[INFO] [stdout] test config::tests::get_returns_none_for_missing ... ok
[INFO] [stdout] test config::tests::get_duration_singular_unit ... ok
[INFO] [stdout] test config::tests::parse_duration_fractional_bare_uses_nanos ... ok
[INFO] [stdout] test lexer::tests::deduplicates_consecutive_newlines ... ok
[INFO] [stdout] test lexer::tests::e8_value_start_digit_leading_with_letters_is_string ... ok
[INFO] [stdout] test config::tests::split_config_path_consecutive_dots_preserve_empty ... ok
[INFO] [stdout] test lexer::tests::e8_value_start_hyphen_leading_non_number_is_string ... ok
[INFO] [stdout] test config::tests::with_fallback_receiver_wins ... ok
[INFO] [stdout] test config::tests::split_config_path_quoted_escape ... ok
[INFO] [stdout] test lexer::tests::handles_unicode_escapes ... ok
[INFO] [stdout] test config::tests::split_config_path_quoted_with_dot ... ok
[INFO] [stdout] test config::tests::get_i64_coerces_numeric_string ... ok
[INFO] [stdout] test config::tests::parse_duration_fractional_overflow_is_none ... ok
[INFO] [stdout] test config::tests::get_i64_error_on_i64_max_plus_one ... ok
[INFO] [stdout] test lexer::tests::s6_3_bom_midstream_is_whitespace ... ok
[INFO] [stdout] test lexer::tests::s6_2_figure_space_separates_tokens_spec ... ok
[INFO] [stdout] test lexer::tests::s6_4_cr_is_whitespace ... ok
[INFO] [stdout] test config::tests::get_i64_error_on_non_numeric ... ok
[INFO] [stdout] test lexer::tests::s6_4_ff_is_whitespace_spec ... ok
[INFO] [stdout] test lexer::tests::s6_4_fs_gs_rs_us_are_whitespace_spec ... ok
[INFO] [stdout] test lexer::tests::s6_1_line_separator_separates_tokens_spec ... ok
[INFO] [stdout] test lexer::tests::s6_4_tab_is_whitespace ... ok
[INFO] [stdout] test config::tests::get_returns_value_at_path ... ok
[INFO] [stdout] test lexer::tests::s8_7_backslash_is_rejected_in_unquoted_context ... ok
[INFO] [stdout] test lexer::tests::s8_8_bel_allowed_in_unquoted_string ... ok
[INFO] [stdout] test lexer::tests::skips_slash_comments_keeps_newline ... ok
[INFO] [stdout] test config::tests::get_list_returns_array ... ok
[INFO] [stdout] test lexer::tests::s6_lf_still_emits_newline_token ... ok
[INFO] [stdout] test lexer::tests::handles_escape_sequences ... ok
[INFO] [stdout] test lexer::tests::stops_unquoted_at_dollar_for_concat ... ok
[INFO] [stdout] test lexer::tests::skips_hash_comments ... ok
[INFO] [stdout] test lexer::tests::throws_on_unterminated_string ... ok
[INFO] [stdout] test lexer::tests::s6_1_em_space_separates_tokens_spec ... ok
[INFO] [stdout] test lexer::tests::throws_on_unterminated_substitution ... ok
[INFO] [stdout] test lexer::tests::s6_2_narrow_nbsp_separates_tokens_spec ... ok
[INFO] [stdout] test lexer::tests::s2_3_comment_markers_inside_quoted_string_are_literal ... ok
[INFO] [stdout] test lexer::tests::s6_4_vtab_is_whitespace_spec ... ok
[INFO] [stdout] test lexer::tests::s8_8_soh_allowed_in_unquoted_string ... ok
[INFO] [stdout] test lexer::tests::strips_utf8_bom ... ok
[INFO] [stdout] test lexer::tests::s6_2_nbsp_separates_tokens_spec ... ok
[INFO] [stdout] test lexer::tests::tokenizes_optional_substitutions ... ok
[INFO] [stdout] test lexer::tests::tokenizes_substitutions ... ok
[INFO] [stdout] test lexer::tests::preserves_leading_newline_in_triple_quoted ... ok
[INFO] [stdout] test lexer::tests::tokenizes_colon_and_comma ... ok
[INFO] [stdout] test lexer::tests::tokenizes_empty_string ... ok
[INFO] [stdout] test lexer::tests::tokenizes_quoted_strings ... ok
[INFO] [stdout] test lexer::tests::tokenizes_braces_and_brackets ... ok
[INFO] [stdout] test numeric_array::tests::basic_conversion ... ok
[INFO] [stdout] test lexer::tests::sets_preceding_space ... ok
[INFO] [stdout] test lexer::tests::tokenizes_numbers_as_unquoted ... ok
[INFO] [stdout] test lexer::tests::tokenizes_triple_quoted_strings ... ok
[INFO] [stdout] test lexer::tests::tracks_line_and_col ... ok
[INFO] [stdout] test lexer::tests::tokenizes_unquoted_strings ... ok
[INFO] [stdout] test numeric_array::tests::eligible_zero ... ok
[INFO] [stdout] test numeric_array::tests::leading_zero_rejected_only_canonical_zero_eligible ... ok
[INFO] [stdout] test numeric_array::tests::empty_object_returns_none ... ok
[INFO] [stdout] test numeric_array::tests::gaps_compacted ... ok
[INFO] [stdout] test config::tests::get_i64_returns_number ... ok
[INFO] [stdout] test numeric_array::tests::no_eligible_keys_returns_none ... ok
[INFO] [stdout] test numeric_array::tests::minus_zero_rejected ... ok
[INFO] [stdout] test numeric_array::tests::negative_key_rejected ... ok
[INFO] [stdout] test numeric_array::tests::rejected_empty ... ok
[INFO] [stdout] test numeric_array::tests::rejected_hex ... ok
[INFO] [stdout] test lexer::tests::tokenizes_equals_and_plus_equals ... ok
[INFO] [stdout] test numeric_array::tests::rejected_leading_zero ... ok
[INFO] [stdout] test numeric_array::tests::rejected_overflow ... ok
[INFO] [stdout] test numeric_array::tests::rejected_plus_sign ... ok
[INFO] [stdout] test numeric_array::tests::rejected_whitespace ... ok
[INFO] [stdout] test parser::tests::does_not_split_quoted_keys ... ok
[INFO] [stdout] test parser::tests::include_bare_equals_is_parse_error ... ok
[INFO] [stdout] test parser::tests::include_dot_key_is_parse_error ... ok
[INFO] [stdout] test lexer::tests::tokenizes_newlines ... ok
[INFO] [stdout] test numeric_array::tests::non_int_keys_ignored ... ok
[INFO] [stdout] test numeric_array::tests::eligible_i32_max ... ok
[INFO] [stdout] test lexer::tests::throws_on_unterminated_triple_quoted_string ... ok
[INFO] [stdout] test parser::tests::include_object_body_is_parse_error ... ok
[INFO] [stdout] test numeric_array::tests::not_an_object_returns_none ... ok
[INFO] [stdout] test numeric_array::tests::eligible_positive ... ok
[INFO] [stdout] test numeric_array::tests::overflow_rejected ... ok
[INFO] [stdout] test numeric_array::tests::sorted_by_key ... ok
[INFO] [stdout] test parser::tests::dot_prefix_is_string_not_number ... ok
[INFO] [stdout] test parser::tests::parses_dot_notation_keys ... ok
[INFO] [stdout] test parser::tests::parses_float_scalars ... ok
[INFO] [stdout] test numeric_array::tests::plus_sign_rejected ... ok
[INFO] [stdout] test numeric_array::tests::rejected_alpha ... ok
[INFO] [stdout] test parser::tests::foo_include_non_initial_is_ok ... ok
[INFO] [stdout] test parser::tests::include_nested_object_body_is_parse_error ... ok
[INFO] [stdout] test parser::tests::parses_arrays ... ok
[INFO] [stdout] test parser::tests::include_plus_equals_is_parse_error ... ok
[INFO] [stdout] test numeric_array::tests::rejected_decimal ... ok
[INFO] [stdout] test parser::tests::parses_boolean_and_null ... ok
[INFO] [stdout] test numeric_array::tests::rejected_minus_sign ... ok
[INFO] [stdout] test parser::tests::parses_include_directive ... ok
[INFO] [stdout] test parser::tests::parses_concat ... ok
[INFO] [stdout] test properties::tests::applies_escape_set ... ok
[INFO] [stdout] test parser::tests::parses_include_file_syntax ... ok
[INFO] [stdout] test properties::tests::combines_surrogate_pair ... ok
[INFO] [stdout] test parser::tests::parses_integer_scalars ... ok
[INFO] [stdout] test properties::tests::continuation_into_hash_is_value_text ... ok
[INFO] [stdout] test properties::tests::escaped_separator_belongs_to_key ... ok
[INFO] [stdout] test parser::tests::parses_key_colon_value ... ok
[INFO] [stdout] test properties::tests::even_backslash_run_is_not_a_continuation ... ok
[INFO] [stdout] test parser::tests::parses_nested_objects ... ok
[INFO] [stdout] test parser::tests::parses_empty_input ... ok
[INFO] [stdout] test parser::tests::parses_substitutions ... ok
[INFO] [stdout] test properties::tests::skips_empty_lines ... ok
[INFO] [stdout] test parser::tests::parses_optional_substitutions ... ok
[INFO] [stdout] test properties::tests::skips_comments ... ok
[INFO] [stdout] test properties::tests::values_are_always_strings ... ok
[INFO] [stdout] test resolver::fold_self_ref::tests::fallback_resolved_number_passthrough ... ok
[INFO] [stdout] test properties::tests::whitespace_is_a_separator ... ok
[INFO] [stdout] test parser::tests::quoted_include_dotted_bypasses_reservation ... ok
[INFO] [stdout] test parser::tests::parses_plus_equals ... ok
[INFO] [stdout] test parser::tests::quoted_include_bypasses_reservation ... ok
[INFO] [stdout] test properties::tests::converts_to_hocon_value ... ok
[INFO] [stdout] test parser::tests::parses_key_equals_value ... ok
[INFO] [stdout] test resolver::fold_self_ref::tests::fallback_resolved_scalar_passthrough ... ok
[INFO] [stdout] test properties::tests::rejects_unpaired_surrogate_and_malformed_escapes ... ok
[INFO] [stdout] test properties::tests::handles_dotted_keys ... ok
[INFO] [stdout] test resolver::fold_self_ref::tests::unresolved_array_optional_self_ref_folded ... ok
[INFO] [stdout] test properties::tests::handles_whitespace_around_separator ... ok
[INFO] [stdout] test properties::tests::joins_continuations ... ok
[INFO] [stdout] test properties::tests::parses_multiple_lines ... ok
[INFO] [stdout] test resolver::fold_self_ref::tests::obj_multiple_fields_only_self_ref_folded ... ok
[INFO] [stdout] test properties::tests::value_keeps_trailing_whitespace ... ok
[INFO] [stdout] test resolver::fold_self_ref::tests::unresolved_array_resolved_item_hits_fallback ... ok
[INFO] [stdout] test properties::tests::parses_simple_key_value ... ok
[INFO] [stdout] test resolver::fold_self_ref::tests::obj_optional_self_ref_field_folded ... ok
[INFO] [stdout] test properties::tests::handles_colon_separator ... ok
[INFO] [stdout] test resolver::fold_self_ref::tests::obj_required_self_ref_field_returns_none ... ok
[INFO] [stdout] test resolver::fold_self_ref::tests::unresolved_array_mixed_items_only_self_ref_folded ... ok
[INFO] [stdout] test resolver::fold_self_ref::tests::unresolved_array_no_self_ref_passes_through ... ok
[INFO] [stdout] test resolver::fold_self_ref::tests::unresolved_array_required_self_ref_returns_none ... ok
[INFO] [stdout] test resolver::tests::last_value_wins_for_scalars ... ok
[INFO] [stdout] test resolver::tests::merges_duplicate_object_keys ... ok
[INFO] [stdout] test resolver::substitution_resolver::tests::concat_error_message_contains_null_not_scalar ... ok
[INFO] [stdout] test resolver::tests::drops_field_for_optional_missing ... ok
[INFO] [stdout] test resolver::substitution_resolver::tests::concat_scalar_plus_object_error_has_position ... ok
[INFO] [stdout] test resolver::substitution_resolver::tests::type_name_number_scalar ... ok
[INFO] [stdout] test resolver::tests::preserves_key_order ... ok
[INFO] [stdout] test resolver::tests::resolves_nested_objects ... ok
[INFO] [stdout] test resolver::tests::falls_back_to_prior_value ... ok
[INFO] [stdout] test resolver::tests::resolves_last_assignment_wins_for_substitution ... ok
[INFO] [stdout] test resolver::tests::resolves_arrays ... ok
[INFO] [stdout] test resolver::tests::delayed_merge_object_with_substitution ... ok
[INFO] [stdout] test resolver::tests::handles_plus_equals_on_existing_array ... ok
[INFO] [stdout] test resolver::tests::resolves_forward_reference ... ok
[INFO] [stdout] test resolver::substitution_resolver::tests::type_name_boolean_scalar ... ok
[INFO] [stdout] test resolver::substitution_resolver::tests::type_name_string_scalar ... ok
[INFO] [stdout] test resolver::tests::resolves_env_var_fallback ... ok
[INFO] [stdout] test resolver::substitution_resolver::tests::concat_type_mismatch_error_has_position ... ok
[INFO] [stdout] test resolver::tests::throws_on_unresolved_mandatory ... ok
[INFO] [stdout] test resolver::tests::uses_env_var_when_present ... ok
[INFO] [stdout] test resolver::utils::tests::deep_merge_empty_overlay_is_noop ... ok
[INFO] [stdout] test resolver::tests::resolves_substitution ... ok
[INFO] [stdout] test resolver::tests::resolves_nested_path_substitution ... ok
[INFO] [stdout] test resolver::utils::tests::issue135_obj_obj_merge_saves_self_ref_free_outer_prior ... ok
[INFO] [stdout] test resolver::tests::throws_on_circular_substitution ... ok
[INFO] [stdout] test resolver::tests::resolves_optional_substitution_exists ... ok
[INFO] [stdout] test resolver::tests::resolves_number ... ok
[INFO] [stdout] test resolver::utils::tests::deep_merge_handles_deeply_nested_without_quadratic_clones ... ok
[INFO] [stdout] test resolver::utils::tests::segments_to_key_escaped_quotes ... ok
[INFO] [stdout] test resolver::tests::resolves_self_referential_substitution ... ok
[INFO] [stdout] test resolver::tests::resolves_simple_string ... ok
[INFO] [stdout] test resolver::utils::tests::deep_merge_recurses_when_both_sides_are_objects ... ok
[INFO] [stdout] test resolver::utils::tests::segments_to_key_escaped_backslash ... ok
[INFO] [stdout] test resolver::utils::tests::segments_to_key_quotes_whitespace ... ok
[INFO] [stdout] test resolver::utils::tests::segments_to_key_simple ... ok
[INFO] [stdout] test resolver::utils::tests::deep_merge_preserves_key_position_for_existing_keys ... ok
[INFO] [stdout] test resolver::utils::tests::deep_merge_overlay_wins_on_scalar ... ok
[INFO] [stdout] test resolver::substitution_resolver::tests::type_name_null_scalar ... ok
[INFO] [stdout] test resolver::utils::tests::segments_to_key_quoted_dot ... ok
[INFO] [stdout] test resolver::utils::tests::segments_to_key_empty_string ... ok
[INFO] [stdout] test resolver::tests::resolves_string_concat_with_substitution ... ok
[INFO] [stdout] test resolver::utils::tests::deep_merge_nonobject_then_object_overlays ... ok
[INFO] [stdout] test resolver::tests::handles_plus_equals_on_missing_key ... ok
[INFO] [stdout] 
[INFO] [stdout] test result: ok. 248 passed; 0 failed; 0 ignored; 0 measured; 0 filtered out; finished in 0.05s
[INFO] [stdout] 
[INFO] [stderr]      Running tests/adapter_json5_test.rs (/opt/rustwide/target/release/build/hocon-parser/0c6357555bd6fad0/out/adapter_json5_test-0c6357555bd6fad0)
[INFO] [stderr]      Running tests/adapters_test.rs (/opt/rustwide/target/release/build/hocon-parser/6b5c66df0f7838a2/out/adapters_test-6b5c66df0f7838a2)
[INFO] [stdout] 
[INFO] [stderr]      Running tests/concat_errors_test.rs (/opt/rustwide/target/release/build/hocon-parser/8ef2745b43d32c28/out/concat_errors_test-8ef2745b43d32c28)
[INFO] [stdout] running 0 tests
[INFO] [stdout] 
[INFO] [stdout] test result: ok. 0 passed; 0 failed; 0 ignored; 0 measured; 0 filtered out; finished in 0.00s
[INFO] [stdout] 
[INFO] [stdout] 
[INFO] [stdout] running 0 tests
[INFO] [stdout] 
[INFO] [stdout] test result: ok. 0 passed; 0 failed; 0 ignored; 0 measured; 0 filtered out; finished in 0.00s
[INFO] [stdout] 
[INFO] [stdout] 
[INFO] [stdout] running 15 tests
[INFO] [stdout] test ce06_scalar_plus_object ... FAILED
[INFO] [stdout] test ce11_array_plus_empty_object ... FAILED
[INFO] [stdout] test ce08_subst_array_plus_obj ... FAILED
[INFO] [stdout] test ce09_numeric_obj_still_works ... FAILED
[INFO] [stdout] test ce04_scalar_plus_array ... FAILED
[INFO] [stdout] test ce02_object_plus_array ... FAILED
[INFO] [stdout] test ce03_array_plus_scalar ... FAILED
[INFO] [stdout] test ce05_object_plus_scalar ... ok
[INFO] [stdout] test ce07_subst_obj_plus_array ... FAILED
[INFO] [stdout] test ce12_string_concat_resolved_array ... FAILED
[INFO] [stdout] test ce13_string_concat_resolved_object ... FAILED
[INFO] [stdout] test ce10_empty_array_plus_object ... FAILED
[INFO] [stdout] test ce01_array_plus_object ... FAILED
[INFO] [stderr] error: test failed, to rerun pass `--test concat_errors_test`
[INFO] [stdout] test ce14_optional_missing_mid_concat ... FAILED
[INFO] [stdout] test ce15_optional_missing_suppresses_pair ... FAILED
[INFO] [stdout] 
[INFO] [stdout] failures:
[INFO] [stdout] 
[INFO] [stdout] ---- ce06_scalar_plus_object stdout ----
[INFO] [stdout] 
[INFO] [stdout] thread 'ce06_scalar_plus_object' (3378) panicked at tests/concat_errors_test.rs:145:9:
[INFO] [stdout] concat-errors/ce06-scalar-plus-object.conf has no expected sidecar (.error or -expected.json).
[INFO] [stdout] Run `make testdata` first to fetch expected sidecars from xx.hocon.
[INFO] [stdout] If this fixture is intentionally unsupported by Lightbend, add "ce06-scalar-plus-object" to KNOWN_LIGHTBEND_QUIRKS in tests/concat_errors_test.rs.
[INFO] [stdout] stack backtrace:
[INFO] [stdout]    0:     0x579774a52251 - <<std[617be2ca0a6fd877]::sys::backtrace::BacktraceLock>::print::DisplayBacktrace as core[a373ad73a504971]::fmt::Display>::fmt
[INFO] [stdout]    1:     0x579774a675aa - core[a373ad73a504971]::fmt::write
[INFO] [stdout]    2:     0x579774a5648c - <alloc[2e1b2a31b91974c5]::vec::Vec<u8> as core[a373ad73a504971]::io::write::Write>::write_fmt
[INFO] [stdout]    3:     0x579774a2ddf6 - std[617be2ca0a6fd877]::panicking::default_hook::{closure#0}
[INFO] [stdout]    4:     0x579774a4a589 - std[617be2ca0a6fd877]::panicking::default_hook
[INFO] [stdout]    5:     0x5797749e0e10 - test[aada8e7e76ba119b]::test_main_inner::{closure#0}
[INFO] [stdout]    6:     0x579774a4a742 - std[617be2ca0a6fd877]::panicking::panic_with_hook
[INFO] [stdout]    7:     0x579774a2dea2 - std[617be2ca0a6fd877]::panicking::panic_handler::{closure#0}
[INFO] [stdout]    8:     0x579774a26a29 - std[617be2ca0a6fd877]::sys::backtrace::__rust_end_short_backtrace::<std[617be2ca0a6fd877]::panicking::panic_handler::{closure#0}, !>
[INFO] [stdout]    9:     0x579774a2eaad - __rustc[ea4f61d10b84890b]::rust_begin_unwind
[INFO] [stdout]   10:     0x579774a67cdc - core[a373ad73a504971]::panicking::panic_fmt
[INFO] [stdout]   11:     0x5797749912fd - concat_errors_test[1d41813e54ff637d]::run_fixture
[INFO] [stdout]   12:     0x5797749923e5 - <concat_errors_test[1d41813e54ff637d]::ce06_scalar_plus_object::{closure#0} as core[a373ad73a504971]::ops::function::FnOnce<()>>::call_once
[INFO] [stdout]   13:     0x5797749d425b - test[aada8e7e76ba119b]::__rust_begin_short_backtrace::<core[a373ad73a504971]::result::Result<(), alloc[2e1b2a31b91974c5]::string::String>, fn() -> core[a373ad73a504971]::result::Result<(), alloc[2e1b2a31b91974c5]::string::String>>
[INFO] [stdout]   14:     0x5797749e1435 - test[aada8e7e76ba119b]::run_test::{closure#0}
[INFO] [stdout]   15:     0x5797749dad24 - std[617be2ca0a6fd877]::sys::backtrace::__rust_begin_short_backtrace::<test[aada8e7e76ba119b]::run_test::{closure#1}, ()>
[INFO] [stdout]   16:     0x5797749e44c2 - <std[617be2ca0a6fd877]::thread::lifecycle::spawn_unchecked<test[aada8e7e76ba119b]::run_test::{closure#1}, ()>::{closure#1} as core[a373ad73a504971]::ops::function::FnOnce<()>>::call_once::{shim:vtable#0}
[INFO] [stdout]   17:     0x579774a5174f - <std[617be2ca0a6fd877]::sys::thread::unix::Thread>::new::thread_start
[INFO] [stdout]   18:     0x7ac56172bdfa - <unknown>
[INFO] [stdout]   19:     0x7ac5617bf3d4 - clone
[INFO] [stdout]   20:                0x0 - <unknown>
[INFO] [stdout] 
[INFO] [stdout] ---- ce11_array_plus_empty_object stdout ----
[INFO] [stdout] 
[INFO] [stdout] thread 'ce11_array_plus_empty_object' (3383) panicked at tests/concat_errors_test.rs:145:9:
[INFO] [stdout] concat-errors/ce11-array-plus-empty-object.conf has no expected sidecar (.error or -expected.json).
[INFO] [stdout] Run `make testdata` first to fetch expected sidecars from xx.hocon.
[INFO] [stdout] If this fixture is intentionally unsupported by Lightbend, add "ce11-array-plus-empty-object" to KNOWN_LIGHTBEND_QUIRKS in tests/concat_errors_test.rs.
[INFO] [stdout] stack backtrace:
[INFO] [stdout]    0:     0x579774a52251 - <<std[617be2ca0a6fd877]::sys::backtrace::BacktraceLock>::print::DisplayBacktrace as core[a373ad73a504971]::fmt::Display>::fmt
[INFO] [stdout]    1:     0x579774a675aa - core[a373ad73a504971]::fmt::write
[INFO] [stdout]    2:     0x579774a5648c - <alloc[2e1b2a31b91974c5]::vec::Vec<u8> as core[a373ad73a504971]::io::write::Write>::write_fmt
[INFO] [stdout]    3:     0x579774a2ddf6 - std[617be2ca0a6fd877]::panicking::default_hook::{closure#0}
[INFO] [stdout]    4:     0x579774a4a589 - std[617be2ca0a6fd877]::panicking::default_hook
[INFO] [stdout]    5:     0x5797749e0e10 - test[aada8e7e76ba119b]::test_main_inner::{closure#0}
[INFO] [stdout]    6:     0x579774a4a742 - std[617be2ca0a6fd877]::panicking::panic_with_hook
[INFO] [stdout]    7:     0x579774a2dea2 - std[617be2ca0a6fd877]::panicking::panic_handler::{closure#0}
[INFO] [stdout]    8:     0x579774a26a29 - std[617be2ca0a6fd877]::sys::backtrace::__rust_end_short_backtrace::<std[617be2ca0a6fd877]::panicking::panic_handler::{closure#0}, !>
[INFO] [stdout]    9:     0x579774a2eaad - __rustc[ea4f61d10b84890b]::rust_begin_unwind
[INFO] [stdout]   10:     0x579774a67cdc - core[a373ad73a504971]::panicking::panic_fmt
[INFO] [stdout]   11:     0x5797749912fd - concat_errors_test[1d41813e54ff637d]::run_fixture
[INFO] [stdout]   12:     0x5797749924d5 - <concat_errors_test[1d41813e54ff637d]::ce11_array_plus_empty_object::{closure#0} as core[a373ad73a504971]::ops::function::FnOnce<()>>::call_once
[INFO] [stdout]   13:     0x5797749d425b - test[aada8e7e76ba119b]::__rust_begin_short_backtrace::<core[a373ad73a504971]::result::Result<(), alloc[2e1b2a31b91974c5]::string::String>, fn() -> core[a373ad73a504971]::result::Result<(), alloc[2e1b2a31b91974c5]::string::String>>
[INFO] [stdout]   14:     0x5797749e1435 - test[aada8e7e76ba119b]::run_test::{closure#0}
[INFO] [stdout]   15:     0x5797749dad24 - std[617be2ca0a6fd877]::sys::backtrace::__rust_begin_short_backtrace::<test[aada8e7e76ba119b]::run_test::{closure#1}, ()>
[INFO] [stdout]   16:     0x5797749e44c2 - <std[617be2ca0a6fd877]::thread::lifecycle::spawn_unchecked<test[aada8e7e76ba119b]::run_test::{closure#1}, ()>::{closure#1} as core[a373ad73a504971]::ops::function::FnOnce<()>>::call_once::{shim:vtable#0}
[INFO] [stdout]   17:     0x579774a5174f - <std[617be2ca0a6fd877]::sys::thread::unix::Thread>::new::thread_start
[INFO] [stdout]   18:     0x7ac56172bdfa - <unknown>
[INFO] [stdout]   19:     0x7ac5617bf3d4 - clone
[INFO] [stdout]   20:                0x0 - <unknown>
[INFO] [stdout] 
[INFO] [stdout] ---- ce08_subst_array_plus_obj stdout ----
[INFO] [stdout] 
[INFO] [stdout] thread 'ce08_subst_array_plus_obj' (3380) panicked at tests/concat_errors_test.rs:145:9:
[INFO] [stdout] concat-errors/ce08-subst-array-plus-obj.conf has no expected sidecar (.error or -expected.json).
[INFO] [stdout] Run `make testdata` first to fetch expected sidecars from xx.hocon.
[INFO] [stdout] If this fixture is intentionally unsupported by Lightbend, add "ce08-subst-array-plus-obj" to KNOWN_LIGHTBEND_QUIRKS in tests/concat_errors_test.rs.
[INFO] [stdout] stack backtrace:
[INFO] [stdout]    0:     0x579774a52251 - <<std[617be2ca0a6fd877]::sys::backtrace::BacktraceLock>::print::DisplayBacktrace as core[a373ad73a504971]::fmt::Display>::fmt
[INFO] [stdout]    1:     0x579774a675aa - core[a373ad73a504971]::fmt::write
[INFO] [stdout]    2:     0x579774a5648c - <alloc[2e1b2a31b91974c5]::vec::Vec<u8> as core[a373ad73a504971]::io::write::Write>::write_fmt
[INFO] [stdout]    3:     0x579774a2ddf6 - std[617be2ca0a6fd877]::panicking::default_hook::{closure#0}
[INFO] [stdout]    4:     0x579774a4a589 - std[617be2ca0a6fd877]::panicking::default_hook
[INFO] [stdout]    5:     0x5797749e0e10 - test[aada8e7e76ba119b]::test_main_inner::{closure#0}
[INFO] [stdout]    6:     0x579774a4a742 - std[617be2ca0a6fd877]::panicking::panic_with_hook
[INFO] [stdout]    7:     0x579774a2dea2 - std[617be2ca0a6fd877]::panicking::panic_handler::{closure#0}
[INFO] [stdout]    8:     0x579774a26a29 - std[617be2ca0a6fd877]::sys::backtrace::__rust_end_short_backtrace::<std[617be2ca0a6fd877]::panicking::panic_handler::{closure#0}, !>
[INFO] [stdout]    9:     0x579774a2eaad - __rustc[ea4f61d10b84890b]::rust_begin_unwind
[INFO] [stdout]   10:     0x579774a67cdc - core[a373ad73a504971]::panicking::panic_fmt
[INFO] [stdout]   11:     0x5797749912fd - concat_errors_test[1d41813e54ff637d]::run_fixture
[INFO] [stdout]   12:     0x579774992445 - <concat_errors_test[1d41813e54ff637d]::ce08_subst_array_plus_obj::{closure#0} as core[a373ad73a504971]::ops::function::FnOnce<()>>::call_once
[INFO] [stdout]   13:     0x5797749d425b - test[aada8e7e76ba119b]::__rust_begin_short_backtrace::<core[a373ad73a504971]::result::Result<(), alloc[2e1b2a31b91974c5]::string::String>, fn() -> core[a373ad73a504971]::result::Result<(), alloc[2e1b2a31b91974c5]::string::String>>
[INFO] [stdout]   14:     0x5797749e1435 - test[aada8e7e76ba119b]::run_test::{closure#0}
[INFO] [stdout]   15:     0x5797749dad24 - std[617be2ca0a6fd877]::sys::backtrace::__rust_begin_short_backtrace::<test[aada8e7e76ba119b]::run_test::{closure#1}, ()>
[INFO] [stdout]   16:     0x5797749e44c2 - <std[617be2ca0a6fd877]::thread::lifecycle::spawn_unchecked<test[aada8e7e76ba119b]::run_test::{closure#1}, ()>::{closure#1} as core[a373ad73a504971]::ops::function::FnOnce<()>>::call_once::{shim:vtable#0}
[INFO] [stdout]   17:     0x579774a5174f - <std[617be2ca0a6fd877]::sys::thread::unix::Thread>::new::thread_start
[INFO] [stdout]   18:     0x7ac56172bdfa - <unknown>
[INFO] [stdout]   19:     0x7ac5617bf3d4 - clone
[INFO] [stdout]   20:                0x0 - <unknown>
[INFO] [stdout] 
[INFO] [stdout] ---- ce09_numeric_obj_still_works stdout ----
[INFO] [stdout] 
[INFO] [stdout] thread 'ce09_numeric_obj_still_works' (3381) panicked at tests/concat_errors_test.rs:145:9:
[INFO] [stdout] concat-errors/ce09-numeric-obj-still-works.conf has no expected sidecar (.error or -expected.json).
[INFO] [stdout] Run `make testdata` first to fetch expected sidecars from xx.hocon.
[INFO] [stdout] If this fixture is intentionally unsupported by Lightbend, add "ce09-numeric-obj-still-works" to KNOWN_LIGHTBEND_QUIRKS in tests/concat_errors_test.rs.
[INFO] [stdout] stack backtrace:
[INFO] [stdout]    0:     0x579774a52251 - <<std[617be2ca0a6fd877]::sys::backtrace::BacktraceLock>::print::DisplayBacktrace as core[a373ad73a504971]::fmt::Display>::fmt
[INFO] [stdout]    1:     0x579774a675aa - core[a373ad73a504971]::fmt::write
[INFO] [stdout]    2:     0x579774a5648c - <alloc[2e1b2a31b91974c5]::vec::Vec<u8> as core[a373ad73a504971]::io::write::Write>::write_fmt
[INFO] [stdout]    3:     0x579774a2ddf6 - std[617be2ca0a6fd877]::panicking::default_hook::{closure#0}
[INFO] [stdout]    4:     0x579774a4a589 - std[617be2ca0a6fd877]::panicking::default_hook
[INFO] [stdout]    5:     0x5797749e0e10 - test[aada8e7e76ba119b]::test_main_inner::{closure#0}
[INFO] [stdout]    6:     0x579774a4a742 - std[617be2ca0a6fd877]::panicking::panic_with_hook
[INFO] [stdout]    7:     0x579774a2dea2 - std[617be2ca0a6fd877]::panicking::panic_handler::{closure#0}
[INFO] [stdout]    8:     0x579774a26a29 - std[617be2ca0a6fd877]::sys::backtrace::__rust_end_short_backtrace::<std[617be2ca0a6fd877]::panicking::panic_handler::{closure#0}, !>
[INFO] [stdout]    9:     0x579774a2eaad - __rustc[ea4f61d10b84890b]::rust_begin_unwind
[INFO] [stdout]   10:     0x579774a67cdc - core[a373ad73a504971]::panicking::panic_fmt
[INFO] [stdout]   11:     0x5797749912fd - concat_errors_test[1d41813e54ff637d]::run_fixture
[INFO] [stdout]   12:     0x579774992475 - <concat_errors_test[1d41813e54ff637d]::ce09_numeric_obj_still_works::{closure#0} as core[a373ad73a504971]::ops::function::FnOnce<()>>::call_once
[INFO] [stdout]   13:     0x5797749d425b - test[aada8e7e76ba119b]::__rust_begin_short_backtrace::<core[a373ad73a504971]::result::Result<(), alloc[2e1b2a31b91974c5]::string::String>, fn() -> core[a373ad73a504971]::result::Result<(), alloc[2e1b2a31b91974c5]::string::String>>
[INFO] [stdout]   14:     0x5797749e1435 - test[aada8e7e76ba119b]::run_test::{closure#0}
[INFO] [stdout]   15:     0x5797749dad24 - std[617be2ca0a6fd877]::sys::backtrace::__rust_begin_short_backtrace::<test[aada8e7e76ba119b]::run_test::{closure#1}, ()>
[INFO] [stdout]   16:     0x5797749e44c2 - <std[617be2ca0a6fd877]::thread::lifecycle::spawn_unchecked<test[aada8e7e76ba119b]::run_test::{closure#1}, ()>::{closure#1} as core[a373ad73a504971]::ops::function::FnOnce<()>>::call_once::{shim:vtable#0}
[INFO] [stdout]   17:     0x579774a5174f - <std[617be2ca0a6fd877]::sys::thread::unix::Thread>::new::thread_start
[INFO] [stdout]   18:     0x7ac56172bdfa - <unknown>
[INFO] [stdout]   19:     0x7ac5617bf3d4 - clone
[INFO] [stdout]   20:                0x0 - <unknown>
[INFO] [stdout] 
[INFO] [stdout] ---- ce04_scalar_plus_array stdout ----
[INFO] [stdout] 
[INFO] [stdout] thread 'ce04_scalar_plus_array' (3376) panicked at tests/concat_errors_test.rs:145:9:
[INFO] [stdout] concat-errors/ce04-scalar-plus-array.conf has no expected sidecar (.error or -expected.json).
[INFO] [stdout] Run `make testdata` first to fetch expected sidecars from xx.hocon.
[INFO] [stdout] If this fixture is intentionally unsupported by Lightbend, add "ce04-scalar-plus-array" to KNOWN_LIGHTBEND_QUIRKS in tests/concat_errors_test.rs.
[INFO] [stdout] stack backtrace:
[INFO] [stdout]    0:     0x579774a52251 - <<std[617be2ca0a6fd877]::sys::backtrace::BacktraceLock>::print::DisplayBacktrace as core[a373ad73a504971]::fmt::Display>::fmt
[INFO] [stdout]    1:     0x579774a675aa - core[a373ad73a504971]::fmt::write
[INFO] [stdout]    2:     0x579774a5648c - <alloc[2e1b2a31b91974c5]::vec::Vec<u8> as core[a373ad73a504971]::io::write::Write>::write_fmt
[INFO] [stdout]    3:     0x579774a2ddf6 - std[617be2ca0a6fd877]::panicking::default_hook::{closure#0}
[INFO] [stdout]    4:     0x579774a4a589 - std[617be2ca0a6fd877]::panicking::default_hook
[INFO] [stdout]    5:     0x5797749e0e10 - test[aada8e7e76ba119b]::test_main_inner::{closure#0}
[INFO] [stdout]    6:     0x579774a4a742 - std[617be2ca0a6fd877]::panicking::panic_with_hook
[INFO] [stdout]    7:     0x579774a2dea2 - std[617be2ca0a6fd877]::panicking::panic_handler::{closure#0}
[INFO] [stdout]    8:     0x579774a26a29 - std[617be2ca0a6fd877]::sys::backtrace::__rust_end_short_backtrace::<std[617be2ca0a6fd877]::panicking::panic_handler::{closure#0}, !>
[INFO] [stdout]    9:     0x579774a2eaad - __rustc[ea4f61d10b84890b]::rust_begin_unwind
[INFO] [stdout]   10:     0x579774a67cdc - core[a373ad73a504971]::panicking::panic_fmt
[INFO] [stdout]   11:     0x5797749912fd - concat_errors_test[1d41813e54ff637d]::run_fixture
[INFO] [stdout]   12:     0x579774992385 - <concat_errors_test[1d41813e54ff637d]::ce04_scalar_plus_array::{closure#0} as core[a373ad73a504971]::ops::function::FnOnce<()>>::call_once
[INFO] [stdout]   13:     0x5797749d425b - test[aada8e7e76ba119b]::__rust_begin_short_backtrace::<core[a373ad73a504971]::result::Result<(), alloc[2e1b2a31b91974c5]::string::String>, fn() -> core[a373ad73a504971]::result::Result<(), alloc[2e1b2a31b91974c5]::string::String>>
[INFO] [stdout]   14:     0x5797749e1435 - test[aada8e7e76ba119b]::run_test::{closure#0}
[INFO] [stdout]   15:     0x5797749dad24 - std[617be2ca0a6fd877]::sys::backtrace::__rust_begin_short_backtrace::<test[aada8e7e76ba119b]::run_test::{closure#1}, ()>
[INFO] [stdout]   16:     0x5797749e44c2 - <std[617be2ca0a6fd877]::thread::lifecycle::spawn_unchecked<test[aada8e7e76ba119b]::run_test::{closure#1}, ()>::{closure#1} as core[a373ad73a504971]::ops::function::FnOnce<()>>::call_once::{shim:vtable#0}
[INFO] [stdout]   17:     0x579774a5174f - <std[617be2ca0a6fd877]::sys::thread::unix::Thread>::new::thread_start
[INFO] [stdout]   18:     0x7ac56172bdfa - <unknown>
[INFO] [stdout]   19:     0x7ac5617bf3d4 - clone
[INFO] [stdout]   20:                0x0 - <unknown>
[INFO] [stdout] 
[INFO] [stdout] ---- ce02_object_plus_array stdout ----
[INFO] [stdout] 
[INFO] [stdout] thread 'ce02_object_plus_array' (3374) panicked at tests/concat_errors_test.rs:145:9:
[INFO] [stdout] concat-errors/ce02-object-plus-array.conf has no expected sidecar (.error or -expected.json).
[INFO] [stdout] Run `make testdata` first to fetch expected sidecars from xx.hocon.
[INFO] [stdout] If this fixture is intentionally unsupported by Lightbend, add "ce02-object-plus-array" to KNOWN_LIGHTBEND_QUIRKS in tests/concat_errors_test.rs.
[INFO] [stdout] stack backtrace:
[INFO] [stdout]    0:     0x579774a52251 - <<std[617be2ca0a6fd877]::sys::backtrace::BacktraceLock>::print::DisplayBacktrace as core[a373ad73a504971]::fmt::Display>::fmt
[INFO] [stdout]    1:     0x579774a675aa - core[a373ad73a504971]::fmt::write
[INFO] [stdout]    2:     0x579774a5648c - <alloc[2e1b2a31b91974c5]::vec::Vec<u8> as core[a373ad73a504971]::io::write::Write>::write_fmt
[INFO] [stdout]    3:     0x579774a2ddf6 - std[617be2ca0a6fd877]::panicking::default_hook::{closure#0}
[INFO] [stdout]    4:     0x579774a4a589 - std[617be2ca0a6fd877]::panicking::default_hook
[INFO] [stdout]    5:     0x5797749e0e10 - test[aada8e7e76ba119b]::test_main_inner::{closure#0}
[INFO] [stdout]    6:     0x579774a4a742 - std[617be2ca0a6fd877]::panicking::panic_with_hook
[INFO] [stdout]    7:     0x579774a2dea2 - std[617be2ca0a6fd877]::panicking::panic_handler::{closure#0}
[INFO] [stdout]    8:     0x579774a26a29 - std[617be2ca0a6fd877]::sys::backtrace::__rust_end_short_backtrace::<std[617be2ca0a6fd877]::panicking::panic_handler::{closure#0}, !>
[INFO] [stdout]    9:     0x579774a2eaad - __rustc[ea4f61d10b84890b]::rust_begin_unwind
[INFO] [stdout]   10:     0x579774a67cdc - core[a373ad73a504971]::panicking::panic_fmt
[INFO] [stdout]   11:     0x5797749912fd - concat_errors_test[1d41813e54ff637d]::run_fixture
[INFO] [stdout]   12:     0x579774992325 - <concat_errors_test[1d41813e54ff637d]::ce02_object_plus_array::{closure#0} as core[a373ad73a504971]::ops::function::FnOnce<()>>::call_once
[INFO] [stdout]   13:     0x5797749d425b - test[aada8e7e76ba119b]::__rust_begin_short_backtrace::<core[a373ad73a504971]::result::Result<(), alloc[2e1b2a31b91974c5]::string::String>, fn() -> core[a373ad73a504971]::result::Result<(), alloc[2e1b2a31b91974c5]::string::String>>
[INFO] [stdout]   14:     0x5797749e1435 - test[aada8e7e76ba119b]::run_test::{closure#0}
[INFO] [stdout]   15:     0x5797749dad24 - std[617be2ca0a6fd877]::sys::backtrace::__rust_begin_short_backtrace::<test[aada8e7e76ba119b]::run_test::{closure#1}, ()>
[INFO] [stdout]   16:     0x5797749e44c2 - <std[617be2ca0a6fd877]::thread::lifecycle::spawn_unchecked<test[aada8e7e76ba119b]::run_test::{closure#1}, ()>::{closure#1} as core[a373ad73a504971]::ops::function::FnOnce<()>>::call_once::{shim:vtable#0}
[INFO] [stdout]   17:     0x579774a5174f - <std[617be2ca0a6fd877]::sys::thread::unix::Thread>::new::thread_start
[INFO] [stdout]   18:     0x7ac56172bdfa - <unknown>
[INFO] [stdout]   19:     0x7ac5617bf3d4 - clone
[INFO] [stdout]   20:                0x0 - <unknown>
[INFO] [stdout] 
[INFO] [stdout] ---- ce03_array_plus_scalar stdout ----
[INFO] [stdout] 
[INFO] [stdout] thread 'ce03_array_plus_scalar' (3375) panicked at tests/concat_errors_test.rs:145:9:
[INFO] [stdout] concat-errors/ce03-array-plus-scalar.conf has no expected sidecar (.error or -expected.json).
[INFO] [stdout] Run `make testdata` first to fetch expected sidecars from xx.hocon.
[INFO] [stdout] If this fixture is intentionally unsupported by Lightbend, add "ce03-array-plus-scalar" to KNOWN_LIGHTBEND_QUIRKS in tests/concat_errors_test.rs.
[INFO] [stdout] stack backtrace:
[INFO] [stdout]    0:     0x579774a52251 - <<std[617be2ca0a6fd877]::sys::backtrace::BacktraceLock>::print::DisplayBacktrace as core[a373ad73a504971]::fmt::Display>::fmt
[INFO] [stdout]    1:     0x579774a675aa - core[a373ad73a504971]::fmt::write
[INFO] [stdout]    2:     0x579774a5648c - <alloc[2e1b2a31b91974c5]::vec::Vec<u8> as core[a373ad73a504971]::io::write::Write>::write_fmt
[INFO] [stdout]    3:     0x579774a2ddf6 - std[617be2ca0a6fd877]::panicking::default_hook::{closure#0}
[INFO] [stdout]    4:     0x579774a4a589 - std[617be2ca0a6fd877]::panicking::default_hook
[INFO] [stdout]    5:     0x5797749e0e10 - test[aada8e7e76ba119b]::test_main_inner::{closure#0}
[INFO] [stdout]    6:     0x579774a4a742 - std[617be2ca0a6fd877]::panicking::panic_with_hook
[INFO] [stdout]    7:     0x579774a2dea2 - std[617be2ca0a6fd877]::panicking::panic_handler::{closure#0}
[INFO] [stdout]    8:     0x579774a26a29 - std[617be2ca0a6fd877]::sys::backtrace::__rust_end_short_backtrace::<std[617be2ca0a6fd877]::panicking::panic_handler::{closure#0}, !>
[INFO] [stdout]    9:     0x579774a2eaad - __rustc[ea4f61d10b84890b]::rust_begin_unwind
[INFO] [stdout]   10:     0x579774a67cdc - core[a373ad73a504971]::panicking::panic_fmt
[INFO] [stdout]   11:     0x5797749912fd - concat_errors_test[1d41813e54ff637d]::run_fixture
[INFO] [stdout]   12:     0x579774992355 - <concat_errors_test[1d41813e54ff637d]::ce03_array_plus_scalar::{closure#0} as core[a373ad73a504971]::ops::function::FnOnce<()>>::call_once
[INFO] [stdout]   13:     0x5797749d425b - test[aada8e7e76ba119b]::__rust_begin_short_backtrace::<core[a373ad73a504971]::result::Result<(), alloc[2e1b2a31b91974c5]::string::String>, fn() -> core[a373ad73a504971]::result::Result<(), alloc[2e1b2a31b91974c5]::string::String>>
[INFO] [stdout]   14:     0x5797749e1435 - test[aada8e7e76ba119b]::run_test::{closure#0}
[INFO] [stdout]   15:     0x5797749dad24 - std[617be2ca0a6fd877]::sys::backtrace::__rust_begin_short_backtrace::<test[aada8e7e76ba119b]::run_test::{closure#1}, ()>
[INFO] [stdout]   16:     0x5797749e44c2 - <std[617be2ca0a6fd877]::thread::lifecycle::spawn_unchecked<test[aada8e7e76ba119b]::run_test::{closure#1}, ()>::{closure#1} as core[a373ad73a504971]::ops::function::FnOnce<()>>::call_once::{shim:vtable#0}
[INFO] [stdout]   17:     0x579774a5174f - <std[617be2ca0a6fd877]::sys::thread::unix::Thread>::new::thread_start
[INFO] [stdout]   18:     0x7ac56172bdfa - <unknown>
[INFO] [stdout]   19:     0x7ac5617bf3d4 - clone
[INFO] [stdout]   20:                0x0 - <unknown>
[INFO] [stdout] 
[INFO] [stdout] ---- ce07_subst_obj_plus_array stdout ----
[INFO] [stdout] 
[INFO] [stdout] thread 'ce07_subst_obj_plus_array' (3379) panicked at tests/concat_errors_test.rs:145:9:
[INFO] [stdout] concat-errors/ce07-subst-obj-plus-array.conf has no expected sidecar (.error or -expected.json).
[INFO] [stdout] Run `make testdata` first to fetch expected sidecars from xx.hocon.
[INFO] [stdout] If this fixture is intentionally unsupported by Lightbend, add "ce07-subst-obj-plus-array" to KNOWN_LIGHTBEND_QUIRKS in tests/concat_errors_test.rs.
[INFO] [stdout] stack backtrace:
[INFO] [stdout]    0:     0x579774a52251 - <<std[617be2ca0a6fd877]::sys::backtrace::BacktraceLock>::print::DisplayBacktrace as core[a373ad73a504971]::fmt::Display>::fmt
[INFO] [stdout]    1:     0x579774a675aa - core[a373ad73a504971]::fmt::write
[INFO] [stdout]    2:     0x579774a5648c - <alloc[2e1b2a31b91974c5]::vec::Vec<u8> as core[a373ad73a504971]::io::write::Write>::write_fmt
[INFO] [stdout]    3:     0x579774a2ddf6 - std[617be2ca0a6fd877]::panicking::default_hook::{closure#0}
[INFO] [stdout]    4:     0x579774a4a589 - std[617be2ca0a6fd877]::panicking::default_hook
[INFO] [stdout]    5:     0x5797749e0e10 - test[aada8e7e76ba119b]::test_main_inner::{closure#0}
[INFO] [stdout]    6:     0x579774a4a742 - std[617be2ca0a6fd877]::panicking::panic_with_hook
[INFO] [stdout]    7:     0x579774a2dea2 - std[617be2ca0a6fd877]::panicking::panic_handler::{closure#0}
[INFO] [stdout]    8:     0x579774a26a29 - std[617be2ca0a6fd877]::sys::backtrace::__rust_end_short_backtrace::<std[617be2ca0a6fd877]::panicking::panic_handler::{closure#0}, !>
[INFO] [stdout]    9:     0x579774a2eaad - __rustc[ea4f61d10b84890b]::rust_begin_unwind
[INFO] [stdout]   10:     0x579774a67cdc - core[a373ad73a504971]::panicking::panic_fmt
[INFO] [stdout]   11:     0x5797749912fd - concat_errors_test[1d41813e54ff637d]::run_fixture
[INFO] [stdout]   12:     0x579774992415 - <concat_errors_test[1d41813e54ff637d]::ce07_subst_obj_plus_array::{closure#0} as core[a373ad73a504971]::ops::function::FnOnce<()>>::call_once
[INFO] [stdout]   13:     0x5797749d425b - test[aada8e7e76ba119b]::__rust_begin_short_backtrace::<core[a373ad73a504971]::result::Result<(), alloc[2e1b2a31b91974c5]::string::String>, fn() -> core[a373ad73a504971]::result::Result<(), alloc[2e1b2a31b91974c5]::string::String>>
[INFO] [stdout]   14:     0x5797749e1435 - test[aada8e7e76ba119b]::run_test::{closure#0}
[INFO] [stdout]   15:     0x5797749dad24 - std[617be2ca0a6fd877]::sys::backtrace::__rust_begin_short_backtrace::<test[aada8e7e76ba119b]::run_test::{closure#1}, ()>
[INFO] [stdout]   16:     0x5797749e44c2 - <std[617be2ca0a6fd877]::thread::lifecycle::spawn_unchecked<test[aada8e7e76ba119b]::run_test::{closure#1}, ()>::{closure#1} as core[a373ad73a504971]::ops::function::FnOnce<()>>::call_once::{shim:vtable#0}
[INFO] [stdout]   17:     0x579774a5174f - <std[617be2ca0a6fd877]::sys::thread::unix::Thread>::new::thread_start
[INFO] [stdout]   18:     0x7ac56172bdfa - <unknown>
[INFO] [stdout]   19:     0x7ac5617bf3d4 - clone
[INFO] [stdout]   20:                0x0 - <unknown>
[INFO] [stdout] 
[INFO] [stdout] ---- ce12_string_concat_resolved_array stdout ----
[INFO] [stdout] 
[INFO] [stdout] thread 'ce12_string_concat_resolved_array' (3384) panicked at tests/concat_errors_test.rs:145:9:
[INFO] [stdout] concat-errors/ce12-string-concat-resolved-array.conf has no expected sidecar (.error or -expected.json).
[INFO] [stdout] Run `make testdata` first to fetch expected sidecars from xx.hocon.
[INFO] [stdout] If this fixture is intentionally unsupported by Lightbend, add "ce12-string-concat-resolved-array" to KNOWN_LIGHTBEND_QUIRKS in tests/concat_errors_test.rs.
[INFO] [stdout] stack backtrace:
[INFO] [stdout]    0:     0x579774a52251 - <<std[617be2ca0a6fd877]::sys::backtrace::BacktraceLock>::print::DisplayBacktrace as core[a373ad73a504971]::fmt::Display>::fmt
[INFO] [stdout]    1:     0x579774a675aa - core[a373ad73a504971]::fmt::write
[INFO] [stdout]    2:     0x579774a5648c - <alloc[2e1b2a31b91974c5]::vec::Vec<u8> as core[a373ad73a504971]::io::write::Write>::write_fmt
[INFO] [stdout]    3:     0x579774a2ddf6 - std[617be2ca0a6fd877]::panicking::default_hook::{closure#0}
[INFO] [stdout]    4:     0x579774a4a589 - std[617be2ca0a6fd877]::panicking::default_hook
[INFO] [stdout]    5:     0x5797749e0e10 - test[aada8e7e76ba119b]::test_main_inner::{closure#0}
[INFO] [stdout]    6:     0x579774a4a742 - std[617be2ca0a6fd877]::panicking::panic_with_hook
[INFO] [stdout]    7:     0x579774a2dea2 - std[617be2ca0a6fd877]::panicking::panic_handler::{closure#0}
[INFO] [stdout]    8:     0x579774a26a29 - std[617be2ca0a6fd877]::sys::backtrace::__rust_end_short_backtrace::<std[617be2ca0a6fd877]::panicking::panic_handler::{closure#0}, !>
[INFO] [stdout]    9:     0x579774a2eaad - __rustc[ea4f61d10b84890b]::rust_begin_unwind
[INFO] [stdout]   10:     0x579774a67cdc - core[a373ad73a504971]::panicking::panic_fmt
[INFO] [stdout]   11:     0x5797749912fd - concat_errors_test[1d41813e54ff637d]::run_fixture
[INFO] [stdout]   12:     0x579774992535 - <concat_errors_test[1d41813e54ff637d]::ce12_string_concat_resolved_array::{closure#0} as core[a373ad73a504971]::ops::function::FnOnce<()>>::call_once
[INFO] [stdout]   13:     0x5797749d425b - test[aada8e7e76ba119b]::__rust_begin_short_backtrace::<core[a373ad73a504971]::result::Result<(), alloc[2e1b2a31b91974c5]::string::String>, fn() -> core[a373ad73a504971]::result::Result<(), alloc[2e1b2a31b91974c5]::string::String>>
[INFO] [stdout]   14:     0x5797749e1435 - test[aada8e7e76ba119b]::run_test::{closure#0}
[INFO] [stdout]   15:     0x5797749dad24 - std[617be2ca0a6fd877]::sys::backtrace::__rust_begin_short_backtrace::<test[aada8e7e76ba119b]::run_test::{closure#1}, ()>
[INFO] [stdout]   16:     0x5797749e44c2 - <std[617be2ca0a6fd877]::thread::lifecycle::spawn_unchecked<test[aada8e7e76ba119b]::run_test::{closure#1}, ()>::{closure#1} as core[a373ad73a504971]::ops::function::FnOnce<()>>::call_once::{shim:vtable#0}
[INFO] [stdout]   17:     0x579774a5174f - <std[617be2ca0a6fd877]::sys::thread::unix::Thread>::new::thread_start
[INFO] [stdout]   18:     0x7ac56172bdfa - <unknown>
[INFO] [stdout]   19:     0x7ac5617bf3d4 - clone
[INFO] [stdout]   20:                0x0 - <unknown>
[INFO] [stdout] 
[INFO] [stdout] ---- ce13_string_concat_resolved_object stdout ----
[INFO] [stdout] 
[INFO] [stdout] thread 'ce13_string_concat_resolved_object' (3385) panicked at tests/concat_errors_test.rs:145:9:
[INFO] [stdout] concat-errors/ce13-string-concat-resolved-object.conf has no expected sidecar (.error or -expected.json).
[INFO] [stdout] Run `make testdata` first to fetch expected sidecars from xx.hocon.
[INFO] [stdout] If this fixture is intentionally unsupported by Lightbend, add "ce13-string-concat-resolved-object" to KNOWN_LIGHTBEND_QUIRKS in tests/concat_errors_test.rs.
[INFO] [stdout] stack backtrace:
[INFO] [stdout]    0:     0x579774a52251 - <<std[617be2ca0a6fd877]::sys::backtrace::BacktraceLock>::print::DisplayBacktrace as core[a373ad73a504971]::fmt::Display>::fmt
[INFO] [stdout]    1:     0x579774a675aa - core[a373ad73a504971]::fmt::write
[INFO] [stdout]    2:     0x579774a5648c - <alloc[2e1b2a31b91974c5]::vec::Vec<u8> as core[a373ad73a504971]::io::write::Write>::write_fmt
[INFO] [stdout]    3:     0x579774a2ddf6 - std[617be2ca0a6fd877]::panicking::default_hook::{closure#0}
[INFO] [stdout]    4:     0x579774a4a589 - std[617be2ca0a6fd877]::panicking::default_hook
[INFO] [stdout]    5:     0x5797749e0e10 - test[aada8e7e76ba119b]::test_main_inner::{closure#0}
[INFO] [stdout]    6:     0x579774a4a742 - std[617be2ca0a6fd877]::panicking::panic_with_hook
[INFO] [stdout]    7:     0x579774a2dea2 - std[617be2ca0a6fd877]::panicking::panic_handler::{closure#0}
[INFO] [stdout]    8:     0x579774a26a29 - std[617be2ca0a6fd877]::sys::backtrace::__rust_end_short_backtrace::<std[617be2ca0a6fd877]::panicking::panic_handler::{closure#0}, !>
[INFO] [stdout]    9:     0x579774a2eaad - __rustc[ea4f61d10b84890b]::rust_begin_unwind
[INFO] [stdout]   10:     0x579774a67cdc - core[a373ad73a504971]::panicking::panic_fmt
[INFO] [stdout]   11:     0x5797749912fd - concat_errors_test[1d41813e54ff637d]::run_fixture
[INFO] [stdout]   12:     0x579774992565 - <concat_errors_test[1d41813e54ff637d]::ce13_string_concat_resolved_object::{closure#0} as core[a373ad73a504971]::ops::function::FnOnce<()>>::call_once
[INFO] [stdout]   13:     0x5797749d425b - test[aada8e7e76ba119b]::__rust_begin_short_backtrace::<core[a373ad73a504971]::result::Result<(), alloc[2e1b2a31b91974c5]::string::String>, fn() -> core[a373ad73a504971]::result::Result<(), alloc[2e1b2a31b91974c5]::string::String>>
[INFO] [stdout]   14:     0x5797749e1435 - test[aada8e7e76ba119b]::run_test::{closure#0}
[INFO] [stdout]   15:     0x5797749dad24 - std[617be2ca0a6fd877]::sys::backtrace::__rust_begin_short_backtrace::<test[aada8e7e76ba119b]::run_test::{closure#1}, ()>
[INFO] [stdout]   16:     0x5797749e44c2 - <std[617be2ca0a6fd877]::thread::lifecycle::spawn_unchecked<test[aada8e7e76ba119b]::run_test::{closure#1}, ()>::{closure#1} as core[a373ad73a504971]::ops::function::FnOnce<()>>::call_once::{shim:vtable#0}
[INFO] [stdout]   17:     0x579774a5174f - <std[617be2ca0a6fd877]::sys::thread::unix::Thread>::new::thread_start
[INFO] [stdout]   18:     0x7ac56172bdfa - <unknown>
[INFO] [stdout]   19:     0x7ac5617bf3d4 - clone
[INFO] [stdout]   20:                0x0 - <unknown>
[INFO] [stdout] 
[INFO] [stdout] ---- ce10_empty_array_plus_object stdout ----
[INFO] [stdout] 
[INFO] [stdout] thread 'ce10_empty_array_plus_object' (3382) panicked at tests/concat_errors_test.rs:145:9:
[INFO] [stdout] concat-errors/ce10-empty-array-plus-object.conf has no expected sidecar (.error or -expected.json).
[INFO] [stdout] Run `make testdata` first to fetch expected sidecars from xx.hocon.
[INFO] [stdout] If this fixture is intentionally unsupported by Lightbend, add "ce10-empty-array-plus-object" to KNOWN_LIGHTBEND_QUIRKS in tests/concat_errors_test.rs.
[INFO] [stdout] stack backtrace:
[INFO] [stdout]    0:     0x579774a52251 - <<std[617be2ca0a6fd877]::sys::backtrace::BacktraceLock>::print::DisplayBacktrace as core[a373ad73a504971]::fmt::Display>::fmt
[INFO] [stdout]    1:     0x579774a675aa - core[a373ad73a504971]::fmt::write
[INFO] [stdout]    2:     0x579774a5648c - <alloc[2e1b2a31b91974c5]::vec::Vec<u8> as core[a373ad73a504971]::io::write::Write>::write_fmt
[INFO] [stdout]    3:     0x579774a2ddf6 - std[617be2ca0a6fd877]::panicking::default_hook::{closure#0}
[INFO] [stdout]    4:     0x579774a4a589 - std[617be2ca0a6fd877]::panicking::default_hook
[INFO] [stdout]    5:     0x5797749e0e10 - test[aada8e7e76ba119b]::test_main_inner::{closure#0}
[INFO] [stdout]    6:     0x579774a4a742 - std[617be2ca0a6fd877]::panicking::panic_with_hook
[INFO] [stdout]    7:     0x579774a2dea2 - std[617be2ca0a6fd877]::panicking::panic_handler::{closure#0}
[INFO] [stdout]    8:     0x579774a26a29 - std[617be2ca0a6fd877]::sys::backtrace::__rust_end_short_backtrace::<std[617be2ca0a6fd877]::panicking::panic_handler::{closure#0}, !>
[INFO] [stdout]    9:     0x579774a2eaad - __rustc[ea4f61d10b84890b]::rust_begin_unwind
[INFO] [stdout]   10:     0x579774a67cdc - core[a373ad73a504971]::panicking::panic_fmt
[INFO] [stdout]   11:     0x5797749912fd - concat_errors_test[1d41813e54ff637d]::run_fixture
[INFO] [stdout]   12:     0x5797749924a5 - <concat_errors_test[1d41813e54ff637d]::ce10_empty_array_plus_object::{closure#0} as core[a373ad73a504971]::ops::function::FnOnce<()>>::call_once
[INFO] [stdout]   13:     0x5797749d425b - test[aada8e7e76ba119b]::__rust_begin_short_backtrace::<core[a373ad73a504971]::result::Result<(), alloc[2e1b2a31b91974c5]::string::String>, fn() -> core[a373ad73a504971]::result::Result<(), alloc[2e1b2a31b91974c5]::string::String>>
[INFO] [stdout]   14:     0x5797749e1435 - test[aada8e7e76ba119b]::run_test::{closure#0}
[INFO] [stdout]   15:     0x5797749dad24 - std[617be2ca0a6fd877]::sys::backtrace::__rust_begin_short_backtrace::<test[aada8e7e76ba119b]::run_test::{closure#1}, ()>
[INFO] [stdout]   16:     0x5797749e44c2 - <std[617be2ca0a6fd877]::thread::lifecycle::spawn_unchecked<test[aada8e7e76ba119b]::run_test::{closure#1}, ()>::{closure#1} as core[a373ad73a504971]::ops::function::FnOnce<()>>::call_once::{shim:vtable#0}
[INFO] [stdout]   17:     0x579774a5174f - <std[617be2ca0a6fd877]::sys::thread::unix::Thread>::new::thread_start
[INFO] [stdout]   18:     0x7ac56172bdfa - <unknown>
[INFO] [stdout]   19:     0x7ac5617bf3d4 - clone
[INFO] [stdout]   20:                0x0 - <unknown>
[INFO] [stdout] 
[INFO] [stdout] ---- ce01_array_plus_object stdout ----
[INFO] [stdout] 
[INFO] [stdout] thread 'ce01_array_plus_object' (3373) panicked at tests/concat_errors_test.rs:145:9:
[INFO] [stdout] concat-errors/ce01-array-plus-object.conf has no expected sidecar (.error or -expected.json).
[INFO] [stdout] Run `make testdata` first to fetch expected sidecars from xx.hocon.
[INFO] [stdout] If this fixture is intentionally unsupported by Lightbend, add "ce01-array-plus-object" to KNOWN_LIGHTBEND_QUIRKS in tests/concat_errors_test.rs.
[INFO] [stdout] stack backtrace:
[INFO] [stdout]    0:     0x579774a52251 - <<std[617be2ca0a6fd877]::sys::backtrace::BacktraceLock>::print::DisplayBacktrace as core[a373ad73a504971]::fmt::Display>::fmt
[INFO] [stdout]    1:     0x579774a675aa - core[a373ad73a504971]::fmt::write
[INFO] [stdout]    2:     0x579774a5648c - <alloc[2e1b2a31b91974c5]::vec::Vec<u8> as core[a373ad73a504971]::io::write::Write>::write_fmt
[INFO] [stdout]    3:     0x579774a2ddf6 - std[617be2ca0a6fd877]::panicking::default_hook::{closure#0}
[INFO] [stdout]    4:     0x579774a4a589 - std[617be2ca0a6fd877]::panicking::default_hook
[INFO] [stdout]    5:     0x5797749e0e10 - test[aada8e7e76ba119b]::test_main_inner::{closure#0}
[INFO] [stdout]    6:     0x579774a4a742 - std[617be2ca0a6fd877]::panicking::panic_with_hook
[INFO] [stdout]    7:     0x579774a2dea2 - std[617be2ca0a6fd877]::panicking::panic_handler::{closure#0}
[INFO] [stdout]    8:     0x579774a26a29 - std[617be2ca0a6fd877]::sys::backtrace::__rust_end_short_backtrace::<std[617be2ca0a6fd877]::panicking::panic_handler::{closure#0}, !>
[INFO] [stdout]    9:     0x579774a2eaad - __rustc[ea4f61d10b84890b]::rust_begin_unwind
[INFO] [stdout]   10:     0x579774a67cdc - core[a373ad73a504971]::panicking::panic_fmt
[INFO] [stdout]   11:     0x5797749912fd - concat_errors_test[1d41813e54ff637d]::run_fixture
[INFO] [stdout]   12:     0x5797749922f5 - <concat_errors_test[1d41813e54ff637d]::ce01_array_plus_object::{closure#0} as core[a373ad73a504971]::ops::function::FnOnce<()>>::call_once
[INFO] [stdout]   13:     0x5797749d425b - test[aada8e7e76ba119b]::__rust_begin_short_backtrace::<core[a373ad73a504971]::result::Result<(), alloc[2e1b2a31b91974c5]::string::String>, fn() -> core[a373ad73a504971]::result::Result<(), alloc[2e1b2a31b91974c5]::string::String>>
[INFO] [stdout]   14:     0x5797749e1435 - test[aada8e7e76ba119b]::run_test::{closure#0}
[INFO] [stdout]   15:     0x5797749dad24 - std[617be2ca0a6fd877]::sys::backtrace::__rust_begin_short_backtrace::<test[aada8e7e76ba119b]::run_test::{closure#1}, ()>
[INFO] [stdout]   16:     0x5797749e44c2 - <std[617be2ca0a6fd877]::thread::lifecycle::spawn_unchecked<test[aada8e7e76ba119b]::run_test::{closure#1}, ()>::{closure#1} as core[a373ad73a504971]::ops::function::FnOnce<()>>::call_once::{shim:vtable#0}
[INFO] [stdout]   17:     0x579774a5174f - <std[617be2ca0a6fd877]::sys::thread::unix::Thread>::new::thread_start
[INFO] [stdout]   18:     0x7ac56172bdfa - <unknown>
[INFO] [stdout]   19:     0x7ac5617bf3d4 - clone
[INFO] [stdout]   20:                0x0 - <unknown>
[INFO] [stdout] 
[INFO] [stdout] ---- ce14_optional_missing_mid_concat stdout ----
[INFO] [stdout] 
[INFO] [stdout] thread 'ce14_optional_missing_mid_concat' (3386) panicked at tests/concat_errors_test.rs:145:9:
[INFO] [stdout] concat-errors/ce14-optional-missing-mid-concat.conf has no expected sidecar (.error or -expected.json).
[INFO] [stdout] Run `make testdata` first to fetch expected sidecars from xx.hocon.
[INFO] [stdout] If this fixture is intentionally unsupported by Lightbend, add "ce14-optional-missing-mid-concat" to KNOWN_LIGHTBEND_QUIRKS in tests/concat_errors_test.rs.
[INFO] [stdout] stack backtrace:
[INFO] [stdout]    0:     0x579774a52251 - <<std[617be2ca0a6fd877]::sys::backtrace::BacktraceLock>::print::DisplayBacktrace as core[a373ad73a504971]::fmt::Display>::fmt
[INFO] [stdout]    1:     0x579774a675aa - core[a373ad73a504971]::fmt::write
[INFO] [stdout]    2:     0x579774a5648c - <alloc[2e1b2a31b91974c5]::vec::Vec<u8> as core[a373ad73a504971]::io::write::Write>::write_fmt
[INFO] [stdout]    3:     0x579774a2ddf6 - std[617be2ca0a6fd877]::panicking::default_hook::{closure#0}
[INFO] [stdout]    4:     0x579774a4a589 - std[617be2ca0a6fd877]::panicking::default_hook
[INFO] [stdout]    5:     0x5797749e0e10 - test[aada8e7e76ba119b]::test_main_inner::{closure#0}
[INFO] [stdout]    6:     0x579774a4a742 - std[617be2ca0a6fd877]::panicking::panic_with_hook
[INFO] [stdout]    7:     0x579774a2dea2 - std[617be2ca0a6fd877]::panicking::panic_handler::{closure#0}
[INFO] [stdout]    8:     0x579774a26a29 - std[617be2ca0a6fd877]::sys::backtrace::__rust_end_short_backtrace::<std[617be2ca0a6fd877]::panicking::panic_handler::{closure#0}, !>
[INFO] [stdout]    9:     0x579774a2eaad - __rustc[ea4f61d10b84890b]::rust_begin_unwind
[INFO] [stdout]   10:     0x579774a67cdc - core[a373ad73a504971]::panicking::panic_fmt
[INFO] [stdout]   11:     0x5797749912fd - concat_errors_test[1d41813e54ff637d]::run_fixture
[INFO] [stdout]   12:     0x579774992505 - <concat_errors_test[1d41813e54ff637d]::ce14_optional_missing_mid_concat::{closure#0} as core[a373ad73a504971]::ops::function::FnOnce<()>>::call_once
[INFO] [stdout]   13:     0x5797749d425b - test[aada8e7e76ba119b]::__rust_begin_short_backtrace::<core[a373ad73a504971]::result::Result<(), alloc[2e1b2a31b91974c5]::string::String>, fn() -> core[a373ad73a504971]::result::Result<(), alloc[2e1b2a31b91974c5]::string::String>>
[INFO] [stdout]   14:     0x5797749e1435 - test[aada8e7e76ba119b]::run_test::{closure#0}
[INFO] [stdout]   15:     0x5797749dad24 - std[617be2ca0a6fd877]::sys::backtrace::__rust_begin_short_backtrace::<test[aada8e7e76ba119b]::run_test::{closure#1}, ()>
[INFO] [stdout]   16:     0x5797749e44c2 - <std[617be2ca0a6fd877]::thread::lifecycle::spawn_unchecked<test[aada8e7e76ba119b]::run_test::{closure#1}, ()>::{closure#1} as core[a373ad73a504971]::ops::function::FnOnce<()>>::call_once::{shim:vtable#0}
[INFO] [stdout]   17:     0x579774a5174f - <std[617be2ca0a6fd877]::sys::thread::unix::Thread>::new::thread_start
[INFO] [stdout]   18:     0x7ac56172bdfa - <unknown>
[INFO] [stdout]   19:     0x7ac5617bf3d4 - clone
[INFO] [stdout]   20:                0x0 - <unknown>
[INFO] [stdout] 
[INFO] [stdout] ---- ce15_optional_missing_suppresses_pair stdout ----
[INFO] [stdout] 
[INFO] [stdout] thread 'ce15_optional_missing_suppresses_pair' (3387) panicked at tests/concat_errors_test.rs:145:9:
[INFO] [stdout] concat-errors/ce15-optional-missing-suppresses-pair.conf has no expected sidecar (.error or -expected.json).
[INFO] [stdout] Run `make testdata` first to fetch expected sidecars from xx.hocon.
[INFO] [stdout] If this fixture is intentionally unsupported by Lightbend, add "ce15-optional-missing-suppresses-pair" to KNOWN_LIGHTBEND_QUIRKS in tests/concat_errors_test.rs.
[INFO] [stdout] stack backtrace:
[INFO] [stdout]    0:     0x579774a52251 - <<std[617be2ca0a6fd877]::sys::backtrace::BacktraceLock>::print::DisplayBacktrace as core[a373ad73a504971]::fmt::Display>::fmt
[INFO] [stdout]    1:     0x579774a675aa - core[a373ad73a504971]::fmt::write
[INFO] [stdout]    2:     0x579774a5648c - <alloc[2e1b2a31b91974c5]::vec::Vec<u8> as core[a373ad73a504971]::io::write::Write>::write_fmt
[INFO] [stdout]    3:     0x579774a2ddf6 - std[617be2ca0a6fd877]::panicking::default_hook::{closure#0}
[INFO] [stdout]    4:     0x579774a4a589 - std[617be2ca0a6fd877]::panicking::default_hook
[INFO] [stdout]    5:     0x5797749e0e10 - test[aada8e7e76ba119b]::test_main_inner::{closure#0}
[INFO] [stdout]    6:     0x579774a4a742 - std[617be2ca0a6fd877]::panicking::panic_with_hook
[INFO] [stdout]    7:     0x579774a2dea2 - std[617be2ca0a6fd877]::panicking::panic_handler::{closure#0}
[INFO] [stdout]    8:     0x579774a26a29 - std[617be2ca0a6fd877]::sys::backtrace::__rust_end_short_backtrace::<std[617be2ca0a6fd877]::panicking::panic_handler::{closure#0}, !>
[INFO] [stdout]    9:     0x579774a2eaad - __rustc[ea4f61d10b84890b]::rust_begin_unwind
[INFO] [stdout]   10:     0x579774a67cdc - core[a373ad73a504971]::panicking::panic_fmt
[INFO] [stdout]   11:     0x5797749912fd - concat_errors_test[1d41813e54ff637d]::run_fixture
[INFO] [stdout]   12:     0x579774992595 - <concat_errors_test[1d41813e54ff637d]::ce15_optional_missing_suppresses_pair::{closure#0} as core[a373ad73a504971]::ops::function::FnOnce<()>>::call_once
[INFO] [stdout]   13:     0x5797749d425b - test[aada8e7e76ba119b]::__rust_begin_short_backtrace::<core[a373ad73a504971]::result::Result<(), alloc[2e1b2a31b91974c5]::string::String>, fn() -> core[a373ad73a504971]::result::Result<(), alloc[2e1b2a31b91974c5]::string::String>>
[INFO] [stdout]   14:     0x5797749e1435 - test[aada8e7e76ba119b]::run_test::{closure#0}
[INFO] [stdout]   15:     0x5797749dad24 - std[617be2ca0a6fd877]::sys::backtrace::__rust_begin_short_backtrace::<test[aada8e7e76ba119b]::run_test::{closure#1}, ()>
[INFO] [stdout]   16:     0x5797749e44c2 - <std[617be2ca0a6fd877]::thread::lifecycle::spawn_unchecked<test[aada8e7e76ba119b]::run_test::{closure#1}, ()>::{closure#1} as core[a373ad73a504971]::ops::function::FnOnce<()>>::call_once::{shim:vtable#0}
[INFO] [stdout]   17:     0x579774a5174f - <std[617be2ca0a6fd877]::sys::thread::unix::Thread>::new::thread_start
[INFO] [stdout]   18:     0x7ac56172bdfa - <unknown>
[INFO] [stdout]   19:     0x7ac5617bf3d4 - clone
[INFO] [stdout]   20:                0x0 - <unknown>
[INFO] [stdout] 
[INFO] [stdout] 
[INFO] [stdout] failures:
[INFO] [stdout]     ce01_array_plus_object
[INFO] [stdout]     ce02_object_plus_array
[INFO] [stdout]     ce03_array_plus_scalar
[INFO] [stdout]     ce04_scalar_plus_array
[INFO] [stdout]     ce06_scalar_plus_object
[INFO] [stdout]     ce07_subst_obj_plus_array
[INFO] [stdout]     ce08_subst_array_plus_obj
[INFO] [stdout]     ce09_numeric_obj_still_works
[INFO] [stdout]     ce10_empty_array_plus_object
[INFO] [stdout]     ce11_array_plus_empty_object
[INFO] [stdout]     ce12_string_concat_resolved_array
[INFO] [stdout]     ce13_string_concat_resolved_object
[INFO] [stdout]     ce14_optional_missing_mid_concat
[INFO] [stdout]     ce15_optional_missing_suppresses_pair
[INFO] [stdout] 
[INFO] [stdout] test result: FAILED. 1 passed; 14 failed; 0 ignored; 0 measured; 0 filtered out; finished in 0.01s
[INFO] [stdout] 
[INFO] running `Command { std: "docker" "inspect" "39f524d99bea2c68a9f9f888220649e67836bd339903a9b9c536cfd546d9e577", kill_on_drop: false }`
[INFO] running `Command { std: "docker" "rm" "-f" "39f524d99bea2c68a9f9f888220649e67836bd339903a9b9c536cfd546d9e577", kill_on_drop: false }`
[INFO] [stdout] 39f524d99bea2c68a9f9f888220649e67836bd339903a9b9c536cfd546d9e577
