[INFO] fetching crate hnswx 0.2.5...
[INFO] testing hnswx-0.2.5 against 1.99.0-beta.8+cargoflags=--release for beta-release-1.100-2
[INFO] extracting crate hnswx 0.2.5 into /workspace/builds/worker-3-tc1/source
[INFO] started tweaking crates.io crate hnswx 0.2.5
[INFO] removed 0 missing tests
[INFO] finished tweaking crates.io crate hnswx 0.2.5
[INFO] tweaked toml for crates.io crate hnswx 0.2.5 written to /workspace/builds/worker-3-tc1/source/Cargo.toml
[INFO] validating manifest of crates.io crate hnswx 0.2.5 on toolchain 1.99.0-beta.8
[INFO] running `Command { std: CARGO_HOME="/workspace/cargo-home" RUSTUP_HOME="/workspace/rustup-home" "/workspace/cargo-home/bin/cargo" "+1.99.0-beta.8" "metadata" "--manifest-path" "Cargo.toml" "--no-deps", kill_on_drop: false }`
[INFO] crate crates.io crate hnswx 0.2.5 already has a lockfile, it will not be regenerated
[INFO] running `Command { std: CARGO_HOME="/workspace/cargo-home" RUSTUP_HOME="/workspace/rustup-home" "/workspace/cargo-home/bin/cargo" "+1.99.0-beta.8" "fetch" "--manifest-path" "Cargo.toml", kill_on_drop: false }`
[INFO] running `Command { std: "docker" "create" "-v" "/var/lib/crater-agent-workspace/builds/worker-3-tc1/source:/opt/rustwide/workdir:ro,Z" "-v" "/var/lib/crater-agent-workspace/builds/worker-3-tc1/target:/opt/rustwide/target:rw,Z" "-v" "/var/lib/crater-agent-workspace/cargo-home:/opt/rustwide/cargo-home:ro,Z" "-v" "/var/lib/crater-agent-workspace/rustup-home:/opt/rustwide/rustup-home:ro,Z" "-m" "1610612736" "--network" "none" "ghcr.io/rust-lang/crates-build-env/linux@sha256:77db811e55d90add9212f6832c23229e3de5f1c1f9905e8cb07319ea15df73ac" "sleep" "infinity", kill_on_drop: false }`
[INFO] [stdout] 0dbbdb22b3f0ce8cd5a89b2e9cbd4ed615f4093fbef7ae19d48dce41233b66b2
[INFO] running `Command { std: "docker" "start" "0dbbdb22b3f0ce8cd5a89b2e9cbd4ed615f4093fbef7ae19d48dce41233b66b2", kill_on_drop: false }`
[INFO] running `Command { std: "docker" "inspect" "0dbbdb22b3f0ce8cd5a89b2e9cbd4ed615f4093fbef7ae19d48dce41233b66b2", kill_on_drop: false }`
[INFO] running `Command { std: "docker" "exec" "-e" "SOURCE_DIR=/opt/rustwide/workdir" "-e" "CARGO_HOME=/opt/rustwide/cargo-home" "-e" "RUSTUP_HOME=/opt/rustwide/rustup-home" "-e" "CARGO_TARGET_DIR=/opt/rustwide/target" "-w" "/opt/rustwide/workdir" "--user" "0:0" "0dbbdb22b3f0ce8cd5a89b2e9cbd4ed615f4093fbef7ae19d48dce41233b66b2" "/opt/rustwide/cargo-home/bin/cargo" "+1.99.0-beta.8" "metadata" "--no-deps" "--format-version=1", kill_on_drop: false }`
[INFO] running `Command { std: "docker" "inspect" "0dbbdb22b3f0ce8cd5a89b2e9cbd4ed615f4093fbef7ae19d48dce41233b66b2", kill_on_drop: false }`
[INFO] running `Command { std: "docker" "exec" "-e" "SOURCE_DIR=/opt/rustwide/workdir" "-e" "CARGO_HOME=/opt/rustwide/cargo-home" "-e" "RUSTUP_HOME=/opt/rustwide/rustup-home" "-e" "CARGO_TARGET_DIR=/opt/rustwide/target" "-e" "CARGO_INCREMENTAL=0" "-e" "RUST_BACKTRACE=full" "-e" "RUSTFLAGS=--cap-lints=warn" "-e" "RUSTDOCFLAGS=--cap-lints=warn" "-w" "/opt/rustwide/workdir" "--user" "0:0" "0dbbdb22b3f0ce8cd5a89b2e9cbd4ed615f4093fbef7ae19d48dce41233b66b2" "/opt/rustwide/cargo-home/bin/cargo" "+1.99.0-beta.8" "build" "--frozen" "--message-format=json" "--release", kill_on_drop: false }`
[INFO] [stderr]    Compiling libc v0.2.180
[INFO] [stderr]    Compiling zerocopy v0.8.33
[INFO] [stderr]    Compiling smallvec v1.15.1
[INFO] [stderr]    Compiling once_cell v1.21.3
[INFO] [stderr]    Compiling bit-vec v0.6.3
[INFO] [stderr]    Compiling num-traits v0.2.19
[INFO] [stderr]    Compiling crossbeam-queue v0.3.12
[INFO] [stderr]    Compiling crossbeam-channel v0.5.15
[INFO] [stderr]    Compiling crossbeam v0.8.4
[INFO] [stderr]    Compiling ordered-float v3.9.2
[INFO] [stderr]    Compiling getrandom v0.2.16
[INFO] [stderr]    Compiling parking_lot_core v0.9.12
[INFO] [stderr]    Compiling rand_core v0.6.4
[INFO] [stderr]    Compiling parking_lot v0.12.5
[INFO] [stderr]    Compiling ppv-lite86 v0.2.21
[INFO] [stderr]    Compiling ahash v0.8.12
[INFO] [stderr]    Compiling hashbrown v0.14.5
[INFO] [stderr]    Compiling rand_chacha v0.3.1
[INFO] [stderr]    Compiling rand v0.8.5
[INFO] [stderr]    Compiling hnswx v0.2.5 (/opt/rustwide/workdir)
[INFO] [stdout] warning: unused imports: `DEFAULT_K_MULTIPLIER` and `LOCAL_VISITED_SIZE_MULTIPLIER`
[INFO] [stdout]   --> src/hnsw.rs:15:17
[INFO] [stdout]    |
[INFO] [stdout] 15 |     BATCH_SIZE, DEFAULT_K_MULTIPLIER, GROWTH_INCREMENT, INITIAL_CAPACITY,
[INFO] [stdout]    |                 ^^^^^^^^^^^^^^^^^^^^
[INFO] [stdout] 16 |     LOCAL_VISITED_SIZE_MULTIPLIER, MAX_EF_CONSTRUCTION, MAX_NEIGHBORS_PER_LAYER,
[INFO] [stdout]    |     ^^^^^^^^^^^^^^^^^^^^^^^^^^^^^
[INFO] [stdout]    |
[INFO] [stdout]    = note: `#[warn(unused_imports)]` (part of `#[warn(unused)]`) on by default
[INFO] [stdout] 
[INFO] [stdout] 
[INFO] [stdout] warning: unnecessary parentheses around assigned value
[INFO] [stdout]    --> src/hnsw.rs:235:13
[INFO] [stdout]     |
[INFO] [stdout] 235 |             (self.concurrent_stats.avg_batch_size * 0.9 + vectors_len as f32 * 0.1);
[INFO] [stdout]     |             ^                                                                     ^
[INFO] [stdout]     |
[INFO] [stdout]     = note: `#[warn(unused_parens)]` (part of `#[warn(unused)]`) on by default
[INFO] [stdout] help: remove these parentheses
[INFO] [stdout]     |
[INFO] [stdout] 235 -             (self.concurrent_stats.avg_batch_size * 0.9 + vectors_len as f32 * 0.1);
[INFO] [stdout] 235 +             self.concurrent_stats.avg_batch_size * 0.9 + vectors_len as f32 * 0.1;
[INFO] [stdout]     |
[INFO] [stdout] 
[INFO] [stdout] 
[INFO] [stdout] warning: variable does not need to be mutable
[INFO] [stdout]    --> src/hnsw.rs:137:13
[INFO] [stdout]     |
[INFO] [stdout] 137 |         let mut new_node = HnswNode::new(node_id, level);
[INFO] [stdout]     |             ----^^^^^^^^
[INFO] [stdout]     |             |
[INFO] [stdout]     |             help: remove this `mut`
[INFO] [stdout]     |
[INFO] [stdout]     = note: `#[warn(unused_mut)]` (part of `#[warn(unused)]`) on by default
[INFO] [stdout] 
[INFO] [stdout] 
[INFO] [stdout] warning: unused variable: `storage_id`
[INFO] [stdout]    --> src/hnsw.rs:135:13
[INFO] [stdout]     |
[INFO] [stdout] 135 |         let storage_id = self.vec_storage.add_vector(&vector);
[INFO] [stdout]     |             ^^^^^^^^^^ help: if this is intentional, prefix it with an underscore: `_storage_id`
[INFO] [stdout]     |
[INFO] [stdout]     = note: `#[warn(unused_variables)]` (part of `#[warn(unused)]`) on by default
[INFO] [stdout] 
[INFO] [stdout] 
[INFO] [stdout] warning: value assigned to `was_entry_point` is never read
[INFO] [stdout]    --> src/hnsw.rs:624:35
[INFO] [stdout]     |
[INFO] [stdout] 624 |         let mut was_entry_point = false;
[INFO] [stdout]     |                                   ^^^^^ this value is reassigned later and never used
[INFO] [stdout] ...
[INFO] [stdout] 629 |                 was_entry_point = Some(node_id) == self.entry_point;
[INFO] [stdout]     |                 --------------------------------------------------- `was_entry_point` is overwritten here before the previous value is read
[INFO] [stdout]     |
[INFO] [stdout]     = note: `#[warn(unused_assignments)]` (part of `#[warn(unused)]`) on by default
[INFO] [stdout] 
[INFO] [stdout] 
[INFO] [stdout] warning: unused variable: `path`
[INFO] [stdout]    --> src/hnsw.rs:748:24
[INFO] [stdout]     |
[INFO] [stdout] 748 |     pub fn save(&self, path: &str) -> std::io::Result<()> {
[INFO] [stdout]     |                        ^^^^ help: if this is intentional, prefix it with an underscore: `_path`
[INFO] [stdout] 
[INFO] [stdout] 
[INFO] [stdout] warning: unused variable: `path`
[INFO] [stdout]    --> src/hnsw.rs:760:17
[INFO] [stdout]     |
[INFO] [stdout] 760 |     pub fn load(path: &str, metric: D) -> std::io::Result<Self> {
[INFO] [stdout]     |                 ^^^^ help: if this is intentional, prefix it with an underscore: `_path`
[INFO] [stdout] 
[INFO] [stdout] 
[INFO] [stdout] warning: unused variable: `metric`
[INFO] [stdout]    --> src/hnsw.rs:760:29
[INFO] [stdout]     |
[INFO] [stdout] 760 |     pub fn load(path: &str, metric: D) -> std::io::Result<Self> {
[INFO] [stdout]     |                             ^^^^^^ help: if this is intentional, prefix it with an underscore: `_metric`
[INFO] [stdout] 
[INFO] [stdout] 
[INFO] [stdout] warning: value assigned to `dot` is never read
[INFO] [stdout]    --> src/metrics.rs:253:23
[INFO] [stdout]     |
[INFO] [stdout] 253 |         let mut dot = 0.0f32;
[INFO] [stdout]     |                       ^^^^^^ this value is reassigned later and never used
[INFO] [stdout] ...
[INFO] [stdout] 290 |             dot = self.cosine_similarity_fallback(a, b, &mut norm_a, &mut norm_b);
[INFO] [stdout]     |             --------------------------------------------------------------------- `dot` is overwritten here before the previous value is read
[INFO] [stdout] 
[INFO] [stdout] 
[INFO] [stdout] warning: variable does not need to be mutable
[INFO] [stdout]    --> src/metrics.rs:424:13
[INFO] [stdout]     |
[INFO] [stdout] 424 |         let mut dot = 0.0;
[INFO] [stdout]     |             ----^^^
[INFO] [stdout]     |             |
[INFO] [stdout]     |             help: remove this `mut`
[INFO] [stdout] 
[INFO] [stdout] 
[INFO] [stdout] warning: constant `LOCAL_VISITED_SIZE_MULTIPLIER` is never used
[INFO] [stdout]   --> src/global.rs:18:18
[INFO] [stdout]    |
[INFO] [stdout] 18 | pub(crate) const LOCAL_VISITED_SIZE_MULTIPLIER: usize = 4;
[INFO] [stdout]    |                  ^^^^^^^^^^^^^^^^^^^^^^^^^^^^^
[INFO] [stdout]    |
[INFO] [stdout]    = note: `#[warn(dead_code)]` (part of `#[warn(unused)]`) on by default
[INFO] [stdout] 
[INFO] [stdout] 
[INFO] [stdout] warning: constant `DEFAULT_K_MULTIPLIER` is never used
[INFO] [stdout]   --> src/global.rs:22:18
[INFO] [stdout]    |
[INFO] [stdout] 22 | pub(crate) const DEFAULT_K_MULTIPLIER: usize = 3;
[INFO] [stdout]    |                  ^^^^^^^^^^^^^^^^^^^^
[INFO] [stdout] 
[INFO] [stdout] 
[INFO] [stderr]     Finished `release` profile [optimized] target(s) in 4.31s
[INFO] running `Command { std: "docker" "inspect" "0dbbdb22b3f0ce8cd5a89b2e9cbd4ed615f4093fbef7ae19d48dce41233b66b2", kill_on_drop: false }`
[INFO] running `Command { std: "docker" "exec" "-e" "SOURCE_DIR=/opt/rustwide/workdir" "-e" "CARGO_HOME=/opt/rustwide/cargo-home" "-e" "RUSTUP_HOME=/opt/rustwide/rustup-home" "-e" "CARGO_TARGET_DIR=/opt/rustwide/target" "-e" "CARGO_INCREMENTAL=0" "-e" "RUST_BACKTRACE=full" "-e" "RUSTFLAGS=--cap-lints=warn" "-e" "RUSTDOCFLAGS=--cap-lints=warn" "-w" "/opt/rustwide/workdir" "--user" "0:0" "0dbbdb22b3f0ce8cd5a89b2e9cbd4ed615f4093fbef7ae19d48dce41233b66b2" "/opt/rustwide/cargo-home/bin/cargo" "+1.99.0-beta.8" "test" "--frozen" "--no-run" "--message-format=json" "--release", kill_on_drop: false }`
[INFO] [stdout] warning: unused imports: `DEFAULT_K_MULTIPLIER` and `LOCAL_VISITED_SIZE_MULTIPLIER`
[INFO] [stdout]   --> src/hnsw.rs:15:17
[INFO] [stdout]    |
[INFO] [stdout] 15 |     BATCH_SIZE, DEFAULT_K_MULTIPLIER, GROWTH_INCREMENT, INITIAL_CAPACITY,
[INFO] [stdout]    |                 ^^^^^^^^^^^^^^^^^^^^
[INFO] [stdout] 16 |     LOCAL_VISITED_SIZE_MULTIPLIER, MAX_EF_CONSTRUCTION, MAX_NEIGHBORS_PER_LAYER,
[INFO] [stdout]    |     ^^^^^^^^^^^^^^^^^^^^^^^^^^^^^
[INFO] [stdout]    |
[INFO] [stdout]    = note: `#[warn(unused_imports)]` (part of `#[warn(unused)]`) on by default
[INFO] [stdout] 
[INFO] [stdout] 
[INFO] [stdout] warning: unnecessary parentheses around assigned value
[INFO] [stdout]    --> src/hnsw.rs:235:13
[INFO] [stdout]     |
[INFO] [stdout] 235 |             (self.concurrent_stats.avg_batch_size * 0.9 + vectors_len as f32 * 0.1);
[INFO] [stdout]     |             ^                                                                     ^
[INFO] [stdout]     |
[INFO] [stdout]     = note: `#[warn(unused_parens)]` (part of `#[warn(unused)]`) on by default
[INFO] [stdout] help: remove these parentheses
[INFO] [stdout]     |
[INFO] [stdout] 235 -             (self.concurrent_stats.avg_batch_size * 0.9 + vectors_len as f32 * 0.1);
[INFO] [stdout] 235 +             self.concurrent_stats.avg_batch_size * 0.9 + vectors_len as f32 * 0.1;
[INFO] [stdout]     |
[INFO] [stdout] 
[INFO] [stdout] 
[INFO] [stdout] warning: variable does not need to be mutable
[INFO] [stdout]    --> src/hnsw.rs:137:13
[INFO] [stdout]     |
[INFO] [stdout] 137 |         let mut new_node = HnswNode::new(node_id, level);
[INFO] [stdout]     |             ----^^^^^^^^
[INFO] [stdout]     |             |
[INFO] [stdout]     |             help: remove this `mut`
[INFO] [stdout]     |
[INFO] [stdout]     = note: `#[warn(unused_mut)]` (part of `#[warn(unused)]`) on by default
[INFO] [stdout] 
[INFO] [stdout] 
[INFO] [stdout] warning: unused variable: `storage_id`
[INFO] [stdout]    --> src/hnsw.rs:135:13
[INFO] [stdout]     |
[INFO] [stdout] 135 |         let storage_id = self.vec_storage.add_vector(&vector);
[INFO] [stdout]     |             ^^^^^^^^^^ help: if this is intentional, prefix it with an underscore: `_storage_id`
[INFO] [stdout]     |
[INFO] [stdout]     = note: `#[warn(unused_variables)]` (part of `#[warn(unused)]`) on by default
[INFO] [stdout] 
[INFO] [stdout] 
[INFO] [stdout] warning: value assigned to `was_entry_point` is never read
[INFO] [stdout]    --> src/hnsw.rs:624:35
[INFO] [stdout]     |
[INFO] [stdout] 624 |         let mut was_entry_point = false;
[INFO] [stdout]     |                                   ^^^^^ this value is reassigned later and never used
[INFO] [stdout] ...
[INFO] [stdout] 629 |                 was_entry_point = Some(node_id) == self.entry_point;
[INFO] [stdout]     |                 --------------------------------------------------- `was_entry_point` is overwritten here before the previous value is read
[INFO] [stdout]     |
[INFO] [stdout]     = note: `#[warn(unused_assignments)]` (part of `#[warn(unused)]`) on by default
[INFO] [stdout] 
[INFO] [stdout] 
[INFO] [stdout] warning: unused variable: `path`
[INFO] [stdout]    --> src/hnsw.rs:748:24
[INFO] [stdout]     |
[INFO] [stdout] 748 |     pub fn save(&self, path: &str) -> std::io::Result<()> {
[INFO] [stdout]     |                        ^^^^ help: if this is intentional, prefix it with an underscore: `_path`
[INFO] [stdout] 
[INFO] [stdout] 
[INFO] [stdout] warning: unused variable: `path`
[INFO] [stdout]    --> src/hnsw.rs:760:17
[INFO] [stdout]     |
[INFO] [stdout] 760 |     pub fn load(path: &str, metric: D) -> std::io::Result<Self> {
[INFO] [stdout]     |                 ^^^^ help: if this is intentional, prefix it with an underscore: `_path`
[INFO] [stdout] 
[INFO] [stdout] 
[INFO] [stdout] warning: unused variable: `metric`
[INFO] [stdout]    --> src/hnsw.rs:760:29
[INFO] [stdout]     |
[INFO] [stdout] 760 |     pub fn load(path: &str, metric: D) -> std::io::Result<Self> {
[INFO] [stdout]     |                             ^^^^^^ help: if this is intentional, prefix it with an underscore: `_metric`
[INFO] [stdout] 
[INFO] [stdout] 
[INFO] [stdout] warning: value assigned to `dot` is never read
[INFO] [stdout]    --> src/metrics.rs:253:23
[INFO] [stdout]     |
[INFO] [stdout] 253 |         let mut dot = 0.0f32;
[INFO] [stdout]     |                       ^^^^^^ this value is reassigned later and never used
[INFO] [stdout] ...
[INFO] [stdout] 290 |             dot = self.cosine_similarity_fallback(a, b, &mut norm_a, &mut norm_b);
[INFO] [stdout]     |             --------------------------------------------------------------------- `dot` is overwritten here before the previous value is read
[INFO] [stdout] 
[INFO] [stdout] 
[INFO] [stderr]    Compiling hnswx v0.2.5 (/opt/rustwide/workdir)
[INFO] [stdout] warning: variable does not need to be mutable
[INFO] [stdout]    --> src/metrics.rs:424:13
[INFO] [stdout]     |
[INFO] [stdout] 424 |         let mut dot = 0.0;
[INFO] [stdout]     |             ----^^^
[INFO] [stdout]     |             |
[INFO] [stdout]     |             help: remove this `mut`
[INFO] [stdout] 
[INFO] [stdout] 
[INFO] [stdout] warning: constant `LOCAL_VISITED_SIZE_MULTIPLIER` is never used
[INFO] [stdout]   --> src/global.rs:18:18
[INFO] [stdout]    |
[INFO] [stdout] 18 | pub(crate) const LOCAL_VISITED_SIZE_MULTIPLIER: usize = 4;
[INFO] [stdout]    |                  ^^^^^^^^^^^^^^^^^^^^^^^^^^^^^
[INFO] [stdout]    |
[INFO] [stdout]    = note: `#[warn(dead_code)]` (part of `#[warn(unused)]`) on by default
[INFO] [stdout] 
[INFO] [stdout] 
[INFO] [stdout] warning: constant `DEFAULT_K_MULTIPLIER` is never used
[INFO] [stdout]   --> src/global.rs:22:18
[INFO] [stdout]    |
[INFO] [stdout] 22 | pub(crate) const DEFAULT_K_MULTIPLIER: usize = 3;
[INFO] [stdout]    |                  ^^^^^^^^^^^^^^^^^^^^
[INFO] [stdout] 
[INFO] [stdout] 
[INFO] [stdout] warning: unused import: `hnswx`
[INFO] [stdout]  --> tests/simple_test.rs:1:5
[INFO] [stdout]   |
[INFO] [stdout] 1 | use hnswx;
[INFO] [stdout]   |     ^^^^^
[INFO] [stdout]   |
[INFO] [stdout]   = note: `#[warn(unused_imports)]` (part of `#[warn(unused)]`) on by default
[INFO] [stdout] 
[INFO] [stdout] 
[INFO] [stdout] warning: unused import: `hnswx`
[INFO] [stdout]  --> tests/test_1.rs:1:5
[INFO] [stdout]   |
[INFO] [stdout] 1 | use hnswx;
[INFO] [stdout]   |     ^^^^^
[INFO] [stdout]   |
[INFO] [stdout]   = note: `#[warn(unused_imports)]` (part of `#[warn(unused)]`) on by default
[INFO] [stdout] 
[INFO] [stdout] 
[INFO] [stdout] warning: unused import: `super::*`
[INFO] [stdout]  --> tests/100k_data.rs:3:9
[INFO] [stdout]   |
[INFO] [stdout] 3 |     use super::*;
[INFO] [stdout]   |         ^^^^^^^^
[INFO] [stdout]   |
[INFO] [stdout]   = note: `#[warn(unused_imports)]` (part of `#[warn(unused)]`) on by default
[INFO] [stdout] 
[INFO] [stdout] 
[INFO] [stdout] warning: unused variable: `deleted`
[INFO] [stdout]   --> tests/simple_test.rs:12:13
[INFO] [stdout]    |
[INFO] [stdout] 12 |         let deleted = hnsw.delete(id);
[INFO] [stdout]    |             ^^^^^^^ help: if this is intentional, prefix it with an underscore: `_deleted`
[INFO] [stdout]    |
[INFO] [stdout]    = note: `#[warn(unused_variables)]` (part of `#[warn(unused)]`) on by default
[INFO] [stdout] 
[INFO] [stdout] 
[INFO] [stdout] warning: unused import: `super::*`
[INFO] [stdout]  --> tests/recall_tests.rs:3:9
[INFO] [stdout]   |
[INFO] [stdout] 3 |     use super::*;
[INFO] [stdout]   |         ^^^^^^^^
[INFO] [stdout]   |
[INFO] [stdout]   = note: `#[warn(unused_imports)]` (part of `#[warn(unused)]`) on by default
[INFO] [stdout] 
[INFO] [stdout] 
[INFO] [stdout] warning: unused imports: `DEFAULT_K_MULTIPLIER` and `LOCAL_VISITED_SIZE_MULTIPLIER`
[INFO] [stdout]   --> src/hnsw.rs:15:17
[INFO] [stdout]    |
[INFO] [stdout] 15 |     BATCH_SIZE, DEFAULT_K_MULTIPLIER, GROWTH_INCREMENT, INITIAL_CAPACITY,
[INFO] [stdout]    |                 ^^^^^^^^^^^^^^^^^^^^
[INFO] [stdout] 16 |     LOCAL_VISITED_SIZE_MULTIPLIER, MAX_EF_CONSTRUCTION, MAX_NEIGHBORS_PER_LAYER,
[INFO] [stdout]    |     ^^^^^^^^^^^^^^^^^^^^^^^^^^^^^
[INFO] [stdout]    |
[INFO] [stdout]    = note: `#[warn(unused_imports)]` (part of `#[warn(unused)]`) on by default
[INFO] [stdout] 
[INFO] [stdout] 
[INFO] [stdout] warning: unnecessary parentheses around assigned value
[INFO] [stdout]    --> src/hnsw.rs:235:13
[INFO] [stdout]     |
[INFO] [stdout] 235 |             (self.concurrent_stats.avg_batch_size * 0.9 + vectors_len as f32 * 0.1);
[INFO] [stdout]     |             ^                                                                     ^
[INFO] [stdout]     |
[INFO] [stdout]     = note: `#[warn(unused_parens)]` (part of `#[warn(unused)]`) on by default
[INFO] [stdout] help: remove these parentheses
[INFO] [stdout]     |
[INFO] [stdout] 235 -             (self.concurrent_stats.avg_batch_size * 0.9 + vectors_len as f32 * 0.1);
[INFO] [stdout] 235 +             self.concurrent_stats.avg_batch_size * 0.9 + vectors_len as f32 * 0.1;
[INFO] [stdout]     |
[INFO] [stdout] 
[INFO] [stdout] 
[INFO] [stdout] warning: unused variable: `i`
[INFO] [stdout]    --> tests/100k_data.rs:190:13
[INFO] [stdout]     |
[INFO] [stdout] 190 |         for i in 0..num_vectors {
[INFO] [stdout]     |             ^ help: if this is intentional, prefix it with an underscore: `_i`
[INFO] [stdout]     |
[INFO] [stdout]     = note: `#[warn(unused_variables)]` (part of `#[warn(unused)]`) on by default
[INFO] [stdout] 
[INFO] [stdout] 
[INFO] [stdout] warning: unused variable: `i`
[INFO] [stdout]    --> tests/1million_data.rs:330:17
[INFO] [stdout]     |
[INFO] [stdout] 330 |             for i in 0..test_vectors {
[INFO] [stdout]     |                 ^ help: if this is intentional, prefix it with an underscore: `_i`
[INFO] [stdout]     |
[INFO] [stdout]     = note: `#[warn(unused_variables)]` (part of `#[warn(unused)]`) on by default
[INFO] [stdout] 
[INFO] [stdout] 
[INFO] [stdout] warning: unused variable: `query_start`
[INFO] [stdout]   --> tests/recall_tests.rs:93:17
[INFO] [stdout]    |
[INFO] [stdout] 93 |             let query_start = Instant::now();
[INFO] [stdout]    |                 ^^^^^^^^^^^ help: if this is intentional, prefix it with an underscore: `_query_start`
[INFO] [stdout]    |
[INFO] [stdout]    = note: `#[warn(unused_variables)]` (part of `#[warn(unused)]`) on by default
[INFO] [stdout] 
[INFO] [stdout] 
[INFO] [stdout] warning: variable does not need to be mutable
[INFO] [stdout]    --> src/hnsw.rs:137:13
[INFO] [stdout]     |
[INFO] [stdout] 137 |         let mut new_node = HnswNode::new(node_id, level);
[INFO] [stdout]     |             ----^^^^^^^^
[INFO] [stdout]     |             |
[INFO] [stdout]     |             help: remove this `mut`
[INFO] [stdout]     |
[INFO] [stdout]     = note: `#[warn(unused_mut)]` (part of `#[warn(unused)]`) on by default
[INFO] [stdout] 
[INFO] [stdout] 
[INFO] [stdout] warning: unused variable: `storage_id`
[INFO] [stdout]    --> src/hnsw.rs:135:13
[INFO] [stdout]     |
[INFO] [stdout] 135 |         let storage_id = self.vec_storage.add_vector(&vector);
[INFO] [stdout]     |             ^^^^^^^^^^ help: if this is intentional, prefix it with an underscore: `_storage_id`
[INFO] [stdout]     |
[INFO] [stdout]     = note: `#[warn(unused_variables)]` (part of `#[warn(unused)]`) on by default
[INFO] [stdout] 
[INFO] [stdout] 
[INFO] [stdout] warning: value assigned to `was_entry_point` is never read
[INFO] [stdout]    --> src/hnsw.rs:624:35
[INFO] [stdout]     |
[INFO] [stdout] 624 |         let mut was_entry_point = false;
[INFO] [stdout]     |                                   ^^^^^ this value is reassigned later and never used
[INFO] [stdout] ...
[INFO] [stdout] 629 |                 was_entry_point = Some(node_id) == self.entry_point;
[INFO] [stdout]     |                 --------------------------------------------------- `was_entry_point` is overwritten here before the previous value is read
[INFO] [stdout]     |
[INFO] [stdout]     = note: `#[warn(unused_assignments)]` (part of `#[warn(unused)]`) on by default
[INFO] [stdout] 
[INFO] [stdout] 
[INFO] [stdout] warning: unused variable: `path`
[INFO] [stdout]    --> src/hnsw.rs:748:24
[INFO] [stdout]     |
[INFO] [stdout] 748 |     pub fn save(&self, path: &str) -> std::io::Result<()> {
[INFO] [stdout]     |                        ^^^^ help: if this is intentional, prefix it with an underscore: `_path`
[INFO] [stdout] 
[INFO] [stdout] 
[INFO] [stdout] warning: unused variable: `path`
[INFO] [stdout]    --> src/hnsw.rs:760:17
[INFO] [stdout]     |
[INFO] [stdout] 760 |     pub fn load(path: &str, metric: D) -> std::io::Result<Self> {
[INFO] [stdout]     |                 ^^^^ help: if this is intentional, prefix it with an underscore: `_path`
[INFO] [stdout] 
[INFO] [stdout] 
[INFO] [stdout] warning: unused variable: `metric`
[INFO] [stdout]    --> src/hnsw.rs:760:29
[INFO] [stdout]     |
[INFO] [stdout] 760 |     pub fn load(path: &str, metric: D) -> std::io::Result<Self> {
[INFO] [stdout]     |                             ^^^^^^ help: if this is intentional, prefix it with an underscore: `_metric`
[INFO] [stdout] 
[INFO] [stdout] 
[INFO] [stdout] warning: value assigned to `dot` is never read
[INFO] [stdout]    --> src/metrics.rs:253:23
[INFO] [stdout]     |
[INFO] [stdout] 253 |         let mut dot = 0.0f32;
[INFO] [stdout]     |                       ^^^^^^ this value is reassigned later and never used
[INFO] [stdout] ...
[INFO] [stdout] 290 |             dot = self.cosine_similarity_fallback(a, b, &mut norm_a, &mut norm_b);
[INFO] [stdout]     |             --------------------------------------------------------------------- `dot` is overwritten here before the previous value is read
[INFO] [stdout] 
[INFO] [stdout] 
[INFO] [stdout] warning: variable does not need to be mutable
[INFO] [stdout]    --> src/metrics.rs:424:13
[INFO] [stdout]     |
[INFO] [stdout] 424 |         let mut dot = 0.0;
[INFO] [stdout]     |             ----^^^
[INFO] [stdout]     |             |
[INFO] [stdout]     |             help: remove this `mut`
[INFO] [stdout] 
[INFO] [stdout] 
[INFO] [stdout] warning: constant `LOCAL_VISITED_SIZE_MULTIPLIER` is never used
[INFO] [stdout]   --> src/global.rs:18:18
[INFO] [stdout]    |
[INFO] [stdout] 18 | pub(crate) const LOCAL_VISITED_SIZE_MULTIPLIER: usize = 4;
[INFO] [stdout]    |                  ^^^^^^^^^^^^^^^^^^^^^^^^^^^^^
[INFO] [stdout]    |
[INFO] [stdout]    = note: `#[warn(dead_code)]` (part of `#[warn(unused)]`) on by default
[INFO] [stdout] 
[INFO] [stdout] 
[INFO] [stdout] warning: constant `DEFAULT_K_MULTIPLIER` is never used
[INFO] [stdout]   --> src/global.rs:22:18
[INFO] [stdout]    |
[INFO] [stdout] 22 | pub(crate) const DEFAULT_K_MULTIPLIER: usize = 3;
[INFO] [stdout]    |                  ^^^^^^^^^^^^^^^^^^^^
[INFO] [stdout] 
[INFO] [stdout] 
[INFO] [stderr]     Finished `release` profile [optimized] target(s) in 3.14s
[INFO] running `Command { std: "docker" "inspect" "0dbbdb22b3f0ce8cd5a89b2e9cbd4ed615f4093fbef7ae19d48dce41233b66b2", kill_on_drop: false }`
[INFO] running `Command { std: "docker" "exec" "-e" "SOURCE_DIR=/opt/rustwide/workdir" "-e" "CARGO_HOME=/opt/rustwide/cargo-home" "-e" "RUSTUP_HOME=/opt/rustwide/rustup-home" "-e" "CARGO_TARGET_DIR=/opt/rustwide/target" "-e" "CARGO_INCREMENTAL=0" "-e" "RUST_BACKTRACE=full" "-e" "RUSTFLAGS=--cap-lints=warn" "-e" "RUSTDOCFLAGS=--cap-lints=warn" "-w" "/opt/rustwide/workdir" "--user" "0:0" "0dbbdb22b3f0ce8cd5a89b2e9cbd4ed615f4093fbef7ae19d48dce41233b66b2" "/opt/rustwide/cargo-home/bin/cargo" "+1.99.0-beta.8" "test" "--frozen" "--release", kill_on_drop: false }`
[INFO] [stderr] warning: unused imports: `DEFAULT_K_MULTIPLIER` and `LOCAL_VISITED_SIZE_MULTIPLIER`
[INFO] [stderr]   --> src/hnsw.rs:15:17
[INFO] [stderr]    |
[INFO] [stderr] 15 |     BATCH_SIZE, DEFAULT_K_MULTIPLIER, GROWTH_INCREMENT, INITIAL_CAPACITY,
[INFO] [stderr]    |                 ^^^^^^^^^^^^^^^^^^^^
[INFO] [stderr] 16 |     LOCAL_VISITED_SIZE_MULTIPLIER, MAX_EF_CONSTRUCTION, MAX_NEIGHBORS_PER_LAYER,
[INFO] [stderr]    |     ^^^^^^^^^^^^^^^^^^^^^^^^^^^^^
[INFO] [stderr]    |
[INFO] [stderr]    = note: `#[warn(unused_imports)]` (part of `#[warn(unused)]`) on by default
[INFO] [stderr] 
[INFO] [stderr] warning: unnecessary parentheses around assigned value
[INFO] [stderr]    --> src/hnsw.rs:235:13
[INFO] [stderr]     |
[INFO] [stderr] 235 |             (self.concurrent_stats.avg_batch_size * 0.9 + vectors_len as f32 * 0.1);
[INFO] [stderr]     |             ^                                                                     ^
[INFO] [stderr]     |
[INFO] [stderr]     = note: `#[warn(unused_parens)]` (part of `#[warn(unused)]`) on by default
[INFO] [stderr] help: remove these parentheses
[INFO] [stderr]     |
[INFO] [stderr] 235 -             (self.concurrent_stats.avg_batch_size * 0.9 + vectors_len as f32 * 0.1);
[INFO] [stderr] 235 +             self.concurrent_stats.avg_batch_size * 0.9 + vectors_len as f32 * 0.1;
[INFO] [stderr]     |
[INFO] [stderr] 
[INFO] [stderr] warning: variable does not need to be mutable
[INFO] [stderr]    --> src/hnsw.rs:137:13
[INFO] [stderr]     |
[INFO] [stderr] 137 |         let mut new_node = HnswNode::new(node_id, level);
[INFO] [stderr]     |             ----^^^^^^^^
[INFO] [stderr]     |             |
[INFO] [stderr]     |             help: remove this `mut`
[INFO] [stderr]     |
[INFO] [stderr]     = note: `#[warn(unused_mut)]` (part of `#[warn(unused)]`) on by default
[INFO] [stderr] 
[INFO] [stderr] warning: unused variable: `storage_id`
[INFO] [stderr]    --> src/hnsw.rs:135:13
[INFO] [stderr]     |
[INFO] [stderr] 135 |         let storage_id = self.vec_storage.add_vector(&vector);
[INFO] [stderr]     |             ^^^^^^^^^^ help: if this is intentional, prefix it with an underscore: `_storage_id`
[INFO] [stderr]     |
[INFO] [stderr]     = note: `#[warn(unused_variables)]` (part of `#[warn(unused)]`) on by default
[INFO] [stderr] 
[INFO] [stderr] warning: value assigned to `was_entry_point` is never read
[INFO] [stderr]    --> src/hnsw.rs:624:35
[INFO] [stderr]     |
[INFO] [stderr] 624 |         let mut was_entry_point = false;
[INFO] [stderr]     |                                   ^^^^^ this value is reassigned later and never used
[INFO] [stderr] ...
[INFO] [stderr] 629 |                 was_entry_point = Some(node_id) == self.entry_point;
[INFO] [stderr]     |                 --------------------------------------------------- `was_entry_point` is overwritten here before the previous value is read
[INFO] [stderr]     |
[INFO] [stderr]     = note: `#[warn(unused_assignments)]` (part of `#[warn(unused)]`) on by default
[INFO] [stderr] 
[INFO] [stderr] warning: unused variable: `path`
[INFO] [stderr]    --> src/hnsw.rs:748:24
[INFO] [stderr]     |
[INFO] [stderr] 748 |     pub fn save(&self, path: &str) -> std::io::Result<()> {
[INFO] [stderr]     |                        ^^^^ help: if this is intentional, prefix it with an underscore: `_path`
[INFO] [stderr] 
[INFO] [stderr] warning: unused variable: `path`
[INFO] [stderr]    --> src/hnsw.rs:760:17
[INFO] [stderr]     |
[INFO] [stderr] 760 |     pub fn load(path: &str, metric: D) -> std::io::Result<Self> {
[INFO] [stderr]     |                 ^^^^ help: if this is intentional, prefix it with an underscore: `_path`
[INFO] [stderr] 
[INFO] [stderr] warning: unused variable: `metric`
[INFO] [stderr]    --> src/hnsw.rs:760:29
[INFO] [stderr]     |
[INFO] [stderr] 760 |     pub fn load(path: &str, metric: D) -> std::io::Result<Self> {
[INFO] [stderr]     |                             ^^^^^^ help: if this is intentional, prefix it with an underscore: `_metric`
[INFO] [stderr] 
[INFO] [stderr] warning: value assigned to `dot` is never read
[INFO] [stderr]    --> src/metrics.rs:253:23
[INFO] [stderr]     |
[INFO] [stderr] 253 |         let mut dot = 0.0f32;
[INFO] [stderr]     |                       ^^^^^^ this value is reassigned later and never used
[INFO] [stderr] ...
[INFO] [stderr] 290 |             dot = self.cosine_similarity_fallback(a, b, &mut norm_a, &mut norm_b);
[INFO] [stderr]     |             --------------------------------------------------------------------- `dot` is overwritten here before the previous value is read
[INFO] [stderr] 
[INFO] [stderr] warning: variable does not need to be mutable
[INFO] [stderr]    --> src/metrics.rs:424:13
[INFO] [stderr]     |
[INFO] [stderr] 424 |         let mut dot = 0.0;
[INFO] [stderr]     |             ----^^^
[INFO] [stderr]     |             |
[INFO] [stderr]     |             help: remove this `mut`
[INFO] [stderr] 
[INFO] [stderr] warning: constant `LOCAL_VISITED_SIZE_MULTIPLIER` is never used
[INFO] [stderr]   --> src/global.rs:18:18
[INFO] [stderr]    |
[INFO] [stderr] 18 | pub(crate) const LOCAL_VISITED_SIZE_MULTIPLIER: usize = 4;
[INFO] [stderr]    |                  ^^^^^^^^^^^^^^^^^^^^^^^^^^^^^
[INFO] [stderr]    |
[INFO] [stderr]    = note: `#[warn(dead_code)]` (part of `#[warn(unused)]`) on by default
[INFO] [stderr] 
[INFO] [stderr] warning: constant `DEFAULT_K_MULTIPLIER` is never used
[INFO] [stderr]   --> src/global.rs:22:18
[INFO] [stderr]    |
[INFO] [stderr] 22 | pub(crate) const DEFAULT_K_MULTIPLIER: usize = 3;
[INFO] [stderr]    |                  ^^^^^^^^^^^^^^^^^^^^
[INFO] [stderr] 
[INFO] [stderr] warning: `hnswx` (lib) generated 12 warnings (run `cargo fix --lib -p hnswx` to apply 8 suggestions)
[INFO] [stderr] warning: `hnswx` (lib test) generated 12 warnings (12 duplicates)
[INFO] [stderr] warning: unused variable: `i`
[INFO] [stderr]    --> tests/1million_data.rs:330:17
[INFO] [stderr]     |
[INFO] [stderr] 330 |             for i in 0..test_vectors {
[INFO] [stderr]     |                 ^ help: if this is intentional, prefix it with an underscore: `_i`
[INFO] [stderr]     |
[INFO] [stderr]     = note: `#[warn(unused_variables)]` (part of `#[warn(unused)]`) on by default
[INFO] [stderr] 
[INFO] [stderr] warning: unused import: `super::*`
[INFO] [stderr]  --> tests/recall_tests.rs:3:9
[INFO] [stderr]   |
[INFO] [stderr] 3 |     use super::*;
[INFO] [stderr]   |         ^^^^^^^^
[INFO] [stderr]   |
[INFO] [stderr]   = note: `#[warn(unused_imports)]` (part of `#[warn(unused)]`) on by default
[INFO] [stderr] 
[INFO] [stderr] warning: unused variable: `query_start`
[INFO] [stderr]   --> tests/recall_tests.rs:93:17
[INFO] [stderr]    |
[INFO] [stderr] 93 |             let query_start = Instant::now();
[INFO] [stderr]    |                 ^^^^^^^^^^^ help: if this is intentional, prefix it with an underscore: `_query_start`
[INFO] [stderr]    |
[INFO] [stderr]    = note: `#[warn(unused_variables)]` (part of `#[warn(unused)]`) on by default
[INFO] [stderr] 
[INFO] [stderr] warning: unused import: `super::*`
[INFO] [stderr]  --> tests/100k_data.rs:3:9
[INFO] [stderr]   |
[INFO] [stderr] 3 |     use super::*;
[INFO] [stderr]   |         ^^^^^^^^
[INFO] [stderr]   |
[INFO] [stderr]   = note: `#[warn(unused_imports)]` (part of `#[warn(unused)]`) on by default
[INFO] [stderr] 
[INFO] [stderr] warning: unused variable: `i`
[INFO] [stderr]    --> tests/100k_data.rs:190:13
[INFO] [stderr]     |
[INFO] [stderr] 190 |         for i in 0..num_vectors {
[INFO] [stderr]     |             ^ help: if this is intentional, prefix it with an underscore: `_i`
[INFO] [stderr]     |
[INFO] [stderr]     = note: `#[warn(unused_variables)]` (part of `#[warn(unused)]`) on by default
[INFO] [stderr] 
[INFO] [stderr] warning: unused import: `hnswx`
[INFO] [stderr]  --> tests/simple_test.rs:1:5
[INFO] [stderr]   |
[INFO] [stderr] 1 | use hnswx;
[INFO] [stderr]   |     ^^^^^
[INFO] [stderr]   |
[INFO] [stderr]   = note: `#[warn(unused_imports)]` (part of `#[warn(unused)]`) on by default
[INFO] [stderr] 
[INFO] [stderr] warning: unused variable: `deleted`
[INFO] [stderr]   --> tests/simple_test.rs:12:13
[INFO] [stderr]    |
[INFO] [stderr] 12 |         let deleted = hnsw.delete(id);
[INFO] [stderr]    |             ^^^^^^^ help: if this is intentional, prefix it with an underscore: `_deleted`
[INFO] [stderr]    |
[INFO] [stderr]    = note: `#[warn(unused_variables)]` (part of `#[warn(unused)]`) on by default
[INFO] [stderr] 
[INFO] [stderr] warning: unused import: `hnswx`
[INFO] [stderr]  --> tests/test_1.rs:1:5
[INFO] [stderr]   |
[INFO] [stderr] 1 | use hnswx;
[INFO] [stderr]   |     ^^^^^
[INFO] [stderr]   |
[INFO] [stderr]   = note: `#[warn(unused_imports)]` (part of `#[warn(unused)]`) on by default
[INFO] [stderr] 
[INFO] [stderr] warning: `hnswx` (test "1million_data") generated 1 warning (run `cargo fix --test "1million_data" -p hnswx` to apply 1 suggestion)
[INFO] [stderr] warning: `hnswx` (test "recall_tests") generated 2 warnings (run `cargo fix --test "recall_tests" -p hnswx` to apply 2 suggestions)
[INFO] [stderr] warning: `hnswx` (test "100k_data") generated 2 warnings (run `cargo fix --test "100k_data" -p hnswx` to apply 2 suggestions)
[INFO] [stderr] warning: `hnswx` (test "simple_test") generated 2 warnings (run `cargo fix --test "simple_test" -p hnswx` to apply 2 suggestions)
[INFO] [stderr] warning: `hnswx` (test "test_1") generated 1 warning (run `cargo fix --test "test_1" -p hnswx` to apply 1 suggestion)
[INFO] [stderr]     Finished `release` profile [optimized] target(s) in 0.05s
[INFO] [stderr]      Running unittests src/lib.rs (/opt/rustwide/target/release/deps/hnswx-6548118db750a102)
[INFO] [stdout] 
[INFO] [stdout] running 0 tests
[INFO] [stdout] 
[INFO] [stdout] test result: ok. 0 passed; 0 failed; 0 ignored; 0 measured; 0 filtered out; finished in 0.00s
[INFO] [stdout] 
[INFO] [stderr]      Running tests/100k_data.rs (/opt/rustwide/target/release/deps/100k_data-357330994df527de)
[INFO] [stdout] 
[INFO] [stdout] running 3 tests
[INFO] [stdout] test querying_100k_data::test_hnsw_different_configs ... ok
[INFO] [stdout] test querying_100k_data::test_hnsw_10k_quick ... ok
[INFO] [stdout] test querying_100k_data::test_hnsw_100k_vectors ... ok
[INFO] [stdout] 
[INFO] [stdout] test result: ok. 3 passed; 0 failed; 0 ignored; 0 measured; 0 filtered out; finished in 34.97s
[INFO] [stdout] 
[INFO] [stderr]      Running tests/1million_data.rs (/opt/rustwide/target/release/deps/1million_data-9400f2c8a2b73a51)
[INFO] [stdout] 
[INFO] [stdout] running 2 tests
[INFO] [stdout] test querying_1million_data::test_hnsw_1m_scalability ... ok
[INFO] [stdout] test querying_1million_data::test_hnsw_1_million_vectors has been running for over 60 seconds
[INFO] [stdout] test querying_1million_data::test_hnsw_1_million_vectors ... ok
[INFO] [stdout] 
[INFO] [stdout] test result: ok. 2 passed; 0 failed; 0 ignored; 0 measured; 0 filtered out; finished in 255.97s
[INFO] [stdout] 
[INFO] [stderr]      Running tests/basic_test.rs (/opt/rustwide/target/release/deps/basic_test-46bb0b47316cc32e)
[INFO] [stdout] 
[INFO] [stdout] running 3 tests
[INFO] [stdout] test basic_test::test_hnsw_edge_cases ... FAILED
[INFO] [stdout] test basic_test::test_hnsw_basic_operations ... ok
[INFO] [stdout] test basic_test::test_hnsw_small_performance ... ok
[INFO] [stderr] error: test failed, to rerun pass `--test basic_test`
[INFO] [stdout] 
[INFO] [stdout] failures:
[INFO] [stdout] 
[INFO] [stdout] ---- basic_test::test_hnsw_edge_cases stdout ----
[INFO] [stdout] Testing edge cases
[INFO] [stdout] 
[INFO] [stdout] thread 'basic_test::test_hnsw_edge_cases' (676) panicked at tests/basic_test.rs:108:9:
[INFO] [stdout] Repeated delete should return false
[INFO] [stdout] stack backtrace:
[INFO] [stdout]    0:     0x5f6e6e323f21 - <<std[70759c8f55707aa4]::sys::backtrace::BacktraceLock>::print::DisplayBacktrace as core[df12db4294e9bfd3]::fmt::Display>::fmt
[INFO] [stdout]    1:     0x5f6e6e3399ea - core[df12db4294e9bfd3]::fmt::write
[INFO] [stdout]    2:     0x5f6e6e3283bc - <alloc[2182bb758b4b3781]::vec::Vec<u8> as core[df12db4294e9bfd3]::io::write::Write>::write_fmt
[INFO] [stdout]    3:     0x5f6e6e300516 - std[70759c8f55707aa4]::panicking::default_hook::{closure#0}
[INFO] [stdout]    4:     0x5f6e6e31c689 - std[70759c8f55707aa4]::panicking::default_hook
[INFO] [stdout]    5:     0x5f6e6e2b4b90 - test[9d35eded1c95d3be]::test_main_inner::<test[9d35eded1c95d3be]::test_main_static::{closure#0}>::{closure#0}
[INFO] [stdout]    6:     0x5f6e6e31c842 - std[70759c8f55707aa4]::panicking::panic_with_hook
[INFO] [stdout]    7:     0x5f6e6e3005f4 - std[70759c8f55707aa4]::panicking::panic_handler::{closure#0}
[INFO] [stdout]    8:     0x5f6e6e2f9349 - std[70759c8f55707aa4]::sys::backtrace::__rust_end_short_backtrace::<std[70759c8f55707aa4]::panicking::panic_handler::{closure#0}, !>
[INFO] [stdout]    9:     0x5f6e6e3011bd - __rustc[8fa7c3cbc660c2b3]::rust_begin_unwind
[INFO] [stdout]   10:     0x5f6e6e33a11c - core[df12db4294e9bfd3]::panicking::panic_fmt
[INFO] [stdout]   11:     0x5f6e6e29ea4c - basic_test[dcace27152508b6b]::basic_test::test_hnsw_edge_cases
[INFO] [stdout]   12:     0x5f6e6e2a39b9 - <basic_test[dcace27152508b6b]::basic_test::test_hnsw_edge_cases::{closure#0} as core[df12db4294e9bfd3]::ops::function::FnOnce<()>>::call_once
[INFO] [stdout]   13:     0x5f6e6e2a7e7b - test[9d35eded1c95d3be]::__rust_begin_short_backtrace::<core[df12db4294e9bfd3]::result::Result<(), alloc[2182bb758b4b3781]::string::String>, fn() -> core[df12db4294e9bfd3]::result::Result<(), alloc[2182bb758b4b3781]::string::String>>
[INFO] [stdout]   14:     0x5f6e6e2b54e5 - test[9d35eded1c95d3be]::run_test::{closure#0}
[INFO] [stdout]   15:     0x5f6e6e2aeda4 - std[70759c8f55707aa4]::sys::backtrace::__rust_begin_short_backtrace::<test[9d35eded1c95d3be]::run_test::{closure#1}, ()>
[INFO] [stdout]   16:     0x5f6e6e2b8642 - <std[70759c8f55707aa4]::thread::lifecycle::spawn_unchecked<test[9d35eded1c95d3be]::run_test::{closure#1}, ()>::{closure#1} as core[df12db4294e9bfd3]::ops::function::FnOnce<()>>::call_once::{shim:vtable#0}
[INFO] [stdout]   17:     0x5f6e6e3237f9 - <std[70759c8f55707aa4]::sys::thread::unix::Thread>::new::thread_start
[INFO] [stdout]   18:     0x73fe9a207dfa - <unknown>
[INFO] [stdout]   19:     0x73fe9a29b3d4 - clone
[INFO] [stdout]   20:                0x0 - <unknown>
[INFO] [stdout] 
[INFO] [stdout] 
[INFO] [stdout] failures:
[INFO] [stdout]     basic_test::test_hnsw_edge_cases
[INFO] [stdout] 
[INFO] [stdout] test result: FAILED. 2 passed; 1 failed; 0 ignored; 0 measured; 0 filtered out; finished in 0.05s
[INFO] [stdout] 
[INFO] running `Command { std: "docker" "inspect" "0dbbdb22b3f0ce8cd5a89b2e9cbd4ed615f4093fbef7ae19d48dce41233b66b2", kill_on_drop: false }`
[INFO] running `Command { std: "docker" "rm" "-f" "0dbbdb22b3f0ce8cd5a89b2e9cbd4ed615f4093fbef7ae19d48dce41233b66b2", kill_on_drop: false }`
[INFO] [stdout] 0dbbdb22b3f0ce8cd5a89b2e9cbd4ed615f4093fbef7ae19d48dce41233b66b2
