[INFO] fetching crate hmd-parse 0.1.0-alpha.8...
[INFO] testing hmd-parse-0.1.0-alpha.8 against 1.100.0-beta.1+cargoflags=--release for beta-release-1.100-2
[INFO] extracting crate hmd-parse 0.1.0-alpha.8 into /workspace/builds/worker-4-tc2/source
[INFO] started tweaking crates.io crate hmd-parse 0.1.0-alpha.8
[INFO] finished tweaking crates.io crate hmd-parse 0.1.0-alpha.8
[INFO] tweaked toml for crates.io crate hmd-parse 0.1.0-alpha.8 written to /workspace/builds/worker-4-tc2/source/Cargo.toml
[INFO] validating manifest of crates.io crate hmd-parse 0.1.0-alpha.8 on toolchain 1.100.0-beta.1
[INFO] running `Command { std: CARGO_HOME="/workspace/cargo-home" RUSTUP_HOME="/workspace/rustup-home" "/workspace/cargo-home/bin/cargo" "+1.100.0-beta.1" "metadata" "--manifest-path" "Cargo.toml" "--no-deps", kill_on_drop: false }`
[INFO] crate crates.io crate hmd-parse 0.1.0-alpha.8 already has a lockfile, it will not be regenerated
[INFO] running `Command { std: CARGO_HOME="/workspace/cargo-home" RUSTUP_HOME="/workspace/rustup-home" "/workspace/cargo-home/bin/cargo" "+1.100.0-beta.1" "fetch" "--manifest-path" "Cargo.toml", kill_on_drop: false }`
[INFO] running `Command { std: "docker" "create" "-v" "/var/lib/crater-agent-workspace/builds/worker-4-tc2/source:/opt/rustwide/workdir:ro,Z" "-v" "/var/lib/crater-agent-workspace/builds/worker-4-tc2/target:/opt/rustwide/target:rw,Z" "-v" "/var/lib/crater-agent-workspace/cargo-home:/opt/rustwide/cargo-home:ro,Z" "-v" "/var/lib/crater-agent-workspace/rustup-home:/opt/rustwide/rustup-home:ro,Z" "-m" "1610612736" "--network" "none" "ghcr.io/rust-lang/crates-build-env/linux@sha256:77db811e55d90add9212f6832c23229e3de5f1c1f9905e8cb07319ea15df73ac" "sleep" "infinity", kill_on_drop: false }`
[INFO] [stdout] c4945e38894db6e74a920e9cb9621a0be96d76e0442dd8c26261b48f799882ac
[INFO] running `Command { std: "docker" "start" "c4945e38894db6e74a920e9cb9621a0be96d76e0442dd8c26261b48f799882ac", kill_on_drop: false }`
[INFO] running `Command { std: "docker" "inspect" "c4945e38894db6e74a920e9cb9621a0be96d76e0442dd8c26261b48f799882ac", kill_on_drop: false }`
[INFO] running `Command { std: "docker" "exec" "-e" "SOURCE_DIR=/opt/rustwide/workdir" "-e" "CARGO_HOME=/opt/rustwide/cargo-home" "-e" "RUSTUP_HOME=/opt/rustwide/rustup-home" "-e" "CARGO_TARGET_DIR=/opt/rustwide/target" "-w" "/opt/rustwide/workdir" "--user" "0:0" "c4945e38894db6e74a920e9cb9621a0be96d76e0442dd8c26261b48f799882ac" "/opt/rustwide/cargo-home/bin/cargo" "+1.100.0-beta.1" "metadata" "--no-deps" "--format-version=1", kill_on_drop: false }`
[INFO] running `Command { std: "docker" "inspect" "c4945e38894db6e74a920e9cb9621a0be96d76e0442dd8c26261b48f799882ac", kill_on_drop: false }`
[INFO] running `Command { std: "docker" "exec" "-e" "SOURCE_DIR=/opt/rustwide/workdir" "-e" "CARGO_HOME=/opt/rustwide/cargo-home" "-e" "RUSTUP_HOME=/opt/rustwide/rustup-home" "-e" "CARGO_TARGET_DIR=/opt/rustwide/target" "-e" "CARGO_INCREMENTAL=0" "-e" "RUST_BACKTRACE=full" "-e" "RUSTFLAGS=--cap-lints=warn" "-e" "RUSTDOCFLAGS=--cap-lints=warn" "-w" "/opt/rustwide/workdir" "--user" "0:0" "c4945e38894db6e74a920e9cb9621a0be96d76e0442dd8c26261b48f799882ac" "/opt/rustwide/cargo-home/bin/cargo" "+1.100.0-beta.1" "build" "--frozen" "--message-format=json" "--release", kill_on_drop: false }`
[INFO] [stderr]    Compiling syn v2.0.117
[INFO] [stderr]    Compiling serde_json v1.0.149
[INFO] [stderr]    Compiling serde_derive v1.0.228
[INFO] [stderr]    Compiling serde v1.0.228
[INFO] [stderr]    Compiling toml_datetime v0.6.11
[INFO] [stderr]    Compiling serde_spanned v0.6.9
[INFO] [stderr]    Compiling hmd-core v0.1.0-alpha.8
[INFO] [stderr]    Compiling toml_edit v0.22.27
[INFO] [stderr]    Compiling toml v0.8.23
[INFO] [stderr]    Compiling hmd-parse v0.1.0-alpha.8 (/opt/rustwide/workdir)
[INFO] [stderr]     Finished `release` profile [optimized] target(s) in 19.69s
[INFO] running `Command { std: "docker" "inspect" "c4945e38894db6e74a920e9cb9621a0be96d76e0442dd8c26261b48f799882ac", kill_on_drop: false }`
[INFO] running `Command { std: "docker" "exec" "-e" "SOURCE_DIR=/opt/rustwide/workdir" "-e" "CARGO_HOME=/opt/rustwide/cargo-home" "-e" "RUSTUP_HOME=/opt/rustwide/rustup-home" "-e" "CARGO_TARGET_DIR=/opt/rustwide/target" "-e" "CARGO_INCREMENTAL=0" "-e" "RUST_BACKTRACE=full" "-e" "RUSTFLAGS=--cap-lints=warn" "-e" "RUSTDOCFLAGS=--cap-lints=warn" "-w" "/opt/rustwide/workdir" "--user" "0:0" "c4945e38894db6e74a920e9cb9621a0be96d76e0442dd8c26261b48f799882ac" "/opt/rustwide/cargo-home/bin/cargo" "+1.100.0-beta.1" "test" "--frozen" "--no-run" "--message-format=json" "--release", kill_on_drop: false }`
[INFO] [stderr]    Compiling hmd-parse v0.1.0-alpha.8 (/opt/rustwide/workdir)
[INFO] [stderr]     Finished `release` profile [optimized] target(s) in 3.68s
[INFO] running `Command { std: "docker" "inspect" "c4945e38894db6e74a920e9cb9621a0be96d76e0442dd8c26261b48f799882ac", kill_on_drop: false }`
[INFO] running `Command { std: "docker" "exec" "-e" "SOURCE_DIR=/opt/rustwide/workdir" "-e" "CARGO_HOME=/opt/rustwide/cargo-home" "-e" "RUSTUP_HOME=/opt/rustwide/rustup-home" "-e" "CARGO_TARGET_DIR=/opt/rustwide/target" "-e" "CARGO_INCREMENTAL=0" "-e" "RUST_BACKTRACE=full" "-e" "RUSTFLAGS=--cap-lints=warn" "-e" "RUSTDOCFLAGS=--cap-lints=warn" "-w" "/opt/rustwide/workdir" "--user" "0:0" "c4945e38894db6e74a920e9cb9621a0be96d76e0442dd8c26261b48f799882ac" "/opt/rustwide/cargo-home/bin/cargo" "+1.100.0-beta.1" "test" "--frozen" "--release", kill_on_drop: false }`
[INFO] [stderr]     Finished `release` profile [optimized] target(s) in 0.06s
[INFO] [stderr]      Running unittests src/lib.rs (/opt/rustwide/target/release/build/hmd-parse/cbdae752fdfebab5/out/hmd_parse-cbdae752fdfebab5)
[INFO] [stdout] 
[INFO] [stdout] running 9 tests
[INFO] [stdout] test tests::invalid_duplicate_id_reports_hmd006 ... FAILED
[INFO] [stdout] test tests::invalid_toml_reports_hmd002 ... FAILED
[INFO] [stdout] test tests::frontmatter_valid_todo_has_profile_metadata ... FAILED
[INFO] [stdout] test tests::invalid_missing_frontmatter_reports_hmd001 ... FAILED
[INFO] [stdout] test tests::invalid_unknown_profile_reports_hmd007 ... FAILED
[INFO] [stdout] test tests::invalid_unclosed_block_reports_hmd003 ... FAILED
[INFO] [stdout] test tests::parse_decision_basic_matches_fixture ... FAILED
[INFO] [stdout] test tests::invalid_block_type_reports_hmd004 ... FAILED
[INFO] [stdout] test tests::parse_todo_basic_matches_fixture ... FAILED
[INFO] [stderr] error: test failed, to rerun pass `--lib`
[INFO] [stdout] 
[INFO] [stdout] failures:
[INFO] [stdout] 
[INFO] [stdout] ---- tests::invalid_duplicate_id_reports_hmd006 stdout ----
[INFO] [stdout] 
[INFO] [stdout] thread 'tests::invalid_duplicate_id_reports_hmd006' (386) panicked at src/lib.rs:719:58:
[INFO] [stdout] reads source fixture: Os { code: 2, kind: NotFound, message: "No such file or directory" }
[INFO] [stdout] stack backtrace:
[INFO] [stdout]    0:     0x5e3eae112611 - <<std[617be2ca0a6fd877]::sys::backtrace::BacktraceLock>::print::DisplayBacktrace as core[a373ad73a504971]::fmt::Display>::fmt
[INFO] [stdout]    1:     0x5e3eae127a1a - core[a373ad73a504971]::fmt::write
[INFO] [stdout]    2:     0x5e3eae11682c - <alloc[2e1b2a31b91974c5]::vec::Vec<u8> as core[a373ad73a504971]::io::write::Write>::write_fmt
[INFO] [stdout]    3:     0x5e3eae0ee586 - std[617be2ca0a6fd877]::panicking::default_hook::{closure#0}
[INFO] [stdout]    4:     0x5e3eae10a949 - std[617be2ca0a6fd877]::panicking::default_hook
[INFO] [stdout]    5:     0x5e3eae078090 - test[aada8e7e76ba119b]::test_main_inner::{closure#0}
[INFO] [stdout]    6:     0x5e3eae10ab02 - std[617be2ca0a6fd877]::panicking::panic_with_hook
[INFO] [stdout]    7:     0x5e3eae0ee632 - std[617be2ca0a6fd877]::panicking::panic_handler::{closure#0}
[INFO] [stdout]    8:     0x5e3eae0e71b9 - std[617be2ca0a6fd877]::sys::backtrace::__rust_end_short_backtrace::<std[617be2ca0a6fd877]::panicking::panic_handler::{closure#0}, !>
[INFO] [stdout]    9:     0x5e3eae0ef23d - __rustc[ea4f61d10b84890b]::rust_begin_unwind
[INFO] [stdout]   10:     0x5e3eae12814c - core[a373ad73a504971]::panicking::panic_fmt
[INFO] [stdout]   11:     0x5e3eae127f22 - core[a373ad73a504971]::result::unwrap_failed
[INFO] [stdout]   12:     0x5e3eae06111b - hmd_parse[e9e3545169543aa6]::tests::parse_fixture
[INFO] [stdout]   13:     0x5e3eae0611a9 - hmd_parse[e9e3545169543aa6]::tests::assert_fixture_reports
[INFO] [stdout]   14:     0x5e3eae06170c - <hmd_parse[e9e3545169543aa6]::tests::invalid_duplicate_id_reports_hmd006::{closure#0} as core[a373ad73a504971]::ops::function::FnOnce<()>>::call_once
[INFO] [stdout]   15:     0x5e3eae06b4db - test[aada8e7e76ba119b]::__rust_begin_short_backtrace::<core[a373ad73a504971]::result::Result<(), alloc[2e1b2a31b91974c5]::string::String>, fn() -> core[a373ad73a504971]::result::Result<(), alloc[2e1b2a31b91974c5]::string::String>>
[INFO] [stdout]   16:     0x5e3eae0786b5 - test[aada8e7e76ba119b]::run_test::{closure#0}
[INFO] [stdout]   17:     0x5e3eae071fa4 - std[617be2ca0a6fd877]::sys::backtrace::__rust_begin_short_backtrace::<test[aada8e7e76ba119b]::run_test::{closure#1}, ()>
[INFO] [stdout]   18:     0x5e3eae07b742 - <std[617be2ca0a6fd877]::thread::lifecycle::spawn_unchecked<test[aada8e7e76ba119b]::run_test::{closure#1}, ()>::{closure#1} as core[a373ad73a504971]::ops::function::FnOnce<()>>::call_once::{shim:vtable#0}
[INFO] [stdout]   19:     0x5e3eae111b0f - <std[617be2ca0a6fd877]::sys::thread::unix::Thread>::new::thread_start
[INFO] [stdout]   20:     0x788069148dfa - <unknown>
[INFO] [stdout]   21:     0x7880691dc3d4 - clone
[INFO] [stdout]   22:                0x0 - <unknown>
[INFO] [stdout] 
[INFO] [stdout] ---- tests::invalid_toml_reports_hmd002 stdout ----
[INFO] [stdout] 
[INFO] [stdout] thread 'tests::invalid_toml_reports_hmd002' (388) panicked at src/lib.rs:719:58:
[INFO] [stdout] reads source fixture: Os { code: 2, kind: NotFound, message: "No such file or directory" }
[INFO] [stdout] stack backtrace:
[INFO] [stdout]    0:     0x5e3eae112611 - <<std[617be2ca0a6fd877]::sys::backtrace::BacktraceLock>::print::DisplayBacktrace as core[a373ad73a504971]::fmt::Display>::fmt
[INFO] [stdout]    1:     0x5e3eae127a1a - core[a373ad73a504971]::fmt::write
[INFO] [stdout]    2:     0x5e3eae11682c - <alloc[2e1b2a31b91974c5]::vec::Vec<u8> as core[a373ad73a504971]::io::write::Write>::write_fmt
[INFO] [stdout]    3:     0x5e3eae0ee586 - std[617be2ca0a6fd877]::panicking::default_hook::{closure#0}
[INFO] [stdout]    4:     0x5e3eae10a949 - std[617be2ca0a6fd877]::panicking::default_hook
[INFO] [stdout]    5:     0x5e3eae078090 - test[aada8e7e76ba119b]::test_main_inner::{closure#0}
[INFO] [stdout]    6:     0x5e3eae10ab02 - std[617be2ca0a6fd877]::panicking::panic_with_hook
[INFO] [stdout]    7:     0x5e3eae0ee632 - std[617be2ca0a6fd877]::panicking::panic_handler::{closure#0}
[INFO] [stdout]    8:     0x5e3eae0e71b9 - std[617be2ca0a6fd877]::sys::backtrace::__rust_end_short_backtrace::<std[617be2ca0a6fd877]::panicking::panic_handler::{closure#0}, !>
[INFO] [stdout]    9:     0x5e3eae0ef23d - __rustc[ea4f61d10b84890b]::rust_begin_unwind
[INFO] [stdout]   10:     0x5e3eae12814c - core[a373ad73a504971]::panicking::panic_fmt
[INFO] [stdout]   11:     0x5e3eae127f22 - core[a373ad73a504971]::result::unwrap_failed
[INFO] [stdout]   12:     0x5e3eae06111b - hmd_parse[e9e3545169543aa6]::tests::parse_fixture
[INFO] [stdout]   13:     0x5e3eae0611a9 - hmd_parse[e9e3545169543aa6]::tests::assert_fixture_reports
[INFO] [stdout]   14:     0x5e3eae06167c - <hmd_parse[e9e3545169543aa6]::tests::invalid_toml_reports_hmd002::{closure#0} as core[a373ad73a504971]::ops::function::FnOnce<()>>::call_once
[INFO] [stdout]   15:     0x5e3eae06b4db - test[aada8e7e76ba119b]::__rust_begin_short_backtrace::<core[a373ad73a504971]::result::Result<(), alloc[2e1b2a31b91974c5]::string::String>, fn() -> core[a373ad73a504971]::result::Result<(), alloc[2e1b2a31b91974c5]::string::String>>
[INFO] [stdout]   16:     0x5e3eae0786b5 - test[aada8e7e76ba119b]::run_test::{closure#0}
[INFO] [stdout]   17:     0x5e3eae071fa4 - std[617be2ca0a6fd877]::sys::backtrace::__rust_begin_short_backtrace::<test[aada8e7e76ba119b]::run_test::{closure#1}, ()>
[INFO] [stdout]   18:     0x5e3eae07b742 - <std[617be2ca0a6fd877]::thread::lifecycle::spawn_unchecked<test[aada8e7e76ba119b]::run_test::{closure#1}, ()>::{closure#1} as core[a373ad73a504971]::ops::function::FnOnce<()>>::call_once::{shim:vtable#0}
[INFO] [stdout]   19:     0x5e3eae111b0f - <std[617be2ca0a6fd877]::sys::thread::unix::Thread>::new::thread_start
[INFO] [stdout]   20:     0x788069148dfa - <unknown>
[INFO] [stdout]   21:     0x7880691dc3d4 - clone
[INFO] [stdout]   22:                0x0 - <unknown>
[INFO] [stdout] 
[INFO] [stdout] ---- tests::frontmatter_valid_todo_has_profile_metadata stdout ----
[INFO] [stdout] 
[INFO] [stdout] thread 'tests::frontmatter_valid_todo_has_profile_metadata' (384) panicked at src/lib.rs:719:58:
[INFO] [stdout] reads source fixture: Os { code: 2, kind: NotFound, message: "No such file or directory" }
[INFO] [stdout] stack backtrace:
[INFO] [stdout]    0:     0x5e3eae112611 - <<std[617be2ca0a6fd877]::sys::backtrace::BacktraceLock>::print::DisplayBacktrace as core[a373ad73a504971]::fmt::Display>::fmt
[INFO] [stdout]    1:     0x5e3eae127a1a - core[a373ad73a504971]::fmt::write
[INFO] [stdout]    2:     0x5e3eae11682c - <alloc[2e1b2a31b91974c5]::vec::Vec<u8> as core[a373ad73a504971]::io::write::Write>::write_fmt
[INFO] [stdout]    3:     0x5e3eae0ee586 - std[617be2ca0a6fd877]::panicking::default_hook::{closure#0}
[INFO] [stdout]    4:     0x5e3eae10a949 - std[617be2ca0a6fd877]::panicking::default_hook
[INFO] [stdout]    5:     0x5e3eae078090 - test[aada8e7e76ba119b]::test_main_inner::{closure#0}
[INFO] [stdout]    6:     0x5e3eae10ab02 - std[617be2ca0a6fd877]::panicking::panic_with_hook
[INFO] [stdout]    7:     0x5e3eae0ee632 - std[617be2ca0a6fd877]::panicking::panic_handler::{closure#0}
[INFO] [stdout]    8:     0x5e3eae0e71b9 - std[617be2ca0a6fd877]::sys::backtrace::__rust_end_short_backtrace::<std[617be2ca0a6fd877]::panicking::panic_handler::{closure#0}, !>
[INFO] [stdout]    9:     0x5e3eae0ef23d - __rustc[ea4f61d10b84890b]::rust_begin_unwind
[INFO] [stdout]   10:     0x5e3eae12814c - core[a373ad73a504971]::panicking::panic_fmt
[INFO] [stdout]   11:     0x5e3eae127f22 - core[a373ad73a504971]::result::unwrap_failed
[INFO] [stdout]   12:     0x5e3eae06111b - hmd_parse[e9e3545169543aa6]::tests::parse_fixture
[INFO] [stdout]   13:     0x5e3eae061801 - <hmd_parse[e9e3545169543aa6]::tests::frontmatter_valid_todo_has_profile_metadata::{closure#0} as core[a373ad73a504971]::ops::function::FnOnce<()>>::call_once
[INFO] [stdout]   14:     0x5e3eae06b4db - test[aada8e7e76ba119b]::__rust_begin_short_backtrace::<core[a373ad73a504971]::result::Result<(), alloc[2e1b2a31b91974c5]::string::String>, fn() -> core[a373ad73a504971]::result::Result<(), alloc[2e1b2a31b91974c5]::string::String>>
[INFO] [stdout]   15:     0x5e3eae0786b5 - test[aada8e7e76ba119b]::run_test::{closure#0}
[INFO] [stdout]   16:     0x5e3eae071fa4 - std[617be2ca0a6fd877]::sys::backtrace::__rust_begin_short_backtrace::<test[aada8e7e76ba119b]::run_test::{closure#1}, ()>
[INFO] [stdout]   17:     0x5e3eae07b742 - <std[617be2ca0a6fd877]::thread::lifecycle::spawn_unchecked<test[aada8e7e76ba119b]::run_test::{closure#1}, ()>::{closure#1} as core[a373ad73a504971]::ops::function::FnOnce<()>>::call_once::{shim:vtable#0}
[INFO] [stdout]   18:     0x5e3eae111b0f - <std[617be2ca0a6fd877]::sys::thread::unix::Thread>::new::thread_start
[INFO] [stdout]   19:     0x788069148dfa - <unknown>
[INFO] [stdout]   20:     0x7880691dc3d4 - clone
[INFO] [stdout]   21:                0x0 - <unknown>
[INFO] [stdout] 
[INFO] [stdout] ---- tests::invalid_missing_frontmatter_reports_hmd001 stdout ----
[INFO] [stdout] 
[INFO] [stdout] thread 'tests::invalid_missing_frontmatter_reports_hmd001' (387) panicked at src/lib.rs:719:58:
[INFO] [stdout] reads source fixture: Os { code: 2, kind: NotFound, message: "No such file or directory" }
[INFO] [stdout] stack backtrace:
[INFO] [stdout]    0:     0x5e3eae112611 - <<std[617be2ca0a6fd877]::sys::backtrace::BacktraceLock>::print::DisplayBacktrace as core[a373ad73a504971]::fmt::Display>::fmt
[INFO] [stdout]    1:     0x5e3eae127a1a - core[a373ad73a504971]::fmt::write
[INFO] [stdout]    2:     0x5e3eae11682c - <alloc[2e1b2a31b91974c5]::vec::Vec<u8> as core[a373ad73a504971]::io::write::Write>::write_fmt
[INFO] [stdout]    3:     0x5e3eae0ee586 - std[617be2ca0a6fd877]::panicking::default_hook::{closure#0}
[INFO] [stdout]    4:     0x5e3eae10a949 - std[617be2ca0a6fd877]::panicking::default_hook
[INFO] [stdout]    5:     0x5e3eae078090 - test[aada8e7e76ba119b]::test_main_inner::{closure#0}
[INFO] [stdout]    6:     0x5e3eae10ab02 - std[617be2ca0a6fd877]::panicking::panic_with_hook
[INFO] [stdout]    7:     0x5e3eae0ee632 - std[617be2ca0a6fd877]::panicking::panic_handler::{closure#0}
[INFO] [stdout]    8:     0x5e3eae0e71b9 - std[617be2ca0a6fd877]::sys::backtrace::__rust_end_short_backtrace::<std[617be2ca0a6fd877]::panicking::panic_handler::{closure#0}, !>
[INFO] [stdout]    9:     0x5e3eae0ef23d - __rustc[ea4f61d10b84890b]::rust_begin_unwind
[INFO] [stdout]   10:     0x5e3eae12814c - core[a373ad73a504971]::panicking::panic_fmt
[INFO] [stdout]   11:     0x5e3eae127f22 - core[a373ad73a504971]::result::unwrap_failed
[INFO] [stdout]   12:     0x5e3eae06111b - hmd_parse[e9e3545169543aa6]::tests::parse_fixture
[INFO] [stdout]   13:     0x5e3eae0611a9 - hmd_parse[e9e3545169543aa6]::tests::assert_fixture_reports
[INFO] [stdout]   14:     0x5e3eae0617cc - <hmd_parse[e9e3545169543aa6]::tests::invalid_missing_frontmatter_reports_hmd001::{closure#0} as core[a373ad73a504971]::ops::function::FnOnce<()>>::call_once
[INFO] [stdout]   15:     0x5e3eae06b4db - test[aada8e7e76ba119b]::__rust_begin_short_backtrace::<core[a373ad73a504971]::result::Result<(), alloc[2e1b2a31b91974c5]::string::String>, fn() -> core[a373ad73a504971]::result::Result<(), alloc[2e1b2a31b91974c5]::string::String>>
[INFO] [stdout]   16:     0x5e3eae0786b5 - test[aada8e7e76ba119b]::run_test::{closure#0}
[INFO] [stdout]   17:     0x5e3eae071fa4 - std[617be2ca0a6fd877]::sys::backtrace::__rust_begin_short_backtrace::<test[aada8e7e76ba119b]::run_test::{closure#1}, ()>
[INFO] [stdout]   18:     0x5e3eae07b742 - <std[617be2ca0a6fd877]::thread::lifecycle::spawn_unchecked<test[aada8e7e76ba119b]::run_test::{closure#1}, ()>::{closure#1} as core[a373ad73a504971]::ops::function::FnOnce<()>>::call_once::{shim:vtable#0}
[INFO] [stdout]   19:     0x5e3eae111b0f - <std[617be2ca0a6fd877]::sys::thread::unix::Thread>::new::thread_start
[INFO] [stdout]   20:     0x788069148dfa - <unknown>
[INFO] [stdout]   21:     0x7880691dc3d4 - clone
[INFO] [stdout]   22:                0x0 - <unknown>
[INFO] [stdout] 
[INFO] [stdout] ---- tests::invalid_unknown_profile_reports_hmd007 stdout ----
[INFO] [stdout] 
[INFO] [stdout] thread 'tests::invalid_unknown_profile_reports_hmd007' (390) panicked at src/lib.rs:719:58:
[INFO] [stdout] reads source fixture: Os { code: 2, kind: NotFound, message: "No such file or directory" }
[INFO] [stdout] stack backtrace:
[INFO] [stdout]    0:     0x5e3eae112611 - <<std[617be2ca0a6fd877]::sys::backtrace::BacktraceLock>::print::DisplayBacktrace as core[a373ad73a504971]::fmt::Display>::fmt
[INFO] [stdout]    1:     0x5e3eae127a1a - core[a373ad73a504971]::fmt::write
[INFO] [stdout]    2:     0x5e3eae11682c - <alloc[2e1b2a31b91974c5]::vec::Vec<u8> as core[a373ad73a504971]::io::write::Write>::write_fmt
[INFO] [stdout]    3:     0x5e3eae0ee586 - std[617be2ca0a6fd877]::panicking::default_hook::{closure#0}
[INFO] [stdout]    4:     0x5e3eae10a949 - std[617be2ca0a6fd877]::panicking::default_hook
[INFO] [stdout]    5:     0x5e3eae078090 - test[aada8e7e76ba119b]::test_main_inner::{closure#0}
[INFO] [stdout]    6:     0x5e3eae10ab02 - std[617be2ca0a6fd877]::panicking::panic_with_hook
[INFO] [stdout]    7:     0x5e3eae0ee632 - std[617be2ca0a6fd877]::panicking::panic_handler::{closure#0}
[INFO] [stdout]    8:     0x5e3eae0e71b9 - std[617be2ca0a6fd877]::sys::backtrace::__rust_end_short_backtrace::<std[617be2ca0a6fd877]::panicking::panic_handler::{closure#0}, !>
[INFO] [stdout]    9:     0x5e3eae0ef23d - __rustc[ea4f61d10b84890b]::rust_begin_unwind
[INFO] [stdout]   10:     0x5e3eae12814c - core[a373ad73a504971]::panicking::panic_fmt
[INFO] [stdout]   11:     0x5e3eae127f22 - core[a373ad73a504971]::result::unwrap_failed
[INFO] [stdout]   12:     0x5e3eae06111b - hmd_parse[e9e3545169543aa6]::tests::parse_fixture
[INFO] [stdout]   13:     0x5e3eae0611a9 - hmd_parse[e9e3545169543aa6]::tests::assert_fixture_reports
[INFO] [stdout]   14:     0x5e3eae06179c - <hmd_parse[e9e3545169543aa6]::tests::invalid_unknown_profile_reports_hmd007::{closure#0} as core[a373ad73a504971]::ops::function::FnOnce<()>>::call_once
[INFO] [stdout]   15:     0x5e3eae06b4db - test[aada8e7e76ba119b]::__rust_begin_short_backtrace::<core[a373ad73a504971]::result::Result<(), alloc[2e1b2a31b91974c5]::string::String>, fn() -> core[a373ad73a504971]::result::Result<(), alloc[2e1b2a31b91974c5]::string::String>>
[INFO] [stdout]   16:     0x5e3eae0786b5 - test[aada8e7e76ba119b]::run_test::{closure#0}
[INFO] [stdout]   17:     0x5e3eae071fa4 - std[617be2ca0a6fd877]::sys::backtrace::__rust_begin_short_backtrace::<test[aada8e7e76ba119b]::run_test::{closure#1}, ()>
[INFO] [stdout]   18:     0x5e3eae07b742 - <std[617be2ca0a6fd877]::thread::lifecycle::spawn_unchecked<test[aada8e7e76ba119b]::run_test::{closure#1}, ()>::{closure#1} as core[a373ad73a504971]::ops::function::FnOnce<()>>::call_once::{shim:vtable#0}
[INFO] [stdout]   19:     0x5e3eae111b0f - <std[617be2ca0a6fd877]::sys::thread::unix::Thread>::new::thread_start
[INFO] [stdout]   20:     0x788069148dfa - <unknown>
[INFO] [stdout]   21:     0x7880691dc3d4 - clone
[INFO] [stdout]   22:                0x0 - <unknown>
[INFO] [stdout] 
[INFO] [stdout] ---- tests::invalid_unclosed_block_reports_hmd003 stdout ----
[INFO] [stdout] 
[INFO] [stdout] thread 'tests::invalid_unclosed_block_reports_hmd003' (389) panicked at src/lib.rs:719:58:
[INFO] [stdout] reads source fixture: Os { code: 2, kind: NotFound, message: "No such file or directory" }
[INFO] [stdout] stack backtrace:
[INFO] [stdout]    0:     0x5e3eae112611 - <<std[617be2ca0a6fd877]::sys::backtrace::BacktraceLock>::print::DisplayBacktrace as core[a373ad73a504971]::fmt::Display>::fmt
[INFO] [stdout]    1:     0x5e3eae127a1a - core[a373ad73a504971]::fmt::write
[INFO] [stdout]    2:     0x5e3eae11682c - <alloc[2e1b2a31b91974c5]::vec::Vec<u8> as core[a373ad73a504971]::io::write::Write>::write_fmt
[INFO] [stdout]    3:     0x5e3eae0ee586 - std[617be2ca0a6fd877]::panicking::default_hook::{closure#0}
[INFO] [stdout]    4:     0x5e3eae10a949 - std[617be2ca0a6fd877]::panicking::default_hook
[INFO] [stdout]    5:     0x5e3eae078090 - test[aada8e7e76ba119b]::test_main_inner::{closure#0}
[INFO] [stdout]    6:     0x5e3eae10ab02 - std[617be2ca0a6fd877]::panicking::panic_with_hook
[INFO] [stdout]    7:     0x5e3eae0ee632 - std[617be2ca0a6fd877]::panicking::panic_handler::{closure#0}
[INFO] [stdout]    8:     0x5e3eae0e71b9 - std[617be2ca0a6fd877]::sys::backtrace::__rust_end_short_backtrace::<std[617be2ca0a6fd877]::panicking::panic_handler::{closure#0}, !>
[INFO] [stdout]    9:     0x5e3eae0ef23d - __rustc[ea4f61d10b84890b]::rust_begin_unwind
[INFO] [stdout]   10:     0x5e3eae12814c - core[a373ad73a504971]::panicking::panic_fmt
[INFO] [stdout]   11:     0x5e3eae127f22 - core[a373ad73a504971]::result::unwrap_failed
[INFO] [stdout]   12:     0x5e3eae06111b - hmd_parse[e9e3545169543aa6]::tests::parse_fixture
[INFO] [stdout]   13:     0x5e3eae0611a9 - hmd_parse[e9e3545169543aa6]::tests::assert_fixture_reports
[INFO] [stdout]   14:     0x5e3eae06176c - <hmd_parse[e9e3545169543aa6]::tests::invalid_unclosed_block_reports_hmd003::{closure#0} as core[a373ad73a504971]::ops::function::FnOnce<()>>::call_once
[INFO] [stdout]   15:     0x5e3eae06b4db - test[aada8e7e76ba119b]::__rust_begin_short_backtrace::<core[a373ad73a504971]::result::Result<(), alloc[2e1b2a31b91974c5]::string::String>, fn() -> core[a373ad73a504971]::result::Result<(), alloc[2e1b2a31b91974c5]::string::String>>
[INFO] [stdout]   16:     0x5e3eae0786b5 - test[aada8e7e76ba119b]::run_test::{closure#0}
[INFO] [stdout]   17:     0x5e3eae071fa4 - std[617be2ca0a6fd877]::sys::backtrace::__rust_begin_short_backtrace::<test[aada8e7e76ba119b]::run_test::{closure#1}, ()>
[INFO] [stdout]   18:     0x5e3eae07b742 - <std[617be2ca0a6fd877]::thread::lifecycle::spawn_unchecked<test[aada8e7e76ba119b]::run_test::{closure#1}, ()>::{closure#1} as core[a373ad73a504971]::ops::function::FnOnce<()>>::call_once::{shim:vtable#0}
[INFO] [stdout]   19:     0x5e3eae111b0f - <std[617be2ca0a6fd877]::sys::thread::unix::Thread>::new::thread_start
[INFO] [stdout]   20:     0x788069148dfa - <unknown>
[INFO] [stdout]   21:     0x7880691dc3d4 - clone
[INFO] [stdout]   22:                0x0 - <unknown>
[INFO] [stdout] 
[INFO] [stdout] ---- tests::parse_decision_basic_matches_fixture stdout ----
[INFO] [stdout] 
[INFO] [stdout] thread 'tests::parse_decision_basic_matches_fixture' (391) panicked at src/lib.rs:719:58:
[INFO] [stdout] reads source fixture: Os { code: 2, kind: NotFound, message: "No such file or directory" }
[INFO] [stdout] stack backtrace:
[INFO] [stdout]    0:     0x5e3eae112611 - <<std[617be2ca0a6fd877]::sys::backtrace::BacktraceLock>::print::DisplayBacktrace as core[a373ad73a504971]::fmt::Display>::fmt
[INFO] [stdout]    1:     0x5e3eae127a1a - core[a373ad73a504971]::fmt::write
[INFO] [stdout]    2:     0x5e3eae11682c - <alloc[2e1b2a31b91974c5]::vec::Vec<u8> as core[a373ad73a504971]::io::write::Write>::write_fmt
[INFO] [stdout]    3:     0x5e3eae0ee586 - std[617be2ca0a6fd877]::panicking::default_hook::{closure#0}
[INFO] [stdout]    4:     0x5e3eae10a949 - std[617be2ca0a6fd877]::panicking::default_hook
[INFO] [stdout]    5:     0x5e3eae078090 - test[aada8e7e76ba119b]::test_main_inner::{closure#0}
[INFO] [stdout]    6:     0x5e3eae10ab02 - std[617be2ca0a6fd877]::panicking::panic_with_hook
[INFO] [stdout]    7:     0x5e3eae0ee632 - std[617be2ca0a6fd877]::panicking::panic_handler::{closure#0}
[INFO] [stdout]    8:     0x5e3eae0e71b9 - std[617be2ca0a6fd877]::sys::backtrace::__rust_end_short_backtrace::<std[617be2ca0a6fd877]::panicking::panic_handler::{closure#0}, !>
[INFO] [stdout]    9:     0x5e3eae0ef23d - __rustc[ea4f61d10b84890b]::rust_begin_unwind
[INFO] [stdout]   10:     0x5e3eae12814c - core[a373ad73a504971]::panicking::panic_fmt
[INFO] [stdout]   11:     0x5e3eae127f22 - core[a373ad73a504971]::result::unwrap_failed
[INFO] [stdout]   12:     0x5e3eae06111b - hmd_parse[e9e3545169543aa6]::tests::parse_fixture
[INFO] [stdout]   13:     0x5e3eae0612a9 - hmd_parse[e9e3545169543aa6]::tests::assert_parse_matches_fixture
[INFO] [stdout]   14:     0x5e3eae061741 - <hmd_parse[e9e3545169543aa6]::tests::parse_decision_basic_matches_fixture::{closure#0} as core[a373ad73a504971]::ops::function::FnOnce<()>>::call_once
[INFO] [stdout]   15:     0x5e3eae06b4db - test[aada8e7e76ba119b]::__rust_begin_short_backtrace::<core[a373ad73a504971]::result::Result<(), alloc[2e1b2a31b91974c5]::string::String>, fn() -> core[a373ad73a504971]::result::Result<(), alloc[2e1b2a31b91974c5]::string::String>>
[INFO] [stdout]   16:     0x5e3eae0786b5 - test[aada8e7e76ba119b]::run_test::{closure#0}
[INFO] [stdout]   17:     0x5e3eae071fa4 - std[617be2ca0a6fd877]::sys::backtrace::__rust_begin_short_backtrace::<test[aada8e7e76ba119b]::run_test::{closure#1}, ()>
[INFO] [stdout]   18:     0x5e3eae07b742 - <std[617be2ca0a6fd877]::thread::lifecycle::spawn_unchecked<test[aada8e7e76ba119b]::run_test::{closure#1}, ()>::{closure#1} as core[a373ad73a504971]::ops::function::FnOnce<()>>::call_once::{shim:vtable#0}
[INFO] [stdout]   19:     0x5e3eae111b0f - <std[617be2ca0a6fd877]::sys::thread::unix::Thread>::new::thread_start
[INFO] [stdout]   20:     0x788069148dfa - <unknown>
[INFO] [stdout]   21:     0x7880691dc3d4 - clone
[INFO] [stdout]   22:                0x0 - <unknown>
[INFO] [stdout] 
[INFO] [stdout] ---- tests::invalid_block_type_reports_hmd004 stdout ----
[INFO] [stdout] 
[INFO] [stdout] thread 'tests::invalid_block_type_reports_hmd004' (385) panicked at src/lib.rs:719:58:
[INFO] [stdout] reads source fixture: Os { code: 2, kind: NotFound, message: "No such file or directory" }
[INFO] [stdout] stack backtrace:
[INFO] [stdout]    0:     0x5e3eae112611 - <<std[617be2ca0a6fd877]::sys::backtrace::BacktraceLock>::print::DisplayBacktrace as core[a373ad73a504971]::fmt::Display>::fmt
[INFO] [stdout]    1:     0x5e3eae127a1a - core[a373ad73a504971]::fmt::write
[INFO] [stdout]    2:     0x5e3eae11682c - <alloc[2e1b2a31b91974c5]::vec::Vec<u8> as core[a373ad73a504971]::io::write::Write>::write_fmt
[INFO] [stdout]    3:     0x5e3eae0ee586 - std[617be2ca0a6fd877]::panicking::default_hook::{closure#0}
[INFO] [stdout]    4:     0x5e3eae10a949 - std[617be2ca0a6fd877]::panicking::default_hook
[INFO] [stdout]    5:     0x5e3eae078090 - test[aada8e7e76ba119b]::test_main_inner::{closure#0}
[INFO] [stdout]    6:     0x5e3eae10ab02 - std[617be2ca0a6fd877]::panicking::panic_with_hook
[INFO] [stdout]    7:     0x5e3eae0ee632 - std[617be2ca0a6fd877]::panicking::panic_handler::{closure#0}
[INFO] [stdout]    8:     0x5e3eae0e71b9 - std[617be2ca0a6fd877]::sys::backtrace::__rust_end_short_backtrace::<std[617be2ca0a6fd877]::panicking::panic_handler::{closure#0}, !>
[INFO] [stdout]    9:     0x5e3eae0ef23d - __rustc[ea4f61d10b84890b]::rust_begin_unwind
[INFO] [stdout]   10:     0x5e3eae12814c - core[a373ad73a504971]::panicking::panic_fmt
[INFO] [stdout]   11:     0x5e3eae127f22 - core[a373ad73a504971]::result::unwrap_failed
[INFO] [stdout]   12:     0x5e3eae06111b - hmd_parse[e9e3545169543aa6]::tests::parse_fixture
[INFO] [stdout]   13:     0x5e3eae0611a9 - hmd_parse[e9e3545169543aa6]::tests::assert_fixture_reports
[INFO] [stdout]   14:     0x5e3eae0616dc - <hmd_parse[e9e3545169543aa6]::tests::invalid_block_type_reports_hmd004::{closure#0} as core[a373ad73a504971]::ops::function::FnOnce<()>>::call_once
[INFO] [stdout]   15:     0x5e3eae06b4db - test[aada8e7e76ba119b]::__rust_begin_short_backtrace::<core[a373ad73a504971]::result::Result<(), alloc[2e1b2a31b91974c5]::string::String>, fn() -> core[a373ad73a504971]::result::Result<(), alloc[2e1b2a31b91974c5]::string::String>>
[INFO] [stdout]   16:     0x5e3eae0786b5 - test[aada8e7e76ba119b]::run_test::{closure#0}
[INFO] [stdout]   17:     0x5e3eae071fa4 - std[617be2ca0a6fd877]::sys::backtrace::__rust_begin_short_backtrace::<test[aada8e7e76ba119b]::run_test::{closure#1}, ()>
[INFO] [stdout]   18:     0x5e3eae07b742 - <std[617be2ca0a6fd877]::thread::lifecycle::spawn_unchecked<test[aada8e7e76ba119b]::run_test::{closure#1}, ()>::{closure#1} as core[a373ad73a504971]::ops::function::FnOnce<()>>::call_once::{shim:vtable#0}
[INFO] [stdout]   19:     0x5e3eae111b0f - <std[617be2ca0a6fd877]::sys::thread::unix::Thread>::new::thread_start
[INFO] [stdout]   20:     0x788069148dfa - <unknown>
[INFO] [stdout]   21:     0x7880691dc3d4 - clone
[INFO] [stdout]   22:                0x0 - <unknown>
[INFO] [stdout] 
[INFO] [stdout] ---- tests::parse_todo_basic_matches_fixture stdout ----
[INFO] [stdout] 
[INFO] [stdout] thread 'tests::parse_todo_basic_matches_fixture' (392) panicked at src/lib.rs:719:58:
[INFO] [stdout] reads source fixture: Os { code: 2, kind: NotFound, message: "No such file or directory" }
[INFO] [stdout] stack backtrace:
[INFO] [stdout]    0:     0x5e3eae112611 - <<std[617be2ca0a6fd877]::sys::backtrace::BacktraceLock>::print::DisplayBacktrace as core[a373ad73a504971]::fmt::Display>::fmt
[INFO] [stdout]    1:     0x5e3eae127a1a - core[a373ad73a504971]::fmt::write
[INFO] [stdout]    2:     0x5e3eae11682c - <alloc[2e1b2a31b91974c5]::vec::Vec<u8> as core[a373ad73a504971]::io::write::Write>::write_fmt
[INFO] [stdout]    3:     0x5e3eae0ee586 - std[617be2ca0a6fd877]::panicking::default_hook::{closure#0}
[INFO] [stdout]    4:     0x5e3eae10a949 - std[617be2ca0a6fd877]::panicking::default_hook
[INFO] [stdout]    5:     0x5e3eae078090 - test[aada8e7e76ba119b]::test_main_inner::{closure#0}
[INFO] [stdout]    6:     0x5e3eae10ab02 - std[617be2ca0a6fd877]::panicking::panic_with_hook
[INFO] [stdout]    7:     0x5e3eae0ee632 - std[617be2ca0a6fd877]::panicking::panic_handler::{closure#0}
[INFO] [stdout]    8:     0x5e3eae0e71b9 - std[617be2ca0a6fd877]::sys::backtrace::__rust_end_short_backtrace::<std[617be2ca0a6fd877]::panicking::panic_handler::{closure#0}, !>
[INFO] [stdout]    9:     0x5e3eae0ef23d - __rustc[ea4f61d10b84890b]::rust_begin_unwind
[INFO] [stdout]   10:     0x5e3eae12814c - core[a373ad73a504971]::panicking::panic_fmt
[INFO] [stdout]   11:     0x5e3eae127f22 - core[a373ad73a504971]::result::unwrap_failed
[INFO] [stdout]   12:     0x5e3eae06111b - hmd_parse[e9e3545169543aa6]::tests::parse_fixture
[INFO] [stdout]   13:     0x5e3eae0612a9 - hmd_parse[e9e3545169543aa6]::tests::assert_parse_matches_fixture
[INFO] [stdout]   14:     0x5e3eae0616b1 - <hmd_parse[e9e3545169543aa6]::tests::parse_todo_basic_matches_fixture::{closure#0} as core[a373ad73a504971]::ops::function::FnOnce<()>>::call_once
[INFO] [stdout]   15:     0x5e3eae06b4db - test[aada8e7e76ba119b]::__rust_begin_short_backtrace::<core[a373ad73a504971]::result::Result<(), alloc[2e1b2a31b91974c5]::string::String>, fn() -> core[a373ad73a504971]::result::Result<(), alloc[2e1b2a31b91974c5]::string::String>>
[INFO] [stdout]   16:     0x5e3eae0786b5 - test[aada8e7e76ba119b]::run_test::{closure#0}
[INFO] [stdout]   17:     0x5e3eae071fa4 - std[617be2ca0a6fd877]::sys::backtrace::__rust_begin_short_backtrace::<test[aada8e7e76ba119b]::run_test::{closure#1}, ()>
[INFO] [stdout]   18:     0x5e3eae07b742 - <std[617be2ca0a6fd877]::thread::lifecycle::spawn_unchecked<test[aada8e7e76ba119b]::run_test::{closure#1}, ()>::{closure#1} as core[a373ad73a504971]::ops::function::FnOnce<()>>::call_once::{shim:vtable#0}
[INFO] [stdout]   19:     0x5e3eae111b0f - <std[617be2ca0a6fd877]::sys::thread::unix::Thread>::new::thread_start
[INFO] [stdout]   20:     0x788069148dfa - <unknown>
[INFO] [stdout]   21:     0x7880691dc3d4 - clone
[INFO] [stdout]   22:                0x0 - <unknown>
[INFO] [stdout] 
[INFO] [stdout] 
[INFO] [stdout] failures:
[INFO] [stdout]     tests::frontmatter_valid_todo_has_profile_metadata
[INFO] [stdout]     tests::invalid_block_type_reports_hmd004
[INFO] [stdout]     tests::invalid_duplicate_id_reports_hmd006
[INFO] [stdout]     tests::invalid_missing_frontmatter_reports_hmd001
[INFO] [stdout]     tests::invalid_toml_reports_hmd002
[INFO] [stdout]     tests::invalid_unclosed_block_reports_hmd003
[INFO] [stdout]     tests::invalid_unknown_profile_reports_hmd007
[INFO] [stdout]     tests::parse_decision_basic_matches_fixture
[INFO] [stdout]     tests::parse_todo_basic_matches_fixture
[INFO] [stdout] 
[INFO] [stdout] test result: FAILED. 0 passed; 9 failed; 0 ignored; 0 measured; 0 filtered out; finished in 0.01s
[INFO] [stdout] 
[INFO] running `Command { std: "docker" "inspect" "c4945e38894db6e74a920e9cb9621a0be96d76e0442dd8c26261b48f799882ac", kill_on_drop: false }`
[INFO] running `Command { std: "docker" "rm" "-f" "c4945e38894db6e74a920e9cb9621a0be96d76e0442dd8c26261b48f799882ac", kill_on_drop: false }`
[INFO] [stdout] c4945e38894db6e74a920e9cb9621a0be96d76e0442dd8c26261b48f799882ac
