[INFO] fetching crate hm-pipeline-ir 0.0.9...
[INFO] testing hm-pipeline-ir-0.0.9 against 1.99.0-beta.8+cargoflags=--release for beta-release-1.100-2
[INFO] extracting crate hm-pipeline-ir 0.0.9 into /workspace/builds/worker-6-tc1/source
[INFO] started tweaking crates.io crate hm-pipeline-ir 0.0.9
[INFO] removed 0 missing tests
[INFO] finished tweaking crates.io crate hm-pipeline-ir 0.0.9
[INFO] tweaked toml for crates.io crate hm-pipeline-ir 0.0.9 written to /workspace/builds/worker-6-tc1/source/Cargo.toml
[INFO] validating manifest of crates.io crate hm-pipeline-ir 0.0.9 on toolchain 1.99.0-beta.8
[INFO] running `Command { std: CARGO_HOME="/workspace/cargo-home" RUSTUP_HOME="/workspace/rustup-home" "/workspace/cargo-home/bin/cargo" "+1.99.0-beta.8" "metadata" "--manifest-path" "Cargo.toml" "--no-deps", kill_on_drop: false }`
[INFO] crate crates.io crate hm-pipeline-ir 0.0.9 already has a lockfile, it will not be regenerated
[INFO] running `Command { std: CARGO_HOME="/workspace/cargo-home" RUSTUP_HOME="/workspace/rustup-home" "/workspace/cargo-home/bin/cargo" "+1.99.0-beta.8" "fetch" "--manifest-path" "Cargo.toml", kill_on_drop: false }`
[INFO] [stderr]     Updating crates.io index
[INFO] [stderr]  Downloading crates ...
[INFO] [stderr]   Downloaded daggy v0.9.0
[INFO] running `Command { std: "docker" "create" "-v" "/var/lib/crater-agent-workspace/builds/worker-6-tc1/source:/opt/rustwide/workdir:ro,Z" "-v" "/var/lib/crater-agent-workspace/builds/worker-6-tc1/target:/opt/rustwide/target:rw,Z" "-v" "/var/lib/crater-agent-workspace/cargo-home:/opt/rustwide/cargo-home:ro,Z" "-v" "/var/lib/crater-agent-workspace/rustup-home:/opt/rustwide/rustup-home:ro,Z" "-m" "1610612736" "--network" "none" "ghcr.io/rust-lang/crates-build-env/linux@sha256:77db811e55d90add9212f6832c23229e3de5f1c1f9905e8cb07319ea15df73ac" "sleep" "infinity", kill_on_drop: false }`
[INFO] [stdout] 8908cc28fc17805e7a2b646721a063bd456f901dfe1c903c0854fa1b392e5023
[INFO] running `Command { std: "docker" "start" "8908cc28fc17805e7a2b646721a063bd456f901dfe1c903c0854fa1b392e5023", kill_on_drop: false }`
[INFO] running `Command { std: "docker" "inspect" "8908cc28fc17805e7a2b646721a063bd456f901dfe1c903c0854fa1b392e5023", kill_on_drop: false }`
[INFO] running `Command { std: "docker" "exec" "-e" "SOURCE_DIR=/opt/rustwide/workdir" "-e" "CARGO_HOME=/opt/rustwide/cargo-home" "-e" "RUSTUP_HOME=/opt/rustwide/rustup-home" "-e" "CARGO_TARGET_DIR=/opt/rustwide/target" "-w" "/opt/rustwide/workdir" "--user" "0:0" "8908cc28fc17805e7a2b646721a063bd456f901dfe1c903c0854fa1b392e5023" "/opt/rustwide/cargo-home/bin/cargo" "+1.99.0-beta.8" "metadata" "--no-deps" "--format-version=1", kill_on_drop: false }`
[INFO] running `Command { std: "docker" "inspect" "8908cc28fc17805e7a2b646721a063bd456f901dfe1c903c0854fa1b392e5023", kill_on_drop: false }`
[INFO] running `Command { std: "docker" "exec" "-e" "SOURCE_DIR=/opt/rustwide/workdir" "-e" "CARGO_HOME=/opt/rustwide/cargo-home" "-e" "RUSTUP_HOME=/opt/rustwide/rustup-home" "-e" "CARGO_TARGET_DIR=/opt/rustwide/target" "-e" "CARGO_INCREMENTAL=0" "-e" "RUST_BACKTRACE=full" "-e" "RUSTFLAGS=--cap-lints=warn" "-e" "RUSTDOCFLAGS=--cap-lints=warn" "-w" "/opt/rustwide/workdir" "--user" "0:0" "8908cc28fc17805e7a2b646721a063bd456f901dfe1c903c0854fa1b392e5023" "/opt/rustwide/cargo-home/bin/cargo" "+1.99.0-beta.8" "build" "--frozen" "--message-format=json" "--release", kill_on_drop: false }`
[INFO] [stderr]    Compiling indexmap v1.9.3
[INFO] [stderr]    Compiling indexmap v2.14.0
[INFO] [stderr]    Compiling syn v2.0.117
[INFO] [stderr]    Compiling hashbrown v0.15.5
[INFO] [stderr]    Compiling schemars v0.8.22
[INFO] [stderr]    Compiling fixedbitset v0.5.7
[INFO] [stderr]    Compiling chrono v0.4.44
[INFO] [stderr]    Compiling semver v1.0.28
[INFO] [stderr]    Compiling dyn-clone v1.0.20
[INFO] [stderr]    Compiling uuid v1.23.1
[INFO] [stderr]    Compiling serde_derive_internals v0.29.1
[INFO] [stderr]    Compiling serde_derive v1.0.228
[INFO] [stderr]    Compiling schemars_derive v0.8.22
[INFO] [stderr]    Compiling serde v1.0.228
[INFO] [stderr]    Compiling petgraph v0.8.3
[INFO] [stderr]    Compiling daggy v0.9.0
[INFO] [stderr]    Compiling hm-pipeline-ir v0.0.9 (/opt/rustwide/workdir)
[INFO] [stderr]     Finished `release` profile [optimized] target(s) in 27.54s
[INFO] running `Command { std: "docker" "inspect" "8908cc28fc17805e7a2b646721a063bd456f901dfe1c903c0854fa1b392e5023", kill_on_drop: false }`
[INFO] running `Command { std: "docker" "exec" "-e" "SOURCE_DIR=/opt/rustwide/workdir" "-e" "CARGO_HOME=/opt/rustwide/cargo-home" "-e" "RUSTUP_HOME=/opt/rustwide/rustup-home" "-e" "CARGO_TARGET_DIR=/opt/rustwide/target" "-e" "CARGO_INCREMENTAL=0" "-e" "RUST_BACKTRACE=full" "-e" "RUSTFLAGS=--cap-lints=warn" "-e" "RUSTDOCFLAGS=--cap-lints=warn" "-w" "/opt/rustwide/workdir" "--user" "0:0" "8908cc28fc17805e7a2b646721a063bd456f901dfe1c903c0854fa1b392e5023" "/opt/rustwide/cargo-home/bin/cargo" "+1.99.0-beta.8" "test" "--frozen" "--no-run" "--message-format=json" "--release", kill_on_drop: false }`
[INFO] [stderr]    Compiling libc v0.2.185
[INFO] [stderr]    Compiling similar v2.7.0
[INFO] [stderr]    Compiling getrandom v0.4.2
[INFO] [stderr]    Compiling console v0.16.3
[INFO] [stderr]    Compiling tempfile v3.27.0
[INFO] [stderr]    Compiling insta v1.47.2
[INFO] [stderr]    Compiling hm-pipeline-ir v0.0.9 (/opt/rustwide/workdir)
[INFO] [stderr]     Finished `release` profile [optimized] target(s) in 34.62s
[INFO] running `Command { std: "docker" "inspect" "8908cc28fc17805e7a2b646721a063bd456f901dfe1c903c0854fa1b392e5023", kill_on_drop: false }`
[INFO] running `Command { std: "docker" "exec" "-e" "SOURCE_DIR=/opt/rustwide/workdir" "-e" "CARGO_HOME=/opt/rustwide/cargo-home" "-e" "RUSTUP_HOME=/opt/rustwide/rustup-home" "-e" "CARGO_TARGET_DIR=/opt/rustwide/target" "-e" "CARGO_INCREMENTAL=0" "-e" "RUST_BACKTRACE=full" "-e" "RUSTFLAGS=--cap-lints=warn" "-e" "RUSTDOCFLAGS=--cap-lints=warn" "-w" "/opt/rustwide/workdir" "--user" "0:0" "8908cc28fc17805e7a2b646721a063bd456f901dfe1c903c0854fa1b392e5023" "/opt/rustwide/cargo-home/bin/cargo" "+1.99.0-beta.8" "test" "--frozen" "--release", kill_on_drop: false }`
[INFO] [stderr]     Finished `release` profile [optimized] target(s) in 0.06s
[INFO] [stderr]      Running unittests src/lib.rs (/opt/rustwide/target/release/deps/hm_pipeline_ir-a9d828ccb4bd0577)
[INFO] [stdout] 
[INFO] [stdout] running 3 tests
[INFO] [stdout] test graph::timeout_tests::pipeline_timeout_defaults_to_none ... ok
[INFO] [stdout] test graph::timeout_tests::rejects_zero_pipeline_timeout_seconds ... ok
[INFO] [stdout] test graph::timeout_tests::deserializes_pipeline_timeout_seconds ... ok
[INFO] [stdout] 
[INFO] [stdout] test result: ok. 3 passed; 0 failed; 0 ignored; 0 measured; 0 filtered out; finished in 0.00s
[INFO] [stdout] 
[INFO] [stderr]      Running tests/e2e_fixtures.rs (/opt/rustwide/target/release/deps/e2e_fixtures-029900fb85fe11f2)
[INFO] [stdout] 
[INFO] [stdout] running 14 tests
[INFO] [stdout] test parity_default_image ... FAILED
[INFO] [stdout] test python_kitchen_sink ... FAILED
[INFO] [stdout] test parity_edge_kinds ... FAILED
[INFO] [stdout] test parity_step_labels ... FAILED
[INFO] [stdout] test parity_env_keys ... FAILED
[INFO] [stdout] test parity_node_count ... FAILED
[INFO] [stdout] test python_rust_release ... FAILED
[INFO] [stdout] test ts_zig_node_polyglot ... FAILED
[INFO] [stdout] test python_zig_node_polyglot ... FAILED
[INFO] [stderr] error: test failed, to rerun pass `--test e2e_fixtures`
[INFO] [stdout] test ts_kitchen_sink ... FAILED
[INFO] [stdout] test python_monorepo_ci ... FAILED
[INFO] [stdout] test all_fixtures_have_valid_structure ... FAILED
[INFO] [stdout] test ts_monorepo_ci ... FAILED
[INFO] [stdout] test ts_rust_release ... FAILED
[INFO] [stdout] 
[INFO] [stdout] failures:
[INFO] [stdout] 
[INFO] [stdout] ---- parity_default_image stdout ----
[INFO] [stdout] 
[INFO] [stdout] thread 'parity_default_image' (726) panicked at tests/e2e_fixtures.rs:29:52:
[INFO] [stdout] read /opt/rustwide/workdir/../../tests/e2e/fixtures/python/monorepo-ci.json: No such file or directory (os error 2)
[INFO] [stdout] stack backtrace:
[INFO] [stdout]    0:     0x60afab69e221 - <<std[70759c8f55707aa4]::sys::backtrace::BacktraceLock>::print::DisplayBacktrace as core[df12db4294e9bfd3]::fmt::Display>::fmt
[INFO] [stdout]    1:     0x60afab6b2e1a - core[df12db4294e9bfd3]::fmt::write
[INFO] [stdout]    2:     0x60afab6a26dc - <alloc[2182bb758b4b3781]::vec::Vec<u8> as core[df12db4294e9bfd3]::io::write::Write>::write_fmt
[INFO] [stdout]    3:     0x60afab67a366 - std[70759c8f55707aa4]::panicking::default_hook::{closure#0}
[INFO] [stdout]    4:     0x60afab696669 - std[70759c8f55707aa4]::panicking::default_hook
[INFO] [stdout]    5:     0x60afab62d710 - test[9d35eded1c95d3be]::test_main_inner::<test[9d35eded1c95d3be]::test_main_static::{closure#0}>::{closure#0}
[INFO] [stdout]    6:     0x60afab696822 - std[70759c8f55707aa4]::panicking::panic_with_hook
[INFO] [stdout]    7:     0x60afab67a412 - std[70759c8f55707aa4]::panicking::panic_handler::{closure#0}
[INFO] [stdout]    8:     0x60afab673009 - std[70759c8f55707aa4]::sys::backtrace::__rust_end_short_backtrace::<std[70759c8f55707aa4]::panicking::panic_handler::{closure#0}, !>
[INFO] [stdout]    9:     0x60afab67b00d - __rustc[8fa7c3cbc660c2b3]::rust_begin_unwind
[INFO] [stdout]   10:     0x60afab6b354c - core[df12db4294e9bfd3]::panicking::panic_fmt
[INFO] [stdout]   11:     0x60afab6104b9 - e2e_fixtures[20614510467be817]::load_fixture::{closure#0}
[INFO] [stdout]   12:     0x60afab6108fd - e2e_fixtures[20614510467be817]::load_fixture
[INFO] [stdout]   13:     0x60afab6170e4 - <e2e_fixtures[20614510467be817]::parity_default_image::{closure#0} as core[df12db4294e9bfd3]::ops::function::FnOnce<()>>::call_once
[INFO] [stdout]   14:     0x60afab6209fb - test[9d35eded1c95d3be]::__rust_begin_short_backtrace::<core[df12db4294e9bfd3]::result::Result<(), alloc[2182bb758b4b3781]::string::String>, fn() -> core[df12db4294e9bfd3]::result::Result<(), alloc[2182bb758b4b3781]::string::String>>
[INFO] [stdout]   15:     0x60afab62e065 - test[9d35eded1c95d3be]::run_test::{closure#0}
[INFO] [stdout]   16:     0x60afab627924 - std[70759c8f55707aa4]::sys::backtrace::__rust_begin_short_backtrace::<test[9d35eded1c95d3be]::run_test::{closure#1}, ()>
[INFO] [stdout]   17:     0x60afab6311c2 - <std[70759c8f55707aa4]::thread::lifecycle::spawn_unchecked<test[9d35eded1c95d3be]::run_test::{closure#1}, ()>::{closure#1} as core[df12db4294e9bfd3]::ops::function::FnOnce<()>>::call_once::{shim:vtable#0}
[INFO] [stdout]   18:     0x60afab69d7d9 - <std[70759c8f55707aa4]::sys::thread::unix::Thread>::new::thread_start
[INFO] [stdout]   19:     0x71510a103dfa - <unknown>
[INFO] [stdout]   20:     0x71510a1973d4 - clone
[INFO] [stdout]   21:                0x0 - <unknown>
[INFO] [stdout] 
[INFO] [stdout] ---- python_kitchen_sink stdout ----
[INFO] [stdout] 
[INFO] [stdout] thread 'python_kitchen_sink' (731) panicked at tests/e2e_fixtures.rs:29:52:
[INFO] [stdout] read /opt/rustwide/workdir/../../tests/e2e/fixtures/python/kitchen-sink.json: No such file or directory (os error 2)
[INFO] [stdout] stack backtrace:
[INFO] [stdout]    0:     0x60afab69e221 - <<std[70759c8f55707aa4]::sys::backtrace::BacktraceLock>::print::DisplayBacktrace as core[df12db4294e9bfd3]::fmt::Display>::fmt
[INFO] [stdout]    1:     0x60afab6b2e1a - core[df12db4294e9bfd3]::fmt::write
[INFO] [stdout]    2:     0x60afab6a26dc - <alloc[2182bb758b4b3781]::vec::Vec<u8> as core[df12db4294e9bfd3]::io::write::Write>::write_fmt
[INFO] [stdout]    3:     0x60afab67a366 - std[70759c8f55707aa4]::panicking::default_hook::{closure#0}
[INFO] [stdout]    4:     0x60afab696669 - std[70759c8f55707aa4]::panicking::default_hook
[INFO] [stdout]    5:     0x60afab62d710 - test[9d35eded1c95d3be]::test_main_inner::<test[9d35eded1c95d3be]::test_main_static::{closure#0}>::{closure#0}
[INFO] [stdout]    6:     0x60afab696822 - std[70759c8f55707aa4]::panicking::panic_with_hook
[INFO] [stdout]    7:     0x60afab67a412 - std[70759c8f55707aa4]::panicking::panic_handler::{closure#0}
[INFO] [stdout]    8:     0x60afab673009 - std[70759c8f55707aa4]::sys::backtrace::__rust_end_short_backtrace::<std[70759c8f55707aa4]::panicking::panic_handler::{closure#0}, !>
[INFO] [stdout]    9:     0x60afab67b00d - __rustc[8fa7c3cbc660c2b3]::rust_begin_unwind
[INFO] [stdout]   10:     0x60afab6b354c - core[df12db4294e9bfd3]::panicking::panic_fmt
[INFO] [stdout]   11:     0x60afab6104b9 - e2e_fixtures[20614510467be817]::load_fixture::{closure#0}
[INFO] [stdout]   12:     0x60afab6108fd - e2e_fixtures[20614510467be817]::load_fixture
[INFO] [stdout]   13:     0x60afab6162ea - <e2e_fixtures[20614510467be817]::python_kitchen_sink::{closure#0} as core[df12db4294e9bfd3]::ops::function::FnOnce<()>>::call_once
[INFO] [stdout]   14:     0x60afab6209fb - test[9d35eded1c95d3be]::__rust_begin_short_backtrace::<core[df12db4294e9bfd3]::result::Result<(), alloc[2182bb758b4b3781]::string::String>, fn() -> core[df12db4294e9bfd3]::result::Result<(), alloc[2182bb758b4b3781]::string::String>>
[INFO] [stdout]   15:     0x60afab62e065 - test[9d35eded1c95d3be]::run_test::{closure#0}
[INFO] [stdout]   16:     0x60afab627924 - std[70759c8f55707aa4]::sys::backtrace::__rust_begin_short_backtrace::<test[9d35eded1c95d3be]::run_test::{closure#1}, ()>
[INFO] [stdout]   17:     0x60afab6311c2 - <std[70759c8f55707aa4]::thread::lifecycle::spawn_unchecked<test[9d35eded1c95d3be]::run_test::{closure#1}, ()>::{closure#1} as core[df12db4294e9bfd3]::ops::function::FnOnce<()>>::call_once::{shim:vtable#0}
[INFO] [stdout]   18:     0x60afab69d7d9 - <std[70759c8f55707aa4]::sys::thread::unix::Thread>::new::thread_start
[INFO] [stdout]   19:     0x71510a103dfa - <unknown>
[INFO] [stdout]   20:     0x71510a1973d4 - clone
[INFO] [stdout]   21:                0x0 - <unknown>
[INFO] [stdout] 
[INFO] [stdout] ---- parity_edge_kinds stdout ----
[INFO] [stdout] 
[INFO] [stdout] thread 'parity_edge_kinds' (727) panicked at tests/e2e_fixtures.rs:29:52:
[INFO] [stdout] read /opt/rustwide/workdir/../../tests/e2e/fixtures/python/monorepo-ci.json: No such file or directory (os error 2)
[INFO] [stdout] stack backtrace:
[INFO] [stdout]    0:     0x60afab69e221 - <<std[70759c8f55707aa4]::sys::backtrace::BacktraceLock>::print::DisplayBacktrace as core[df12db4294e9bfd3]::fmt::Display>::fmt
[INFO] [stdout]    1:     0x60afab6b2e1a - core[df12db4294e9bfd3]::fmt::write
[INFO] [stdout]    2:     0x60afab6a26dc - <alloc[2182bb758b4b3781]::vec::Vec<u8> as core[df12db4294e9bfd3]::io::write::Write>::write_fmt
[INFO] [stdout]    3:     0x60afab67a366 - std[70759c8f55707aa4]::panicking::default_hook::{closure#0}
[INFO] [stdout]    4:     0x60afab696669 - std[70759c8f55707aa4]::panicking::default_hook
[INFO] [stdout]    5:     0x60afab62d710 - test[9d35eded1c95d3be]::test_main_inner::<test[9d35eded1c95d3be]::test_main_static::{closure#0}>::{closure#0}
[INFO] [stdout]    6:     0x60afab696822 - std[70759c8f55707aa4]::panicking::panic_with_hook
[INFO] [stdout]    7:     0x60afab67a412 - std[70759c8f55707aa4]::panicking::panic_handler::{closure#0}
[INFO] [stdout]    8:     0x60afab673009 - std[70759c8f55707aa4]::sys::backtrace::__rust_end_short_backtrace::<std[70759c8f55707aa4]::panicking::panic_handler::{closure#0}, !>
[INFO] [stdout]    9:     0x60afab67b00d - __rustc[8fa7c3cbc660c2b3]::rust_begin_unwind
[INFO] [stdout]   10:     0x60afab6b354c - core[df12db4294e9bfd3]::panicking::panic_fmt
[INFO] [stdout]   11:     0x60afab6104b9 - e2e_fixtures[20614510467be817]::load_fixture::{closure#0}
[INFO] [stdout]   12:     0x60afab6108fd - e2e_fixtures[20614510467be817]::load_fixture
[INFO] [stdout]   13:     0x60afab6140e8 - <e2e_fixtures[20614510467be817]::parity_edge_kinds::{closure#0} as core[df12db4294e9bfd3]::ops::function::FnOnce<()>>::call_once
[INFO] [stdout]   14:     0x60afab6209fb - test[9d35eded1c95d3be]::__rust_begin_short_backtrace::<core[df12db4294e9bfd3]::result::Result<(), alloc[2182bb758b4b3781]::string::String>, fn() -> core[df12db4294e9bfd3]::result::Result<(), alloc[2182bb758b4b3781]::string::String>>
[INFO] [stdout]   15:     0x60afab62e065 - test[9d35eded1c95d3be]::run_test::{closure#0}
[INFO] [stdout]   16:     0x60afab627924 - std[70759c8f55707aa4]::sys::backtrace::__rust_begin_short_backtrace::<test[9d35eded1c95d3be]::run_test::{closure#1}, ()>
[INFO] [stdout]   17:     0x60afab6311c2 - <std[70759c8f55707aa4]::thread::lifecycle::spawn_unchecked<test[9d35eded1c95d3be]::run_test::{closure#1}, ()>::{closure#1} as core[df12db4294e9bfd3]::ops::function::FnOnce<()>>::call_once::{shim:vtable#0}
[INFO] [stdout]   18:     0x60afab69d7d9 - <std[70759c8f55707aa4]::sys::thread::unix::Thread>::new::thread_start
[INFO] [stdout]   19:     0x71510a103dfa - <unknown>
[INFO] [stdout]   20:     0x71510a1973d4 - clone
[INFO] [stdout]   21:                0x0 - <unknown>
[INFO] [stdout] 
[INFO] [stdout] ---- parity_step_labels stdout ----
[INFO] [stdout] 
[INFO] [stdout] thread 'parity_step_labels' (730) panicked at tests/e2e_fixtures.rs:29:52:
[INFO] [stdout] read /opt/rustwide/workdir/../../tests/e2e/fixtures/python/monorepo-ci.json: No such file or directory (os error 2)
[INFO] [stdout] stack backtrace:
[INFO] [stdout]    0:     0x60afab69e221 - <<std[70759c8f55707aa4]::sys::backtrace::BacktraceLock>::print::DisplayBacktrace as core[df12db4294e9bfd3]::fmt::Display>::fmt
[INFO] [stdout]    1:     0x60afab6b2e1a - core[df12db4294e9bfd3]::fmt::write
[INFO] [stdout]    2:     0x60afab6a26dc - <alloc[2182bb758b4b3781]::vec::Vec<u8> as core[df12db4294e9bfd3]::io::write::Write>::write_fmt
[INFO] [stdout]    3:     0x60afab67a366 - std[70759c8f55707aa4]::panicking::default_hook::{closure#0}
[INFO] [stdout]    4:     0x60afab696669 - std[70759c8f55707aa4]::panicking::default_hook
[INFO] [stdout]    5:     0x60afab62d710 - test[9d35eded1c95d3be]::test_main_inner::<test[9d35eded1c95d3be]::test_main_static::{closure#0}>::{closure#0}
[INFO] [stdout]    6:     0x60afab696822 - std[70759c8f55707aa4]::panicking::panic_with_hook
[INFO] [stdout]    7:     0x60afab67a412 - std[70759c8f55707aa4]::panicking::panic_handler::{closure#0}
[INFO] [stdout]    8:     0x60afab673009 - std[70759c8f55707aa4]::sys::backtrace::__rust_end_short_backtrace::<std[70759c8f55707aa4]::panicking::panic_handler::{closure#0}, !>
[INFO] [stdout]    9:     0x60afab67b00d - __rustc[8fa7c3cbc660c2b3]::rust_begin_unwind
[INFO] [stdout]   10:     0x60afab6b354c - core[df12db4294e9bfd3]::panicking::panic_fmt
[INFO] [stdout]   11:     0x60afab6104b9 - e2e_fixtures[20614510467be817]::load_fixture::{closure#0}
[INFO] [stdout]   12:     0x60afab6108fd - e2e_fixtures[20614510467be817]::load_fixture
[INFO] [stdout]   13:     0x60afab614dc9 - <e2e_fixtures[20614510467be817]::parity_step_labels::{closure#0} as core[df12db4294e9bfd3]::ops::function::FnOnce<()>>::call_once
[INFO] [stdout]   14:     0x60afab6209fb - test[9d35eded1c95d3be]::__rust_begin_short_backtrace::<core[df12db4294e9bfd3]::result::Result<(), alloc[2182bb758b4b3781]::string::String>, fn() -> core[df12db4294e9bfd3]::result::Result<(), alloc[2182bb758b4b3781]::string::String>>
[INFO] [stdout]   15:     0x60afab62e065 - test[9d35eded1c95d3be]::run_test::{closure#0}
[INFO] [stdout]   16:     0x60afab627924 - std[70759c8f55707aa4]::sys::backtrace::__rust_begin_short_backtrace::<test[9d35eded1c95d3be]::run_test::{closure#1}, ()>
[INFO] [stdout]   17:     0x60afab6311c2 - <std[70759c8f55707aa4]::thread::lifecycle::spawn_unchecked<test[9d35eded1c95d3be]::run_test::{closure#1}, ()>::{closure#1} as core[df12db4294e9bfd3]::ops::function::FnOnce<()>>::call_once::{shim:vtable#0}
[INFO] [stdout]   18:     0x60afab69d7d9 - <std[70759c8f55707aa4]::sys::thread::unix::Thread>::new::thread_start
[INFO] [stdout]   19:     0x71510a103dfa - <unknown>
[INFO] [stdout]   20:     0x71510a1973d4 - clone
[INFO] [stdout]   21:                0x0 - <unknown>
[INFO] [stdout] 
[INFO] [stdout] ---- parity_env_keys stdout ----
[INFO] [stdout] 
[INFO] [stdout] thread 'parity_env_keys' (728) panicked at tests/e2e_fixtures.rs:29:52:
[INFO] [stdout] read /opt/rustwide/workdir/../../tests/e2e/fixtures/python/monorepo-ci.json: No such file or directory (os error 2)
[INFO] [stdout] stack backtrace:
[INFO] [stdout]    0:     0x60afab69e221 - <<std[70759c8f55707aa4]::sys::backtrace::BacktraceLock>::print::DisplayBacktrace as core[df12db4294e9bfd3]::fmt::Display>::fmt
[INFO] [stdout]    1:     0x60afab6b2e1a - core[df12db4294e9bfd3]::fmt::write
[INFO] [stdout]    2:     0x60afab6a26dc - <alloc[2182bb758b4b3781]::vec::Vec<u8> as core[df12db4294e9bfd3]::io::write::Write>::write_fmt
[INFO] [stdout]    3:     0x60afab67a366 - std[70759c8f55707aa4]::panicking::default_hook::{closure#0}
[INFO] [stdout]    4:     0x60afab696669 - std[70759c8f55707aa4]::panicking::default_hook
[INFO] [stdout]    5:     0x60afab62d710 - test[9d35eded1c95d3be]::test_main_inner::<test[9d35eded1c95d3be]::test_main_static::{closure#0}>::{closure#0}
[INFO] [stdout]    6:     0x60afab696822 - std[70759c8f55707aa4]::panicking::panic_with_hook
[INFO] [stdout]    7:     0x60afab67a412 - std[70759c8f55707aa4]::panicking::panic_handler::{closure#0}
[INFO] [stdout]    8:     0x60afab673009 - std[70759c8f55707aa4]::sys::backtrace::__rust_end_short_backtrace::<std[70759c8f55707aa4]::panicking::panic_handler::{closure#0}, !>
[INFO] [stdout]    9:     0x60afab67b00d - __rustc[8fa7c3cbc660c2b3]::rust_begin_unwind
[INFO] [stdout]   10:     0x60afab6b354c - core[df12db4294e9bfd3]::panicking::panic_fmt
[INFO] [stdout]   11:     0x60afab6104b9 - e2e_fixtures[20614510467be817]::load_fixture::{closure#0}
[INFO] [stdout]   12:     0x60afab6108fd - e2e_fixtures[20614510467be817]::load_fixture
[INFO] [stdout]   13:     0x60afab61141e - <e2e_fixtures[20614510467be817]::parity_env_keys::{closure#0} as core[df12db4294e9bfd3]::ops::function::FnOnce<()>>::call_once
[INFO] [stdout]   14:     0x60afab6209fb - test[9d35eded1c95d3be]::__rust_begin_short_backtrace::<core[df12db4294e9bfd3]::result::Result<(), alloc[2182bb758b4b3781]::string::String>, fn() -> core[df12db4294e9bfd3]::result::Result<(), alloc[2182bb758b4b3781]::string::String>>
[INFO] [stdout]   15:     0x60afab62e065 - test[9d35eded1c95d3be]::run_test::{closure#0}
[INFO] [stdout]   16:     0x60afab627924 - std[70759c8f55707aa4]::sys::backtrace::__rust_begin_short_backtrace::<test[9d35eded1c95d3be]::run_test::{closure#1}, ()>
[INFO] [stdout]   17:     0x60afab6311c2 - <std[70759c8f55707aa4]::thread::lifecycle::spawn_unchecked<test[9d35eded1c95d3be]::run_test::{closure#1}, ()>::{closure#1} as core[df12db4294e9bfd3]::ops::function::FnOnce<()>>::call_once::{shim:vtable#0}
[INFO] [stdout]   18:     0x60afab69d7d9 - <std[70759c8f55707aa4]::sys::thread::unix::Thread>::new::thread_start
[INFO] [stdout]   19:     0x71510a103dfa - <unknown>
[INFO] [stdout]   20:     0x71510a1973d4 - clone
[INFO] [stdout]   21:                0x0 - <unknown>
[INFO] [stdout] 
[INFO] [stdout] ---- parity_node_count stdout ----
[INFO] [stdout] 
[INFO] [stdout] thread 'parity_node_count' (729) panicked at tests/e2e_fixtures.rs:29:52:
[INFO] [stdout] read /opt/rustwide/workdir/../../tests/e2e/fixtures/python/monorepo-ci.json: No such file or directory (os error 2)
[INFO] [stdout] stack backtrace:
[INFO] [stdout]    0:     0x60afab69e221 - <<std[70759c8f55707aa4]::sys::backtrace::BacktraceLock>::print::DisplayBacktrace as core[df12db4294e9bfd3]::fmt::Display>::fmt
[INFO] [stdout]    1:     0x60afab6b2e1a - core[df12db4294e9bfd3]::fmt::write
[INFO] [stdout]    2:     0x60afab6a26dc - <alloc[2182bb758b4b3781]::vec::Vec<u8> as core[df12db4294e9bfd3]::io::write::Write>::write_fmt
[INFO] [stdout]    3:     0x60afab67a366 - std[70759c8f55707aa4]::panicking::default_hook::{closure#0}
[INFO] [stdout]    4:     0x60afab696669 - std[70759c8f55707aa4]::panicking::default_hook
[INFO] [stdout]    5:     0x60afab62d710 - test[9d35eded1c95d3be]::test_main_inner::<test[9d35eded1c95d3be]::test_main_static::{closure#0}>::{closure#0}
[INFO] [stdout]    6:     0x60afab696822 - std[70759c8f55707aa4]::panicking::panic_with_hook
[INFO] [stdout]    7:     0x60afab67a412 - std[70759c8f55707aa4]::panicking::panic_handler::{closure#0}
[INFO] [stdout]    8:     0x60afab673009 - std[70759c8f55707aa4]::sys::backtrace::__rust_end_short_backtrace::<std[70759c8f55707aa4]::panicking::panic_handler::{closure#0}, !>
[INFO] [stdout]    9:     0x60afab67b00d - __rustc[8fa7c3cbc660c2b3]::rust_begin_unwind
[INFO] [stdout]   10:     0x60afab6b354c - core[df12db4294e9bfd3]::panicking::panic_fmt
[INFO] [stdout]   11:     0x60afab6104b9 - e2e_fixtures[20614510467be817]::load_fixture::{closure#0}
[INFO] [stdout]   12:     0x60afab6108fd - e2e_fixtures[20614510467be817]::load_fixture
[INFO] [stdout]   13:     0x60afab614ad4 - <e2e_fixtures[20614510467be817]::parity_node_count::{closure#0} as core[df12db4294e9bfd3]::ops::function::FnOnce<()>>::call_once
[INFO] [stdout]   14:     0x60afab6209fb - test[9d35eded1c95d3be]::__rust_begin_short_backtrace::<core[df12db4294e9bfd3]::result::Result<(), alloc[2182bb758b4b3781]::string::String>, fn() -> core[df12db4294e9bfd3]::result::Result<(), alloc[2182bb758b4b3781]::string::String>>
[INFO] [stdout]   15:     0x60afab62e065 - test[9d35eded1c95d3be]::run_test::{closure#0}
[INFO] [stdout]   16:     0x60afab627924 - std[70759c8f55707aa4]::sys::backtrace::__rust_begin_short_backtrace::<test[9d35eded1c95d3be]::run_test::{closure#1}, ()>
[INFO] [stdout]   17:     0x60afab6311c2 - <std[70759c8f55707aa4]::thread::lifecycle::spawn_unchecked<test[9d35eded1c95d3be]::run_test::{closure#1}, ()>::{closure#1} as core[df12db4294e9bfd3]::ops::function::FnOnce<()>>::call_once::{shim:vtable#0}
[INFO] [stdout]   18:     0x60afab69d7d9 - <std[70759c8f55707aa4]::sys::thread::unix::Thread>::new::thread_start
[INFO] [stdout]   19:     0x71510a103dfa - <unknown>
[INFO] [stdout]   20:     0x71510a1973d4 - clone
[INFO] [stdout]   21:                0x0 - <unknown>
[INFO] [stdout] 
[INFO] [stdout] ---- python_rust_release stdout ----
[INFO] [stdout] 
[INFO] [stdout] thread 'python_rust_release' (733) panicked at tests/e2e_fixtures.rs:29:52:
[INFO] [stdout] read /opt/rustwide/workdir/../../tests/e2e/fixtures/python/rust-release.json: No such file or directory (os error 2)
[INFO] [stdout] stack backtrace:
[INFO] [stdout]    0:     0x60afab69e221 - <<std[70759c8f55707aa4]::sys::backtrace::BacktraceLock>::print::DisplayBacktrace as core[df12db4294e9bfd3]::fmt::Display>::fmt
[INFO] [stdout]    1:     0x60afab6b2e1a - core[df12db4294e9bfd3]::fmt::write
[INFO] [stdout]    2:     0x60afab6a26dc - <alloc[2182bb758b4b3781]::vec::Vec<u8> as core[df12db4294e9bfd3]::io::write::Write>::write_fmt
[INFO] [stdout]    3:     0x60afab67a366 - std[70759c8f55707aa4]::panicking::default_hook::{closure#0}
[INFO] [stdout]    4:     0x60afab696669 - std[70759c8f55707aa4]::panicking::default_hook
[INFO] [stdout]    5:     0x60afab62d710 - test[9d35eded1c95d3be]::test_main_inner::<test[9d35eded1c95d3be]::test_main_static::{closure#0}>::{closure#0}
[INFO] [stdout]    6:     0x60afab696822 - std[70759c8f55707aa4]::panicking::panic_with_hook
[INFO] [stdout]    7:     0x60afab67a412 - std[70759c8f55707aa4]::panicking::panic_handler::{closure#0}
[INFO] [stdout]    8:     0x60afab673009 - std[70759c8f55707aa4]::sys::backtrace::__rust_end_short_backtrace::<std[70759c8f55707aa4]::panicking::panic_handler::{closure#0}, !>
[INFO] [stdout]    9:     0x60afab67b00d - __rustc[8fa7c3cbc660c2b3]::rust_begin_unwind
[INFO] [stdout]   10:     0x60afab6b354c - core[df12db4294e9bfd3]::panicking::panic_fmt
[INFO] [stdout]   11:     0x60afab6104b9 - e2e_fixtures[20614510467be817]::load_fixture::{closure#0}
[INFO] [stdout]   12:     0x60afab6108fd - e2e_fixtures[20614510467be817]::load_fixture
[INFO] [stdout]   13:     0x60afab616b7a - <e2e_fixtures[20614510467be817]::python_rust_release::{closure#0} as core[df12db4294e9bfd3]::ops::function::FnOnce<()>>::call_once
[INFO] [stdout]   14:     0x60afab6209fb - test[9d35eded1c95d3be]::__rust_begin_short_backtrace::<core[df12db4294e9bfd3]::result::Result<(), alloc[2182bb758b4b3781]::string::String>, fn() -> core[df12db4294e9bfd3]::result::Result<(), alloc[2182bb758b4b3781]::string::String>>
[INFO] [stdout]   15:     0x60afab62e065 - test[9d35eded1c95d3be]::run_test::{closure#0}
[INFO] [stdout]   16:     0x60afab627924 - std[70759c8f55707aa4]::sys::backtrace::__rust_begin_short_backtrace::<test[9d35eded1c95d3be]::run_test::{closure#1}, ()>
[INFO] [stdout]   17:     0x60afab6311c2 - <std[70759c8f55707aa4]::thread::lifecycle::spawn_unchecked<test[9d35eded1c95d3be]::run_test::{closure#1}, ()>::{closure#1} as core[df12db4294e9bfd3]::ops::function::FnOnce<()>>::call_once::{shim:vtable#0}
[INFO] [stdout]   18:     0x60afab69d7d9 - <std[70759c8f55707aa4]::sys::thread::unix::Thread>::new::thread_start
[INFO] [stdout]   19:     0x71510a103dfa - <unknown>
[INFO] [stdout]   20:     0x71510a1973d4 - clone
[INFO] [stdout]   21:                0x0 - <unknown>
[INFO] [stdout] 
[INFO] [stdout] ---- ts_zig_node_polyglot stdout ----
[INFO] [stdout] 
[INFO] [stdout] thread 'ts_zig_node_polyglot' (738) panicked at tests/e2e_fixtures.rs:29:52:
[INFO] [stdout] read /opt/rustwide/workdir/../../tests/e2e/fixtures/ts/zig-node-polyglot.json: No such file or directory (os error 2)
[INFO] [stdout] stack backtrace:
[INFO] [stdout]    0:     0x60afab69e221 - <<std[70759c8f55707aa4]::sys::backtrace::BacktraceLock>::print::DisplayBacktrace as core[df12db4294e9bfd3]::fmt::Display>::fmt
[INFO] [stdout]    1:     0x60afab6b2e1a - core[df12db4294e9bfd3]::fmt::write
[INFO] [stdout]    2:     0x60afab6a26dc - <alloc[2182bb758b4b3781]::vec::Vec<u8> as core[df12db4294e9bfd3]::io::write::Write>::write_fmt
[INFO] [stdout]    3:     0x60afab67a366 - std[70759c8f55707aa4]::panicking::default_hook::{closure#0}
[INFO] [stdout]    4:     0x60afab696669 - std[70759c8f55707aa4]::panicking::default_hook
[INFO] [stdout]    5:     0x60afab62d710 - test[9d35eded1c95d3be]::test_main_inner::<test[9d35eded1c95d3be]::test_main_static::{closure#0}>::{closure#0}
[INFO] [stdout]    6:     0x60afab696822 - std[70759c8f55707aa4]::panicking::panic_with_hook
[INFO] [stdout]    7:     0x60afab67a412 - std[70759c8f55707aa4]::panicking::panic_handler::{closure#0}
[INFO] [stdout]    8:     0x60afab673009 - std[70759c8f55707aa4]::sys::backtrace::__rust_end_short_backtrace::<std[70759c8f55707aa4]::panicking::panic_handler::{closure#0}, !>
[INFO] [stdout]    9:     0x60afab67b00d - __rustc[8fa7c3cbc660c2b3]::rust_begin_unwind
[INFO] [stdout]   10:     0x60afab6b354c - core[df12db4294e9bfd3]::panicking::panic_fmt
[INFO] [stdout]   11:     0x60afab6104b9 - e2e_fixtures[20614510467be817]::load_fixture::{closure#0}
[INFO] [stdout]   12:     0x60afab6108fd - e2e_fixtures[20614510467be817]::load_fixture
[INFO] [stdout]   13:     0x60afab61751e - <e2e_fixtures[20614510467be817]::ts_zig_node_polyglot::{closure#0} as core[df12db4294e9bfd3]::ops::function::FnOnce<()>>::call_once
[INFO] [stdout]   14:     0x60afab6209fb - test[9d35eded1c95d3be]::__rust_begin_short_backtrace::<core[df12db4294e9bfd3]::result::Result<(), alloc[2182bb758b4b3781]::string::String>, fn() -> core[df12db4294e9bfd3]::result::Result<(), alloc[2182bb758b4b3781]::string::String>>
[INFO] [stdout]   15:     0x60afab62e065 - test[9d35eded1c95d3be]::run_test::{closure#0}
[INFO] [stdout]   16:     0x60afab627924 - std[70759c8f55707aa4]::sys::backtrace::__rust_begin_short_backtrace::<test[9d35eded1c95d3be]::run_test::{closure#1}, ()>
[INFO] [stdout]   17:     0x60afab6311c2 - <std[70759c8f55707aa4]::thread::lifecycle::spawn_unchecked<test[9d35eded1c95d3be]::run_test::{closure#1}, ()>::{closure#1} as core[df12db4294e9bfd3]::ops::function::FnOnce<()>>::call_once::{shim:vtable#0}
[INFO] [stdout]   18:     0x60afab69d7d9 - <std[70759c8f55707aa4]::sys::thread::unix::Thread>::new::thread_start
[INFO] [stdout]   19:     0x71510a103dfa - <unknown>
[INFO] [stdout]   20:     0x71510a1973d4 - clone
[INFO] [stdout]   21:                0x0 - <unknown>
[INFO] [stdout] 
[INFO] [stdout] ---- python_zig_node_polyglot stdout ----
[INFO] [stdout] 
[INFO] [stdout] thread 'python_zig_node_polyglot' (734) panicked at tests/e2e_fixtures.rs:29:52:
[INFO] [stdout] read /opt/rustwide/workdir/../../tests/e2e/fixtures/python/zig-node-polyglot.json: No such file or directory (os error 2)
[INFO] [stdout] stack backtrace:
[INFO] [stdout]    0:     0x60afab69e221 - <<std[70759c8f55707aa4]::sys::backtrace::BacktraceLock>::print::DisplayBacktrace as core[df12db4294e9bfd3]::fmt::Display>::fmt
[INFO] [stdout]    1:     0x60afab6b2e1a - core[df12db4294e9bfd3]::fmt::write
[INFO] [stdout]    2:     0x60afab6a26dc - <alloc[2182bb758b4b3781]::vec::Vec<u8> as core[df12db4294e9bfd3]::io::write::Write>::write_fmt
[INFO] [stdout]    3:     0x60afab67a366 - std[70759c8f55707aa4]::panicking::default_hook::{closure#0}
[INFO] [stdout]    4:     0x60afab696669 - std[70759c8f55707aa4]::panicking::default_hook
[INFO] [stdout]    5:     0x60afab62d710 - test[9d35eded1c95d3be]::test_main_inner::<test[9d35eded1c95d3be]::test_main_static::{closure#0}>::{closure#0}
[INFO] [stdout]    6:     0x60afab696822 - std[70759c8f55707aa4]::panicking::panic_with_hook
[INFO] [stdout]    7:     0x60afab67a412 - std[70759c8f55707aa4]::panicking::panic_handler::{closure#0}
[INFO] [stdout]    8:     0x60afab673009 - std[70759c8f55707aa4]::sys::backtrace::__rust_end_short_backtrace::<std[70759c8f55707aa4]::panicking::panic_handler::{closure#0}, !>
[INFO] [stdout]    9:     0x60afab67b00d - __rustc[8fa7c3cbc660c2b3]::rust_begin_unwind
[INFO] [stdout]   10:     0x60afab6b354c - core[df12db4294e9bfd3]::panicking::panic_fmt
[INFO] [stdout]   11:     0x60afab6104b9 - e2e_fixtures[20614510467be817]::load_fixture::{closure#0}
[INFO] [stdout]   12:     0x60afab6108fd - e2e_fixtures[20614510467be817]::load_fixture
[INFO] [stdout]   13:     0x60afab6175ea - <e2e_fixtures[20614510467be817]::python_zig_node_polyglot::{closure#0} as core[df12db4294e9bfd3]::ops::function::FnOnce<()>>::call_once
[INFO] [stdout]   14:     0x60afab6209fb - test[9d35eded1c95d3be]::__rust_begin_short_backtrace::<core[df12db4294e9bfd3]::result::Result<(), alloc[2182bb758b4b3781]::string::String>, fn() -> core[df12db4294e9bfd3]::result::Result<(), alloc[2182bb758b4b3781]::string::String>>
[INFO] [stdout]   15:     0x60afab62e065 - test[9d35eded1c95d3be]::run_test::{closure#0}
[INFO] [stdout]   16:     0x60afab627924 - std[70759c8f55707aa4]::sys::backtrace::__rust_begin_short_backtrace::<test[9d35eded1c95d3be]::run_test::{closure#1}, ()>
[INFO] [stdout]   17:     0x60afab6311c2 - <std[70759c8f55707aa4]::thread::lifecycle::spawn_unchecked<test[9d35eded1c95d3be]::run_test::{closure#1}, ()>::{closure#1} as core[df12db4294e9bfd3]::ops::function::FnOnce<()>>::call_once::{shim:vtable#0}
[INFO] [stdout]   18:     0x60afab69d7d9 - <std[70759c8f55707aa4]::sys::thread::unix::Thread>::new::thread_start
[INFO] [stdout]   19:     0x71510a103dfa - <unknown>
[INFO] [stdout]   20:     0x71510a1973d4 - clone
[INFO] [stdout]   21:                0x0 - <unknown>
[INFO] [stdout] 
[INFO] [stdout] ---- ts_kitchen_sink stdout ----
[INFO] [stdout] 
[INFO] [stdout] thread 'ts_kitchen_sink' (735) panicked at tests/e2e_fixtures.rs:29:52:
[INFO] [stdout] read /opt/rustwide/workdir/../../tests/e2e/fixtures/ts/kitchen-sink.json: No such file or directory (os error 2)
[INFO] [stdout] stack backtrace:
[INFO] [stdout]    0:     0x60afab69e221 - <<std[70759c8f55707aa4]::sys::backtrace::BacktraceLock>::print::DisplayBacktrace as core[df12db4294e9bfd3]::fmt::Display>::fmt
[INFO] [stdout]    1:     0x60afab6b2e1a - core[df12db4294e9bfd3]::fmt::write
[INFO] [stdout]    2:     0x60afab6a26dc - <alloc[2182bb758b4b3781]::vec::Vec<u8> as core[df12db4294e9bfd3]::io::write::Write>::write_fmt
[INFO] [stdout]    3:     0x60afab67a366 - std[70759c8f55707aa4]::panicking::default_hook::{closure#0}
[INFO] [stdout]    4:     0x60afab696669 - std[70759c8f55707aa4]::panicking::default_hook
[INFO] [stdout]    5:     0x60afab62d710 - test[9d35eded1c95d3be]::test_main_inner::<test[9d35eded1c95d3be]::test_main_static::{closure#0}>::{closure#0}
[INFO] [stdout]    6:     0x60afab696822 - std[70759c8f55707aa4]::panicking::panic_with_hook
[INFO] [stdout]    7:     0x60afab67a412 - std[70759c8f55707aa4]::panicking::panic_handler::{closure#0}
[INFO] [stdout]    8:     0x60afab673009 - std[70759c8f55707aa4]::sys::backtrace::__rust_end_short_backtrace::<std[70759c8f55707aa4]::panicking::panic_handler::{closure#0}, !>
[INFO] [stdout]    9:     0x60afab67b00d - __rustc[8fa7c3cbc660c2b3]::rust_begin_unwind
[INFO] [stdout]   10:     0x60afab6b354c - core[df12db4294e9bfd3]::panicking::panic_fmt
[INFO] [stdout]   11:     0x60afab6104b9 - e2e_fixtures[20614510467be817]::load_fixture::{closure#0}
[INFO] [stdout]   12:     0x60afab6108fd - e2e_fixtures[20614510467be817]::load_fixture
[INFO] [stdout]   13:     0x60afab613f4e - <e2e_fixtures[20614510467be817]::ts_kitchen_sink::{closure#0} as core[df12db4294e9bfd3]::ops::function::FnOnce<()>>::call_once
[INFO] [stdout]   14:     0x60afab6209fb - test[9d35eded1c95d3be]::__rust_begin_short_backtrace::<core[df12db4294e9bfd3]::result::Result<(), alloc[2182bb758b4b3781]::string::String>, fn() -> core[df12db4294e9bfd3]::result::Result<(), alloc[2182bb758b4b3781]::string::String>>
[INFO] [stdout]   15:     0x60afab62e065 - test[9d35eded1c95d3be]::run_test::{closure#0}
[INFO] [stdout]   16:     0x60afab627924 - std[70759c8f55707aa4]::sys::backtrace::__rust_begin_short_backtrace::<test[9d35eded1c95d3be]::run_test::{closure#1}, ()>
[INFO] [stdout]   17:     0x60afab6311c2 - <std[70759c8f55707aa4]::thread::lifecycle::spawn_unchecked<test[9d35eded1c95d3be]::run_test::{closure#1}, ()>::{closure#1} as core[df12db4294e9bfd3]::ops::function::FnOnce<()>>::call_once::{shim:vtable#0}
[INFO] [stdout]   18:     0x60afab69d7d9 - <std[70759c8f55707aa4]::sys::thread::unix::Thread>::new::thread_start
[INFO] [stdout]   19:     0x71510a103dfa - <unknown>
[INFO] [stdout]   20:     0x71510a1973d4 - clone
[INFO] [stdout]   21:                0x0 - <unknown>
[INFO] [stdout] 
[INFO] [stdout] ---- python_monorepo_ci stdout ----
[INFO] [stdout] 
[INFO] [stdout] thread 'python_monorepo_ci' (732) panicked at tests/e2e_fixtures.rs:29:52:
[INFO] [stdout] read /opt/rustwide/workdir/../../tests/e2e/fixtures/python/monorepo-ci.json: No such file or directory (os error 2)
[INFO] [stdout] stack backtrace:
[INFO] [stdout]    0:     0x60afab69e221 - <<std[70759c8f55707aa4]::sys::backtrace::BacktraceLock>::print::DisplayBacktrace as core[df12db4294e9bfd3]::fmt::Display>::fmt
[INFO] [stdout]    1:     0x60afab6b2e1a - core[df12db4294e9bfd3]::fmt::write
[INFO] [stdout]    2:     0x60afab6a26dc - <alloc[2182bb758b4b3781]::vec::Vec<u8> as core[df12db4294e9bfd3]::io::write::Write>::write_fmt
[INFO] [stdout]    3:     0x60afab67a366 - std[70759c8f55707aa4]::panicking::default_hook::{closure#0}
[INFO] [stdout]    4:     0x60afab696669 - std[70759c8f55707aa4]::panicking::default_hook
[INFO] [stdout]    5:     0x60afab62d710 - test[9d35eded1c95d3be]::test_main_inner::<test[9d35eded1c95d3be]::test_main_static::{closure#0}>::{closure#0}
[INFO] [stdout]    6:     0x60afab696822 - std[70759c8f55707aa4]::panicking::panic_with_hook
[INFO] [stdout]    7:     0x60afab67a412 - std[70759c8f55707aa4]::panicking::panic_handler::{closure#0}
[INFO] [stdout]    8:     0x60afab673009 - std[70759c8f55707aa4]::sys::backtrace::__rust_end_short_backtrace::<std[70759c8f55707aa4]::panicking::panic_handler::{closure#0}, !>
[INFO] [stdout]    9:     0x60afab67b00d - __rustc[8fa7c3cbc660c2b3]::rust_begin_unwind
[INFO] [stdout]   10:     0x60afab6b354c - core[df12db4294e9bfd3]::panicking::panic_fmt
[INFO] [stdout]   11:     0x60afab6104b9 - e2e_fixtures[20614510467be817]::load_fixture::{closure#0}
[INFO] [stdout]   12:     0x60afab6108fd - e2e_fixtures[20614510467be817]::load_fixture
[INFO] [stdout]   13:     0x60afab61593a - <e2e_fixtures[20614510467be817]::python_monorepo_ci::{closure#0} as core[df12db4294e9bfd3]::ops::function::FnOnce<()>>::call_once
[INFO] [stdout]   14:     0x60afab6209fb - test[9d35eded1c95d3be]::__rust_begin_short_backtrace::<core[df12db4294e9bfd3]::result::Result<(), alloc[2182bb758b4b3781]::string::String>, fn() -> core[df12db4294e9bfd3]::result::Result<(), alloc[2182bb758b4b3781]::string::String>>
[INFO] [stdout]   15:     0x60afab62e065 - test[9d35eded1c95d3be]::run_test::{closure#0}
[INFO] [stdout]   16:     0x60afab627924 - std[70759c8f55707aa4]::sys::backtrace::__rust_begin_short_backtrace::<test[9d35eded1c95d3be]::run_test::{closure#1}, ()>
[INFO] [stdout]   17:     0x60afab6311c2 - <std[70759c8f55707aa4]::thread::lifecycle::spawn_unchecked<test[9d35eded1c95d3be]::run_test::{closure#1}, ()>::{closure#1} as core[df12db4294e9bfd3]::ops::function::FnOnce<()>>::call_once::{shim:vtable#0}
[INFO] [stdout]   18:     0x60afab69d7d9 - <std[70759c8f55707aa4]::sys::thread::unix::Thread>::new::thread_start
[INFO] [stdout]   19:     0x71510a103dfa - <unknown>
[INFO] [stdout]   20:     0x71510a1973d4 - clone
[INFO] [stdout]   21:                0x0 - <unknown>
[INFO] [stdout] 
[INFO] [stdout] ---- all_fixtures_have_valid_structure stdout ----
[INFO] [stdout] 
[INFO] [stdout] thread 'all_fixtures_have_valid_structure' (725) panicked at tests/e2e_fixtures.rs:29:52:
[INFO] [stdout] read /opt/rustwide/workdir/../../tests/e2e/fixtures/python/monorepo-ci.json: No such file or directory (os error 2)
[INFO] [stdout] stack backtrace:
[INFO] [stdout]    0:     0x60afab69e221 - <<std[70759c8f55707aa4]::sys::backtrace::BacktraceLock>::print::DisplayBacktrace as core[df12db4294e9bfd3]::fmt::Display>::fmt
[INFO] [stdout]    1:     0x60afab6b2e1a - core[df12db4294e9bfd3]::fmt::write
[INFO] [stdout]    2:     0x60afab6a26dc - <alloc[2182bb758b4b3781]::vec::Vec<u8> as core[df12db4294e9bfd3]::io::write::Write>::write_fmt
[INFO] [stdout]    3:     0x60afab67a366 - std[70759c8f55707aa4]::panicking::default_hook::{closure#0}
[INFO] [stdout]    4:     0x60afab696669 - std[70759c8f55707aa4]::panicking::default_hook
[INFO] [stdout]    5:     0x60afab62d710 - test[9d35eded1c95d3be]::test_main_inner::<test[9d35eded1c95d3be]::test_main_static::{closure#0}>::{closure#0}
[INFO] [stdout]    6:     0x60afab696822 - std[70759c8f55707aa4]::panicking::panic_with_hook
[INFO] [stdout]    7:     0x60afab67a412 - std[70759c8f55707aa4]::panicking::panic_handler::{closure#0}
[INFO] [stdout]    8:     0x60afab673009 - std[70759c8f55707aa4]::sys::backtrace::__rust_end_short_backtrace::<std[70759c8f55707aa4]::panicking::panic_handler::{closure#0}, !>
[INFO] [stdout]    9:     0x60afab67b00d - __rustc[8fa7c3cbc660c2b3]::rust_begin_unwind
[INFO] [stdout]   10:     0x60afab6b354c - core[df12db4294e9bfd3]::panicking::panic_fmt
[INFO] [stdout]   11:     0x60afab6104b9 - e2e_fixtures[20614510467be817]::load_fixture::{closure#0}
[INFO] [stdout]   12:     0x60afab6108fd - e2e_fixtures[20614510467be817]::load_fixture
[INFO] [stdout]   13:     0x60afab617daa - <e2e_fixtures[20614510467be817]::all_fixtures_have_valid_structure::{closure#0} as core[df12db4294e9bfd3]::ops::function::FnOnce<()>>::call_once
[INFO] [stdout]   14:     0x60afab6209fb - test[9d35eded1c95d3be]::__rust_begin_short_backtrace::<core[df12db4294e9bfd3]::result::Result<(), alloc[2182bb758b4b3781]::string::String>, fn() -> core[df12db4294e9bfd3]::result::Result<(), alloc[2182bb758b4b3781]::string::String>>
[INFO] [stdout]   15:     0x60afab62e065 - test[9d35eded1c95d3be]::run_test::{closure#0}
[INFO] [stdout]   16:     0x60afab627924 - std[70759c8f55707aa4]::sys::backtrace::__rust_begin_short_backtrace::<test[9d35eded1c95d3be]::run_test::{closure#1}, ()>
[INFO] [stdout]   17:     0x60afab6311c2 - <std[70759c8f55707aa4]::thread::lifecycle::spawn_unchecked<test[9d35eded1c95d3be]::run_test::{closure#1}, ()>::{closure#1} as core[df12db4294e9bfd3]::ops::function::FnOnce<()>>::call_once::{shim:vtable#0}
[INFO] [stdout]   18:     0x60afab69d7d9 - <std[70759c8f55707aa4]::sys::thread::unix::Thread>::new::thread_start
[INFO] [stdout]   19:     0x71510a103dfa - <unknown>
[INFO] [stdout]   20:     0x71510a1973d4 - clone
[INFO] [stdout]   21:                0x0 - <unknown>
[INFO] [stdout] 
[INFO] [stdout] ---- ts_monorepo_ci stdout ----
[INFO] [stdout] 
[INFO] [stdout] thread 'ts_monorepo_ci' (736) panicked at tests/e2e_fixtures.rs:29:52:
[INFO] [stdout] read /opt/rustwide/workdir/../../tests/e2e/fixtures/ts/monorepo-ci.json: No such file or directory (os error 2)
[INFO] [stdout] stack backtrace:
[INFO] [stdout]    0:     0x60afab69e221 - <<std[70759c8f55707aa4]::sys::backtrace::BacktraceLock>::print::DisplayBacktrace as core[df12db4294e9bfd3]::fmt::Display>::fmt
[INFO] [stdout]    1:     0x60afab6b2e1a - core[df12db4294e9bfd3]::fmt::write
[INFO] [stdout]    2:     0x60afab6a26dc - <alloc[2182bb758b4b3781]::vec::Vec<u8> as core[df12db4294e9bfd3]::io::write::Write>::write_fmt
[INFO] [stdout]    3:     0x60afab67a366 - std[70759c8f55707aa4]::panicking::default_hook::{closure#0}
[INFO] [stdout]    4:     0x60afab696669 - std[70759c8f55707aa4]::panicking::default_hook
[INFO] [stdout]    5:     0x60afab62d710 - test[9d35eded1c95d3be]::test_main_inner::<test[9d35eded1c95d3be]::test_main_static::{closure#0}>::{closure#0}
[INFO] [stdout]    6:     0x60afab696822 - std[70759c8f55707aa4]::panicking::panic_with_hook
[INFO] [stdout]    7:     0x60afab67a412 - std[70759c8f55707aa4]::panicking::panic_handler::{closure#0}
[INFO] [stdout]    8:     0x60afab673009 - std[70759c8f55707aa4]::sys::backtrace::__rust_end_short_backtrace::<std[70759c8f55707aa4]::panicking::panic_handler::{closure#0}, !>
[INFO] [stdout]    9:     0x60afab67b00d - __rustc[8fa7c3cbc660c2b3]::rust_begin_unwind
[INFO] [stdout]   10:     0x60afab6b354c - core[df12db4294e9bfd3]::panicking::panic_fmt
[INFO] [stdout]   11:     0x60afab6104b9 - e2e_fixtures[20614510467be817]::load_fixture::{closure#0}
[INFO] [stdout]   12:     0x60afab6108fd - e2e_fixtures[20614510467be817]::load_fixture
[INFO] [stdout]   13:     0x60afab61130e - <e2e_fixtures[20614510467be817]::ts_monorepo_ci::{closure#0} as core[df12db4294e9bfd3]::ops::function::FnOnce<()>>::call_once
[INFO] [stdout]   14:     0x60afab6209fb - test[9d35eded1c95d3be]::__rust_begin_short_backtrace::<core[df12db4294e9bfd3]::result::Result<(), alloc[2182bb758b4b3781]::string::String>, fn() -> core[df12db4294e9bfd3]::result::Result<(), alloc[2182bb758b4b3781]::string::String>>
[INFO] [stdout]   15:     0x60afab62e065 - test[9d35eded1c95d3be]::run_test::{closure#0}
[INFO] [stdout]   16:     0x60afab627924 - std[70759c8f55707aa4]::sys::backtrace::__rust_begin_short_backtrace::<test[9d35eded1c95d3be]::run_test::{closure#1}, ()>
[INFO] [stdout]   17:     0x60afab6311c2 - <std[70759c8f55707aa4]::thread::lifecycle::spawn_unchecked<test[9d35eded1c95d3be]::run_test::{closure#1}, ()>::{closure#1} as core[df12db4294e9bfd3]::ops::function::FnOnce<()>>::call_once::{shim:vtable#0}
[INFO] [stdout]   18:     0x60afab69d7d9 - <std[70759c8f55707aa4]::sys::thread::unix::Thread>::new::thread_start
[INFO] [stdout]   19:     0x71510a103dfa - <unknown>
[INFO] [stdout]   20:     0x71510a1973d4 - clone
[INFO] [stdout]   21:                0x0 - <unknown>
[INFO] [stdout] 
[INFO] [stdout] ---- ts_rust_release stdout ----
[INFO] [stdout] 
[INFO] [stdout] thread 'ts_rust_release' (737) panicked at tests/e2e_fixtures.rs:29:52:
[INFO] [stdout] read /opt/rustwide/workdir/../../tests/e2e/fixtures/ts/rust-release.json: No such file or directory (os error 2)
[INFO] [stdout] stack backtrace:
[INFO] [stdout]    0:     0x60afab69e221 - <<std[70759c8f55707aa4]::sys::backtrace::BacktraceLock>::print::DisplayBacktrace as core[df12db4294e9bfd3]::fmt::Display>::fmt
[INFO] [stdout]    1:     0x60afab6b2e1a - core[df12db4294e9bfd3]::fmt::write
[INFO] [stdout]    2:     0x60afab6a26dc - <alloc[2182bb758b4b3781]::vec::Vec<u8> as core[df12db4294e9bfd3]::io::write::Write>::write_fmt
[INFO] [stdout]    3:     0x60afab67a366 - std[70759c8f55707aa4]::panicking::default_hook::{closure#0}
[INFO] [stdout]    4:     0x60afab696669 - std[70759c8f55707aa4]::panicking::default_hook
[INFO] [stdout]    5:     0x60afab62d710 - test[9d35eded1c95d3be]::test_main_inner::<test[9d35eded1c95d3be]::test_main_static::{closure#0}>::{closure#0}
[INFO] [stdout]    6:     0x60afab696822 - std[70759c8f55707aa4]::panicking::panic_with_hook
[INFO] [stdout]    7:     0x60afab67a412 - std[70759c8f55707aa4]::panicking::panic_handler::{closure#0}
[INFO] [stdout]    8:     0x60afab673009 - std[70759c8f55707aa4]::sys::backtrace::__rust_end_short_backtrace::<std[70759c8f55707aa4]::panicking::panic_handler::{closure#0}, !>
[INFO] [stdout]    9:     0x60afab67b00d - __rustc[8fa7c3cbc660c2b3]::rust_begin_unwind
[INFO] [stdout]   10:     0x60afab6b354c - core[df12db4294e9bfd3]::panicking::panic_fmt
[INFO] [stdout]   11:     0x60afab6104b9 - e2e_fixtures[20614510467be817]::load_fixture::{closure#0}
[INFO] [stdout]   12:     0x60afab6108fd - e2e_fixtures[20614510467be817]::load_fixture
[INFO] [stdout]   13:     0x60afab61400e - <e2e_fixtures[20614510467be817]::ts_rust_release::{closure#0} as core[df12db4294e9bfd3]::ops::function::FnOnce<()>>::call_once
[INFO] [stdout]   14:     0x60afab6209fb - test[9d35eded1c95d3be]::__rust_begin_short_backtrace::<core[df12db4294e9bfd3]::result::Result<(), alloc[2182bb758b4b3781]::string::String>, fn() -> core[df12db4294e9bfd3]::result::Result<(), alloc[2182bb758b4b3781]::string::String>>
[INFO] [stdout]   15:     0x60afab62e065 - test[9d35eded1c95d3be]::run_test::{closure#0}
[INFO] [stdout]   16:     0x60afab627924 - std[70759c8f55707aa4]::sys::backtrace::__rust_begin_short_backtrace::<test[9d35eded1c95d3be]::run_test::{closure#1}, ()>
[INFO] [stdout]   17:     0x60afab6311c2 - <std[70759c8f55707aa4]::thread::lifecycle::spawn_unchecked<test[9d35eded1c95d3be]::run_test::{closure#1}, ()>::{closure#1} as core[df12db4294e9bfd3]::ops::function::FnOnce<()>>::call_once::{shim:vtable#0}
[INFO] [stdout]   18:     0x60afab69d7d9 - <std[70759c8f55707aa4]::sys::thread::unix::Thread>::new::thread_start
[INFO] [stdout]   19:     0x71510a103dfa - <unknown>
[INFO] [stdout]   20:     0x71510a1973d4 - clone
[INFO] [stdout]   21:                0x0 - <unknown>
[INFO] [stdout] 
[INFO] [stdout] 
[INFO] [stdout] failures:
[INFO] [stdout]     all_fixtures_have_valid_structure
[INFO] [stdout]     parity_default_image
[INFO] [stdout]     parity_edge_kinds
[INFO] [stdout]     parity_env_keys
[INFO] [stdout]     parity_node_count
[INFO] [stdout]     parity_step_labels
[INFO] [stdout]     python_kitchen_sink
[INFO] [stdout]     python_monorepo_ci
[INFO] [stdout]     python_rust_release
[INFO] [stdout]     python_zig_node_polyglot
[INFO] [stdout]     ts_kitchen_sink
[INFO] [stdout]     ts_monorepo_ci
[INFO] [stdout]     ts_rust_release
[INFO] [stdout]     ts_zig_node_polyglot
[INFO] [stdout] 
[INFO] [stdout] test result: FAILED. 0 passed; 14 failed; 0 ignored; 0 measured; 0 filtered out; finished in 0.01s
[INFO] [stdout] 
[INFO] running `Command { std: "docker" "inspect" "8908cc28fc17805e7a2b646721a063bd456f901dfe1c903c0854fa1b392e5023", kill_on_drop: false }`
[INFO] running `Command { std: "docker" "rm" "-f" "8908cc28fc17805e7a2b646721a063bd456f901dfe1c903c0854fa1b392e5023", kill_on_drop: false }`
[INFO] [stdout] 8908cc28fc17805e7a2b646721a063bd456f901dfe1c903c0854fa1b392e5023
