[INFO] fetching crate hlbc-decompiler 0.7.0...
[INFO] testing hlbc-decompiler-0.7.0 against 1.99.0-beta.8+cargoflags=--release for beta-release-1.100-2
[INFO] extracting crate hlbc-decompiler 0.7.0 into /workspace/builds/worker-7-tc1/source
[INFO] started tweaking crates.io crate hlbc-decompiler 0.7.0
[INFO] finished tweaking crates.io crate hlbc-decompiler 0.7.0
[INFO] tweaked toml for crates.io crate hlbc-decompiler 0.7.0 written to /workspace/builds/worker-7-tc1/source/Cargo.toml
[INFO] validating manifest of crates.io crate hlbc-decompiler 0.7.0 on toolchain 1.99.0-beta.8
[INFO] running `Command { std: CARGO_HOME="/workspace/cargo-home" RUSTUP_HOME="/workspace/rustup-home" "/workspace/cargo-home/bin/cargo" "+1.99.0-beta.8" "metadata" "--manifest-path" "Cargo.toml" "--no-deps", kill_on_drop: false }`
[INFO] running `Command { std: CARGO_HOME="/workspace/cargo-home" RUSTUP_HOME="/workspace/rustup-home" "/workspace/cargo-home/bin/cargo" "+1.99.0-beta.8" "generate-lockfile" "--manifest-path" "Cargo.toml", kill_on_drop: false }`
[INFO] [stderr]     Updating crates.io index
[INFO] [stderr]      Locking 17 packages to highest compatible versions
[INFO] [stderr]       Adding petgraph v0.6.5 (available: v0.8.3)
[INFO] running `Command { std: CARGO_HOME="/workspace/cargo-home" RUSTUP_HOME="/workspace/rustup-home" "/workspace/cargo-home/bin/cargo" "+1.99.0-beta.8" "fetch" "--manifest-path" "Cargo.toml", kill_on_drop: false }`
[INFO] [stderr]  Downloading crates ...
[INFO] [stderr]   Downloaded hlbc v0.7.0
[INFO] [stderr]   Downloaded flexstr v0.9.2
[INFO] [stderr]   Downloaded hlbc-derive v0.7.0
[INFO] [stderr]   Downloaded fmtools v0.1.2
[INFO] running `Command { std: "docker" "create" "-v" "/var/lib/crater-agent-workspace/builds/worker-7-tc1/source:/opt/rustwide/workdir:ro,Z" "-v" "/var/lib/crater-agent-workspace/builds/worker-7-tc1/target:/opt/rustwide/target:rw,Z" "-v" "/var/lib/crater-agent-workspace/cargo-home:/opt/rustwide/cargo-home:ro,Z" "-v" "/var/lib/crater-agent-workspace/rustup-home:/opt/rustwide/rustup-home:ro,Z" "-m" "1610612736" "--network" "none" "ghcr.io/rust-lang/crates-build-env/linux@sha256:77db811e55d90add9212f6832c23229e3de5f1c1f9905e8cb07319ea15df73ac" "sleep" "infinity", kill_on_drop: false }`
[INFO] [stdout] 971c260089f096332a26a7b1ffc89a4d8b1016cfec4f9f9b3e2b511c68f1e9c9
[INFO] running `Command { std: "docker" "start" "971c260089f096332a26a7b1ffc89a4d8b1016cfec4f9f9b3e2b511c68f1e9c9", kill_on_drop: false }`
[INFO] running `Command { std: "docker" "inspect" "971c260089f096332a26a7b1ffc89a4d8b1016cfec4f9f9b3e2b511c68f1e9c9", kill_on_drop: false }`
[INFO] running `Command { std: "docker" "exec" "-e" "SOURCE_DIR=/opt/rustwide/workdir" "-e" "CARGO_HOME=/opt/rustwide/cargo-home" "-e" "RUSTUP_HOME=/opt/rustwide/rustup-home" "-e" "CARGO_TARGET_DIR=/opt/rustwide/target" "-w" "/opt/rustwide/workdir" "--user" "0:0" "971c260089f096332a26a7b1ffc89a4d8b1016cfec4f9f9b3e2b511c68f1e9c9" "/opt/rustwide/cargo-home/bin/cargo" "+1.99.0-beta.8" "metadata" "--no-deps" "--format-version=1", kill_on_drop: false }`
[INFO] running `Command { std: "docker" "inspect" "971c260089f096332a26a7b1ffc89a4d8b1016cfec4f9f9b3e2b511c68f1e9c9", kill_on_drop: false }`
[INFO] running `Command { std: "docker" "exec" "-e" "SOURCE_DIR=/opt/rustwide/workdir" "-e" "CARGO_HOME=/opt/rustwide/cargo-home" "-e" "RUSTUP_HOME=/opt/rustwide/rustup-home" "-e" "CARGO_TARGET_DIR=/opt/rustwide/target" "-e" "CARGO_INCREMENTAL=0" "-e" "RUST_BACKTRACE=full" "-e" "RUSTFLAGS=--cap-lints=warn" "-e" "RUSTDOCFLAGS=--cap-lints=warn" "-w" "/opt/rustwide/workdir" "--user" "0:0" "971c260089f096332a26a7b1ffc89a4d8b1016cfec4f9f9b3e2b511c68f1e9c9" "/opt/rustwide/cargo-home/bin/cargo" "+1.99.0-beta.8" "build" "--frozen" "--message-format=json" "--release", kill_on_drop: false }`
[INFO] [stderr]    Compiling thiserror-impl v1.0.69
[INFO] [stderr]    Compiling fixedbitset v0.4.2
[INFO] [stderr]    Compiling flexstr v0.9.2
[INFO] [stderr]    Compiling hlbc-derive v0.7.0
[INFO] [stderr]    Compiling fmtools v0.1.2
[INFO] [stderr]    Compiling petgraph v0.6.5
[INFO] [stderr]    Compiling thiserror v1.0.69
[INFO] [stderr]    Compiling hlbc v0.7.0
[INFO] [stderr]    Compiling hlbc-decompiler v0.7.0 (/opt/rustwide/workdir)
[INFO] [stdout] warning: unused variable: `code`
[INFO] [stdout]  --> src/post.rs:7:30
[INFO] [stdout]   |
[INFO] [stdout] 7 |     fn visit_stmt(&mut self, code: &Bytecode, stmt: &mut Statement) {}
[INFO] [stdout]   |                              ^^^^ help: if this is intentional, prefix it with an underscore: `_code`
[INFO] [stdout]   |
[INFO] [stdout]   = note: `#[warn(unused_variables)]` (part of `#[warn(unused)]`) on by default
[INFO] [stdout] 
[INFO] [stdout] 
[INFO] [stdout] warning: unused variable: `stmt`
[INFO] [stdout]  --> src/post.rs:7:47
[INFO] [stdout]   |
[INFO] [stdout] 7 |     fn visit_stmt(&mut self, code: &Bytecode, stmt: &mut Statement) {}
[INFO] [stdout]   |                                               ^^^^ help: if this is intentional, prefix it with an underscore: `_stmt`
[INFO] [stdout] 
[INFO] [stdout] 
[INFO] [stdout] warning: unused variable: `code`
[INFO] [stdout]  --> src/post.rs:8:30
[INFO] [stdout]   |
[INFO] [stdout] 8 |     fn visit_expr(&mut self, code: &Bytecode, expr: &mut Expr) {}
[INFO] [stdout]   |                              ^^^^ help: if this is intentional, prefix it with an underscore: `_code`
[INFO] [stdout] 
[INFO] [stdout] 
[INFO] [stdout] warning: unused variable: `expr`
[INFO] [stdout]  --> src/post.rs:8:47
[INFO] [stdout]   |
[INFO] [stdout] 8 |     fn visit_expr(&mut self, code: &Bytecode, expr: &mut Expr) {}
[INFO] [stdout]   |                                               ^^^^ help: if this is intentional, prefix it with an underscore: `_expr`
[INFO] [stdout] 
[INFO] [stdout] 
[INFO] [stdout] warning: unused variable: `exc`
[INFO] [stdout]    --> src/lib.rs:298:29
[INFO] [stdout]     |
[INFO] [stdout] 298 |             &Opcode::Trap { exc, offset } => {
[INFO] [stdout]     |                             ^^^ help: try ignoring the field: `exc: _`
[INFO] [stdout] 
[INFO] [stdout] 
[INFO] [stdout] warning: unused variable: `exc`
[INFO] [stdout]    --> src/lib.rs:301:32
[INFO] [stdout]     |
[INFO] [stdout] 301 |             &Opcode::EndTrap { exc } => {
[INFO] [stdout]     |                                ^^^ help: try ignoring the field: `exc: _`
[INFO] [stdout] 
[INFO] [stdout] 
[INFO] [stdout] warning: unused variable: `construct`
[INFO] [stdout]    --> src/lib.rs:702:17
[INFO] [stdout]     |
[INFO] [stdout] 702 |                 construct,
[INFO] [stdout]     |                 ^^^^^^^^^ help: try ignoring the field: `construct: _`
[INFO] [stdout] 
[INFO] [stdout] 
[INFO] [stdout] warning: unused variable: `r`
[INFO] [stdout]    --> src/lib.rs:712:32
[INFO] [stdout]     |
[INFO] [stdout] 712 |                 Expr::Variable(r, name) => {
[INFO] [stdout]     |                                ^ help: if this is intentional, prefix it with an underscore: `_r`
[INFO] [stdout] 
[INFO] [stdout] 
[INFO] [stdout] warning: unused variable: `name`
[INFO] [stdout]    --> src/lib.rs:712:35
[INFO] [stdout]     |
[INFO] [stdout] 712 |                 Expr::Variable(r, name) => {
[INFO] [stdout]     |                                   ^^^^ help: if this is intentional, prefix it with an underscore: `_name`
[INFO] [stdout] 
[INFO] [stdout] 
[INFO] [stdout] warning: variant `Catch` is never constructed
[INFO] [stdout]   --> src/scopes.rs:32:5
[INFO] [stdout]    |
[INFO] [stdout] 10 | pub(crate) enum ScopeData {
[INFO] [stdout]    |                 --------- variant in this enum
[INFO] [stdout] ...
[INFO] [stdout] 32 |     Catch,
[INFO] [stdout]    |     ^^^^^
[INFO] [stdout]    |
[INFO] [stdout]    = note: `ScopeData` has a derived impl for the trait `Debug`, but this is intentionally ignored during dead code analysis
[INFO] [stdout]    = note: `#[warn(dead_code)]` (part of `#[warn(unused)]`) on by default
[INFO] [stdout] 
[INFO] [stdout] 
[INFO] [stdout] warning: method `push_catch` is never used
[INFO] [stdout]    --> src/scopes.rs:228:19
[INFO] [stdout]     |
[INFO] [stdout]  88 | impl Scopes {
[INFO] [stdout]     | ----------- method in this implementation
[INFO] [stdout] ...
[INFO] [stdout] 228 |     pub(crate) fn push_catch(&mut self, len: i32) {
[INFO] [stdout]     |                   ^^^^^^^^^^
[INFO] [stdout] 
[INFO] [stdout] 
[INFO] [stderr]     Finished `release` profile [optimized] target(s) in 6.83s
[INFO] running `Command { std: "docker" "inspect" "971c260089f096332a26a7b1ffc89a4d8b1016cfec4f9f9b3e2b511c68f1e9c9", kill_on_drop: false }`
[INFO] running `Command { std: "docker" "exec" "-e" "SOURCE_DIR=/opt/rustwide/workdir" "-e" "CARGO_HOME=/opt/rustwide/cargo-home" "-e" "RUSTUP_HOME=/opt/rustwide/rustup-home" "-e" "CARGO_TARGET_DIR=/opt/rustwide/target" "-e" "CARGO_INCREMENTAL=0" "-e" "RUST_BACKTRACE=full" "-e" "RUSTFLAGS=--cap-lints=warn" "-e" "RUSTDOCFLAGS=--cap-lints=warn" "-w" "/opt/rustwide/workdir" "--user" "0:0" "971c260089f096332a26a7b1ffc89a4d8b1016cfec4f9f9b3e2b511c68f1e9c9" "/opt/rustwide/cargo-home/bin/cargo" "+1.99.0-beta.8" "test" "--frozen" "--no-run" "--message-format=json" "--release", kill_on_drop: false }`
[INFO] [stderr]    Compiling hlbc-decompiler v0.7.0 (/opt/rustwide/workdir)
[INFO] [stdout] warning: unused variable: `code`
[INFO] [stdout]  --> src/post.rs:7:30
[INFO] [stdout]   |
[INFO] [stdout] 7 |     fn visit_stmt(&mut self, code: &Bytecode, stmt: &mut Statement) {}
[INFO] [stdout]   |                              ^^^^ help: if this is intentional, prefix it with an underscore: `_code`
[INFO] [stdout]   |
[INFO] [stdout]   = note: `#[warn(unused_variables)]` (part of `#[warn(unused)]`) on by default
[INFO] [stdout] 
[INFO] [stdout] 
[INFO] [stdout] warning: unused variable: `stmt`
[INFO] [stdout]  --> src/post.rs:7:47
[INFO] [stdout]   |
[INFO] [stdout] 7 |     fn visit_stmt(&mut self, code: &Bytecode, stmt: &mut Statement) {}
[INFO] [stdout]   |                                               ^^^^ help: if this is intentional, prefix it with an underscore: `_stmt`
[INFO] [stdout] 
[INFO] [stdout] 
[INFO] [stdout] warning: unused variable: `code`
[INFO] [stdout]  --> src/post.rs:8:30
[INFO] [stdout]   |
[INFO] [stdout] 8 |     fn visit_expr(&mut self, code: &Bytecode, expr: &mut Expr) {}
[INFO] [stdout]   |                              ^^^^ help: if this is intentional, prefix it with an underscore: `_code`
[INFO] [stdout] 
[INFO] [stdout] 
[INFO] [stdout] warning: unused variable: `expr`
[INFO] [stdout]  --> src/post.rs:8:47
[INFO] [stdout]   |
[INFO] [stdout] 8 |     fn visit_expr(&mut self, code: &Bytecode, expr: &mut Expr) {}
[INFO] [stdout]   |                                               ^^^^ help: if this is intentional, prefix it with an underscore: `_expr`
[INFO] [stdout] 
[INFO] [stdout] 
[INFO] [stdout] warning: unused variable: `exc`
[INFO] [stdout]    --> src/lib.rs:298:29
[INFO] [stdout]     |
[INFO] [stdout] 298 |             &Opcode::Trap { exc, offset } => {
[INFO] [stdout]     |                             ^^^ help: try ignoring the field: `exc: _`
[INFO] [stdout] 
[INFO] [stdout] 
[INFO] [stdout] warning: unused variable: `exc`
[INFO] [stdout]    --> src/lib.rs:301:32
[INFO] [stdout]     |
[INFO] [stdout] 301 |             &Opcode::EndTrap { exc } => {
[INFO] [stdout]     |                                ^^^ help: try ignoring the field: `exc: _`
[INFO] [stdout] 
[INFO] [stdout] 
[INFO] [stdout] warning: unused variable: `construct`
[INFO] [stdout]    --> src/lib.rs:702:17
[INFO] [stdout]     |
[INFO] [stdout] 702 |                 construct,
[INFO] [stdout]     |                 ^^^^^^^^^ help: try ignoring the field: `construct: _`
[INFO] [stdout] 
[INFO] [stdout] 
[INFO] [stdout] warning: unused variable: `r`
[INFO] [stdout]    --> src/lib.rs:712:32
[INFO] [stdout]     |
[INFO] [stdout] 712 |                 Expr::Variable(r, name) => {
[INFO] [stdout]     |                                ^ help: if this is intentional, prefix it with an underscore: `_r`
[INFO] [stdout] 
[INFO] [stdout] 
[INFO] [stdout] warning: unused variable: `name`
[INFO] [stdout]    --> src/lib.rs:712:35
[INFO] [stdout]     |
[INFO] [stdout] 712 |                 Expr::Variable(r, name) => {
[INFO] [stdout]     |                                   ^^^^ help: if this is intentional, prefix it with an underscore: `_name`
[INFO] [stdout] 
[INFO] [stdout] 
[INFO] [stdout] warning: variant `Catch` is never constructed
[INFO] [stdout]   --> src/scopes.rs:32:5
[INFO] [stdout]    |
[INFO] [stdout] 10 | pub(crate) enum ScopeData {
[INFO] [stdout]    |                 --------- variant in this enum
[INFO] [stdout] ...
[INFO] [stdout] 32 |     Catch,
[INFO] [stdout]    |     ^^^^^
[INFO] [stdout]    |
[INFO] [stdout]    = note: `ScopeData` has a derived impl for the trait `Debug`, but this is intentionally ignored during dead code analysis
[INFO] [stdout]    = note: `#[warn(dead_code)]` (part of `#[warn(unused)]`) on by default
[INFO] [stdout] 
[INFO] [stdout] 
[INFO] [stdout] warning: method `push_catch` is never used
[INFO] [stdout]    --> src/scopes.rs:228:19
[INFO] [stdout]     |
[INFO] [stdout]  88 | impl Scopes {
[INFO] [stdout]     | ----------- method in this implementation
[INFO] [stdout] ...
[INFO] [stdout] 228 |     pub(crate) fn push_catch(&mut self, len: i32) {
[INFO] [stdout]     |                   ^^^^^^^^^^
[INFO] [stdout] 
[INFO] [stdout] 
[INFO] [stdout] warning: unused import: `std::io::BufReader`
[INFO] [stdout]    --> src/lib.rs:879:9
[INFO] [stdout]     |
[INFO] [stdout] 879 |     use std::io::BufReader;
[INFO] [stdout]     |         ^^^^^^^^^^^^^^^^^^
[INFO] [stdout]     |
[INFO] [stdout]     = note: `#[warn(unused_imports)]` (part of `#[warn(unused)]`) on by default
[INFO] [stdout] 
[INFO] [stdout] 
[INFO] [stdout] warning: unused variable: `code`
[INFO] [stdout]  --> src/post.rs:7:30
[INFO] [stdout]   |
[INFO] [stdout] 7 |     fn visit_stmt(&mut self, code: &Bytecode, stmt: &mut Statement) {}
[INFO] [stdout]   |                              ^^^^ help: if this is intentional, prefix it with an underscore: `_code`
[INFO] [stdout]   |
[INFO] [stdout]   = note: `#[warn(unused_variables)]` (part of `#[warn(unused)]`) on by default
[INFO] [stdout] 
[INFO] [stdout] 
[INFO] [stdout] warning: unused variable: `stmt`
[INFO] [stdout]  --> src/post.rs:7:47
[INFO] [stdout]   |
[INFO] [stdout] 7 |     fn visit_stmt(&mut self, code: &Bytecode, stmt: &mut Statement) {}
[INFO] [stdout]   |                                               ^^^^ help: if this is intentional, prefix it with an underscore: `_stmt`
[INFO] [stdout] 
[INFO] [stdout] 
[INFO] [stdout] warning: unused variable: `code`
[INFO] [stdout]  --> src/post.rs:8:30
[INFO] [stdout]   |
[INFO] [stdout] 8 |     fn visit_expr(&mut self, code: &Bytecode, expr: &mut Expr) {}
[INFO] [stdout]   |                              ^^^^ help: if this is intentional, prefix it with an underscore: `_code`
[INFO] [stdout] 
[INFO] [stdout] 
[INFO] [stdout] warning: unused variable: `expr`
[INFO] [stdout]  --> src/post.rs:8:47
[INFO] [stdout]   |
[INFO] [stdout] 8 |     fn visit_expr(&mut self, code: &Bytecode, expr: &mut Expr) {}
[INFO] [stdout]   |                                               ^^^^ help: if this is intentional, prefix it with an underscore: `_expr`
[INFO] [stdout] 
[INFO] [stdout] 
[INFO] [stdout] warning: unused variable: `exc`
[INFO] [stdout]    --> src/lib.rs:298:29
[INFO] [stdout]     |
[INFO] [stdout] 298 |             &Opcode::Trap { exc, offset } => {
[INFO] [stdout]     |                             ^^^ help: try ignoring the field: `exc: _`
[INFO] [stdout] 
[INFO] [stdout] 
[INFO] [stdout] warning: unused variable: `exc`
[INFO] [stdout]    --> src/lib.rs:301:32
[INFO] [stdout]     |
[INFO] [stdout] 301 |             &Opcode::EndTrap { exc } => {
[INFO] [stdout]     |                                ^^^ help: try ignoring the field: `exc: _`
[INFO] [stdout] 
[INFO] [stdout] 
[INFO] [stdout] warning: unused variable: `construct`
[INFO] [stdout]    --> src/lib.rs:702:17
[INFO] [stdout]     |
[INFO] [stdout] 702 |                 construct,
[INFO] [stdout]     |                 ^^^^^^^^^ help: try ignoring the field: `construct: _`
[INFO] [stdout] 
[INFO] [stdout] 
[INFO] [stdout] warning: unused variable: `r`
[INFO] [stdout]    --> src/lib.rs:712:32
[INFO] [stdout]     |
[INFO] [stdout] 712 |                 Expr::Variable(r, name) => {
[INFO] [stdout]     |                                ^ help: if this is intentional, prefix it with an underscore: `_r`
[INFO] [stdout] 
[INFO] [stdout] 
[INFO] [stdout] warning: unused variable: `name`
[INFO] [stdout]    --> src/lib.rs:712:35
[INFO] [stdout]     |
[INFO] [stdout] 712 |                 Expr::Variable(r, name) => {
[INFO] [stdout]     |                                   ^^^^ help: if this is intentional, prefix it with an underscore: `_name`
[INFO] [stdout] 
[INFO] [stdout] 
[INFO] [stdout] warning: variant `Catch` is never constructed
[INFO] [stdout]   --> src/scopes.rs:32:5
[INFO] [stdout]    |
[INFO] [stdout] 10 | pub(crate) enum ScopeData {
[INFO] [stdout]    |                 --------- variant in this enum
[INFO] [stdout] ...
[INFO] [stdout] 32 |     Catch,
[INFO] [stdout]    |     ^^^^^
[INFO] [stdout]    |
[INFO] [stdout]    = note: `ScopeData` has a derived impl for the trait `Debug`, but this is intentionally ignored during dead code analysis
[INFO] [stdout]    = note: `#[warn(dead_code)]` (part of `#[warn(unused)]`) on by default
[INFO] [stdout] 
[INFO] [stdout] 
[INFO] [stdout] warning: method `push_catch` is never used
[INFO] [stdout]    --> src/scopes.rs:228:19
[INFO] [stdout]     |
[INFO] [stdout]  88 | impl Scopes {
[INFO] [stdout]     | ----------- method in this implementation
[INFO] [stdout] ...
[INFO] [stdout] 228 |     pub(crate) fn push_catch(&mut self, len: i32) {
[INFO] [stdout]     |                   ^^^^^^^^^^
[INFO] [stdout] 
[INFO] [stdout] 
[INFO] [stderr]     Finished `release` profile [optimized] target(s) in 2.58s
[INFO] running `Command { std: "docker" "inspect" "971c260089f096332a26a7b1ffc89a4d8b1016cfec4f9f9b3e2b511c68f1e9c9", kill_on_drop: false }`
[INFO] running `Command { std: "docker" "exec" "-e" "SOURCE_DIR=/opt/rustwide/workdir" "-e" "CARGO_HOME=/opt/rustwide/cargo-home" "-e" "RUSTUP_HOME=/opt/rustwide/rustup-home" "-e" "CARGO_TARGET_DIR=/opt/rustwide/target" "-e" "CARGO_INCREMENTAL=0" "-e" "RUST_BACKTRACE=full" "-e" "RUSTFLAGS=--cap-lints=warn" "-e" "RUSTDOCFLAGS=--cap-lints=warn" "-w" "/opt/rustwide/workdir" "--user" "0:0" "971c260089f096332a26a7b1ffc89a4d8b1016cfec4f9f9b3e2b511c68f1e9c9" "/opt/rustwide/cargo-home/bin/cargo" "+1.99.0-beta.8" "test" "--frozen" "--release", kill_on_drop: false }`
[INFO] [stderr] warning: unused variable: `code`
[INFO] [stderr]  --> src/post.rs:7:30
[INFO] [stderr]   |
[INFO] [stderr] 7 |     fn visit_stmt(&mut self, code: &Bytecode, stmt: &mut Statement) {}
[INFO] [stderr]   |                              ^^^^ help: if this is intentional, prefix it with an underscore: `_code`
[INFO] [stderr]   |
[INFO] [stderr]   = note: `#[warn(unused_variables)]` (part of `#[warn(unused)]`) on by default
[INFO] [stderr] 
[INFO] [stderr] warning: unused variable: `stmt`
[INFO] [stderr]  --> src/post.rs:7:47
[INFO] [stderr]   |
[INFO] [stderr] 7 |     fn visit_stmt(&mut self, code: &Bytecode, stmt: &mut Statement) {}
[INFO] [stderr]   |                                               ^^^^ help: if this is intentional, prefix it with an underscore: `_stmt`
[INFO] [stderr] 
[INFO] [stderr] warning: unused variable: `code`
[INFO] [stderr]  --> src/post.rs:8:30
[INFO] [stderr]   |
[INFO] [stderr] 8 |     fn visit_expr(&mut self, code: &Bytecode, expr: &mut Expr) {}
[INFO] [stderr]   |                              ^^^^ help: if this is intentional, prefix it with an underscore: `_code`
[INFO] [stderr] 
[INFO] [stderr] warning: unused variable: `expr`
[INFO] [stderr]  --> src/post.rs:8:47
[INFO] [stderr]   |
[INFO] [stderr] 8 |     fn visit_expr(&mut self, code: &Bytecode, expr: &mut Expr) {}
[INFO] [stderr]   |                                               ^^^^ help: if this is intentional, prefix it with an underscore: `_expr`
[INFO] [stderr] 
[INFO] [stderr] warning: unused variable: `exc`
[INFO] [stderr]    --> src/lib.rs:298:29
[INFO] [stderr]     |
[INFO] [stderr] 298 |             &Opcode::Trap { exc, offset } => {
[INFO] [stderr]     |                             ^^^ help: try ignoring the field: `exc: _`
[INFO] [stderr] 
[INFO] [stderr] warning: unused variable: `exc`
[INFO] [stderr]    --> src/lib.rs:301:32
[INFO] [stderr]     |
[INFO] [stderr] 301 |             &Opcode::EndTrap { exc } => {
[INFO] [stderr]     |                                ^^^ help: try ignoring the field: `exc: _`
[INFO] [stderr] 
[INFO] [stderr] warning: unused variable: `construct`
[INFO] [stderr]    --> src/lib.rs:702:17
[INFO] [stderr]     |
[INFO] [stderr] 702 |                 construct,
[INFO] [stderr]     |                 ^^^^^^^^^ help: try ignoring the field: `construct: _`
[INFO] [stderr] 
[INFO] [stderr] warning: unused variable: `r`
[INFO] [stderr]    --> src/lib.rs:712:32
[INFO] [stderr]     |
[INFO] [stderr] 712 |                 Expr::Variable(r, name) => {
[INFO] [stderr]     |                                ^ help: if this is intentional, prefix it with an underscore: `_r`
[INFO] [stderr] 
[INFO] [stderr] warning: unused variable: `name`
[INFO] [stderr]    --> src/lib.rs:712:35
[INFO] [stderr]     |
[INFO] [stderr] 712 |                 Expr::Variable(r, name) => {
[INFO] [stderr]     |                                   ^^^^ help: if this is intentional, prefix it with an underscore: `_name`
[INFO] [stderr] 
[INFO] [stderr] warning: variant `Catch` is never constructed
[INFO] [stderr]   --> src/scopes.rs:32:5
[INFO] [stderr]    |
[INFO] [stderr] 10 | pub(crate) enum ScopeData {
[INFO] [stderr]    |                 --------- variant in this enum
[INFO] [stderr] ...
[INFO] [stderr] 32 |     Catch,
[INFO] [stderr]    |     ^^^^^
[INFO] [stderr]    |
[INFO] [stderr]    = note: `ScopeData` has a derived impl for the trait `Debug`, but this is intentionally ignored during dead code analysis
[INFO] [stderr]    = note: `#[warn(dead_code)]` (part of `#[warn(unused)]`) on by default
[INFO] [stderr] 
[INFO] [stderr] warning: method `push_catch` is never used
[INFO] [stderr]    --> src/scopes.rs:228:19
[INFO] [stderr]     |
[INFO] [stderr]  88 | impl Scopes {
[INFO] [stderr]     | ----------- method in this implementation
[INFO] [stderr] ...
[INFO] [stderr] 228 |     pub(crate) fn push_catch(&mut self, len: i32) {
[INFO] [stderr]     |                   ^^^^^^^^^^
[INFO] [stderr] 
[INFO] [stderr] warning: unused import: `std::io::BufReader`
[INFO] [stderr]    --> src/lib.rs:879:9
[INFO] [stderr]     |
[INFO] [stderr] 879 |     use std::io::BufReader;
[INFO] [stderr]     |         ^^^^^^^^^^^^^^^^^^
[INFO] [stderr]     |
[INFO] [stderr]     = note: `#[warn(unused_imports)]` (part of `#[warn(unused)]`) on by default
[INFO] [stderr] 
[INFO] [stderr] warning: `hlbc-decompiler` (lib) generated 11 warnings (run `cargo fix --lib -p hlbc-decompiler` to apply 9 suggestions)
[INFO] [stderr] warning: `hlbc-decompiler` (lib test) generated 12 warnings (11 duplicates) (run `cargo fix --lib -p hlbc-decompiler --tests` to apply 1 suggestion)
[INFO] [stderr]     Finished `release` profile [optimized] target(s) in 0.05s
[INFO] [stderr]      Running unittests src/lib.rs (/opt/rustwide/target/release/deps/hlbc_decompiler-7929426d58a22306)
[INFO] [stdout] 
[INFO] [stdout] running 5 tests
[INFO] [stdout] test tests::decomp_northgard ... FAILED
[INFO] [stdout] test tests::decomp_fn_all ... FAILED
[INFO] [stdout] test tests::decomp_wartales ... FAILED
[INFO] [stdout] test tests::decomp_code_all ... FAILED
[INFO] [stdout] test tests::decomp_class_all ... FAILED
[INFO] [stdout] 
[INFO] [stdout] failures:
[INFO] [stdout] 
[INFO] [stdout] ---- tests::decomp_northgard stdout ----
[INFO] [stdout] 
[INFO] [stdout] thread 'tests::decomp_northgard' (308) panicked at src/lib.rs:932:76:
[INFO] [stdout] called `Result::unwrap()` on an `Err` value: IoError(Os { code: 2, kind: NotFound, message: "No such file or directory" })
[INFO] [stdout] stack backtrace:
[INFO] [stdout]    0:     0x5f58a1ddca81 - <<std[70759c8f55707aa4]::sys::backtrace::BacktraceLock>::print::DisplayBacktrace as core[df12db4294e9bfd3]::fmt::Display>::fmt
[INFO] [stdout]    1:     0x5f58a1df18fa - core[df12db4294e9bfd3]::fmt::write
[INFO] [stdout]    2:     0x5f58a1de11ec - <alloc[2182bb758b4b3781]::vec::Vec<u8> as core[df12db4294e9bfd3]::io::write::Write>::write_fmt
[INFO] [stdout]    3:     0x5f58a1db8b66 - std[70759c8f55707aa4]::panicking::default_hook::{closure#0}
[INFO] [stdout]    4:     0x5f58a1dd4fd9 - std[70759c8f55707aa4]::panicking::default_hook
[INFO] [stdout]    5:     0x5f58a1d70050 - test[9d35eded1c95d3be]::test_main_inner::<test[9d35eded1c95d3be]::test_main_static::{closure#0}>::{closure#0}
[INFO] [stdout]    6:     0x5f58a1dd5192 - std[70759c8f55707aa4]::panicking::panic_with_hook
[INFO] [stdout]    7:     0x5f58a1db8c12 - std[70759c8f55707aa4]::panicking::panic_handler::{closure#0}
[INFO] [stdout]    8:     0x5f58a1db18f9 - std[70759c8f55707aa4]::sys::backtrace::__rust_end_short_backtrace::<std[70759c8f55707aa4]::panicking::panic_handler::{closure#0}, !>
[INFO] [stdout]    9:     0x5f58a1db980d - __rustc[8fa7c3cbc660c2b3]::rust_begin_unwind
[INFO] [stdout]   10:     0x5f58a1df202c - core[df12db4294e9bfd3]::panicking::panic_fmt
[INFO] [stdout]   11:     0x5f58a1df1e02 - core[df12db4294e9bfd3]::result::unwrap_failed
[INFO] [stdout]   12:     0x5f58a1d5dc69 - hlbc_decompiler[2a9feb471d994bff]::tests::decomp_northgard
[INFO] [stdout]   13:     0x5f58a1d47ae9 - <hlbc_decompiler[2a9feb471d994bff]::tests::decomp_northgard::{closure#0} as core[df12db4294e9bfd3]::ops::function::FnOnce<()>>::call_once
[INFO] [stdout]   14:     0x5f58a1d6333b - test[9d35eded1c95d3be]::__rust_begin_short_backtrace::<core[df12db4294e9bfd3]::result::Result<(), alloc[2182bb758b4b3781]::string::String>, fn() -> core[df12db4294e9bfd3]::result::Result<(), alloc[2182bb758b4b3781]::string::String>>
[INFO] [stdout]   15:     0x5f58a1d709a5 - test[9d35eded1c95d3be]::run_test::{closure#0}
[INFO] [stdout]   16:     0x5f58a1d6a264 - std[70759c8f55707aa4]::sys::backtrace::__rust_begin_short_backtrace::<test[9d35eded1c95d3be]::run_test::{closure#1}, ()>
[INFO] [stdout]   17:     0x5f58a1d73b02 - <std[70759c8f55707aa4]::thread::lifecycle::spawn_unchecked<test[9d35eded1c95d3be]::run_test::{closure#1}, ()>::{closure#1} as core[df12db4294e9bfd3]::ops::function::FnOnce<()>>::call_once::{shim:vtable#0}
[INFO] [stdout]   18:     0x5f58a1ddc359 - <std[70759c8f55707aa4]::sys::thread::unix::Thread>::new::thread_start
[INFO] [stdout]   19:     0x74d5af039dfa - <unknown>
[INFO] [stdout]   20:     0x74d5af0cd3d4 - clone
[INFO] [stdout]   21:                0x0 - <unknown>
[INFO] [stdout] 
[INFO] [stdout] ---- tests::decomp_fn_all stdout ----
[INFO] [stdout] 
[INFO] [stdout] thread 'tests::decomp_fn_all' (307) panicked at src/lib.rs:902:49:
[INFO] [stdout] called `Result::unwrap()` on an `Err` value: Os { code: 2, kind: NotFound, message: "No such file or directory" }
[INFO] [stdout] stack backtrace:
[INFO] [stdout]    0:     0x5f58a1ddca81 - <<std[70759c8f55707aa4]::sys::backtrace::BacktraceLock>::print::DisplayBacktrace as core[df12db4294e9bfd3]::fmt::Display>::fmt
[INFO] [stdout]    1:     0x5f58a1df18fa - core[df12db4294e9bfd3]::fmt::write
[INFO] [stdout]    2:     0x5f58a1de11ec - <alloc[2182bb758b4b3781]::vec::Vec<u8> as core[df12db4294e9bfd3]::io::write::Write>::write_fmt
[INFO] [stdout]    3:     0x5f58a1db8b66 - std[70759c8f55707aa4]::panicking::default_hook::{closure#0}
[INFO] [stdout]    4:     0x5f58a1dd4fd9 - std[70759c8f55707aa4]::panicking::default_hook
[INFO] [stdout]    5:     0x5f58a1d70050 - test[9d35eded1c95d3be]::test_main_inner::<test[9d35eded1c95d3be]::test_main_static::{closure#0}>::{closure#0}
[INFO] [stdout]    6:     0x5f58a1dd5192 - std[70759c8f55707aa4]::panicking::panic_with_hook
[INFO] [stdout]    7:     0x5f58a1db8c12 - std[70759c8f55707aa4]::panicking::panic_handler::{closure#0}
[INFO] [stdout]    8:     0x5f58a1db18f9 - std[70759c8f55707aa4]::sys::backtrace::__rust_end_short_backtrace::<std[70759c8f55707aa4]::panicking::panic_handler::{closure#0}, !>
[INFO] [stdout]    9:     0x5f58a1db980d - __rustc[8fa7c3cbc660c2b3]::rust_begin_unwind
[INFO] [stdout]   10:     0x5f58a1df202c - core[df12db4294e9bfd3]::panicking::panic_fmt
[INFO] [stdout]   11:     0x5f58a1df1e02 - core[df12db4294e9bfd3]::result::unwrap_failed
[INFO] [stdout]   12:     0x5f58a1d5cb37 - hlbc_decompiler[2a9feb471d994bff]::tests::decomp_fn_all
[INFO] [stdout]   13:     0x5f58a1d47a69 - <hlbc_decompiler[2a9feb471d994bff]::tests::decomp_fn_all::{closure#0} as core[df12db4294e9bfd3]::ops::function::FnOnce<()>>::call_once
[INFO] [stdout]   14:     0x5f58a1d6333b - test[9d35eded1c95d3be]::__rust_begin_short_backtrace::<core[df12db4294e9bfd3]::result::Result<(), alloc[2182bb758b4b3781]::string::String>, fn() -> core[df12db4294e9bfd3]::result::Result<(), alloc[2182bb758b4b3781]::string::String>>
[INFO] [stdout]   15:     0x5f58a1d709a5 - test[9d35eded1c95d3be]::run_test::{closure#0}
[INFO] [stdout]   16:     0x5f58a1d6a264 - std[70759c8f55707aa4]::sys::backtrace::__rust_begin_short_backtrace::<test[9d35eded1c95d3be]::run_test::{closure#1}, ()>
[INFO] [stdout]   17:     0x5f58a1d73b02 - <std[70759c8f55707aa4]::thread::lifecycle::spawn_unchecked<test[9d35eded1c95d3be]::run_test::{closure#1}, ()>::{closure#1} as core[df12db4294e9bfd3]::ops::function::FnOnce<()>>::call_once::{shim:vtable#0}
[INFO] [stdout]   18:     0x5f58a1ddc359 - <std[70759c8f55707aa4]::sys::thread::unix::Thread>::new::thread_start
[INFO] [stdout]   19:     0x74d5af039dfa - <unknown>
[INFO] [stdout]   20:     0x74d5af0cd3d4 - clone
[INFO] [stdout]   21:                0x0 - <unknown>
[INFO] [stdout] 
[INFO] [stdout] ---- tests::decomp_wartales stdout ----
[INFO] [stdout] 
[INFO] [stdout] thread 'tests::decomp_wartales' (309) panicked at src/lib.rs:946:75:
[INFO] [stdout] called `Result::unwrap()` on an `Err` value: IoError(Os { code: 2, kind: NotFound, message: "No such file or directory" })
[INFO] [stdout] stack backtrace:
[INFO] [stdout]    0:     0x5f58a1ddca81 - <<std[70759c8f55707aa4]::sys::backtrace::BacktraceLock>::print::DisplayBacktrace as core[df12db4294e9bfd3]::fmt::Display>::fmt
[INFO] [stdout]    1:     0x5f58a1df18fa - core[df12db4294e9bfd3]::fmt::write
[INFO] [stdout]    2:     0x5f58a1de11ec - <alloc[2182bb758b4b3781]::vec::Vec<u8> as core[df12db4294e9bfd3]::io::write::Write>::write_fmt
[INFO] [stdout]    3:     0x5f58a1db8b66 - std[70759c8f55707aa4]::panicking::default_hook::{closure#0}
[INFO] [stdout]    4:     0x5f58a1dd4fd9 - std[70759c8f55707aa4]::panicking::default_hook
[INFO] [stdout]    5:     0x5f58a1d70050 - test[9d35eded1c95d3be]::test_main_inner::<test[9d35eded1c95d3be]::test_main_static::{closure#0}>::{closure#0}
[INFO] [stdout]    6:     0x5f58a1dd5192 - std[70759c8f55707aa4]::panicking::panic_with_hook
[INFO] [stdout]    7:     0x5f58a1db8c12 - std[70759c8f55707aa4]::panicking::panic_handler::{closure#0}
[INFO] [stdout]    8:     0x5f58a1db18f9 - std[70759c8f55707aa4]::sys::backtrace::__rust_end_short_backtrace::<std[70759c8f55707aa4]::panicking::panic_handler::{closure#0}, !>
[INFO] [stdout]    9:     0x5f58a1db980d - __rustc[8fa7c3cbc660c2b3]::rust_begin_unwind
[INFO] [stdout]   10:     0x5f58a1df202c - core[df12db4294e9bfd3]::panicking::panic_fmt
[INFO] [stdout]   11:     0x5f58a1df1e02 - core[df12db4294e9bfd3]::result::unwrap_failed
[INFO] [stdout]   12:     0x5f58a1d5d419 - hlbc_decompiler[2a9feb471d994bff]::tests::decomp_wartales
[INFO] [stdout]   13:     0x5f58a1d47aa9 - <hlbc_decompiler[2a9feb471d994bff]::tests::decomp_wartales::{closure#0} as core[df12db4294e9bfd3]::ops::function::FnOnce<()>>::call_once
[INFO] [stdout]   14:     0x5f58a1d6333b - test[9d35eded1c95d3be]::__rust_begin_short_backtrace::<core[df12db4294e9bfd3]::result::Result<(), alloc[2182bb758b4b3781]::string::String>, fn() -> core[df12db4294e9bfd3]::result::Result<(), alloc[2182bb758b4b3781]::string::String>>
[INFO] [stdout]   15:     0x5f58a1d709a5 - test[9d35eded1c95d3be]::run_test::{closure#0}
[INFO] [stdout]   16:     0x5f58a1d6a264 - std[70759c8f55707aa4]::sys::backtrace::__rust_begin_short_backtrace::<test[9d35eded1c95d3be]::run_test::{closure#1}, ()>
[INFO] [stdout]   17:     0x5f58a1d73b02 - <std[70759c8f55707aa4]::thread::lifecycle::spawn_unchecked<test[9d35eded1c95d3be]::run_test::{closure#1}, ()>::{closure#1} as core[df12db4294e9bfd3]::ops::function::FnOnce<()>>::call_once::{shim:vtable#0}
[INFO] [stdout]   18:     0x5f58a1ddc359 - <std[70759c8f55707aa4]::sys::thread::unix::Thread>::new::thread_start
[INFO] [stdout]   19:     0x74d5af039dfa - <unknown>
[INFO] [stdout]   20:     0x74d5af0cd3d4 - clone
[INFO] [stdout]   21:                0x0 - <unknown>
[INFO] [stdout] 
[INFO] [stdout] ---- tests::decomp_code_all stdout ----
[INFO] [stdout] 
[INFO] [stdout] thread 'tests::decomp_code_all' (306) panicked at src/lib.rs:887:49:
[INFO] [stdout] called `Result::unwrap()` on an `Err` value: Os { code: 2, kind: NotFound, message: "No such file or directory" }
[INFO] [stdout] stack backtrace:
[INFO] [stdout]    0:     0x5f58a1ddca81 - <<std[70759c8f55707aa4]::sys::backtrace::BacktraceLock>::print::DisplayBacktrace as core[df12db4294e9bfd3]::fmt::Display>::fmt
[INFO] [stdout]    1:     0x5f58a1df18fa - core[df12db4294e9bfd3]::fmt::write
[INFO] [stdout]    2:     0x5f58a1de11ec - <alloc[2182bb758b4b3781]::vec::Vec<u8> as core[df12db4294e9bfd3]::io::write::Write>::write_fmt
[INFO] [stdout]    3:     0x5f58a1db8b66 - std[70759c8f55707aa4]::panicking::default_hook::{closure#0}
[INFO] [stdout]    4:     0x5f58a1dd4fd9 - std[70759c8f55707aa4]::panicking::default_hook
[INFO] [stdout]    5:     0x5f58a1d70050 - test[9d35eded1c95d3be]::test_main_inner::<test[9d35eded1c95d3be]::test_main_static::{closure#0}>::{closure#0}
[INFO] [stdout]    6:     0x5f58a1dd5192 - std[70759c8f55707aa4]::panicking::panic_with_hook
[INFO] [stdout]    7:     0x5f58a1db8c12 - std[70759c8f55707aa4]::panicking::panic_handler::{closure#0}
[INFO] [stdout]    8:     0x5f58a1db18f9 - std[70759c8f55707aa4]::sys::backtrace::__rust_end_short_backtrace::<std[70759c8f55707aa4]::panicking::panic_handler::{closure#0}, !>
[INFO] [stdout]    9:     0x5f58a1db980d - __rustc[8fa7c3cbc660c2b3]::rust_begin_unwind
[INFO] [stdout]   10:     0x5f58a1df202c - core[df12db4294e9bfd3]::panicking::panic_fmt
[INFO] [stdout]   11:     0x5f58a1df1e02 - core[df12db4294e9bfd3]::result::unwrap_failed
[INFO] [stdout]   12:     0x5f58a1d5cf8b - hlbc_decompiler[2a9feb471d994bff]::tests::decomp_code_all
[INFO] [stdout]   13:     0x5f58a1d47a89 - <hlbc_decompiler[2a9feb471d994bff]::tests::decomp_code_all::{closure#0} as core[df12db4294e9bfd3]::ops::function::FnOnce<()>>::call_once
[INFO] [stdout]   14:     0x5f58a1d6333b - test[9d35eded1c95d3be]::__rust_begin_short_backtrace::<core[df12db4294e9bfd3]::result::Result<(), alloc[2182bb758b4b3781]::string::String>, fn() -> core[df12db4294e9bfd3]::result::Result<(), alloc[2182bb758b4b3781]::string::String>>
[INFO] [stdout]   15:     0x5f58a1d709a5 - test[9d35eded1c95d3be]::run_test::{closure#0}
[INFO] [stdout]   16:     0x5f58a1d6a264 - std[70759c8f55707aa4]::sys::backtrace::__rust_begin_short_backtrace::<test[9d35eded1c95d3be]::run_test::{closure#1}, ()>
[INFO] [stdout]   17:     0x5f58a1d73b02 - <std[70759c8f55707aa4]::thread::lifecycle::spawn_unchecked<test[9d35eded1c95d3be]::run_test::{closure#1}, ()>::{closure#1} as core[df12db4294e9bfd3]::ops::function::FnOnce<()>>::call_once::{shim:vtable#0}
[INFO] [stdout]   18:     0x5f58a1ddc359 - <std[70759c8f55707aa4]::sys::thread::unix::Thread>::new::thread_start
[INFO] [stdout]   19:     0x74d5af039dfa - <unknown>
[INFO] [stdout]   20:     0x74d5af0cd3d4 - clone
[INFO] [stdout]   21:                0x0 - <unknown>
[INFO] [stdout] 
[INFO] [stdout] ---- tests::decomp_class_all stdout ----
[INFO] [stdout] 
[INFO] [stdout] thread 'tests::decomp_class_all' (305) panicked at src/lib.rs:917:49:
[INFO] [stdout] called `Result::unwrap()` on an `Err` value: Os { code: 2, kind: NotFound, message: "No such file or directory" }
[INFO] [stdout] stack backtrace:
[INFO] [stdout]    0:     0x5f58a1ddca81 - <<std[70759c8f55707aa4]::sys::backtrace::BacktraceLock>::print::DisplayBacktrace as core[df12db4294e9bfd3]::fmt::Display>::fmt
[INFO] [stdout]    1:     0x5f58a1df18fa - core[df12db4294e9bfd3]::fmt::write
[INFO] [stdout]    2:     0x5f58a1de11ec - <alloc[2182bb758b4b3781]::vec::Vec<u8> as core[df12db4294e9bfd3]::io::write::Write>::write_fmt
[INFO] [stdout]    3:     0x5f58a1db8b66 - std[70759c8f55707aa4]::panicking::default_hook::{closure#0}
[INFO] [stdout]    4:     0x5f58a1dd4fd9 - std[70759c8f55707aa4]::panicking::default_hook
[INFO] [stdout]    5:     0x5f58a1d70050 - test[9d35eded1c95d3be]::test_main_inner::<test[9d35eded1c95d3be]::test_main_static::{closure#0}>::{closure#0}
[INFO] [stdout]    6:     0x5f58a1dd5192 - std[70759c8f55707aa4]::panicking::panic_with_hook
[INFO] [stdout]    7:     0x5f58a1db8c12 - std[70759c8f55707aa4]::panicking::panic_handler::{closure#0}
[INFO] [stdout]    8:     0x5f58a1db18f9 - std[70759c8f55707aa4]::sys::backtrace::__rust_end_short_backtrace::<std[70759c8f55707aa4]::panicking::panic_handler::{closure#0}, !>
[INFO] [stdout]    9:     0x5f58a1db980d - __rustc[8fa7c3cbc660c2b3]::rust_begin_unwind
[INFO] [stdout]   10:     0x5f58a1df202c - core[df12db4294e9bfd3]::panicking::panic_fmt
[INFO] [stdout]   11:     0x5f58a1df1e02 - core[df12db4294e9bfd3]::result::unwrap_failed
[INFO] [stdout]   12:     0x5f58a1d5d835 - hlbc_decompiler[2a9feb471d994bff]::tests::decomp_class_all
[INFO] [stdout]   13:     0x5f58a1d47ac9 - <hlbc_decompiler[2a9feb471d994bff]::tests::decomp_class_all::{closure#0} as core[df12db4294e9bfd3]::ops::function::FnOnce<()>>::call_once
[INFO] [stdout]   14:     0x5f58a1d6333b - test[9d35eded1c95d3be]::__rust_begin_short_backtrace::<core[df12db4294e9bfd3]::result::Result<(), alloc[2182bb758b4b3781]::string::String>, fn() -> core[df12db4294e9bfd3]::result::Result<(), alloc[2182bb758b4b3781]::string::String>>
[INFO] [stdout]   15:     0x5f58a1d709a5 - test[9d35eded1c95d3be]::run_test::{closure#0}
[INFO] [stdout]   16:     0x5f58a1d6a264 - std[70759c8f55707aa4]::sys::backtrace::__rust_begin_short_backtrace::<test[9d35eded1c95d3be]::run_test::{closure#1}, ()>
[INFO] [stdout]   17:     0x5f58a1d73b02 - <std[70759c8f55707aa4]::thread::lifecycle::spawn_unchecked<test[9d35eded1c95d3be]::run_test::{closure#1}, ()>::{closure#1} as core[df12db4294e9bfd3]::ops::function::FnOnce<()>>::call_once::{shim:vtable#0}
[INFO] [stdout]   18:     0x5f58a1ddc359 - <std[70759c8f55707aa4]::sys::thread::unix::Thread>::new::thread_start
[INFO] [stdout]   19:     0x74d5af039dfa - <unknown>
[INFO] [stdout]   20:     0x74d5af0cd3d4 - clone
[INFO] [stdout]   21:                0x0 - <unknown>
[INFO] [stdout] 
[INFO] [stdout] 
[INFO] [stdout] failures:
[INFO] [stdout]     tests::decomp_class_all
[INFO] [stdout]     tests::decomp_code_all
[INFO] [stdout]     tests::decomp_fn_all
[INFO] [stdout]     tests::decomp_northgard
[INFO] [stdout]     tests::decomp_wartales
[INFO] [stdout] 
[INFO] [stdout] test result: FAILED. 0 passed; 5 failed; 0 ignored; 0 measured; 0 filtered out; finished in 0.00s
[INFO] [stdout] 
[INFO] [stderr] error: test failed, to rerun pass `--lib`
[INFO] running `Command { std: "docker" "inspect" "971c260089f096332a26a7b1ffc89a4d8b1016cfec4f9f9b3e2b511c68f1e9c9", kill_on_drop: false }`
[INFO] running `Command { std: "docker" "rm" "-f" "971c260089f096332a26a7b1ffc89a4d8b1016cfec4f9f9b3e2b511c68f1e9c9", kill_on_drop: false }`
[INFO] [stdout] 971c260089f096332a26a7b1ffc89a4d8b1016cfec4f9f9b3e2b511c68f1e9c9
