[INFO] fetching crate hive-router-query-planner 2.10.11...
[INFO] testing hive-router-query-planner-2.10.11 against 1.100.0-beta.1+cargoflags=--release for beta-release-1.100-2
[INFO] extracting crate hive-router-query-planner 2.10.11 into /workspace/builds/worker-3-tc2/source
[INFO] started tweaking crates.io crate hive-router-query-planner 2.10.11
[INFO] finished tweaking crates.io crate hive-router-query-planner 2.10.11
[INFO] tweaked toml for crates.io crate hive-router-query-planner 2.10.11 written to /workspace/builds/worker-3-tc2/source/Cargo.toml
[INFO] validating manifest of crates.io crate hive-router-query-planner 2.10.11 on toolchain 1.100.0-beta.1
[INFO] running `Command { std: CARGO_HOME="/workspace/cargo-home" RUSTUP_HOME="/workspace/rustup-home" "/workspace/cargo-home/bin/cargo" "+1.100.0-beta.1" "metadata" "--manifest-path" "Cargo.toml" "--no-deps", kill_on_drop: false }`
[INFO] crate crates.io crate hive-router-query-planner 2.10.11 already has a lockfile, it will not be regenerated
[INFO] running `Command { std: CARGO_HOME="/workspace/cargo-home" RUSTUP_HOME="/workspace/rustup-home" "/workspace/cargo-home/bin/cargo" "+1.100.0-beta.1" "fetch" "--manifest-path" "Cargo.toml", kill_on_drop: false }`
[INFO] [stderr] warning: `package.homepage` is redundant with `package.repository`
[INFO] [stderr]   --> Cargo.toml:74:12
[INFO] [stderr]    |
[INFO] [stderr] 74 | homepage = "https://github.com/graphql-hive/router"
[INFO] [stderr]    |            ^^^^^^^^^^^^^^^^^^^^^^^^^^^^^^^^^^^^^^^^
[INFO] [stderr] ...
[INFO] [stderr] 79 | repository = "https://github.com/graphql-hive/router"
[INFO] [stderr]    |              ----------------------------------------
[INFO] [stderr]    |
[INFO] [stderr]    = note: `cargo::redundant_homepage` is set to `warn` by default
[INFO] [stderr] help: consider removing `package.homepage`
[INFO] [stderr] warning: `hive-router-query-planner` (manifest) generated 1 warning
[INFO] running `Command { std: "docker" "create" "-v" "/var/lib/crater-agent-workspace/builds/worker-3-tc2/source:/opt/rustwide/workdir:ro,Z" "-v" "/var/lib/crater-agent-workspace/builds/worker-3-tc2/target:/opt/rustwide/target:rw,Z" "-v" "/var/lib/crater-agent-workspace/cargo-home:/opt/rustwide/cargo-home:ro,Z" "-v" "/var/lib/crater-agent-workspace/rustup-home:/opt/rustwide/rustup-home:ro,Z" "-m" "1610612736" "--network" "none" "ghcr.io/rust-lang/crates-build-env/linux@sha256:77db811e55d90add9212f6832c23229e3de5f1c1f9905e8cb07319ea15df73ac" "sleep" "infinity", kill_on_drop: false }`
[INFO] [stdout] 66bf4f77e32543a8a470db7a7d06d1d6e6750ef59f99a52c6ab5163d84069c43
[INFO] running `Command { std: "docker" "start" "66bf4f77e32543a8a470db7a7d06d1d6e6750ef59f99a52c6ab5163d84069c43", kill_on_drop: false }`
[INFO] running `Command { std: "docker" "inspect" "66bf4f77e32543a8a470db7a7d06d1d6e6750ef59f99a52c6ab5163d84069c43", kill_on_drop: false }`
[INFO] running `Command { std: "docker" "exec" "-e" "SOURCE_DIR=/opt/rustwide/workdir" "-e" "CARGO_HOME=/opt/rustwide/cargo-home" "-e" "RUSTUP_HOME=/opt/rustwide/rustup-home" "-e" "CARGO_TARGET_DIR=/opt/rustwide/target" "-w" "/opt/rustwide/workdir" "--user" "0:0" "66bf4f77e32543a8a470db7a7d06d1d6e6750ef59f99a52c6ab5163d84069c43" "/opt/rustwide/cargo-home/bin/cargo" "+1.100.0-beta.1" "metadata" "--no-deps" "--format-version=1", kill_on_drop: false }`
[INFO] running `Command { std: "docker" "inspect" "66bf4f77e32543a8a470db7a7d06d1d6e6750ef59f99a52c6ab5163d84069c43", kill_on_drop: false }`
[INFO] running `Command { std: "docker" "exec" "-e" "SOURCE_DIR=/opt/rustwide/workdir" "-e" "CARGO_HOME=/opt/rustwide/cargo-home" "-e" "RUSTUP_HOME=/opt/rustwide/rustup-home" "-e" "CARGO_TARGET_DIR=/opt/rustwide/target" "-e" "CARGO_INCREMENTAL=0" "-e" "RUST_BACKTRACE=full" "-e" "RUSTFLAGS=--cap-lints=warn" "-e" "RUSTDOCFLAGS=--cap-lints=warn" "-w" "/opt/rustwide/workdir" "--user" "0:0" "66bf4f77e32543a8a470db7a7d06d1d6e6750ef59f99a52c6ab5163d84069c43" "/opt/rustwide/cargo-home/bin/cargo" "+1.100.0-beta.1" "build" "--frozen" "--message-format=json" "--release", kill_on_drop: false }`
[INFO] [stderr] warning: `package.homepage` is redundant with `package.repository`
[INFO] [stderr]   --> Cargo.toml:74:12
[INFO] [stderr]    |
[INFO] [stderr] 74 | homepage = "https://github.com/graphql-hive/router"
[INFO] [stderr]    |            ^^^^^^^^^^^^^^^^^^^^^^^^^^^^^^^^^^^^^^^^
[INFO] [stderr] ...
[INFO] [stderr] 79 | repository = "https://github.com/graphql-hive/router"
[INFO] [stderr]    |              ----------------------------------------
[INFO] [stderr]    |
[INFO] [stderr]    = note: `cargo::redundant_homepage` is set to `warn` by default
[INFO] [stderr] help: consider removing `package.homepage`
[INFO] [stderr] warning: `hive-router-query-planner` (manifest) generated 1 warning
[INFO] [stderr]    Compiling libc v0.2.185
[INFO] [stderr]    Compiling thiserror v2.0.19
[INFO] [stderr]    Compiling zerocopy v0.8.48
[INFO] [stderr]    Compiling ahash v0.8.12
[INFO] [stderr]    Compiling simdutf8 v0.1.5
[INFO] [stderr]    Compiling syn v3.0.3
[INFO] [stderr]    Compiling tokio v1.53.1
[INFO] [stderr]    Compiling hashbrown v0.15.5
[INFO] [stderr]    Compiling combine v4.6.7
[INFO] [stderr]    Compiling sonic-simd v0.1.4
[INFO] [stderr]    Compiling darling_core v0.23.0
[INFO] [stderr]    Compiling ref-cast-impl v1.0.25
[INFO] [stderr]    Compiling indexmap v2.14.0
[INFO] [stderr]    Compiling serde_json v1.0.151
[INFO] [stderr]    Compiling sonic-number v0.1.2
[INFO] [stderr]    Compiling futures-core v0.3.33
[INFO] [stderr]    Compiling bumpalo v3.20.3
[INFO] [stderr]    Compiling futures-sink v0.3.33
[INFO] [stderr]    Compiling fixedbitset v0.5.7
[INFO] [stderr]    Compiling xxhash-rust v0.8.17
[INFO] [stderr]    Compiling tracing v0.1.44
[INFO] [stderr]    Compiling bitflags v2.13.1
[INFO] [stderr]    Compiling ref-cast v1.0.25
[INFO] [stderr]    Compiling lazy-init v0.5.1
[INFO] [stderr]    Compiling petgraph v0.8.3
[INFO] [stderr]    Compiling tokio-util v0.7.18
[INFO] [stderr]    Compiling getrandom v0.3.4
[INFO] [stderr]    Compiling darling_macro v0.23.0
[INFO] [stderr]    Compiling serde_derive v1.0.229
[INFO] [stderr]    Compiling thiserror-impl v2.0.19
[INFO] [stderr]    Compiling darling v0.23.0
[INFO] [stderr]    Compiling serde_with_macros v3.21.0
[INFO] [stderr]    Compiling serde_with v3.21.0
[INFO] [stderr]    Compiling serde v1.0.229
[INFO] [stderr]    Compiling faststr v0.2.34
[INFO] [stderr]    Compiling sonic-rs v0.5.8
[INFO] [stderr]    Compiling graphql-tools v0.5.8
[INFO] [stderr]    Compiling hive-router-query-planner v2.10.11 (/opt/rustwide/workdir)
[INFO] [stderr]     Finished `release` profile [optimized] target(s) in 1m 15s
[INFO] running `Command { std: "docker" "inspect" "66bf4f77e32543a8a470db7a7d06d1d6e6750ef59f99a52c6ab5163d84069c43", kill_on_drop: false }`
[INFO] running `Command { std: "docker" "exec" "-e" "SOURCE_DIR=/opt/rustwide/workdir" "-e" "CARGO_HOME=/opt/rustwide/cargo-home" "-e" "RUSTUP_HOME=/opt/rustwide/rustup-home" "-e" "CARGO_TARGET_DIR=/opt/rustwide/target" "-e" "CARGO_INCREMENTAL=0" "-e" "RUST_BACKTRACE=full" "-e" "RUSTFLAGS=--cap-lints=warn" "-e" "RUSTDOCFLAGS=--cap-lints=warn" "-w" "/opt/rustwide/workdir" "--user" "0:0" "66bf4f77e32543a8a470db7a7d06d1d6e6750ef59f99a52c6ab5163d84069c43" "/opt/rustwide/cargo-home/bin/cargo" "+1.100.0-beta.1" "test" "--frozen" "--no-run" "--message-format=json" "--release", kill_on_drop: false }`
[INFO] [stderr] warning: `package.homepage` is redundant with `package.repository`
[INFO] [stderr]   --> Cargo.toml:74:12
[INFO] [stderr]    |
[INFO] [stderr] 74 | homepage = "https://github.com/graphql-hive/router"
[INFO] [stderr]    |            ^^^^^^^^^^^^^^^^^^^^^^^^^^^^^^^^^^^^^^^^
[INFO] [stderr] ...
[INFO] [stderr] 79 | repository = "https://github.com/graphql-hive/router"
[INFO] [stderr]    |              ----------------------------------------
[INFO] [stderr]    |
[INFO] [stderr]    = note: `cargo::redundant_homepage` is set to `warn` by default
[INFO] [stderr] help: consider removing `package.homepage`
[INFO] [stderr] warning: `hive-router-query-planner` (manifest) generated 1 warning
[INFO] [stderr]    Compiling regex-syntax v0.8.10
[INFO] [stderr]    Compiling memchr v2.8.3
[INFO] [stderr]    Compiling ucd-trie v0.1.7
[INFO] [stderr]    Compiling serde_json v1.0.151
[INFO] [stderr]    Compiling cc v1.2.60
[INFO] [stderr]    Compiling getrandom v0.3.4
[INFO] [stderr]    Compiling tracing v0.1.44
[INFO] [stderr]    Compiling tokio v1.53.1
[INFO] [stderr]    Compiling num-conv v0.2.1
[INFO] [stderr]    Compiling log v0.4.32
[INFO] [stderr]    Compiling rustix v1.1.4
[INFO] [stderr]    Compiling tracing-serde v0.2.0
[INFO] [stderr]    Compiling combine v4.6.7
[INFO] [stderr]    Compiling vte v0.14.1
[INFO] [stderr]    Compiling criterion-plot v0.8.2
[INFO] [stderr]    Compiling rayon v1.12.0
[INFO] [stderr]    Compiling clap v4.6.0
[INFO] [stderr]    Compiling ciborium v0.2.2
[INFO] [stderr]    Compiling ahash v0.8.12
[INFO] [stderr]    Compiling pest v2.8.6
[INFO] [stderr]    Compiling tracing-log v0.2.0
[INFO] [stderr]    Compiling time v0.3.47
[INFO] [stderr]    Compiling strip-ansi-escapes v0.2.1
[INFO] [stderr]    Compiling sonic-rs v0.5.8
[INFO] [stderr]    Compiling console v0.16.3
[INFO] [stderr]    Compiling page_size v0.6.0
[INFO] [stderr]    Compiling alloca v0.4.0
[INFO] [stderr]    Compiling tinytemplate v1.2.1
[INFO] [stderr]    Compiling pest_meta v2.8.6
[INFO] [stderr]    Compiling tempfile v3.27.0
[INFO] [stderr]    Compiling regex-automata v0.4.16
[INFO] [stderr]    Compiling tokio-util v0.7.18
[INFO] [stderr]    Compiling pest_generator v2.8.6
[INFO] [stderr]    Compiling pest_derive v2.8.6
[INFO] [stderr]    Compiling matchers v0.2.0
[INFO] [stderr]    Compiling regex v1.12.3
[INFO] [stderr]    Compiling graphql-tools v0.5.8
[INFO] [stderr]    Compiling tracing-subscriber v0.3.23
[INFO] [stderr]    Compiling criterion v0.8.2
[INFO] [stderr]    Compiling insta v1.48.0
[INFO] [stderr]    Compiling tracing-tree v0.4.1
[INFO] [stderr]    Compiling hive-router-query-planner v2.10.11 (/opt/rustwide/workdir)
[INFO] [stderr]     Finished `release` profile [optimized] target(s) in 2m 55s
[INFO] running `Command { std: "docker" "inspect" "66bf4f77e32543a8a470db7a7d06d1d6e6750ef59f99a52c6ab5163d84069c43", kill_on_drop: false }`
[INFO] running `Command { std: "docker" "exec" "-e" "SOURCE_DIR=/opt/rustwide/workdir" "-e" "CARGO_HOME=/opt/rustwide/cargo-home" "-e" "RUSTUP_HOME=/opt/rustwide/rustup-home" "-e" "CARGO_TARGET_DIR=/opt/rustwide/target" "-e" "CARGO_INCREMENTAL=0" "-e" "RUST_BACKTRACE=full" "-e" "RUSTFLAGS=--cap-lints=warn" "-e" "RUSTDOCFLAGS=--cap-lints=warn" "-w" "/opt/rustwide/workdir" "--user" "0:0" "66bf4f77e32543a8a470db7a7d06d1d6e6750ef59f99a52c6ab5163d84069c43" "/opt/rustwide/cargo-home/bin/cargo" "+1.100.0-beta.1" "test" "--frozen" "--release", kill_on_drop: false }`
[INFO] [stderr] warning: `package.homepage` is redundant with `package.repository`
[INFO] [stderr]   --> Cargo.toml:74:12
[INFO] [stderr]    |
[INFO] [stderr] 74 | homepage = "https://github.com/graphql-hive/router"
[INFO] [stderr]    |            ^^^^^^^^^^^^^^^^^^^^^^^^^^^^^^^^^^^^^^^^
[INFO] [stderr] ...
[INFO] [stderr] 79 | repository = "https://github.com/graphql-hive/router"
[INFO] [stderr]    |              ----------------------------------------
[INFO] [stderr]    |
[INFO] [stderr]    = note: `cargo::redundant_homepage` is set to `warn` by default
[INFO] [stderr] help: consider removing `package.homepage`
[INFO] [stderr] warning: `hive-router-query-planner` (manifest) generated 1 warning
[INFO] [stderr]     Finished `release` profile [optimized] target(s) in 0.19s
[INFO] [stderr]      Running unittests src/lib.rs (/opt/rustwide/target/release/build/hive-router-query-planner/7004ddd63d17f43e/out/hive_router_query_planner-7004ddd63d17f43e)
[INFO] [stdout] 
[INFO] [stdout] running 282 tests
[INFO] [stdout] test ast::hash::tests::test_ast_hash_is_deterministic ... ok
[INFO] [stdout] test ast::arguments::tests::parse_and_render_mutation_with_escaped_string_argument ... ok
[INFO] [stdout] test ast::hash::tests::test_order_independent_hashing_for_variables ... ok
[INFO] [stdout] test ast::hash::tests::test_order_independent_hashing_for_arguments ... ok
[INFO] [stdout] test ast::minification::transform::tests::generate_fragment_name_test ... ok
[INFO] [stdout] test ast::arguments::tests::arguments_map_is_order_independent ... ok
[INFO] [stdout] test ast::normalization::tests::cyclic_fragment_self_reference_with_directive_returns_error ... ok
[INFO] [stdout] test ast::normalization::tests::cyclic_fragment_self_reference_with_sibling_field_returns_error ... ok
[INFO] [stdout] test ast::normalization::tests::cyclic_fragment_self_reference_returns_error ... ok
[INFO] [stdout] test ast::normalization::tests::cyclic_fragment_mutual_reference_returns_error ... ok
[INFO] [stdout] test ast::minification::tests::minification_test ... ok
[INFO] [stdout] test ast::normalization::tests::drop_duplicated_fields ... ok
[INFO] [stdout] test ast::normalization::tests::empty_composite_under_inline_fragment_gets_skipped_typename_sentinel ... ok
[INFO] [stdout] test ast::normalization::tests::explicit_typename_wins_over_skipped_typename ... ok
[INFO] [stdout] test ast::normalization::tests::directive_only_inline_fragment_on_abstract_parent_skip ... ok
[INFO] [stdout] test ast::normalization::tests::introspection ... ok
[INFO] [stdout] test ast::arguments::tests::arguments_map_display_escapes_string_values ... ok
[INFO] [stdout] test ast::normalization::tests::inlining_nested_fragments_with_same_type ... ok
[INFO] [stdout] test ast::normalization::tests::deeply_nested_abstract_fragments_with_conflicting_include_directives_stay_scoped ... ok
[INFO] [stdout] test ast::normalization::tests::mutation ... ok
[INFO] [stdout] test ast::normalization::tests::fragment_spread_on_interface_across_field_boundary_preserves_type_context ... ok
[INFO] [stdout] test ast::normalization::tests::field_boundary_fragment_spread_include_is_preserved ... ok
[INFO] [stdout] test ast::normalization::tests::drop_unused_operations ... ok
[INFO] [stdout] test ast::normalization::tests::matching_concrete_wrapper_with_directive_is_not_flattened ... ok
[INFO] [stdout] test ast::normalization::tests::normalize_fields ... ok
[INFO] [stdout] test ast::normalization::tests::matching_concrete_wrapper_with_both_directives_is_not_flattened ... ok
[INFO] [stdout] test ast::normalization::tests::matching_concrete_wrapper_with_typename_and_directive_is_not_flattened ... ok
[INFO] [stdout] test ast::normalization::tests::directive_only_inline_fragment_on_abstract_parent_include ... ok
[INFO] [stdout] test ast::normalization::tests::named_fragment_on_abstract_type_with_nested_abstract_directives_preserves_all_conditions ... ok
[INFO] [stdout] test ast::normalization::tests::inline_fragment_spreads ... ok
[INFO] [stdout] test ast::normalization::tests::outer_same_type_fragment_spread_directive_is_preserved_through_nested_spreads ... ok
[INFO] [stdout] test ast::normalization::tests::reusable_fragment_with_mixed_include_conditions_stays_separate ... ok
[INFO] [stdout] test ast::normalization::tests::deeply_nested_abstract_fragments_with_skip_and_include_preserve_both_conditions ... ok
[INFO] [stdout] test ast::normalization::tests::multiple_directives_and_conditions_and_fragments ... ok
[INFO] [stdout] test ast::normalization::tests::deeply_nested_mixed_abstract_fragments_flatten_to_concrete_object ... ok
[INFO] [stdout] test ast::normalization::tests::same_type_fragment_spread_include_and_skip_are_preserved ... ok
[INFO] [stdout] test ast::normalization::tests::same_type_fragment_spread_directives_are_preserved ... ok
[INFO] [stdout] test ast::normalization::tests::inner_same_type_fragment_spread_directive_is_preserved_through_nested_spreads ... ok
[INFO] [stdout] test ast::normalization::tests::nested_fragment_spreads_1 ... ok
[INFO] [stdout] test ast::normalization::tests::normalize_fields_args ... ok
[INFO] [stdout] test ast::normalization::tests::static_skip_include_test_2 ... ok
[INFO] [stdout] test ast::normalization::tests::same_type_fragment_spread_skip_is_preserved ... ok
[INFO] [stdout] test ast::normalization::tests::type_expansion ... ok
[INFO] [stdout] test ast::normalization::tests::type_expansion_skip_include_test_2 ... ok
[INFO] [stdout] test ast::normalization::tests::untyped_inline_fragment_inside_nested_abstract_fragment_inherits_concrete_object_context ... ok
[INFO] [stdout] test ast::normalization::tests::static_skip_include_test ... ok
[INFO] [stdout] test ast::safe_merge::tests::inherent_conflict ... ok
[INFO] [stdout] test ast::safe_merge::tests::inherent_conflict_alias ... ok
[INFO] [stdout] test ast::safe_merge::tests::merge_path_nested ... ok
[INFO] [stdout] test ast::normalization::tests::type_expansion_2 ... ok
[INFO] [stdout] test ast::safe_merge::tests::mix_field_name_and_alias ... ok
[INFO] [stdout] test ast::selection_set::tests::complex_selection_set ... ok
[INFO] [stdout] test ast::normalization::tests::type_expansion_skip_include_test_3 ... ok
[INFO] [stdout] test ast::normalization::tests::type_expansion_4 ... ok
[INFO] [stdout] test ast::normalization::tests::type_expansion_skip_include_test_1 ... ok
[INFO] [stdout] test ast::safe_merge::tests::simple_merge_args_conflict ... ok
[INFO] [stdout] test ast::safe_merge::tests::multiple_merge_processes ... ok
[INFO] [stdout] test ast::safe_merge::tests::nested_conflict ... ok
[INFO] [stdout] test ast::safe_merge::tests::preferred_side_target ... ok
[INFO] [stdout] test ast::safe_merge::tests::valid_selection_no_conflicts ... ok
[INFO] [stdout] test ast::safe_merge::tests::multiple_simple_conflicts ... ok
[INFO] [stdout] test ast::safe_merge::tests::simple_merge_with_same_field ... ok
[INFO] [stdout] test ast::safe_merge::tests::preferred_side_source ... ok
[INFO] [stdout] test ast::selection_set::tests::merge_selection_set_keeps_inline_fragments_with_different_conditions_separate ... ok
[INFO] [stdout] test ast::selection_set::tests::field_condition_skip_and_include ... ok
[INFO] [stdout] test ast::selection_set::tests::merge_selection_set_prefers_visible_typename_over_skipped ... ok
[INFO] [stdout] test ast::selection_set::tests::fragment_condition_skip_and_include ... ok
[INFO] [stdout] test ast::selection_set::tests::merge_selection_set_keeps_fields_with_different_conditions_separate ... ok
[INFO] [stdout] test ast::selection_set::tests::print_simple_selection_set ... ok
[INFO] [stdout] test ast::operation::tests::operation_name_position_tests ... ok
[INFO] [stdout] test ast::selection_set::tests::merge_selection_set_merges_fields_with_same_condition ... ok
[INFO] [stdout] test ast::selection_set::tests::selection_set_with_arguments ... ok
[INFO] [stdout] test consumer_schema::strip_schema_internals::test::test_strip_schema_internals ... ok
[INFO] [stdout] test ast::selection_set::tests::print_alias_selection_set ... ok
[INFO] [stdout] test consumer_schema::prune_inacessible::tests::prune_preserves_root_type_names ... ok
[INFO] [stdout] test planner::fetch::optimize::batch_multi_type::tests::strips_type_list_when_type_conditions_are_exhaustive ... ok
[INFO] [stdout] test consumer_schema::prune_inacessible::tests::prune_preserves_renamed_root_type_names ... ok
[INFO] [stdout] test graph::tests::graph_tests::multiple_provides ... ok
[INFO] [stdout] test graph::tests::graph_tests::nested_provides ... ok
[INFO] [stdout] test ast::value::tests::test_value_display ... ok
[INFO] [stdout] test graph::tests::graph_tests::star_stuff_snapshot ... ok
[INFO] [stdout] test planner::fetch::optimize::batch_multi_type::tests::keeps_non_exhaustive_type_list_in_flatten_path ... ok
[INFO] [stdout] test planner::fetch::selections::tests::does_not_lift_when_conditions_are_mixed ... ok
[INFO] [stdout] test planner::plan_nodes::tests::custom_scalar_paths_do_not_mark_custom_scalar_vs_builtin_scalar_collision ... ok
[INFO] [stdout] test planner::fetch::selections::tests::lifts_single_conditional_fragment_without_extra_nesting ... ok
[INFO] [stdout] test planner::fetch::selections::tests::does_not_lift_when_top_level_fragments_have_different_types ... ok
[INFO] [stdout] test planner::fetch::selections::tests::lifts_shared_condition_from_multiple_fragments ... ok
[INFO] [stdout] test planner::query_plan::optimize::tests::optimize_parallel_node_batches_compatible_fetches_and_keeps_order ... ok
[INFO] [stdout] test planner::query_plan::optimize::tests::optimize_parallel_node_batches_entities_query_with_fragment_spread ... ok
[INFO] [stdout] test planner::query_plan::optimize::tests::optimize_parallel_node_batches_same_shape_with_different_merge_paths ... ok
[INFO] [stdout] test planner::query_plan::optimize::tests::optimize_parallel_node_avoids_representations_variable_collision ... ok
[INFO] [stdout] test planner::query_plan::optimize::tests::optimize_parallel_node_returns_original_when_no_entity_candidates ... ok
[INFO] [stdout] test planner::query_plan::optimize::tests::optimize_parallel_node_creates_multiple_batch_nodes_for_multiple_services ... ok
[INFO] [stdout] test planner::query_plan::optimize::tests::optimize_parallel_node_does_not_batch_across_subgraphs ... ok
[INFO] [stdout] test planner::query_plan::optimize::tests::optimize_parallel_node_does_not_batch_incompatible_variables ... ok
[INFO] [stdout] test planner::fetch::optimize::normalize_selection_sets::tests::ensure_deduplication ... ok
[INFO] [stdout] test graph::tests::graph_tests::star_stuff ... ok
[INFO] [stdout] test planner::query_plan::optimize::tests::optimize_parallel_node_shares_representations_variable_when_input_and_paths_match ... ok
[INFO] [stdout] test planner::query_plan::optimize::tests::optimize_parallel_node_does_not_share_representations_variable_when_requires_differs ... ok
[INFO] [stdout] test planner::query_plan::optimize::tests::next_unique_representations_variable_name_skips_used_values ... ok
[INFO] [stdout] test planner::query_plan::optimize::tests::optimize_parallel_node_alias_order_is_deterministic ... ok
[INFO] [stdout] test planner::query_plan::optimize::tests::optimize_parallel_node_splits_aliases_when_requires_differs ... ok
[INFO] [stdout] test planner::query_plan::optimize::tests::optimize_parallel_node_shares_representations_variable_when_only_output_rewrites_differ ... ok
[INFO] [stdout] test tests::alias::conflict_list_type_in_interface ... ok
[INFO] [stdout] test tests::alias::deeply_nested_no_conflicts ... ok
[INFO] [stdout] test tests::alias::circular_reference_interface ... ok
[INFO] [stdout] test planner::query_plan::optimize::tests::optimize_parallel_node_splits_aliases_when_entities_query_differs ... ok
[INFO] [stdout] test tests::alias::conflict_list_type_in_interface_with_distinct_response_keys ... ok
[INFO] [stdout] test tests::alias::conflict_list_type_in_interface_preserves_client_alias ... ok
[INFO] [stdout] test tests::alias::multiple_mismtaches_same_level ... ok
[INFO] [stdout] test planner::query_plan::optimize::tests::optimize_parallel_node_splits_aliases_when_input_rewrites_differ ... ok
[INFO] [stdout] test state::subgraph_state::tests::decompose_supergraph_into_subgraphs ... ok
[INFO] [stdout] test tests::alias::deeply_nested_internal_mismatch_between_fields ... ok
[INFO] [stdout] test tests::alias::simple_mismatch_between_union_fields ... ok
[INFO] [stdout] test planner::query_plan::optimize::tests::optimize_parallel_node_splits_aliases_when_output_rewrites_differ ... ok
[INFO] [stdout] test tests::alias::multi_scalar_mismatch_across_fragments ... ok
[INFO] [stdout] test tests::alias::aliasing_both_parent_and_leaf ... ok
[INFO] [stdout] test tests::alias::nested_internal_mismatch_between_fields ... ok
[INFO] [stdout] test tests::arguments::fed_audit_requires_with_argument_conflict ... ok
[INFO] [stdout] test planner::query_plan::optimize::tests::optimize_parallel_node_does_not_share_representations_variable_when_input_rewrites_differ ... ok
[INFO] [stdout] test tests::arguments::arguments_variables_mixed ... ok
[INFO] [stdout] test tests::arguments::multiple_plain_field_and_requires_with_args_that_does_not_conflicts_should_merge ... ok
[INFO] [stdout] test tests::arguments::multiple_requires_with_args_that_conflicts ... ok
[INFO] [stdout] test tests::arguments::requires_arguments_deeply_nested_requires_with_variable ... ok
[INFO] [stdout] test tests::arguments::requires_arguments_deeply_nested_requires ... ok
[INFO] [stdout] test tests::arguments::multiple_plain_field_and_requires_with_args_that_conflicts ... ok
[INFO] [stdout] test tests::arguments::requires_arguments_deeply_nested_requires_with_variables_and_fragments ... ok
[INFO] [stdout] test tests::fragments::nested_same_name_directives_on_abstract_and_concrete_fragments ... ok
[INFO] [stdout] test tests::fragments::parent_directive_only_on_abstract_fragment ... ok
[INFO] [stdout] test tests::fragments::reusable_fragment_with_mixed_include_conditions_on_abstract_parent ... ok
[INFO] [stdout] test tests::fragments::reusable_fragment_with_mixed_include_conditions_on_concrete_parent ... ok
[INFO] [stdout] test tests::fragments::simple_inline_fragment ... ok
[INFO] [stdout] test tests::arguments::arguments_with_aliases ... ok
[INFO] [stdout] test tests::arguments::simple_requires_arguments ... ok
[INFO] [stdout] test tests::include_skip::include_at_root_fetch_test ... ok
[INFO] [stdout] test tests::fragments::fragment_spread ... ok
[INFO] [stdout] test tests::fragments::multiple_inline_fragments_on_same_concrete_type_within_interface_fragment ... ok
[INFO] [stdout] test tests::arguments::requires_with_arguments ... ok
[INFO] [stdout] test ast::normalization::tests::type_expansion_3 ... ok
[INFO] [stdout] test tests::fragments::nested_same_directive_same_arg_on_abstract_and_concrete_fragments ... ok
[INFO] [stdout] test tests::include_skip::include_union_fragment_at_root_fetch_test ... ok
[INFO] [stdout] test tests::include_skip::include_basic_test ... ok
[INFO] [stdout] test tests::include_skip::include_interface_at_root_fetch_test ... ok
[INFO] [stdout] test tests::include_skip::plans_query_with_field_level_include_skip_conditions ... ok
[INFO] [stdout] test tests::include_skip::include_fragment_at_root_fetch_test ... ok
[INFO] [stdout] test tests::arguments::arguments_in_different_levels ... ok
[INFO] [stdout] test tests::include_skip::plans_query_with_nested_directive_only_inline_fragments ... ok
[INFO] [stdout] test tests::include_skip::qp_abstract_union_member_conditions_stay_scoped ... ok
[INFO] [stdout] test tests::include_skip::include_fragment_test ... ok
[INFO] [stdout] test tests::include_skip::include_interface_fragment_at_root_fetch_test ... ok
[INFO] [stdout] test planner::query_plan::optimize::tests::optimize_parallel_node_does_not_batch_single_candidate ... ok
[INFO] [stdout] test tests::include_skip::qp_include_field_level ... ok
[INFO] [stdout] test tests::include_skip::qp_abstract_interface_shared_condition_can_skip_remote_fetch ... ok
[INFO] [stdout] test tests::include_skip::qp_skip_field_level ... ok
[INFO] [stdout] test tests::include_skip::qp_mixed_include_skip_field_level_keeps_conditions_scoped ... ok
[INFO] [stdout] test tests::include_skip::qp_include_field_level_all_merged_fields_conditional ... ok
[INFO] [stdout] test tests::include_skip::qp_skip_and_include_field_level_all_merged_fields_conditional ... ok
[INFO] [stdout] test tests::include_skip::qp_skip_field_level_unconditional_before_conditional ... ok
[INFO] [stdout] test tests::include_skip::skip_and_include_fragment_condition_test ... ok
[INFO] [stdout] test tests::include_skip::skip_and_include_field_condition_test ... ok
[INFO] [stdout] test tests::include_skip::qp_include_field_level_unconditional_before_conditional ... ok
[INFO] [stdout] test tests::include_skip::skip_basic_test ... ok
[INFO] [stdout] test tests::interface::node_query_with_aliases_on_interface_field ... ok
[INFO] [stdout] test tests::include_skip::qp_skip_field_level_all_merged_fields_conditional ... ok
[INFO] [stdout] test tests::alias::multi_enum_mismatch_across_fragments ... ok
[INFO] [stdout] test tests::fragments::nested_different_directives_on_abstract_and_concrete_fragments ... ok
[INFO] [stdout] test tests::interface::node_query_with_id_on_interface_field ... ok
[INFO] [stdout] test tests::interface::node_query_with_multiple_type_fragments ... ok
[INFO] [stdout] test tests::interface::node_query_with_id_and_cross_type_fragment_overlap ... ok
[INFO] [stdout] test tests::include_skip::qp_nested_include_skip_conditions_in_complex_products_query ... ok
[INFO] [stdout] test tests::interface::node_query_with_typename_and_cross_type_fragments ... ok
[INFO] [stdout] test tests::interface::node_query_with_inline_fragments_on_object_types ... ok
[INFO] [stdout] test tests::interface::object_query_with_nested_list_field ... ok
[INFO] [stdout] test tests::interface_object::interface_object_field_local_with_remote_typename ... ok
[INFO] [stdout] test tests::interface_object::interface_object_field_remote ... ok
[INFO] [stdout] test tests::interface_object::interface_field_with_inline_fragment_resolving_remote_interface_object_field ... ok
[INFO] [stdout] test tests::interface::object_query_with_nested_object_field ... ok
[INFO] [stdout] test tests::interface::direct_object_query_account_by_id ... ok
[INFO] [stdout] test tests::include_skip::qp_abstract_interface_mixed_conditions_stay_scoped ... ok
[INFO] [stdout] test tests::interface::direct_object_query_chat_by_id ... ok
[INFO] [stdout] test tests::arguments::arguments_and_variables ... ok
[INFO] [stdout] test tests::interface_object::interface_object_field_local_object_type ... ok
[INFO] [stdout] test tests::interface::node_query_with_cross_type_inline_fragments ... ok
[INFO] [stdout] test tests::interface::requires_on_field_with_args_test ... ok
[INFO] [stdout] test tests::interface::nested_interface_field_with_redundant_inline_fragments ... ok
[INFO] [stdout] test tests::interface_object::interface_object_field_local_direct_resolution ... ok
[INFO] [stdout] test tests::interface_object::interface_object_field_local ... ok
[INFO] [stdout] test tests::interface_object::interface_object_field_with_inline_fragment_requiring_typename_check ... ok
[INFO] [stdout] test tests::interface::nested_interface_field_with_inline_fragments ... ok
[INFO] [stdout] test tests::interface::type_expand_interface_field ... ok
[INFO] [stdout] test tests::interface_object::interface_object_inline_fragment_with_remote_typename ... ok
[INFO] [stdout] test tests::interface_object::interface_object_with_inline_fragment_resolving_remote_interface_field_simple ... ok
[INFO] [stdout] test tests::interface_object::interface_object_local_id_remote_field ... ok
[INFO] [stdout] test tests::interface_object::interface_object_with_inline_fragment_resolving_remote_interface_field ... ok
[INFO] [stdout] test tests::interface_object::interface_object_local_id_remote_field_with_inline_fragment ... ok
[INFO] [stdout] test tests::interface_object_with_requires::inline_fragment_on_interface_object_for_remote_type_field ... ok
[INFO] [stdout] test tests::interface_object_with_requires::inline_fragment_on_local_type_behind_interface ... ok
[INFO] [stdout] test tests::interface_object::interface_to_object_type_locally ... ok
[INFO] [stdout] test tests::interface_object_with_requires::interface_object_field_with_requires_and_inline_fragment ... ok
[INFO] [stdout] test tests::interface_object_with_requires::interface_field_from_remote_graph_with_requires ... ok
[INFO] [stdout] test tests::issues::experimental_abstract_type_folding_folds_object_fragments_into_interface ... ok
[INFO] [stdout] test tests::interface_object_with_requires::interface_object_requiring_interface_fields ... ok
[INFO] [stdout] test tests::issues::issue_965_test ... ok
[INFO] [stdout] test tests::issues::issue_190_test ... ok
[INFO] [stdout] test tests::interface_object_with_requires::interface_field_from_remote_graph_with_requires_and_inline_fragment ... ok
[INFO] [stdout] test tests::issues::issue_281_test ... ok
[INFO] [stdout] test tests::issues::issue_965_mixed_nested_fragments_with_directives_test ... ok
[INFO] [stdout] test tests::issues::issue_interface_object_typename ... ok
[INFO] [stdout] test tests::mutations::mutations ... ok
[INFO] [stdout] test tests::object_entities::complex_entity_call ... ok
[INFO] [stdout] test tests::issues::requires_self_dependency_false_positive ... ok
[INFO] [stdout] test tests::override_requires::override_with_requires_aname_in_a ... ok
[INFO] [stdout] test tests::object_entities::parent_entity_call_complex ... ok
[INFO] [stdout] test tests::object_entities::parent_entity_call ... ok
[INFO] [stdout] test tests::override_requires::override_with_requires_cname_in_a ... ok
[INFO] [stdout] test tests::object_entities::testing ... ok
[INFO] [stdout] test tests::override_requires::override_with_requires_cname_in_c ... ok
[INFO] [stdout] test tests::provides::nested_provides ... ok
[INFO] [stdout] test tests::provides::provides_on_interface_1_test ... ok
[INFO] [stdout] test tests::overrides::override_object_field_but_interface_is_requested ... ok
[INFO] [stdout] test tests::overrides::two_fields_simple_overrides ... ok
[INFO] [stdout] test tests::provides::provides_on_union ... ok
[INFO] [stdout] test tests::provides::simple_provides ... ok
[INFO] [stdout] test tests::overrides::progressive_override_flag_test ... ok
[INFO] [stdout] test tests::override_requires::override_with_requires_many ... ok
[INFO] [stdout] test tests::overrides::progressive_override_percentage_test ... ok
[INFO] [stdout] test tests::overrides::single_simple_overrides ... ok
[INFO] [stdout] test tests::issues::issue_939_test ... ok
[INFO] [stdout] test tests::mutations::many_fields_two_same_graph ... ok
[INFO] [stdout] test tests::provides::provides_on_interface_2_test ... ok
[INFO] [stdout] test tests::renamed_root_types::query_on_renamed_root_query_type ... ok
[INFO] [stdout] test tests::renamed_root_types::mutation_on_renamed_root_mutation_type ... ok
[INFO] [stdout] test tests::issues::requires_circular_keys_test ... ok
[INFO] [stdout] test tests::requires::simplest_requires ... ok
[INFO] [stdout] test tests::requires::deep_requires ... ok
[INFO] [stdout] test tests::requires_provides::simple_requires_provides ... ok
[INFO] [stdout] test tests::requires::simple_requires ... ok
[INFO] [stdout] test tests::requires::two_fields_same_subgraph_same_requirement ... ok
[INFO] [stdout] test tests::requires::two_same_service_calls ... ok
[INFO] [stdout] test tests::requires::two_same_service_calls_with_args_conflicts ... ok
[INFO] [stdout] test tests::requires::simple_requires_with_child ... ok
[INFO] [stdout] test tests::requires_requires::another_two_fields_with_the_same_requirements ... ok
[INFO] [stdout] test tests::requires::keys_mashup ... ok
[INFO] [stdout] test tests::requires_requires::one_more ... ok
[INFO] [stdout] test tests::requires_requires::many ... ok
[INFO] [stdout] test tests::requires::requires_reentry_selects_entity_typename ... ok
[INFO] [stdout] test tests::requires_fragments::requires_with_fragments_on_interfaces ... ok
[INFO] [stdout] test tests::requires_requires::one ... ok
[INFO] [stdout] test tests::requires_circular::requires_circular_1 ... ok
[INFO] [stdout] test tests::requires_requires::one_with_one_local ... ok
[INFO] [stdout] test tests::requires::simplest_requires_with_local_sibling ... ok
[INFO] [stdout] test tests::requires_circular::requires_circular_2 ... ok
[INFO] [stdout] test tests::root_reentry::mutation_then_mixed_query ... ok
[INFO] [stdout] test tests::requires_requires::two_fields ... ok
[INFO] [stdout] test tests::root_reentry::mutation_referencing_query_with_alias ... ok
[INFO] [stdout] test tests::requires_requires::two_fields_same_requirement_different_order ... ok
[INFO] [stdout] test tests::root_reentry::query_referencing_query_cross_subgraphs ... ok
[INFO] [stdout] test tests::requires_requires::two_fields_with_the_same_requirements ... ok
[INFO] [stdout] test tests::root_reentry::mutation_referencing_query_with_condition ... ok
[INFO] [stdout] test tests::union::nested_partial_union_entity_representable_b_path_keeps_only_common_members ... ok
[INFO] [stdout] test tests::root_reentry::query_referncing_through_inner ... ok
[INFO] [stdout] test tests::root_reentry::query_referencing_query ... ok
[INFO] [stdout] test tests::union::nested_partial_union_uses_members_from_subgraph_reached_by_entity_move ... ok
[INFO] [stdout] test tests::union::nested_partial_union_ambiguous_shareable_path_keeps_only_common_members ... ok
[INFO] [stdout] test tests::union::partial_union_members_missing_from_other_subgraph_only ... ok
[INFO] [stdout] test tests::root_reentry::mutation_referencing_query ... ok
[INFO] [stdout] test tests::issues::recursion_bomb_test ... ok
[INFO] [stdout] test tests::union::nested_partial_union_missing_member_from_pinned_path_falls_back_to_typename ... ok
[INFO] [stdout] test tests::root_reentry::mutation_then_full_reentry_jump ... ok
[INFO] [stdout] test tests::union::union_member_entity_call ... ok
[INFO] [stdout] test tests::union::union_member_mix ... ok
[INFO] [stdout] test tests::root_types::shared_root ... ok
[INFO] [stdout] test tests::union::union_list_test ... ok
[INFO] [stdout] test tests::union::partial_union_member_only_in_one_subgraph ... ok
[INFO] [stdout] test tests::test_bench_operation ... FAILED
[INFO] [stdout] test tests::union::union_member_unresolvable ... ok
[INFO] [stdout] test tests::union::union_member_entity_call_many ... ok
[INFO] [stdout] test tests::union::nested_partial_union_entity_representable_a_path_keeps_only_common_members ... ok
[INFO] [stdout] test tests::union::union_member_resolvable ... ok
[INFO] [stdout] test tests::union::union_overfetching_test ... ok
[INFO] [stdout] test tests::union::union_member_entity_call_many_local ... ok
[INFO] [stdout] test ast::normalization::tests::acyclic_fragment_chain_does_not_overflow_stack ... ok
[INFO] [stdout] 
[INFO] [stdout] failures:
[INFO] [stdout] 
[INFO] [stdout] ---- tests::test_bench_operation stdout ----
[INFO] [stdout] 
[INFO] [stdout] thread 'tests::test_bench_operation' (1932) panicked at src/tests/mod.rs:35:14:
[INFO] [stdout] Unable to read input file: Os { code: 2, kind: NotFound, message: "No such file or directory" }
[INFO] [stdout] stack backtrace:
[INFO] [stdout]    0:     0x5c22d855a611 - <<std[617be2ca0a6fd877]::sys::backtrace::BacktraceLock>::print::DisplayBacktrace as core[a373ad73a504971]::fmt::Display>::fmt
[INFO] [stdout]    1:     0x5c22d857276a - core[a373ad73a504971]::fmt::write
[INFO] [stdout]    2:     0x5c22d855ee4c - <alloc[2e1b2a31b91974c5]::vec::Vec<u8> as core[a373ad73a504971]::io::write::Write>::write_fmt
[INFO] [stdout]    3:     0x5c22d85337f6 - std[617be2ca0a6fd877]::panicking::default_hook::{closure#0}
[INFO] [stdout]    4:     0x5c22d85516a9 - std[617be2ca0a6fd877]::panicking::default_hook
[INFO] [stdout]    5:     0x5c22d83e78b0 - test[aada8e7e76ba119b]::test_main_inner::{closure#0}
[INFO] [stdout]    6:     0x5c22d8551862 - std[617be2ca0a6fd877]::panicking::panic_with_hook
[INFO] [stdout]    7:     0x5c22d85338a2 - std[617be2ca0a6fd877]::panicking::panic_handler::{closure#0}
[INFO] [stdout]    8:     0x5c22d852c0a9 - std[617be2ca0a6fd877]::sys::backtrace::__rust_end_short_backtrace::<std[617be2ca0a6fd877]::panicking::panic_handler::{closure#0}, !>
[INFO] [stdout]    9:     0x5c22d853454d - __rustc[ea4f61d10b84890b]::rust_begin_unwind
[INFO] [stdout]   10:     0x5c22d8572f4c - core[a373ad73a504971]::panicking::panic_fmt
[INFO] [stdout]   11:     0x5c22d8572d22 - core[a373ad73a504971]::result::unwrap_failed
[INFO] [stdout]   12:     0x5c22d827765b - <hive_router_query_planner[d8450ec6347891a]::tests::test_bench_operation::{closure#0} as core[a373ad73a504971]::ops::function::FnOnce<()>>::call_once
[INFO] [stdout]   13:     0x5c22d83dacfb - test[aada8e7e76ba119b]::__rust_begin_short_backtrace::<core[a373ad73a504971]::result::Result<(), alloc[2e1b2a31b91974c5]::string::String>, fn() -> core[a373ad73a504971]::result::Result<(), alloc[2e1b2a31b91974c5]::string::String>>
[INFO] [stdout]   14:     0x5c22d83e7ed5 - test[aada8e7e76ba119b]::run_test::{closure#0}
[INFO] [stdout]   15:     0x5c22d83e17c4 - std[617be2ca0a6fd877]::sys::backtrace::__rust_begin_short_backtrace::<test[aada8e7e76ba119b]::run_test::{closure#1}, ()>
[INFO] [stdout]   16:     0x5c22d83eaf62 - <std[617be2ca0a6fd877]::thread::lifecycle::spawn_unchecked<test[aada8e7e76ba119b]::run_test::{closure#1}, ()>::{closure#1} as core[a373ad73a504971]::ops::function::FnOnce<()>>::call_once::{shim:vtable#0}
[INFO] [stdout]   17:     0x5c22d85595ef - <std[617be2ca0a6fd877]::sys::thread::unix::Thread>::new::thread_start
[INFO] [stdout]   18:     0x7f0a69a4edfa - <unknown>
[INFO] [stdout]   19:     0x7f0a69ae23d4 - clone
[INFO] [stdout]   20:                0x0 - <unknown>
[INFO] [stdout] 
[INFO] [stdout] 
[INFO] [stdout] failures:
[INFO] [stderr] error: test failed, to rerun pass `--lib`
[INFO] [stdout]     tests::test_bench_operation
[INFO] [stdout] 
[INFO] [stdout] test result: FAILED. 281 passed; 1 failed; 0 ignored; 0 measured; 0 filtered out; finished in 3.54s
[INFO] [stdout] 
[INFO] running `Command { std: "docker" "inspect" "66bf4f77e32543a8a470db7a7d06d1d6e6750ef59f99a52c6ab5163d84069c43", kill_on_drop: false }`
[INFO] running `Command { std: "docker" "rm" "-f" "66bf4f77e32543a8a470db7a7d06d1d6e6750ef59f99a52c6ab5163d84069c43", kill_on_drop: false }`
[INFO] [stdout] 66bf4f77e32543a8a470db7a7d06d1d6e6750ef59f99a52c6ab5163d84069c43
