[INFO] fetching crate hiqlite-wal 0.15.1...
[INFO] testing hiqlite-wal-0.15.1 against 1.100.0-beta.1+cargoflags=--release for beta-release-1.100-2
[INFO] extracting crate hiqlite-wal 0.15.1 into /workspace/builds/worker-6-tc2/source
[INFO] started tweaking crates.io crate hiqlite-wal 0.15.1
[INFO] finished tweaking crates.io crate hiqlite-wal 0.15.1
[INFO] tweaked toml for crates.io crate hiqlite-wal 0.15.1 written to /workspace/builds/worker-6-tc2/source/Cargo.toml
[INFO] validating manifest of crates.io crate hiqlite-wal 0.15.1 on toolchain 1.100.0-beta.1
[INFO] running `Command { std: CARGO_HOME="/workspace/cargo-home" RUSTUP_HOME="/workspace/rustup-home" "/workspace/cargo-home/bin/cargo" "+1.100.0-beta.1" "metadata" "--manifest-path" "Cargo.toml" "--no-deps", kill_on_drop: false }`
[INFO] crate crates.io crate hiqlite-wal 0.15.1 already has a lockfile, it will not be regenerated
[INFO] running `Command { std: CARGO_HOME="/workspace/cargo-home" RUSTUP_HOME="/workspace/rustup-home" "/workspace/cargo-home/bin/cargo" "+1.100.0-beta.1" "fetch" "--manifest-path" "Cargo.toml", kill_on_drop: false }`
[INFO] running `Command { std: "docker" "create" "-v" "/var/lib/crater-agent-workspace/builds/worker-6-tc2/source:/opt/rustwide/workdir:ro,Z" "-v" "/var/lib/crater-agent-workspace/builds/worker-6-tc2/target:/opt/rustwide/target:rw,Z" "-v" "/var/lib/crater-agent-workspace/cargo-home:/opt/rustwide/cargo-home:ro,Z" "-v" "/var/lib/crater-agent-workspace/rustup-home:/opt/rustwide/rustup-home:ro,Z" "-m" "1610612736" "--network" "none" "ghcr.io/rust-lang/crates-build-env/linux@sha256:77db811e55d90add9212f6832c23229e3de5f1c1f9905e8cb07319ea15df73ac" "sleep" "infinity", kill_on_drop: false }`
[INFO] [stdout] 7928488e51436814976ed57c543c871812ec2688670dfeb304c8f0cea215f328
[INFO] running `Command { std: "docker" "start" "7928488e51436814976ed57c543c871812ec2688670dfeb304c8f0cea215f328", kill_on_drop: false }`
[INFO] running `Command { std: "docker" "inspect" "7928488e51436814976ed57c543c871812ec2688670dfeb304c8f0cea215f328", kill_on_drop: false }`
[INFO] running `Command { std: "docker" "exec" "-e" "SOURCE_DIR=/opt/rustwide/workdir" "-e" "CARGO_HOME=/opt/rustwide/cargo-home" "-e" "RUSTUP_HOME=/opt/rustwide/rustup-home" "-e" "CARGO_TARGET_DIR=/opt/rustwide/target" "-w" "/opt/rustwide/workdir" "--user" "0:0" "7928488e51436814976ed57c543c871812ec2688670dfeb304c8f0cea215f328" "/opt/rustwide/cargo-home/bin/cargo" "+1.100.0-beta.1" "metadata" "--no-deps" "--format-version=1", kill_on_drop: false }`
[INFO] running `Command { std: "docker" "inspect" "7928488e51436814976ed57c543c871812ec2688670dfeb304c8f0cea215f328", kill_on_drop: false }`
[INFO] running `Command { std: "docker" "exec" "-e" "SOURCE_DIR=/opt/rustwide/workdir" "-e" "CARGO_HOME=/opt/rustwide/cargo-home" "-e" "RUSTUP_HOME=/opt/rustwide/rustup-home" "-e" "CARGO_TARGET_DIR=/opt/rustwide/target" "-e" "CARGO_INCREMENTAL=0" "-e" "RUST_BACKTRACE=full" "-e" "RUSTFLAGS=--cap-lints=warn" "-e" "RUSTDOCFLAGS=--cap-lints=warn" "-w" "/opt/rustwide/workdir" "--user" "0:0" "7928488e51436814976ed57c543c871812ec2688670dfeb304c8f0cea215f328" "/opt/rustwide/cargo-home/bin/cargo" "+1.100.0-beta.1" "build" "--frozen" "--message-format=json" "--release", kill_on_drop: false }`
[INFO] [stderr]    Compiling serde v1.0.229
[INFO] [stderr]    Compiling zerocopy v0.8.61
[INFO] [stderr]    Compiling futures-core v0.3.34
[INFO] [stderr]    Compiling syn v3.0.6
[INFO] [stderr]    Compiling getrandom v0.2.17
[INFO] [stderr]    Compiling rust_decimal v1.43.0
[INFO] [stderr]    Compiling pin-project-internal v1.1.13
[INFO] [stderr]    Compiling bitflags v2.13.2
[INFO] [stderr]    Compiling futures-channel v0.3.34
[INFO] [stderr]    Compiling rand_core v0.6.4
[INFO] [stderr]    Compiling rustix v1.1.5
[INFO] [stderr]    Compiling unicode-xid v0.2.6
[INFO] [stderr]    Compiling clap_lex v1.1.1
[INFO] [stderr]    Compiling derive_more-impl v1.0.0
[INFO] [stderr]    Compiling tracing v0.1.44
[INFO] [stderr]    Compiling clap_builder v4.6.7
[INFO] [stderr]    Compiling utf8-width v0.1.9
[INFO] [stderr]    Compiling bincode-next v3.1.1
[INFO] [stderr]    Compiling virtue-next v0.1.3
[INFO] [stderr]    Compiling linux-raw-sys v0.12.1
[INFO] [stderr]    Compiling bincode_derive-next v3.1.1
[INFO] [stderr]    Compiling pin-project v1.1.13
[INFO] [stderr]    Compiling tracing-futures v0.2.5
[INFO] [stderr]    Compiling byte-unit v5.2.6
[INFO] [stderr]    Compiling openraft-macros v0.9.25
[INFO] [stderr]    Compiling chrono v0.4.45
[INFO] [stderr]    Compiling spin v0.9.9
[INFO] [stderr]    Compiling rapidhash v4.5.1
[INFO] [stderr]    Compiling derive_more v1.0.0
[INFO] [stderr]    Compiling maplit v1.0.2
[INFO] [stderr]    Compiling crc-catalog v2.5.0
[INFO] [stderr]    Compiling fastrand v2.5.0
[INFO] [stderr]    Compiling unty-next v0.1.2
[INFO] [stderr]    Compiling crc v3.4.0
[INFO] [stderr]    Compiling flume v0.12.0
[INFO] [stderr]    Compiling thread-priority v3.1.1
[INFO] [stderr]    Compiling memmap2 v0.9.11
[INFO] [stderr]    Compiling fs4 v1.1.0
[INFO] [stderr]    Compiling serde_derive v1.0.229
[INFO] [stderr]    Compiling futures-macro v0.3.34
[INFO] [stderr]    Compiling clap_derive v4.6.7
[INFO] [stderr]    Compiling futures-util v0.3.34
[INFO] [stderr]    Compiling tokio-macros v2.7.2
[INFO] [stderr]    Compiling tokio v1.53.2
[INFO] [stderr]    Compiling ppv-lite86 v0.2.21
[INFO] [stderr]    Compiling clap v4.6.7
[INFO] [stderr]    Compiling thiserror-impl v2.0.21
[INFO] [stderr]    Compiling rand_chacha v0.3.1
[INFO] [stderr]    Compiling rand v0.8.8
[INFO] [stderr]    Compiling thiserror v2.0.21
[INFO] [stderr]    Compiling anyerror v0.1.13
[INFO] [stderr]    Compiling validit v0.2.6
[INFO] [stderr]    Compiling futures-executor v0.3.34
[INFO] [stderr]    Compiling futures v0.3.34
[INFO] [stderr]    Compiling openraft v0.9.25
[INFO] [stderr]    Compiling hiqlite-wal v0.15.1 (/opt/rustwide/workdir)
[INFO] [stderr]     Finished `release` profile [optimized] target(s) in 1m 28s
[INFO] running `Command { std: "docker" "inspect" "7928488e51436814976ed57c543c871812ec2688670dfeb304c8f0cea215f328", kill_on_drop: false }`
[INFO] running `Command { std: "docker" "exec" "-e" "SOURCE_DIR=/opt/rustwide/workdir" "-e" "CARGO_HOME=/opt/rustwide/cargo-home" "-e" "RUSTUP_HOME=/opt/rustwide/rustup-home" "-e" "CARGO_TARGET_DIR=/opt/rustwide/target" "-e" "CARGO_INCREMENTAL=0" "-e" "RUST_BACKTRACE=full" "-e" "RUSTFLAGS=--cap-lints=warn" "-e" "RUSTDOCFLAGS=--cap-lints=warn" "-w" "/opt/rustwide/workdir" "--user" "0:0" "7928488e51436814976ed57c543c871812ec2688670dfeb304c8f0cea215f328" "/opt/rustwide/cargo-home/bin/cargo" "+1.100.0-beta.1" "test" "--frozen" "--no-run" "--message-format=json" "--release", kill_on_drop: false }`
[INFO] [stderr]    Compiling bincode v2.0.1
[INFO] [stderr]    Compiling hiqlite-wal v0.15.1 (/opt/rustwide/workdir)
[INFO] [stderr]     Finished `release` profile [optimized] target(s) in 8.53s
[INFO] running `Command { std: "docker" "inspect" "7928488e51436814976ed57c543c871812ec2688670dfeb304c8f0cea215f328", kill_on_drop: false }`
[INFO] running `Command { std: "docker" "exec" "-e" "SOURCE_DIR=/opt/rustwide/workdir" "-e" "CARGO_HOME=/opt/rustwide/cargo-home" "-e" "RUSTUP_HOME=/opt/rustwide/rustup-home" "-e" "CARGO_TARGET_DIR=/opt/rustwide/target" "-e" "CARGO_INCREMENTAL=0" "-e" "RUST_BACKTRACE=full" "-e" "RUSTFLAGS=--cap-lints=warn" "-e" "RUSTDOCFLAGS=--cap-lints=warn" "-w" "/opt/rustwide/workdir" "--user" "0:0" "7928488e51436814976ed57c543c871812ec2688670dfeb304c8f0cea215f328" "/opt/rustwide/cargo-home/bin/cargo" "+1.100.0-beta.1" "test" "--frozen" "--release", kill_on_drop: false }`
[INFO] [stderr]     Finished `release` profile [optimized] target(s) in 0.18s
[INFO] [stderr]      Running unittests src/lib.rs (/opt/rustwide/target/release/build/hiqlite-wal/a181632f8fb3a0ad/out/hiqlite_wal-a181632f8fb3a0ad)
[INFO] [stdout] 
[INFO] [stdout] running 14 tests
[INFO] [stdout] test wal::tests::has_space_does_not_overflow ... ok
[INFO] [stdout] test metadata::tests::metadata_overwrite_replaces_existing ... FAILED
[INFO] [stdout] test metadata::tests::metadata_write_read ... FAILED
[INFO] [stdout] test reader::tests::logs_action_reports_read_errors ... FAILED
[INFO] [stdout] test wal::tests::append_read_logs ... FAILED
[INFO] [stdout] test wal::tests::convert_wal_header ... FAILED
[INFO] [stdout] test lockfile::tests::lockfile ... FAILED
[INFO] [stdout] test wal::tests::integrity_check ... FAILED
[INFO] [stdout] test wal::tests::deep_integrity_check_stops_before_eof ... FAILED
[INFO] [stdout] test wal::tests::integrity_check_rejects_first_file_data_end_overflow ... FAILED
[INFO] [stdout] test wal::tests::read_logs_memo_survives_wal_no_reuse ... FAILED
[INFO] [stdout] test wal::tests::roll_over_purge_front ... FAILED
[INFO] [stdout] test wal::tests::roll_over_truncate_end ... FAILED
[INFO] [stdout] test writer::tests::oversized_entry_panics_and_kills_writer ... FAILED
[INFO] [stderr] error: test failed, to rerun pass `--lib`
[INFO] [stdout] 
[INFO] [stdout] failures:
[INFO] [stdout] 
[INFO] [stdout] ---- metadata::tests::metadata_overwrite_replaces_existing stdout ----
[INFO] [stdout] Error: IO(Os { code: 30, kind: ReadOnlyFilesystem, message: "Read-only file system" })
[INFO] [stdout] 
[INFO] [stdout] ---- metadata::tests::metadata_write_read stdout ----
[INFO] [stdout] Error: IO(Os { code: 30, kind: ReadOnlyFilesystem, message: "Read-only file system" })
[INFO] [stdout] 
[INFO] [stdout] ---- reader::tests::logs_action_reports_read_errors stdout ----
[INFO] [stdout] Error: IO(Os { code: 30, kind: ReadOnlyFilesystem, message: "Read-only file system" })
[INFO] [stdout] 
[INFO] [stdout] ---- wal::tests::append_read_logs stdout ----
[INFO] [stdout] Error: IO(Os { code: 30, kind: ReadOnlyFilesystem, message: "Read-only file system" })
[INFO] [stdout] 
[INFO] [stdout] ---- wal::tests::convert_wal_header stdout ----
[INFO] [stdout] Error: IO(Os { code: 30, kind: ReadOnlyFilesystem, message: "Read-only file system" })
[INFO] [stdout] 
[INFO] [stdout] ---- lockfile::tests::lockfile stdout ----
[INFO] [stdout] 
[INFO] [stdout] thread 'lockfile::tests::lockfile' (1089) panicked at src/lockfile.rs:77:40:
[INFO] [stdout] called `Result::unwrap()` on an `Err` value: Os { code: 30, kind: ReadOnlyFilesystem, message: "Read-only file system" }
[INFO] [stdout] stack backtrace:
[INFO] [stdout]    0:     0x61648cf7f1f1 - <<std[617be2ca0a6fd877]::sys::backtrace::BacktraceLock>::print::DisplayBacktrace as core[a373ad73a504971]::fmt::Display>::fmt
[INFO] [stdout]    1:     0x61648cf93c3a - core[a373ad73a504971]::fmt::write
[INFO] [stdout]    2:     0x61648cf8396c - <alloc[2e1b2a31b91974c5]::vec::Vec<u8> as core[a373ad73a504971]::io::write::Write>::write_fmt
[INFO] [stdout]    3:     0x61648cf59146 - std[617be2ca0a6fd877]::panicking::default_hook::{closure#0}
[INFO] [stdout]    4:     0x61648cf76089 - std[617be2ca0a6fd877]::panicking::default_hook
[INFO] [stdout]    5:     0x61648cf08770 - test[aada8e7e76ba119b]::test_main_inner::{closure#0}
[INFO] [stdout]    6:     0x61648cf763b2 - std[617be2ca0a6fd877]::panicking::panic_with_hook
[INFO] [stdout]    7:     0x61648cf591f2 - std[617be2ca0a6fd877]::panicking::panic_handler::{closure#0}
[INFO] [stdout]    8:     0x61648cf51b59 - std[617be2ca0a6fd877]::sys::backtrace::__rust_end_short_backtrace::<std[617be2ca0a6fd877]::panicking::panic_handler::{closure#0}, !>
[INFO] [stdout]    9:     0x61648cf59eed - __rustc[ea4f61d10b84890b]::rust_begin_unwind
[INFO] [stdout]   10:     0x61648cf9439c - core[a373ad73a504971]::panicking::panic_fmt
[INFO] [stdout]   11:     0x61648cf94172 - core[a373ad73a504971]::result::unwrap_failed
[INFO] [stdout]   12:     0x61648cef959c - <hiqlite_wal[f11c12d0a1e998b6]::lockfile::tests::lockfile::{closure#0} as core[a373ad73a504971]::ops::function::FnOnce<()>>::call_once
[INFO] [stdout]   13:     0x61648cefbbbb - test[aada8e7e76ba119b]::__rust_begin_short_backtrace::<core[a373ad73a504971]::result::Result<(), alloc[2e1b2a31b91974c5]::string::String>, fn() -> core[a373ad73a504971]::result::Result<(), alloc[2e1b2a31b91974c5]::string::String>>
[INFO] [stdout]   14:     0x61648cf08d95 - test[aada8e7e76ba119b]::run_test::{closure#0}
[INFO] [stdout]   15:     0x61648cf02684 - std[617be2ca0a6fd877]::sys::backtrace::__rust_begin_short_backtrace::<test[aada8e7e76ba119b]::run_test::{closure#1}, ()>
[INFO] [stdout]   16:     0x61648cf0be22 - <std[617be2ca0a6fd877]::thread::lifecycle::spawn_unchecked<test[aada8e7e76ba119b]::run_test::{closure#1}, ()>::{closure#1} as core[a373ad73a504971]::ops::function::FnOnce<()>>::call_once::{shim:vtable#0}
[INFO] [stdout]   17:     0x61648cf7e6ff - <std[617be2ca0a6fd877]::sys::thread::unix::Thread>::new::thread_start
[INFO] [stdout]   18:     0x733cfe188dfa - <unknown>
[INFO] [stdout]   19:     0x733cfe21c3d4 - clone
[INFO] [stdout]   20:                0x0 - <unknown>
[INFO] [stdout] 
[INFO] [stdout] ---- wal::tests::integrity_check stdout ----
[INFO] [stdout] Error: IO(Os { code: 30, kind: ReadOnlyFilesystem, message: "Read-only file system" })
[INFO] [stdout] 
[INFO] [stdout] ---- wal::tests::deep_integrity_check_stops_before_eof stdout ----
[INFO] [stdout] Error: IO(Os { code: 30, kind: ReadOnlyFilesystem, message: "Read-only file system" })
[INFO] [stdout] 
[INFO] [stdout] ---- wal::tests::integrity_check_rejects_first_file_data_end_overflow stdout ----
[INFO] [stdout] Error: IO(Os { code: 30, kind: ReadOnlyFilesystem, message: "Read-only file system" })
[INFO] [stdout] 
[INFO] [stdout] ---- wal::tests::read_logs_memo_survives_wal_no_reuse stdout ----
[INFO] [stdout] Error: IO(Os { code: 30, kind: ReadOnlyFilesystem, message: "Read-only file system" })
[INFO] [stdout] 
[INFO] [stdout] ---- wal::tests::roll_over_purge_front stdout ----
[INFO] [stdout] Error: IO(Os { code: 30, kind: ReadOnlyFilesystem, message: "Read-only file system" })
[INFO] [stdout] 
[INFO] [stdout] ---- wal::tests::roll_over_truncate_end stdout ----
[INFO] [stdout] Error: IO(Os { code: 30, kind: ReadOnlyFilesystem, message: "Read-only file system" })
[INFO] [stdout] 
[INFO] [stdout] ---- writer::tests::oversized_entry_panics_and_kills_writer stdout ----
[INFO] [stdout] 
[INFO] [stdout] thread 'writer::tests::oversized_entry_panics_and_kills_writer' (1102) panicked at src/writer.rs:514:40:
[INFO] [stdout] called `Result::unwrap()` on an `Err` value: Os { code: 30, kind: ReadOnlyFilesystem, message: "Read-only file system" }
[INFO] [stdout] stack backtrace:
[INFO] [stdout]    0:     0x61648cf7f1f1 - <<std[617be2ca0a6fd877]::sys::backtrace::BacktraceLock>::print::DisplayBacktrace as core[a373ad73a504971]::fmt::Display>::fmt
[INFO] [stdout]    1:     0x61648cf93c3a - core[a373ad73a504971]::fmt::write
[INFO] [stdout]    2:     0x61648cf8396c - <alloc[2e1b2a31b91974c5]::vec::Vec<u8> as core[a373ad73a504971]::io::write::Write>::write_fmt
[INFO] [stdout]    3:     0x61648cf59146 - std[617be2ca0a6fd877]::panicking::default_hook::{closure#0}
[INFO] [stdout]    4:     0x61648cf76089 - std[617be2ca0a6fd877]::panicking::default_hook
[INFO] [stdout]    5:     0x61648cf08770 - test[aada8e7e76ba119b]::test_main_inner::{closure#0}
[INFO] [stdout]    6:     0x61648cf763b2 - std[617be2ca0a6fd877]::panicking::panic_with_hook
[INFO] [stdout]    7:     0x61648cf591f2 - std[617be2ca0a6fd877]::panicking::panic_handler::{closure#0}
[INFO] [stdout]    8:     0x61648cf51b59 - std[617be2ca0a6fd877]::sys::backtrace::__rust_end_short_backtrace::<std[617be2ca0a6fd877]::panicking::panic_handler::{closure#0}, !>
[INFO] [stdout]    9:     0x61648cf59eed - __rustc[ea4f61d10b84890b]::rust_begin_unwind
[INFO] [stdout]   10:     0x61648cf9439c - core[a373ad73a504971]::panicking::panic_fmt
[INFO] [stdout]   11:     0x61648cf94172 - core[a373ad73a504971]::result::unwrap_failed
[INFO] [stdout]   12:     0x61648cef8f33 - <hiqlite_wal[f11c12d0a1e998b6]::writer::tests::oversized_entry_panics_and_kills_writer::{closure#0} as core[a373ad73a504971]::ops::function::FnOnce<()>>::call_once
[INFO] [stdout]   13:     0x61648cefbbbb - test[aada8e7e76ba119b]::__rust_begin_short_backtrace::<core[a373ad73a504971]::result::Result<(), alloc[2e1b2a31b91974c5]::string::String>, fn() -> core[a373ad73a504971]::result::Result<(), alloc[2e1b2a31b91974c5]::string::String>>
[INFO] [stdout]   14:     0x61648cf08d95 - test[aada8e7e76ba119b]::run_test::{closure#0}
[INFO] [stdout]   15:     0x61648cf02684 - std[617be2ca0a6fd877]::sys::backtrace::__rust_begin_short_backtrace::<test[aada8e7e76ba119b]::run_test::{closure#1}, ()>
[INFO] [stdout]   16:     0x61648cf0be22 - <std[617be2ca0a6fd877]::thread::lifecycle::spawn_unchecked<test[aada8e7e76ba119b]::run_test::{closure#1}, ()>::{closure#1} as core[a373ad73a504971]::ops::function::FnOnce<()>>::call_once::{shim:vtable#0}
[INFO] [stdout]   17:     0x61648cf7e6ff - <std[617be2ca0a6fd877]::sys::thread::unix::Thread>::new::thread_start
[INFO] [stdout]   18:     0x733cfe188dfa - <unknown>
[INFO] [stdout]   19:     0x733cfe21c3d4 - clone
[INFO] [stdout]   20:                0x0 - <unknown>
[INFO] [stdout] 
[INFO] [stdout] 
[INFO] [stdout] failures:
[INFO] [stdout]     lockfile::tests::lockfile
[INFO] [stdout]     metadata::tests::metadata_overwrite_replaces_existing
[INFO] [stdout]     metadata::tests::metadata_write_read
[INFO] [stdout]     reader::tests::logs_action_reports_read_errors
[INFO] [stdout]     wal::tests::append_read_logs
[INFO] [stdout]     wal::tests::convert_wal_header
[INFO] [stdout]     wal::tests::deep_integrity_check_stops_before_eof
[INFO] [stdout]     wal::tests::integrity_check
[INFO] [stdout]     wal::tests::integrity_check_rejects_first_file_data_end_overflow
[INFO] [stdout]     wal::tests::read_logs_memo_survives_wal_no_reuse
[INFO] [stdout]     wal::tests::roll_over_purge_front
[INFO] [stdout]     wal::tests::roll_over_truncate_end
[INFO] [stdout]     writer::tests::oversized_entry_panics_and_kills_writer
[INFO] [stdout] 
[INFO] [stdout] test result: FAILED. 1 passed; 13 failed; 0 ignored; 0 measured; 0 filtered out; finished in 0.00s
[INFO] [stdout] 
[INFO] running `Command { std: "docker" "inspect" "7928488e51436814976ed57c543c871812ec2688670dfeb304c8f0cea215f328", kill_on_drop: false }`
[INFO] running `Command { std: "docker" "rm" "-f" "7928488e51436814976ed57c543c871812ec2688670dfeb304c8f0cea215f328", kill_on_drop: false }`
[INFO] [stdout] 7928488e51436814976ed57c543c871812ec2688670dfeb304c8f0cea215f328
