[INFO] fetching crate hiqlite-wal-patched 0.15.0-patched.4...
[INFO] testing hiqlite-wal-patched-0.15.0-patched.4 against 1.100.0-beta.1+cargoflags=--release for beta-release-1.100-2
[INFO] extracting crate hiqlite-wal-patched 0.15.0-patched.4 into /workspace/builds/worker-7-tc2/source
[INFO] started tweaking crates.io crate hiqlite-wal-patched 0.15.0-patched.4
[INFO] finished tweaking crates.io crate hiqlite-wal-patched 0.15.0-patched.4
[INFO] tweaked toml for crates.io crate hiqlite-wal-patched 0.15.0-patched.4 written to /workspace/builds/worker-7-tc2/source/Cargo.toml
[INFO] validating manifest of crates.io crate hiqlite-wal-patched 0.15.0-patched.4 on toolchain 1.100.0-beta.1
[INFO] running `Command { std: CARGO_HOME="/workspace/cargo-home" RUSTUP_HOME="/workspace/rustup-home" "/workspace/cargo-home/bin/cargo" "+1.100.0-beta.1" "metadata" "--manifest-path" "Cargo.toml" "--no-deps", kill_on_drop: false }`
[INFO] crate crates.io crate hiqlite-wal-patched 0.15.0-patched.4 already has a lockfile, it will not be regenerated
[INFO] running `Command { std: CARGO_HOME="/workspace/cargo-home" RUSTUP_HOME="/workspace/rustup-home" "/workspace/cargo-home/bin/cargo" "+1.100.0-beta.1" "fetch" "--manifest-path" "Cargo.toml", kill_on_drop: false }`
[INFO] [stderr]     Blocking waiting for file lock on package cache
[INFO] running `Command { std: "docker" "create" "-v" "/var/lib/crater-agent-workspace/builds/worker-7-tc2/source:/opt/rustwide/workdir:ro,Z" "-v" "/var/lib/crater-agent-workspace/builds/worker-7-tc2/target:/opt/rustwide/target:rw,Z" "-v" "/var/lib/crater-agent-workspace/cargo-home:/opt/rustwide/cargo-home:ro,Z" "-v" "/var/lib/crater-agent-workspace/rustup-home:/opt/rustwide/rustup-home:ro,Z" "-m" "1610612736" "--network" "none" "ghcr.io/rust-lang/crates-build-env/linux@sha256:77db811e55d90add9212f6832c23229e3de5f1c1f9905e8cb07319ea15df73ac" "sleep" "infinity", kill_on_drop: false }`
[INFO] [stdout] c4eaa29a44a95348c34e6a49e5fa527e40d878ff16643d7711687e3cff71306c
[INFO] running `Command { std: "docker" "start" "c4eaa29a44a95348c34e6a49e5fa527e40d878ff16643d7711687e3cff71306c", kill_on_drop: false }`
[INFO] running `Command { std: "docker" "inspect" "c4eaa29a44a95348c34e6a49e5fa527e40d878ff16643d7711687e3cff71306c", kill_on_drop: false }`
[INFO] running `Command { std: "docker" "exec" "-e" "SOURCE_DIR=/opt/rustwide/workdir" "-e" "CARGO_HOME=/opt/rustwide/cargo-home" "-e" "RUSTUP_HOME=/opt/rustwide/rustup-home" "-e" "CARGO_TARGET_DIR=/opt/rustwide/target" "-w" "/opt/rustwide/workdir" "--user" "0:0" "c4eaa29a44a95348c34e6a49e5fa527e40d878ff16643d7711687e3cff71306c" "/opt/rustwide/cargo-home/bin/cargo" "+1.100.0-beta.1" "metadata" "--no-deps" "--format-version=1", kill_on_drop: false }`
[INFO] running `Command { std: "docker" "inspect" "c4eaa29a44a95348c34e6a49e5fa527e40d878ff16643d7711687e3cff71306c", kill_on_drop: false }`
[INFO] running `Command { std: "docker" "exec" "-e" "SOURCE_DIR=/opt/rustwide/workdir" "-e" "CARGO_HOME=/opt/rustwide/cargo-home" "-e" "RUSTUP_HOME=/opt/rustwide/rustup-home" "-e" "CARGO_TARGET_DIR=/opt/rustwide/target" "-e" "CARGO_INCREMENTAL=0" "-e" "RUST_BACKTRACE=full" "-e" "RUSTFLAGS=--cap-lints=warn" "-e" "RUSTDOCFLAGS=--cap-lints=warn" "-w" "/opt/rustwide/workdir" "--user" "0:0" "c4eaa29a44a95348c34e6a49e5fa527e40d878ff16643d7711687e3cff71306c" "/opt/rustwide/cargo-home/bin/cargo" "+1.100.0-beta.1" "build" "--frozen" "--message-format=json" "--release", kill_on_drop: false }`
[INFO] [stderr]    Compiling zerocopy v0.8.50
[INFO] [stderr]    Compiling num-traits v0.2.19
[INFO] [stderr]    Compiling rust_decimal v1.42.0
[INFO] [stderr]    Compiling futures-macro v0.3.32
[INFO] [stderr]    Compiling serde v1.0.228
[INFO] [stderr]    Compiling memchr v2.8.1
[INFO] [stderr]    Compiling pin-project-internal v1.1.13
[INFO] [stderr]    Compiling arrayvec v0.7.6
[INFO] [stderr]    Compiling bitflags v2.12.1
[INFO] [stderr]    Compiling futures-util v0.3.32
[INFO] [stderr]    Compiling anyerror v0.1.13
[INFO] [stderr]    Compiling clap_builder v4.6.0
[INFO] [stderr]    Compiling chrono v0.4.45
[INFO] [stderr]    Compiling pin-project v1.1.13
[INFO] [stderr]    Compiling derive_more-impl v1.0.0
[INFO] [stderr]    Compiling tokio-macros v2.7.0
[INFO] [stderr]    Compiling thiserror-impl v1.0.69
[INFO] [stderr]    Compiling utf8-width v0.1.8
[INFO] [stderr]    Compiling virtue v0.0.18
[INFO] [stderr]    Compiling thiserror v1.0.69
[INFO] [stderr]    Compiling bincode_derive v2.0.1
[INFO] [stderr]    Compiling tokio v1.52.3
[INFO] [stderr]    Compiling openraft-macros v0.9.24
[INFO] [stderr]    Compiling rustix v1.1.4
[INFO] [stderr]    Compiling byte-unit v5.2.0
[INFO] [stderr]    Compiling derive_more v1.0.0
[INFO] [stderr]    Compiling tracing-futures v0.2.5
[INFO] [stderr]    Compiling validit v0.2.5
[INFO] [stderr]    Compiling maplit v1.0.2
[INFO] [stderr]    Compiling fastrand v2.4.1
[INFO] [stderr]    Compiling unty v0.0.4
[INFO] [stderr]    Compiling bincode v2.0.1
[INFO] [stderr]    Compiling clap v4.6.1
[INFO] [stderr]    Compiling flume v0.12.0
[INFO] [stderr]    Compiling futures-executor v0.3.32
[INFO] [stderr]    Compiling futures v0.3.32
[INFO] [stderr]    Compiling thread-priority v3.0.0
[INFO] [stderr]    Compiling memmap2 v0.9.10
[INFO] [stderr]    Compiling ppv-lite86 v0.2.21
[INFO] [stderr]    Compiling rand_chacha v0.3.1
[INFO] [stderr]    Compiling fs4 v1.1.0
[INFO] [stderr]    Compiling rand v0.8.6
[INFO] [stderr]    Compiling openraft v0.9.25
[INFO] [stderr]    Compiling hiqlite-wal-patched v0.15.0-patched.4 (/opt/rustwide/workdir)
[INFO] [stderr]     Finished `release` profile [optimized] target(s) in 1m 11s
[INFO] running `Command { std: "docker" "inspect" "c4eaa29a44a95348c34e6a49e5fa527e40d878ff16643d7711687e3cff71306c", kill_on_drop: false }`
[INFO] running `Command { std: "docker" "exec" "-e" "SOURCE_DIR=/opt/rustwide/workdir" "-e" "CARGO_HOME=/opt/rustwide/cargo-home" "-e" "RUSTUP_HOME=/opt/rustwide/rustup-home" "-e" "CARGO_TARGET_DIR=/opt/rustwide/target" "-e" "CARGO_INCREMENTAL=0" "-e" "RUST_BACKTRACE=full" "-e" "RUSTFLAGS=--cap-lints=warn" "-e" "RUSTDOCFLAGS=--cap-lints=warn" "-w" "/opt/rustwide/workdir" "--user" "0:0" "c4eaa29a44a95348c34e6a49e5fa527e40d878ff16643d7711687e3cff71306c" "/opt/rustwide/cargo-home/bin/cargo" "+1.100.0-beta.1" "test" "--frozen" "--no-run" "--message-format=json" "--release", kill_on_drop: false }`
[INFO] [stderr]    Compiling tracing v0.1.44
[INFO] [stderr]    Compiling log v0.4.32
[INFO] [stderr]    Compiling regex-automata v0.4.14
[INFO] [stderr]    Compiling tracing-log v0.2.0
[INFO] [stderr]    Compiling thread-priority v3.0.0
[INFO] [stderr]    Compiling tracing-futures v0.2.5
[INFO] [stderr]    Compiling openraft v0.9.25
[INFO] [stderr]    Compiling matchers v0.2.0
[INFO] [stderr]    Compiling tracing-subscriber v0.3.23
[INFO] [stderr]    Compiling hiqlite-wal-patched v0.15.0-patched.4 (/opt/rustwide/workdir)
[INFO] [stderr]     Finished `release` profile [optimized] target(s) in 43.45s
[INFO] running `Command { std: "docker" "inspect" "c4eaa29a44a95348c34e6a49e5fa527e40d878ff16643d7711687e3cff71306c", kill_on_drop: false }`
[INFO] running `Command { std: "docker" "exec" "-e" "SOURCE_DIR=/opt/rustwide/workdir" "-e" "CARGO_HOME=/opt/rustwide/cargo-home" "-e" "RUSTUP_HOME=/opt/rustwide/rustup-home" "-e" "CARGO_TARGET_DIR=/opt/rustwide/target" "-e" "CARGO_INCREMENTAL=0" "-e" "RUST_BACKTRACE=full" "-e" "RUSTFLAGS=--cap-lints=warn" "-e" "RUSTDOCFLAGS=--cap-lints=warn" "-w" "/opt/rustwide/workdir" "--user" "0:0" "c4eaa29a44a95348c34e6a49e5fa527e40d878ff16643d7711687e3cff71306c" "/opt/rustwide/cargo-home/bin/cargo" "+1.100.0-beta.1" "test" "--frozen" "--release", kill_on_drop: false }`
[INFO] [stderr]     Finished `release` profile [optimized] target(s) in 0.16s
[INFO] [stderr]      Running unittests src/lib.rs (/opt/rustwide/target/release/build/hiqlite-wal-patched/5cf32af8718e35f9/out/hiqlite_wal-5cf32af8718e35f9)
[INFO] [stdout] 
[INFO] [stdout] running 40 tests
[INFO] [stdout] test lockfile::tests::a_held_lock_protects_an_inode_not_a_path ... FAILED
[INFO] [stdout] test lockfile::tests::lockfile ... FAILED
[INFO] [stdout] test log_store_impl::tests::a_writer_that_stopped_reading_is_reported_by_its_verdict_not_by_the_channel ... ok
[INFO] [stdout] test lockfile::tests::an_existing_lock_file_is_neither_truncated_nor_new ... FAILED
[INFO] [stdout] test metadata::tests::metadata_overwrite_replaces_existing ... FAILED
[INFO] [stdout] test metadata::tests::metadata_write_read ... FAILED
[INFO] [stdout] test reader::tests::a_requester_that_stops_reading_does_not_end_the_reader ... FAILED
[INFO] [stdout] test reader::tests::logs_action_reports_read_errors ... FAILED
[INFO] [stdout] test log_store_impl::tests::append_adapter_forwards_a_persistence_failure_to_openraft ... FAILED
[INFO] [stdout] test wal::tests::creating_a_wal_file_syncs_its_directory ... FAILED
[INFO] [stdout] test wal::tests::a_complete_record_past_the_header_is_recovered_not_dropped ... FAILED
[INFO] [stdout] test wal::tests::deep_integrity_check_stops_before_eof ... FAILED
[INFO] [stdout] test wal::tests::a_torn_record_inside_the_header_is_rolled_back_or_refused ... FAILED
[INFO] [stdout] test log_store_impl::tests::append_adapter_reports_a_rejected_append_as_an_error ... FAILED
[INFO] [stdout] test log_store_impl::tests::a_truncated_append_leaves_a_recoverable_prefix_in_every_log_sync_mode ... FAILED
[INFO] [stdout] test wal::tests::read_logs_memo_survives_wal_no_reuse ... FAILED
[INFO] [stdout] test wal::tests::a_torn_record_past_the_header_is_dropped_and_the_prefix_recovers ... FAILED
[INFO] [stdout] test wal::tests::convert_wal_header ... FAILED
[INFO] [stdout] test wal::tests::has_space_does_not_overflow ... ok
[INFO] [stdout] test wal::tests::integrity_check ... FAILED
[INFO] [stdout] test wal::tests::integrity_check_rejects_first_file_data_end_overflow ... FAILED
[INFO] [stdout] test wal::tests::roll_over_purge_front ... FAILED
[INFO] [stdout] test wal::tests::roll_over_truncate_end ... FAILED
[INFO] [stdout] test writer::tests::a_caller_held_lock_outlives_the_writer ... FAILED
[INFO] [stdout] test writer::tests::a_dropped_guard_disarms_an_unconsumed_injection ... ok
[INFO] [stdout] test writer::tests::a_shared_lock_is_held_until_the_writer_stops ... FAILED
[INFO] [stdout] test writer::tests::append_rejection_notifies_error_and_never_success ... ok
[INFO] [stdout] test writer::tests::append_result_precedes_persistence_and_completion ... ok
[INFO] [stdout] test writer::tests::a_clean_stop_unlinks_the_lock_file_while_holding_it ... FAILED
[INFO] [stdout] test writer::tests::a_clean_empty_batch_succeeds_and_notifies_once ... FAILED
[INFO] [stdout] test writer::tests::a_truncated_entry_stream_never_reports_success_in_any_log_sync_mode ... FAILED
[INFO] [stdout] test writer::tests::injections_are_isolated_per_wal_and_consumed_exactly_once ... ok
[INFO] [stdout] test writer::tests::oversized_entry_errors_without_killing_writer ... FAILED
[INFO] [stdout] test writer::tests::persistence_failure_notifies_error_before_propagating ... ok
[INFO] [stdout] test writer::tests::rejection_takes_precedence_over_a_failing_persistence_step ... ok
[INFO] [stdout] test writer::tests::persistence_failure_notifies_then_terminates_the_writer ... FAILED
[INFO] [stdout] test wal::tests::append_read_logs ... FAILED
[INFO] [stdout] test writer::tests::writer_termination_is_reported ... FAILED
[INFO] [stdout] test writer::tests::work_queued_behind_a_terminating_append_is_answered_not_stranded ... FAILED
[INFO] [stdout] test writer::tests::success_notifies_once_per_append_in_every_log_sync_mode ... FAILED
[INFO] [stdout] 
[INFO] [stdout] failures:
[INFO] [stdout] 
[INFO] [stdout] ---- lockfile::tests::a_held_lock_protects_an_inode_not_a_path stdout ----
[INFO] [stdout] 
[INFO] [stdout] thread 'lockfile::tests::a_held_lock_protects_an_inode_not_a_path' (1076) panicked at src/lockfile.rs:181:40:
[INFO] [stdout] called `Result::unwrap()` on an `Err` value: Os { code: 30, kind: ReadOnlyFilesystem, message: "Read-only file system" }
[INFO] [stdout] stack backtrace:
[INFO] [stdout]    0:     0x63679259e151 - <<std[617be2ca0a6fd877]::sys::backtrace::BacktraceLock>::print::DisplayBacktrace as core[a373ad73a504971]::fmt::Display>::fmt
[INFO] [stdout]    1:     0x6367925b385a - core[a373ad73a504971]::fmt::write
[INFO] [stdout]    2:     0x6367925a291c - <alloc[2e1b2a31b91974c5]::vec::Vec<u8> as core[a373ad73a504971]::io::write::Write>::write_fmt
[INFO] [stdout]    3:     0x6367925776f6 - std[617be2ca0a6fd877]::panicking::default_hook::{closure#0}
[INFO] [stdout]    4:     0x636792594b59 - std[617be2ca0a6fd877]::panicking::default_hook
[INFO] [stdout]    5:     0x63679250f2d0 - test[aada8e7e76ba119b]::test_main_inner::{closure#0}
[INFO] [stdout]    6:     0x636792594e82 - std[617be2ca0a6fd877]::panicking::panic_with_hook
[INFO] [stdout]    7:     0x6367925777a2 - std[617be2ca0a6fd877]::panicking::panic_handler::{closure#0}
[INFO] [stdout]    8:     0x636792570109 - std[617be2ca0a6fd877]::sys::backtrace::__rust_end_short_backtrace::<std[617be2ca0a6fd877]::panicking::panic_handler::{closure#0}, !>
[INFO] [stdout]    9:     0x63679257855d - __rustc[ea4f61d10b84890b]::rust_begin_unwind
[INFO] [stdout]   10:     0x6367925b3fbc - core[a373ad73a504971]::panicking::panic_fmt
[INFO] [stdout]   11:     0x6367925b3d92 - core[a373ad73a504971]::result::unwrap_failed
[INFO] [stdout]   12:     0x6367924afc22 - hiqlite_wal[1487714b58149df0]::lockfile::tests::fresh
[INFO] [stdout]   13:     0x6367924b0115 - <hiqlite_wal[1487714b58149df0]::lockfile::tests::a_held_lock_protects_an_inode_not_a_path::{closure#0} as core[a373ad73a504971]::ops::function::FnOnce<()>>::call_once
[INFO] [stdout]   14:     0x63679250271b - test[aada8e7e76ba119b]::__rust_begin_short_backtrace::<core[a373ad73a504971]::result::Result<(), alloc[2e1b2a31b91974c5]::string::String>, fn() -> core[a373ad73a504971]::result::Result<(), alloc[2e1b2a31b91974c5]::string::String>>
[INFO] [stdout]   15:     0x63679250f8f5 - test[aada8e7e76ba119b]::run_test::{closure#0}
[INFO] [stdout]   16:     0x6367925091e4 - std[617be2ca0a6fd877]::sys::backtrace::__rust_begin_short_backtrace::<test[aada8e7e76ba119b]::run_test::{closure#1}, ()>
[INFO] [stdout]   17:     0x636792512982 - <std[617be2ca0a6fd877]::thread::lifecycle::spawn_unchecked<test[aada8e7e76ba119b]::run_test::{closure#1}, ()>::{closure#1} as core[a373ad73a504971]::ops::function::FnOnce<()>>::call_once::{shim:vtable#0}
[INFO] [stdout]   18:     0x63679259d47f - <std[617be2ca0a6fd877]::sys::thread::unix::Thread>::new::thread_start
[INFO] [stdout]   19:     0x7c2ed7340dfa - <unknown>
[INFO] [stdout]   20:     0x7c2ed73d43d4 - clone
[INFO] [stdout]   21:                0x0 - <unknown>
[INFO] [stdout] 
[INFO] [stdout] ---- lockfile::tests::lockfile stdout ----
[INFO] [stdout] 
[INFO] [stdout] thread 'lockfile::tests::lockfile' (1078) panicked at src/lockfile.rs:181:40:
[INFO] [stdout] called `Result::unwrap()` on an `Err` value: Os { code: 30, kind: ReadOnlyFilesystem, message: "Read-only file system" }
[INFO] [stdout] stack backtrace:
[INFO] [stdout]    0:     0x63679259e151 - <<std[617be2ca0a6fd877]::sys::backtrace::BacktraceLock>::print::DisplayBacktrace as core[a373ad73a504971]::fmt::Display>::fmt
[INFO] [stdout]    1:     0x6367925b385a - core[a373ad73a504971]::fmt::write
[INFO] [stdout]    2:     0x6367925a291c - <alloc[2e1b2a31b91974c5]::vec::Vec<u8> as core[a373ad73a504971]::io::write::Write>::write_fmt
[INFO] [stdout]    3:     0x6367925776f6 - std[617be2ca0a6fd877]::panicking::default_hook::{closure#0}
[INFO] [stdout]    4:     0x636792594b59 - std[617be2ca0a6fd877]::panicking::default_hook
[INFO] [stdout]    5:     0x63679250f2d0 - test[aada8e7e76ba119b]::test_main_inner::{closure#0}
[INFO] [stdout]    6:     0x636792594e82 - std[617be2ca0a6fd877]::panicking::panic_with_hook
[INFO] [stdout]    7:     0x6367925777a2 - std[617be2ca0a6fd877]::panicking::panic_handler::{closure#0}
[INFO] [stdout]    8:     0x636792570109 - std[617be2ca0a6fd877]::sys::backtrace::__rust_end_short_backtrace::<std[617be2ca0a6fd877]::panicking::panic_handler::{closure#0}, !>
[INFO] [stdout]    9:     0x63679257855d - __rustc[ea4f61d10b84890b]::rust_begin_unwind
[INFO] [stdout]   10:     0x6367925b3fbc - core[a373ad73a504971]::panicking::panic_fmt
[INFO] [stdout]   11:     0x6367925b3d92 - core[a373ad73a504971]::result::unwrap_failed
[INFO] [stdout]   12:     0x6367924afc22 - hiqlite_wal[1487714b58149df0]::lockfile::tests::fresh
[INFO] [stdout]   13:     0x6367924b0cb2 - <hiqlite_wal[1487714b58149df0]::lockfile::tests::lockfile::{closure#0} as core[a373ad73a504971]::ops::function::FnOnce<()>>::call_once
[INFO] [stdout]   14:     0x63679250271b - test[aada8e7e76ba119b]::__rust_begin_short_backtrace::<core[a373ad73a504971]::result::Result<(), alloc[2e1b2a31b91974c5]::string::String>, fn() -> core[a373ad73a504971]::result::Result<(), alloc[2e1b2a31b91974c5]::string::String>>
[INFO] [stdout]   15:     0x63679250f8f5 - test[aada8e7e76ba119b]::run_test::{closure#0}
[INFO] [stdout]   16:     0x6367925091e4 - std[617be2ca0a6fd877]::sys::backtrace::__rust_begin_short_backtrace::<test[aada8e7e76ba119b]::run_test::{closure#1}, ()>
[INFO] [stdout]   17:     0x636792512982 - <std[617be2ca0a6fd877]::thread::lifecycle::spawn_unchecked<test[aada8e7e76ba119b]::run_test::{closure#1}, ()>::{closure#1} as core[a373ad73a504971]::ops::function::FnOnce<()>>::call_once::{shim:vtable#0}
[INFO] [stdout]   18:     0x63679259d47f - <std[617be2ca0a6fd877]::sys::thread::unix::Thread>::new::thread_start
[INFO] [stdout]   19:     0x7c2ed7340dfa - <unknown>
[INFO] [stdout]   20:     0x7c2ed73d43d4 - clone
[INFO] [stdout]   21:                0x0 - <unknown>
[INFO] [stdout] 
[INFO] [stdout] ---- lockfile::tests::an_existing_lock_file_is_neither_truncated_nor_new stdout ----
[INFO] [stdout] 
[INFO] [stdout] thread 'lockfile::tests::an_existing_lock_file_is_neither_truncated_nor_new' (1077) panicked at src/lockfile.rs:181:40:
[INFO] [stdout] called `Result::unwrap()` on an `Err` value: Os { code: 30, kind: ReadOnlyFilesystem, message: "Read-only file system" }
[INFO] [stdout] stack backtrace:
[INFO] [stdout]    0:     0x63679259e151 - <<std[617be2ca0a6fd877]::sys::backtrace::BacktraceLock>::print::DisplayBacktrace as core[a373ad73a504971]::fmt::Display>::fmt
[INFO] [stdout]    1:     0x6367925b385a - core[a373ad73a504971]::fmt::write
[INFO] [stdout]    2:     0x6367925a291c - <alloc[2e1b2a31b91974c5]::vec::Vec<u8> as core[a373ad73a504971]::io::write::Write>::write_fmt
[INFO] [stdout]    3:     0x6367925776f6 - std[617be2ca0a6fd877]::panicking::default_hook::{closure#0}
[INFO] [stdout]    4:     0x636792594b59 - std[617be2ca0a6fd877]::panicking::default_hook
[INFO] [stdout]    5:     0x63679250f2d0 - test[aada8e7e76ba119b]::test_main_inner::{closure#0}
[INFO] [stdout]    6:     0x636792594e82 - std[617be2ca0a6fd877]::panicking::panic_with_hook
[INFO] [stdout]    7:     0x6367925777a2 - std[617be2ca0a6fd877]::panicking::panic_handler::{closure#0}
[INFO] [stdout]    8:     0x636792570109 - std[617be2ca0a6fd877]::sys::backtrace::__rust_end_short_backtrace::<std[617be2ca0a6fd877]::panicking::panic_handler::{closure#0}, !>
[INFO] [stdout]    9:     0x63679257855d - __rustc[ea4f61d10b84890b]::rust_begin_unwind
[INFO] [stdout]   10:     0x6367925b3fbc - core[a373ad73a504971]::panicking::panic_fmt
[INFO] [stdout]   11:     0x6367925b3d92 - core[a373ad73a504971]::result::unwrap_failed
[INFO] [stdout]   12:     0x6367924afc22 - hiqlite_wal[1487714b58149df0]::lockfile::tests::fresh
[INFO] [stdout]   13:     0x6367924b08b7 - <hiqlite_wal[1487714b58149df0]::lockfile::tests::an_existing_lock_file_is_neither_truncated_nor_new::{closure#0} as core[a373ad73a504971]::ops::function::FnOnce<()>>::call_once
[INFO] [stdout]   14:     0x63679250271b - test[aada8e7e76ba119b]::__rust_begin_short_backtrace::<core[a373ad73a504971]::result::Result<(), alloc[2e1b2a31b91974c5]::string::String>, fn() -> core[a373ad73a504971]::result::Result<(), alloc[2e1b2a31b91974c5]::string::String>>
[INFO] [stdout]   15:     0x63679250f8f5 - test[aada8e7e76ba119b]::run_test::{closure#0}
[INFO] [stdout]   16:     0x6367925091e4 - std[617be2ca0a6fd877]::sys::backtrace::__rust_begin_short_backtrace::<test[aada8e7e76ba119b]::run_test::{closure#1}, ()>
[INFO] [stdout]   17:     0x636792512982 - <std[617be2ca0a6fd877]::thread::lifecycle::spawn_unchecked<test[aada8e7e76ba119b]::run_test::{closure#1}, ()>::{closure#1} as core[a373ad73a504971]::ops::function::FnOnce<()>>::call_once::{shim:vtable#0}
[INFO] [stdout]   18:     0x63679259d47f - <std[617be2ca0a6fd877]::sys::thread::unix::Thread>::new::thread_start
[INFO] [stdout]   19:     0x7c2ed7340dfa - <unknown>
[INFO] [stdout]   20:     0x7c2ed73d43d4 - clone
[INFO] [stdout]   21:                0x0 - <unknown>
[INFO] [stdout] 
[INFO] [stdout] ---- metadata::tests::metadata_overwrite_replaces_existing stdout ----
[INFO] [stdout] Error: IO(Os { code: 30, kind: ReadOnlyFilesystem, message: "Read-only file system" })
[INFO] [stdout] 
[INFO] [stdout] ---- metadata::tests::metadata_write_read stdout ----
[INFO] [stdout] Error: IO(Os { code: 30, kind: ReadOnlyFilesystem, message: "Read-only file system" })
[INFO] [stdout] 
[INFO] [stdout] ---- reader::tests::a_requester_that_stops_reading_does_not_end_the_reader stdout ----
[INFO] [stdout] Error: IO(Os { code: 30, kind: ReadOnlyFilesystem, message: "Read-only file system" })
[INFO] [stdout] 
[INFO] [stdout] ---- reader::tests::logs_action_reports_read_errors stdout ----
[INFO] [stdout] Error: IO(Os { code: 30, kind: ReadOnlyFilesystem, message: "Read-only file system" })
[INFO] [stdout] 
[INFO] [stdout] ---- log_store_impl::tests::append_adapter_forwards_a_persistence_failure_to_openraft stdout ----
[INFO] [stdout] 
[INFO] [stdout] thread 'log_store_impl::tests::append_adapter_forwards_a_persistence_failure_to_openraft' (1081) panicked at src/log_store_impl.rs:396:14:
[INFO] [stdout] called `Result::unwrap()` on an `Err` value: IO(Os { code: 30, kind: ReadOnlyFilesystem, message: "Read-only file system" })
[INFO] [stdout] stack backtrace:
[INFO] [stdout]    0:     0x63679259e151 - <<std[617be2ca0a6fd877]::sys::backtrace::BacktraceLock>::print::DisplayBacktrace as core[a373ad73a504971]::fmt::Display>::fmt
[INFO] [stdout]    1:     0x6367925b385a - core[a373ad73a504971]::fmt::write
[INFO] [stdout]    2:     0x6367925a291c - <alloc[2e1b2a31b91974c5]::vec::Vec<u8> as core[a373ad73a504971]::io::write::Write>::write_fmt
[INFO] [stdout]    3:     0x6367925776f6 - std[617be2ca0a6fd877]::panicking::default_hook::{closure#0}
[INFO] [stdout]    4:     0x636792594b59 - std[617be2ca0a6fd877]::panicking::default_hook
[INFO] [stdout]    5:     0x63679250f2d0 - test[aada8e7e76ba119b]::test_main_inner::{closure#0}
[INFO] [stdout]    6:     0x636792594e82 - std[617be2ca0a6fd877]::panicking::panic_with_hook
[INFO] [stdout]    7:     0x6367925777a2 - std[617be2ca0a6fd877]::panicking::panic_handler::{closure#0}
[INFO] [stdout]    8:     0x636792570109 - std[617be2ca0a6fd877]::sys::backtrace::__rust_end_short_backtrace::<std[617be2ca0a6fd877]::panicking::panic_handler::{closure#0}, !>
[INFO] [stdout]    9:     0x63679257855d - __rustc[ea4f61d10b84890b]::rust_begin_unwind
[INFO] [stdout]   10:     0x6367925b3fbc - core[a373ad73a504971]::panicking::panic_fmt
[INFO] [stdout]   11:     0x6367925b3d92 - core[a373ad73a504971]::result::unwrap_failed
[INFO] [stdout]   12:     0x63679247847b - hiqlite_wal[1487714b58149df0]::log_store_impl::tests::start::{closure#0}
[INFO] [stdout]   13:     0x636792478ac1 - hiqlite_wal[1487714b58149df0]::log_store_impl::tests::append_adapter_forwards_a_persistence_failure_to_openraft::{closure#0}
[INFO] [stdout]   14:     0x6367924a438a - <tokio[74850fee2dbc0a29]::runtime::park::CachedParkThread>::block_on::<core[a373ad73a504971]::pin::Pin<&mut dyn core[a373ad73a504971]::future::future::Future<Output = ()>>>
[INFO] [stdout]   15:     0x636792491560 - tokio[74850fee2dbc0a29]::runtime::context::runtime::enter_runtime::<<tokio[74850fee2dbc0a29]::runtime::scheduler::multi_thread::MultiThread>::block_on<core[a373ad73a504971]::pin::Pin<&mut dyn core[a373ad73a504971]::future::future::Future<Output = ()>>>::{closure#0}, ()>
[INFO] [stdout]   16:     0x6367924889fa - <tokio[74850fee2dbc0a29]::runtime::runtime::Runtime>::block_on::<core[a373ad73a504971]::pin::Pin<&mut dyn core[a373ad73a504971]::future::future::Future<Output = ()>>>
[INFO] [stdout]   17:     0x63679247e94c - <hiqlite_wal[1487714b58149df0]::log_store_impl::tests::append_adapter_forwards_a_persistence_failure_to_openraft::{closure#0} as core[a373ad73a504971]::ops::function::FnOnce<()>>::call_once
[INFO] [stdout]   18:     0x63679250271b - test[aada8e7e76ba119b]::__rust_begin_short_backtrace::<core[a373ad73a504971]::result::Result<(), alloc[2e1b2a31b91974c5]::string::String>, fn() -> core[a373ad73a504971]::result::Result<(), alloc[2e1b2a31b91974c5]::string::String>>
[INFO] [stdout]   19:     0x63679250f8f5 - test[aada8e7e76ba119b]::run_test::{closure#0}
[INFO] [stdout]   20:     0x6367925091e4 - std[617be2ca0a6fd877]::sys::backtrace::__rust_begin_short_backtrace::<test[aada8e7e76ba119b]::run_test::{closure#1}, ()>
[INFO] [stdout]   21:     0x636792512982 - <std[617be2ca0a6fd877]::thread::lifecycle::spawn_unchecked<test[aada8e7e76ba119b]::run_test::{closure#1}, ()>::{closure#1} as core[a373ad73a504971]::ops::function::FnOnce<()>>::call_once::{shim:vtable#0}
[INFO] [stdout]   22:     0x63679259d47f - <std[617be2ca0a6fd877]::sys::thread::unix::Thread>::new::thread_start
[INFO] [stdout]   23:     0x7c2ed7340dfa - <unknown>
[INFO] [stdout]   24:     0x7c2ed73d43d4 - clone
[INFO] [stdout]   25:                0x0 - <unknown>
[INFO] [stdout] 
[INFO] [stdout] ---- wal::tests::creating_a_wal_file_syncs_its_directory stdout ----
[INFO] [stdout] Error: IO(Os { code: 30, kind: ReadOnlyFilesystem, message: "Read-only file system" })
[INFO] [stdout] 
[INFO] [stdout] ---- wal::tests::a_complete_record_past_the_header_is_recovered_not_dropped stdout ----
[INFO] [stdout] 
[INFO] [stdout] thread 'wal::tests::a_complete_record_past_the_header_is_recovered_not_dropped' (1114) panicked at src/wal.rs:1736:40:
[INFO] [stdout] called `Result::unwrap()` on an `Err` value: Os { code: 30, kind: ReadOnlyFilesystem, message: "Read-only file system" }
[INFO] [stdout] stack backtrace:
[INFO] [stdout]    0:     0x63679259e151 - <<std[617be2ca0a6fd877]::sys::backtrace::BacktraceLock>::print::DisplayBacktrace as core[a373ad73a504971]::fmt::Display>::fmt
[INFO] [stdout]    1:     0x6367925b385a - core[a373ad73a504971]::fmt::write
[INFO] [stdout]    2:     0x6367925a291c - <alloc[2e1b2a31b91974c5]::vec::Vec<u8> as core[a373ad73a504971]::io::write::Write>::write_fmt
[INFO] [stdout]    3:     0x6367925776f6 - std[617be2ca0a6fd877]::panicking::default_hook::{closure#0}
[INFO] [stdout]    4:     0x636792594b59 - std[617be2ca0a6fd877]::panicking::default_hook
[INFO] [stdout]    5:     0x63679250f2d0 - test[aada8e7e76ba119b]::test_main_inner::{closure#0}
[INFO] [stdout]    6:     0x636792594e82 - std[617be2ca0a6fd877]::panicking::panic_with_hook
[INFO] [stdout]    7:     0x6367925777a2 - std[617be2ca0a6fd877]::panicking::panic_handler::{closure#0}
[INFO] [stdout]    8:     0x636792570109 - std[617be2ca0a6fd877]::sys::backtrace::__rust_end_short_backtrace::<std[617be2ca0a6fd877]::panicking::panic_handler::{closure#0}, !>
[INFO] [stdout]    9:     0x63679257855d - __rustc[ea4f61d10b84890b]::rust_begin_unwind
[INFO] [stdout]   10:     0x6367925b3fbc - core[a373ad73a504971]::panicking::panic_fmt
[INFO] [stdout]   11:     0x6367925b3d92 - core[a373ad73a504971]::result::unwrap_failed
[INFO] [stdout]   12:     0x636792467cf0 - hiqlite_wal[1487714b58149df0]::wal::tests::reopen_after_crash
[INFO] [stdout]   13:     0x63679246ebe4 - <hiqlite_wal[1487714b58149df0]::wal::tests::a_complete_record_past_the_header_is_recovered_not_dropped::{closure#0} as core[a373ad73a504971]::ops::function::FnOnce<()>>::call_once
[INFO] [stdout]   14:     0x63679250271b - test[aada8e7e76ba119b]::__rust_begin_short_backtrace::<core[a373ad73a504971]::result::Result<(), alloc[2e1b2a31b91974c5]::string::String>, fn() -> core[a373ad73a504971]::result::Result<(), alloc[2e1b2a31b91974c5]::string::String>>
[INFO] [stdout]   15:     0x63679250f8f5 - test[aada8e7e76ba119b]::run_test::{closure#0}
[INFO] [stdout]   16:     0x6367925091e4 - std[617be2ca0a6fd877]::sys::backtrace::__rust_begin_short_backtrace::<test[aada8e7e76ba119b]::run_test::{closure#1}, ()>
[INFO] [stdout]   17:     0x636792512982 - <std[617be2ca0a6fd877]::thread::lifecycle::spawn_unchecked<test[aada8e7e76ba119b]::run_test::{closure#1}, ()>::{closure#1} as core[a373ad73a504971]::ops::function::FnOnce<()>>::call_once::{shim:vtable#0}
[INFO] [stdout]   18:     0x63679259d47f - <std[617be2ca0a6fd877]::sys::thread::unix::Thread>::new::thread_start
[INFO] [stdout]   19:     0x7c2ed7340dfa - <unknown>
[INFO] [stdout]   20:     0x7c2ed73d43d4 - clone
[INFO] [stdout]   21:                0x0 - <unknown>
[INFO] [stdout] 
[INFO] [stdout] ---- wal::tests::deep_integrity_check_stops_before_eof stdout ----
[INFO] [stdout] Error: IO(Os { code: 30, kind: ReadOnlyFilesystem, message: "Read-only file system" })
[INFO] [stdout] 
[INFO] [stdout] ---- wal::tests::a_torn_record_inside_the_header_is_rolled_back_or_refused stdout ----
[INFO] [stdout] 
[INFO] [stdout] thread 'wal::tests::a_torn_record_inside_the_header_is_rolled_back_or_refused' (1115) panicked at src/wal.rs:1736:40:
[INFO] [stdout] called `Result::unwrap()` on an `Err` value: Os { code: 30, kind: ReadOnlyFilesystem, message: "Read-only file system" }
[INFO] [stdout] stack backtrace:
[INFO] [stdout]    0:     0x63679259e151 - <<std[617be2ca0a6fd877]::sys::backtrace::BacktraceLock>::print::DisplayBacktrace as core[a373ad73a504971]::fmt::Display>::fmt
[INFO] [stdout]    1:     0x6367925b385a - core[a373ad73a504971]::fmt::write
[INFO] [stdout]    2:     0x6367925a291c - <alloc[2e1b2a31b91974c5]::vec::Vec<u8> as core[a373ad73a504971]::io::write::Write>::write_fmt
[INFO] [stdout]    3:     0x6367925776f6 - std[617be2ca0a6fd877]::panicking::default_hook::{closure#0}
[INFO] [stdout]    4:     0x636792594b59 - std[617be2ca0a6fd877]::panicking::default_hook
[INFO] [stdout]    5:     0x63679250f2d0 - test[aada8e7e76ba119b]::test_main_inner::{closure#0}
[INFO] [stdout]    6:     0x636792594e82 - std[617be2ca0a6fd877]::panicking::panic_with_hook
[INFO] [stdout]    7:     0x6367925777a2 - std[617be2ca0a6fd877]::panicking::panic_handler::{closure#0}
[INFO] [stdout]    8:     0x636792570109 - std[617be2ca0a6fd877]::sys::backtrace::__rust_end_short_backtrace::<std[617be2ca0a6fd877]::panicking::panic_handler::{closure#0}, !>
[INFO] [stdout]    9:     0x63679257855d - __rustc[ea4f61d10b84890b]::rust_begin_unwind
[INFO] [stdout]   10:     0x6367925b3fbc - core[a373ad73a504971]::panicking::panic_fmt
[INFO] [stdout]   11:     0x6367925b3d92 - core[a373ad73a504971]::result::unwrap_failed
[INFO] [stdout]   12:     0x636792467cf0 - hiqlite_wal[1487714b58149df0]::wal::tests::reopen_after_crash
[INFO] [stdout]   13:     0x63679246e946 - <hiqlite_wal[1487714b58149df0]::wal::tests::a_torn_record_inside_the_header_is_rolled_back_or_refused::{closure#0} as core[a373ad73a504971]::ops::function::FnOnce<()>>::call_once
[INFO] [stdout]   14:     0x63679250271b - test[aada8e7e76ba119b]::__rust_begin_short_backtrace::<core[a373ad73a504971]::result::Result<(), alloc[2e1b2a31b91974c5]::string::String>, fn() -> core[a373ad73a504971]::result::Result<(), alloc[2e1b2a31b91974c5]::string::String>>
[INFO] [stdout]   15:     0x63679250f8f5 - test[aada8e7e76ba119b]::run_test::{closure#0}
[INFO] [stdout]   16:     0x6367925091e4 - std[617be2ca0a6fd877]::sys::backtrace::__rust_begin_short_backtrace::<test[aada8e7e76ba119b]::run_test::{closure#1}, ()>
[INFO] [stdout]   17:     0x636792512982 - <std[617be2ca0a6fd877]::thread::lifecycle::spawn_unchecked<test[aada8e7e76ba119b]::run_test::{closure#1}, ()>::{closure#1} as core[a373ad73a504971]::ops::function::FnOnce<()>>::call_once::{shim:vtable#0}
[INFO] [stdout]   18:     0x63679259d47f - <std[617be2ca0a6fd877]::sys::thread::unix::Thread>::new::thread_start
[INFO] [stdout]   19:     0x7c2ed7340dfa - <unknown>
[INFO] [stdout]   20:     0x7c2ed73d43d4 - clone
[INFO] [stdout]   21:                0x0 - <unknown>
[INFO] [stdout] 
[INFO] [stdout] ---- log_store_impl::tests::append_adapter_reports_a_rejected_append_as_an_error stdout ----
[INFO] [stdout] 
[INFO] [stdout] thread 'log_store_impl::tests::append_adapter_reports_a_rejected_append_as_an_error' (1082) panicked at src/log_store_impl.rs:396:14:
[INFO] [stdout] called `Result::unwrap()` on an `Err` value: IO(Os { code: 30, kind: ReadOnlyFilesystem, message: "Read-only file system" })
[INFO] [stdout] stack backtrace:
[INFO] [stdout]    0:     0x63679259e151 - <<std[617be2ca0a6fd877]::sys::backtrace::BacktraceLock>::print::DisplayBacktrace as core[a373ad73a504971]::fmt::Display>::fmt
[INFO] [stdout]    1:     0x6367925b385a - core[a373ad73a504971]::fmt::write
[INFO] [stdout]    2:     0x6367925a291c - <alloc[2e1b2a31b91974c5]::vec::Vec<u8> as core[a373ad73a504971]::io::write::Write>::write_fmt
[INFO] [stdout]    3:     0x6367925776f6 - std[617be2ca0a6fd877]::panicking::default_hook::{closure#0}
[INFO] [stdout]    4:     0x636792594b59 - std[617be2ca0a6fd877]::panicking::default_hook
[INFO] [stdout]    5:     0x63679250f2d0 - test[aada8e7e76ba119b]::test_main_inner::{closure#0}
[INFO] [stdout]    6:     0x636792594e82 - std[617be2ca0a6fd877]::panicking::panic_with_hook
[INFO] [stdout]    7:     0x6367925777a2 - std[617be2ca0a6fd877]::panicking::panic_handler::{closure#0}
[INFO] [stdout]    8:     0x636792570109 - std[617be2ca0a6fd877]::sys::backtrace::__rust_end_short_backtrace::<std[617be2ca0a6fd877]::panicking::panic_handler::{closure#0}, !>
[INFO] [stdout]    9:     0x63679257855d - __rustc[ea4f61d10b84890b]::rust_begin_unwind
[INFO] [stdout]   10:     0x6367925b3fbc - core[a373ad73a504971]::panicking::panic_fmt
[INFO] [stdout]   11:     0x6367925b3d92 - core[a373ad73a504971]::result::unwrap_failed
[INFO] [stdout]   12:     0x63679247847b - hiqlite_wal[1487714b58149df0]::log_store_impl::tests::start::{closure#0}
[INFO] [stdout]   13:     0x63679247855d - hiqlite_wal[1487714b58149df0]::log_store_impl::tests::append_adapter_reports_a_rejected_append_as_an_error::{closure#0}
[INFO] [stdout]   14:     0x6367924a438a - <tokio[74850fee2dbc0a29]::runtime::park::CachedParkThread>::block_on::<core[a373ad73a504971]::pin::Pin<&mut dyn core[a373ad73a504971]::future::future::Future<Output = ()>>>
[INFO] [stdout]   15:     0x636792491560 - tokio[74850fee2dbc0a29]::runtime::context::runtime::enter_runtime::<<tokio[74850fee2dbc0a29]::runtime::scheduler::multi_thread::MultiThread>::block_on<core[a373ad73a504971]::pin::Pin<&mut dyn core[a373ad73a504971]::future::future::Future<Output = ()>>>::{closure#0}, ()>
[INFO] [stdout]   16:     0x6367924889fa - <tokio[74850fee2dbc0a29]::runtime::runtime::Runtime>::block_on::<core[a373ad73a504971]::pin::Pin<&mut dyn core[a373ad73a504971]::future::future::Future<Output = ()>>>
[INFO] [stdout]   17:     0x63679247e7fc - <hiqlite_wal[1487714b58149df0]::log_store_impl::tests::append_adapter_reports_a_rejected_append_as_an_error::{closure#0} as core[a373ad73a504971]::ops::function::FnOnce<()>>::call_once
[INFO] [stdout]   18:     0x63679250271b - test[aada8e7e76ba119b]::__rust_begin_short_backtrace::<core[a373ad73a504971]::result::Result<(), alloc[2e1b2a31b91974c5]::string::String>, fn() -> core[a373ad73a504971]::result::Result<(), alloc[2e1b2a31b91974c5]::string::String>>
[INFO] [stdout]   19:     0x63679250f8f5 - test[aada8e7e76ba119b]::run_test::{closure#0}
[INFO] [stdout]   20:     0x6367925091e4 - std[617be2ca0a6fd877]::sys::backtrace::__rust_begin_short_backtrace::<test[aada8e7e76ba119b]::run_test::{closure#1}, ()>
[INFO] [stdout]   21:     0x636792512982 - <std[617be2ca0a6fd877]::thread::lifecycle::spawn_unchecked<test[aada8e7e76ba119b]::run_test::{closure#1}, ()>::{closure#1} as core[a373ad73a504971]::ops::function::FnOnce<()>>::call_once::{shim:vtable#0}
[INFO] [stdout]   22:     0x63679259d47f - <std[617be2ca0a6fd877]::sys::thread::unix::Thread>::new::thread_start
[INFO] [stdout]   23:     0x7c2ed7340dfa - <unknown>
[INFO] [stdout]   24:     0x7c2ed73d43d4 - clone
[INFO] [stdout]   25:                0x0 - <unknown>
[INFO] [stdout] 
[INFO] [stdout] ---- log_store_impl::tests::a_truncated_append_leaves_a_recoverable_prefix_in_every_log_sync_mode stdout ----
[INFO] [stdout] 
[INFO] [stdout] thread 'log_store_impl::tests::a_truncated_append_leaves_a_recoverable_prefix_in_every_log_sync_mode' (1079) panicked at src/log_store_impl.rs:436:14:
[INFO] [stdout] called `Result::unwrap()` on an `Err` value: IO(Os { code: 30, kind: ReadOnlyFilesystem, message: "Read-only file system" })
[INFO] [stdout] stack backtrace:
[INFO] [stdout]    0:     0x63679259e151 - <<std[617be2ca0a6fd877]::sys::backtrace::BacktraceLock>::print::DisplayBacktrace as core[a373ad73a504971]::fmt::Display>::fmt
[INFO] [stdout]    1:     0x6367925b385a - core[a373ad73a504971]::fmt::write
[INFO] [stdout]    2:     0x6367925a291c - <alloc[2e1b2a31b91974c5]::vec::Vec<u8> as core[a373ad73a504971]::io::write::Write>::write_fmt
[INFO] [stdout]    3:     0x6367925776f6 - std[617be2ca0a6fd877]::panicking::default_hook::{closure#0}
[INFO] [stdout]    4:     0x636792594b59 - std[617be2ca0a6fd877]::panicking::default_hook
[INFO] [stdout]    5:     0x63679250f2d0 - test[aada8e7e76ba119b]::test_main_inner::{closure#0}
[INFO] [stdout]    6:     0x636792594e82 - std[617be2ca0a6fd877]::panicking::panic_with_hook
[INFO] [stdout]    7:     0x6367925777a2 - std[617be2ca0a6fd877]::panicking::panic_handler::{closure#0}
[INFO] [stdout]    8:     0x636792570109 - std[617be2ca0a6fd877]::sys::backtrace::__rust_end_short_backtrace::<std[617be2ca0a6fd877]::panicking::panic_handler::{closure#0}, !>
[INFO] [stdout]    9:     0x63679257855d - __rustc[ea4f61d10b84890b]::rust_begin_unwind
[INFO] [stdout]   10:     0x6367925b3fbc - core[a373ad73a504971]::panicking::panic_fmt
[INFO] [stdout]   11:     0x6367925b3d92 - core[a373ad73a504971]::result::unwrap_failed
[INFO] [stdout]   12:     0x63679247b51d - hiqlite_wal[1487714b58149df0]::log_store_impl::tests::a_truncated_append_leaves_a_recoverable_prefix_in_every_log_sync_mode::{closure#0}
[INFO] [stdout]   13:     0x6367924a438a - <tokio[74850fee2dbc0a29]::runtime::park::CachedParkThread>::block_on::<core[a373ad73a504971]::pin::Pin<&mut dyn core[a373ad73a504971]::future::future::Future<Output = ()>>>
[INFO] [stdout]   14:     0x636792491560 - tokio[74850fee2dbc0a29]::runtime::context::runtime::enter_runtime::<<tokio[74850fee2dbc0a29]::runtime::scheduler::multi_thread::MultiThread>::block_on<core[a373ad73a504971]::pin::Pin<&mut dyn core[a373ad73a504971]::future::future::Future<Output = ()>>>::{closure#0}, ()>
[INFO] [stdout]   15:     0x6367924889fa - <tokio[74850fee2dbc0a29]::runtime::runtime::Runtime>::block_on::<core[a373ad73a504971]::pin::Pin<&mut dyn core[a373ad73a504971]::future::future::Future<Output = ()>>>
[INFO] [stdout]   16:     0x63679247ea9c - <hiqlite_wal[1487714b58149df0]::log_store_impl::tests::a_truncated_append_leaves_a_recoverable_prefix_in_every_log_sync_mode::{closure#0} as core[a373ad73a504971]::ops::function::FnOnce<()>>::call_once
[INFO] [stdout]   17:     0x63679250271b - test[aada8e7e76ba119b]::__rust_begin_short_backtrace::<core[a373ad73a504971]::result::Result<(), alloc[2e1b2a31b91974c5]::string::String>, fn() -> core[a373ad73a504971]::result::Result<(), alloc[2e1b2a31b91974c5]::string::String>>
[INFO] [stdout]   18:     0x63679250f8f5 - test[aada8e7e76ba119b]::run_test::{closure#0}
[INFO] [stdout]   19:     0x6367925091e4 - std[617be2ca0a6fd877]::sys::backtrace::__rust_begin_short_backtrace::<test[aada8e7e76ba119b]::run_test::{closure#1}, ()>
[INFO] [stdout]   20:     0x636792512982 - <std[617be2ca0a6fd877]::thread::lifecycle::spawn_unchecked<test[aada8e7e76ba119b]::run_test::{closure#1}, ()>::{closure#1} as core[a373ad73a504971]::ops::function::FnOnce<()>>::call_once::{shim:vtable#0}
[INFO] [stdout]   21:     0x63679259d47f - <std[617be2ca0a6fd877]::sys::thread::unix::Thread>::new::thread_start
[INFO] [stdout]   22:     0x7c2ed7340dfa - <unknown>
[INFO] [stdout]   23:     0x7c2ed73d43d4 - clone
[INFO] [stdout]   24:                0x0 - <unknown>
[INFO] [stdout] 
[INFO] [stdout] ---- wal::tests::read_logs_memo_survives_wal_no_reuse stdout ----
[INFO] [stdout] Error: IO(Os { code: 30, kind: ReadOnlyFilesystem, message: "Read-only file system" })
[INFO] [stdout] 
[INFO] [stdout] ---- wal::tests::a_torn_record_past_the_header_is_dropped_and_the_prefix_recovers stdout ----
[INFO] [stdout] 
[INFO] [stdout] thread 'wal::tests::a_torn_record_past_the_header_is_dropped_and_the_prefix_recovers' (1116) panicked at src/wal.rs:1736:40:
[INFO] [stdout] called `Result::unwrap()` on an `Err` value: Os { code: 30, kind: ReadOnlyFilesystem, message: "Read-only file system" }
[INFO] [stdout] stack backtrace:
[INFO] [stdout]    0:     0x63679259e151 - <<std[617be2ca0a6fd877]::sys::backtrace::BacktraceLock>::print::DisplayBacktrace as core[a373ad73a504971]::fmt::Display>::fmt
[INFO] [stdout]    1:     0x6367925b385a - core[a373ad73a504971]::fmt::write
[INFO] [stdout]    2:     0x6367925a291c - <alloc[2e1b2a31b91974c5]::vec::Vec<u8> as core[a373ad73a504971]::io::write::Write>::write_fmt
[INFO] [stdout]    3:     0x6367925776f6 - std[617be2ca0a6fd877]::panicking::default_hook::{closure#0}
[INFO] [stdout]    4:     0x636792594b59 - std[617be2ca0a6fd877]::panicking::default_hook
[INFO] [stdout]    5:     0x63679250f2d0 - test[aada8e7e76ba119b]::test_main_inner::{closure#0}
[INFO] [stdout]    6:     0x636792594e82 - std[617be2ca0a6fd877]::panicking::panic_with_hook
[INFO] [stdout]    7:     0x6367925777a2 - std[617be2ca0a6fd877]::panicking::panic_handler::{closure#0}
[INFO] [stdout]    8:     0x636792570109 - std[617be2ca0a6fd877]::sys::backtrace::__rust_end_short_backtrace::<std[617be2ca0a6fd877]::panicking::panic_handler::{closure#0}, !>
[INFO] [stdout]    9:     0x63679257855d - __rustc[ea4f61d10b84890b]::rust_begin_unwind
[INFO] [stdout]   10:     0x6367925b3fbc - core[a373ad73a504971]::panicking::panic_fmt
[INFO] [stdout]   11:     0x6367925b3d92 - core[a373ad73a504971]::result::unwrap_failed
[INFO] [stdout]   12:     0x636792467cf0 - hiqlite_wal[1487714b58149df0]::wal::tests::reopen_after_crash
[INFO] [stdout]   13:     0x63679246eec2 - <hiqlite_wal[1487714b58149df0]::wal::tests::a_torn_record_past_the_header_is_dropped_and_the_prefix_recovers::{closure#0} as core[a373ad73a504971]::ops::function::FnOnce<()>>::call_once
[INFO] [stdout]   14:     0x63679250271b - test[aada8e7e76ba119b]::__rust_begin_short_backtrace::<core[a373ad73a504971]::result::Result<(), alloc[2e1b2a31b91974c5]::string::String>, fn() -> core[a373ad73a504971]::result::Result<(), alloc[2e1b2a31b91974c5]::string::String>>
[INFO] [stdout]   15:     0x63679250f8f5 - test[aada8e7e76ba119b]::run_test::{closure#0}
[INFO] [stdout]   16:     0x6367925091e4 - std[617be2ca0a6fd877]::sys::backtrace::__rust_begin_short_backtrace::<test[aada8e7e76ba119b]::run_test::{closure#1}, ()>
[INFO] [stdout]   17:     0x636792512982 - <std[617be2ca0a6fd877]::thread::lifecycle::spawn_unchecked<test[aada8e7e76ba119b]::run_test::{closure#1}, ()>::{closure#1} as core[a373ad73a504971]::ops::function::FnOnce<()>>::call_once::{shim:vtable#0}
[INFO] [stdout]   18:     0x63679259d47f - <std[617be2ca0a6fd877]::sys::thread::unix::Thread>::new::thread_start
[INFO] [stdout]   19:     0x7c2ed7340dfa - <unknown>
[INFO] [stdout]   20:     0x7c2ed73d43d4 - clone
[INFO] [stdout]   21:                0x0 - <unknown>
[INFO] [stdout] 
[INFO] [stdout] ---- wal::tests::convert_wal_header stdout ----
[INFO] [stdout] Error: IO(Os { code: 30, kind: ReadOnlyFilesystem, message: "Read-only file system" })
[INFO] [stdout] 
[INFO] [stdout] ---- wal::tests::integrity_check stdout ----
[INFO] [stdout] Error: IO(Os { code: 30, kind: ReadOnlyFilesystem, message: "Read-only file system" })
[INFO] [stdout] 
[INFO] [stdout] ---- wal::tests::integrity_check_rejects_first_file_data_end_overflow stdout ----
[INFO] [stdout] Error: IO(Os { code: 30, kind: ReadOnlyFilesystem, message: "Read-only file system" })
[INFO] [stdout] 
[INFO] [stdout] ---- wal::tests::roll_over_purge_front stdout ----
[INFO] [stdout] Error: IO(Os { code: 30, kind: ReadOnlyFilesystem, message: "Read-only file system" })
[INFO] [stdout] 
[INFO] [stdout] ---- wal::tests::roll_over_truncate_end stdout ----
[INFO] [stdout] Error: IO(Os { code: 30, kind: ReadOnlyFilesystem, message: "Read-only file system" })
[INFO] [stdout] 
[INFO] [stdout] ---- writer::tests::a_caller_held_lock_outlives_the_writer stdout ----
[INFO] [stdout] 
[INFO] [stdout] thread 'writer::tests::a_caller_held_lock_outlives_the_writer' (1127) panicked at src/writer.rs:843:40:
[INFO] [stdout] called `Result::unwrap()` on an `Err` value: Os { code: 30, kind: ReadOnlyFilesystem, message: "Read-only file system" }
[INFO] [stdout] stack backtrace:
[INFO] [stdout]    0:     0x63679259e151 - <<std[617be2ca0a6fd877]::sys::backtrace::BacktraceLock>::print::DisplayBacktrace as core[a373ad73a504971]::fmt::Display>::fmt
[INFO] [stdout]    1:     0x6367925b385a - core[a373ad73a504971]::fmt::write
[INFO] [stdout]    2:     0x6367925a291c - <alloc[2e1b2a31b91974c5]::vec::Vec<u8> as core[a373ad73a504971]::io::write::Write>::write_fmt
[INFO] [stdout]    3:     0x6367925776f6 - std[617be2ca0a6fd877]::panicking::default_hook::{closure#0}
[INFO] [stdout]    4:     0x636792594b59 - std[617be2ca0a6fd877]::panicking::default_hook
[INFO] [stdout]    5:     0x63679250f2d0 - test[aada8e7e76ba119b]::test_main_inner::{closure#0}
[INFO] [stdout]    6:     0x636792594e82 - std[617be2ca0a6fd877]::panicking::panic_with_hook
[INFO] [stdout]    7:     0x6367925777a2 - std[617be2ca0a6fd877]::panicking::panic_handler::{closure#0}
[INFO] [stdout]    8:     0x636792570109 - std[617be2ca0a6fd877]::sys::backtrace::__rust_end_short_backtrace::<std[617be2ca0a6fd877]::panicking::panic_handler::{closure#0}, !>
[INFO] [stdout]    9:     0x63679257855d - __rustc[ea4f61d10b84890b]::rust_begin_unwind
[INFO] [stdout]   10:     0x6367925b3fbc - core[a373ad73a504971]::panicking::panic_fmt
[INFO] [stdout]   11:     0x6367925b3d92 - core[a373ad73a504971]::result::unwrap_failed
[INFO] [stdout]   12:     0x63679249f786 - <hiqlite_wal[1487714b58149df0]::writer::tests::a_caller_held_lock_outlives_the_writer::{closure#0} as core[a373ad73a504971]::ops::function::FnOnce<()>>::call_once
[INFO] [stdout]   13:     0x63679250271b - test[aada8e7e76ba119b]::__rust_begin_short_backtrace::<core[a373ad73a504971]::result::Result<(), alloc[2e1b2a31b91974c5]::string::String>, fn() -> core[a373ad73a504971]::result::Result<(), alloc[2e1b2a31b91974c5]::string::String>>
[INFO] [stdout]   14:     0x63679250f8f5 - test[aada8e7e76ba119b]::run_test::{closure#0}
[INFO] [stdout]   15:     0x6367925091e4 - std[617be2ca0a6fd877]::sys::backtrace::__rust_begin_short_backtrace::<test[aada8e7e76ba119b]::run_test::{closure#1}, ()>
[INFO] [stdout]   16:     0x636792512982 - <std[617be2ca0a6fd877]::thread::lifecycle::spawn_unchecked<test[aada8e7e76ba119b]::run_test::{closure#1}, ()>::{closure#1} as core[a373ad73a504971]::ops::function::FnOnce<()>>::call_once::{shim:vtable#0}
[INFO] [stdout]   17:     0x63679259d47f - <std[617be2ca0a6fd877]::sys::thread::unix::Thread>::new::thread_start
[INFO] [stdout]   18:     0x7c2ed7340dfa - <unknown>
[INFO] [stdout]   19:     0x7c2ed73d43d4 - clone
[INFO] [stdout]   20:                0x0 - <unknown>
[INFO] [stdout] 
[INFO] [stdout] ---- writer::tests::a_shared_lock_is_held_until_the_writer_stops stdout ----
[INFO] [stdout] 
[INFO] [stdout] thread 'writer::tests::a_shared_lock_is_held_until_the_writer_stops' (1139) panicked at src/writer.rs:806:40:
[INFO] [stdout] called `Result::unwrap()` on an `Err` value: Os { code: 30, kind: ReadOnlyFilesystem, message: "Read-only file system" }
[INFO] [stdout] stack backtrace:
[INFO] [stdout]    0:     0x63679259e151 - <<std[617be2ca0a6fd877]::sys::backtrace::BacktraceLock>::print::DisplayBacktrace as core[a373ad73a504971]::fmt::Display>::fmt
[INFO] [stdout]    1:     0x6367925b385a - core[a373ad73a504971]::fmt::write
[INFO] [stdout]    2:     0x6367925a291c - <alloc[2e1b2a31b91974c5]::vec::Vec<u8> as core[a373ad73a504971]::io::write::Write>::write_fmt
[INFO] [stdout]    3:     0x6367925776f6 - std[617be2ca0a6fd877]::panicking::default_hook::{closure#0}
[INFO] [stdout]    4:     0x636792594b59 - std[617be2ca0a6fd877]::panicking::default_hook
[INFO] [stdout]    5:     0x63679250f2d0 - test[aada8e7e76ba119b]::test_main_inner::{closure#0}
[INFO] [stdout]    6:     0x636792594e82 - std[617be2ca0a6fd877]::panicking::panic_with_hook
[INFO] [stdout]    7:     0x6367925777a2 - std[617be2ca0a6fd877]::panicking::panic_handler::{closure#0}
[INFO] [stdout]    8:     0x636792570109 - std[617be2ca0a6fd877]::sys::backtrace::__rust_end_short_backtrace::<std[617be2ca0a6fd877]::panicking::panic_handler::{closure#0}, !>
[INFO] [stdout]    9:     0x63679257855d - __rustc[ea4f61d10b84890b]::rust_begin_unwind
[INFO] [stdout]   10:     0x6367925b3fbc - core[a373ad73a504971]::panicking::panic_fmt
[INFO] [stdout]   11:     0x6367925b3d92 - core[a373ad73a504971]::result::unwrap_failed
[INFO] [stdout]   12:     0x6367924a0181 - <hiqlite_wal[1487714b58149df0]::writer::tests::a_shared_lock_is_held_until_the_writer_stops::{closure#0} as core[a373ad73a504971]::ops::function::FnOnce<()>>::call_once
[INFO] [stdout]   13:     0x63679250271b - test[aada8e7e76ba119b]::__rust_begin_short_backtrace::<core[a373ad73a504971]::result::Result<(), alloc[2e1b2a31b91974c5]::string::String>, fn() -> core[a373ad73a504971]::result::Result<(), alloc[2e1b2a31b91974c5]::string::String>>
[INFO] [stdout]   14:     0x63679250f8f5 - test[aada8e7e76ba119b]::run_test::{closure#0}
[INFO] [stdout]   15:     0x6367925091e4 - std[617be2ca0a6fd877]::sys::backtrace::__rust_begin_short_backtrace::<test[aada8e7e76ba119b]::run_test::{closure#1}, ()>
[INFO] [stdout]   16:     0x636792512982 - <std[617be2ca0a6fd877]::thread::lifecycle::spawn_unchecked<test[aada8e7e76ba119b]::run_test::{closure#1}, ()>::{closure#1} as core[a373ad73a504971]::ops::function::FnOnce<()>>::call_once::{shim:vtable#0}
[INFO] [stdout]   17:     0x63679259d47f - <std[617be2ca0a6fd877]::sys::thread::unix::Thread>::new::thread_start
[INFO] [stdout]   18:     0x7c2ed7340dfa - <unknown>
[INFO] [stdout]   19:     0x7c2ed73d43d4 - clone
[INFO] [stdout]   20:                0x0 - <unknown>
[INFO] [stdout] 
[INFO] [stdout] ---- writer::tests::a_clean_stop_unlinks_the_lock_file_while_holding_it stdout ----
[INFO] [stdout] 
[INFO] [stdout] thread 'writer::tests::a_clean_stop_unlinks_the_lock_file_while_holding_it' (1137) panicked at src/writer.rs:768:40:
[INFO] [stdout] called `Result::unwrap()` on an `Err` value: Os { code: 30, kind: ReadOnlyFilesystem, message: "Read-only file system" }
[INFO] [stdout] stack backtrace:
[INFO] [stdout]    0:     0x63679259e151 - <<std[617be2ca0a6fd877]::sys::backtrace::BacktraceLock>::print::DisplayBacktrace as core[a373ad73a504971]::fmt::Display>::fmt
[INFO] [stdout]    1:     0x6367925b385a - core[a373ad73a504971]::fmt::write
[INFO] [stdout]    2:     0x6367925a291c - <alloc[2e1b2a31b91974c5]::vec::Vec<u8> as core[a373ad73a504971]::io::write::Write>::write_fmt
[INFO] [stdout]    3:     0x6367925776f6 - std[617be2ca0a6fd877]::panicking::default_hook::{closure#0}
[INFO] [stdout]    4:     0x636792594b59 - std[617be2ca0a6fd877]::panicking::default_hook
[INFO] [stdout]    5:     0x63679250f2d0 - test[aada8e7e76ba119b]::test_main_inner::{closure#0}
[INFO] [stdout]    6:     0x636792594e82 - std[617be2ca0a6fd877]::panicking::panic_with_hook
[INFO] [stdout]    7:     0x6367925777a2 - std[617be2ca0a6fd877]::panicking::panic_handler::{closure#0}
[INFO] [stdout]    8:     0x636792570109 - std[617be2ca0a6fd877]::sys::backtrace::__rust_end_short_backtrace::<std[617be2ca0a6fd877]::panicking::panic_handler::{closure#0}, !>
[INFO] [stdout]    9:     0x63679257855d - __rustc[ea4f61d10b84890b]::rust_begin_unwind
[INFO] [stdout]   10:     0x6367925b3fbc - core[a373ad73a504971]::panicking::panic_fmt
[INFO] [stdout]   11:     0x6367925b3d92 - core[a373ad73a504971]::result::unwrap_failed
[INFO] [stdout]   12:     0x6367924a22d4 - <hiqlite_wal[1487714b58149df0]::writer::tests::a_clean_stop_unlinks_the_lock_file_while_holding_it::{closure#0} as core[a373ad73a504971]::ops::function::FnOnce<()>>::call_once
[INFO] [stdout]   13:     0x63679250271b - test[aada8e7e76ba119b]::__rust_begin_short_backtrace::<core[a373ad73a504971]::result::Result<(), alloc[2e1b2a31b91974c5]::string::String>, fn() -> core[a373ad73a504971]::result::Result<(), alloc[2e1b2a31b91974c5]::string::String>>
[INFO] [stdout]   14:     0x63679250f8f5 - test[aada8e7e76ba119b]::run_test::{closure#0}
[INFO] [stdout]   15:     0x6367925091e4 - std[617be2ca0a6fd877]::sys::backtrace::__rust_begin_short_backtrace::<test[aada8e7e76ba119b]::run_test::{closure#1}, ()>
[INFO] [stdout]   16:     0x636792512982 - <std[617be2ca0a6fd877]::thread::lifecycle::spawn_unchecked<test[aada8e7e76ba119b]::run_test::{closure#1}, ()>::{closure#1} as core[a373ad73a504971]::ops::function::FnOnce<()>>::call_once::{shim:vtable#0}
[INFO] [stdout]   17:     0x63679259d47f - <std[617be2ca0a6fd877]::sys::thread::unix::Thread>::new::thread_start
[INFO] [stdout]   18:     0x7c2ed7340dfa - <unknown>
[INFO] [stdout]   19:     0x7c2ed73d43d4 - clone
[INFO] [stdout]   20:                0x0 - <unknown>
[INFO] [stdout] 
[INFO] [stdout] ---- writer::tests::a_clean_empty_batch_succeeds_and_notifies_once stdout ----
[INFO] [stdout] 
[INFO] [stdout] thread 'writer::tests::a_clean_empty_batch_succeeds_and_notifies_once' (1128) panicked at src/writer.rs:1029:39:
[INFO] [stdout] called `Result::unwrap()` on an `Err` value: Os { code: 30, kind: ReadOnlyFilesystem, message: "Read-only file system" }
[INFO] [stdout] stack backtrace:
[INFO] [stdout]    0:     0x63679259e151 - <<std[617be2ca0a6fd877]::sys::backtrace::BacktraceLock>::print::DisplayBacktrace as core[a373ad73a504971]::fmt::Display>::fmt
[INFO] [stdout]    1:     0x6367925b385a - core[a373ad73a504971]::fmt::write
[INFO] [stdout]    2:     0x6367925a291c - <alloc[2e1b2a31b91974c5]::vec::Vec<u8> as core[a373ad73a504971]::io::write::Write>::write_fmt
[INFO] [stdout]    3:     0x6367925776f6 - std[617be2ca0a6fd877]::panicking::default_hook::{closure#0}
[INFO] [stdout]    4:     0x636792594b59 - std[617be2ca0a6fd877]::panicking::default_hook
[INFO] [stdout]    5:     0x63679250f2d0 - test[aada8e7e76ba119b]::test_main_inner::{closure#0}
[INFO] [stdout]    6:     0x636792594e82 - std[617be2ca0a6fd877]::panicking::panic_with_hook
[INFO] [stdout]    7:     0x6367925777a2 - std[617be2ca0a6fd877]::panicking::panic_handler::{closure#0}
[INFO] [stdout]    8:     0x636792570109 - std[617be2ca0a6fd877]::sys::backtrace::__rust_end_short_backtrace::<std[617be2ca0a6fd877]::panicking::panic_handler::{closure#0}, !>
[INFO] [stdout]    9:     0x63679257855d - __rustc[ea4f61d10b84890b]::rust_begin_unwind
[INFO] [stdout]   10:     0x6367925b3fbc - core[a373ad73a504971]::panicking::panic_fmt
[INFO] [stdout]   11:     0x6367925b3d92 - core[a373ad73a504971]::result::unwrap_failed
[INFO] [stdout]   12:     0x63679249d883 - hiqlite_wal[1487714b58149df0]::writer::tests::start_writer
[INFO] [stdout]   13:     0x636792498532 - hiqlite_wal[1487714b58149df0]::writer::tests::a_clean_empty_batch_succeeds_and_notifies_once::{closure#0}
[INFO] [stdout]   14:     0x6367924a438a - <tokio[74850fee2dbc0a29]::runtime::park::CachedParkThread>::block_on::<core[a373ad73a504971]::pin::Pin<&mut dyn core[a373ad73a504971]::future::future::Future<Output = ()>>>
[INFO] [stdout]   15:     0x636792491560 - tokio[74850fee2dbc0a29]::runtime::context::runtime::enter_runtime::<<tokio[74850fee2dbc0a29]::runtime::scheduler::multi_thread::MultiThread>::block_on<core[a373ad73a504971]::pin::Pin<&mut dyn core[a373ad73a504971]::future::future::Future<Output = ()>>>::{closure#0}, ()>
[INFO] [stdout]   16:     0x6367924889fa - <tokio[74850fee2dbc0a29]::runtime::runtime::Runtime>::block_on::<core[a373ad73a504971]::pin::Pin<&mut dyn core[a373ad73a504971]::future::future::Future<Output = ()>>>
[INFO] [stdout]   17:     0x6367924a0fac - <hiqlite_wal[1487714b58149df0]::writer::tests::a_clean_empty_batch_succeeds_and_notifies_once::{closure#0} as core[a373ad73a504971]::ops::function::FnOnce<()>>::call_once
[INFO] [stdout]   18:     0x63679250271b - test[aada8e7e76ba119b]::__rust_begin_short_backtrace::<core[a373ad73a504971]::result::Result<(), alloc[2e1b2a31b91974c5]::string::String>, fn() -> core[a373ad73a504971]::result::Result<(), alloc[2e1b2a31b91974c5]::string::String>>
[INFO] [stdout]   19:     0x63679250f8f5 - test[aada8e7e76ba119b]::run_test::{closure#0}
[INFO] [stdout]   20:     0x6367925091e4 - std[617be2ca0a6fd877]::sys::backtrace::__rust_begin_short_backtrace::<test[aada8e7e76ba119b]::run_test::{closure#1}, ()>
[INFO] [stdout]   21:     0x636792512982 - <std[617be2ca0a6fd877]::thread::lifecycle::spawn_unchecked<test[aada8e7e76ba119b]::run_test::{closure#1}, ()>::{closure#1} as core[a373ad73a504971]::ops::function::FnOnce<()>>::call_once::{shim:vtable#0}
[INFO] [stdout]   22:     0x63679259d47f - <std[617be2ca0a6fd877]::sys::thread::unix::Thread>::new::thread_start
[INFO] [stdout]   23:     0x7c2ed7340dfa - <unknown>
[INFO] [stdout]   24:     0x7c2ed73d43d4 - clone
[INFO] [stdout]   25:                0x0 - <unknown>
[INFO] [stdout] 
[INFO] [stdout] ---- writer::tests::a_truncated_entry_stream_never_reports_success_in_any_log_sync_mode stdout ----
[INFO] [stdout] 
[INFO] [stdout] thread 'writer::tests::a_truncated_entry_stream_never_reports_success_in_any_log_sync_mode' (1140) panicked at src/writer.rs:1029:39:
[INFO] [stdout] called `Result::unwrap()` on an `Err` value: Os { code: 30, kind: ReadOnlyFilesystem, message: "Read-only file system" }
[INFO] [stdout] stack backtrace:
[INFO] [stdout]    0:     0x63679259e151 - <<std[617be2ca0a6fd877]::sys::backtrace::BacktraceLock>::print::DisplayBacktrace as core[a373ad73a504971]::fmt::Display>::fmt
[INFO] [stdout]    1:     0x6367925b385a - core[a373ad73a504971]::fmt::write
[INFO] [stdout]    2:     0x6367925a291c - <alloc[2e1b2a31b91974c5]::vec::Vec<u8> as core[a373ad73a504971]::io::write::Write>::write_fmt
[INFO] [stdout]    3:     0x6367925776f6 - std[617be2ca0a6fd877]::panicking::default_hook::{closure#0}
[INFO] [stdout]    4:     0x636792594b59 - std[617be2ca0a6fd877]::panicking::default_hook
[INFO] [stdout]    5:     0x63679250f2d0 - test[aada8e7e76ba119b]::test_main_inner::{closure#0}
[INFO] [stdout]    6:     0x636792594e82 - std[617be2ca0a6fd877]::panicking::panic_with_hook
[INFO] [stdout]    7:     0x6367925777a2 - std[617be2ca0a6fd877]::panicking::panic_handler::{closure#0}
[INFO] [stdout]    8:     0x636792570109 - std[617be2ca0a6fd877]::sys::backtrace::__rust_end_short_backtrace::<std[617be2ca0a6fd877]::panicking::panic_handler::{closure#0}, !>
[INFO] [stdout]    9:     0x63679257855d - __rustc[ea4f61d10b84890b]::rust_begin_unwind
[INFO] [stdout]   10:     0x6367925b3fbc - core[a373ad73a504971]::panicking::panic_fmt
[INFO] [stdout]   11:     0x6367925b3d92 - core[a373ad73a504971]::result::unwrap_failed
[INFO] [stdout]   12:     0x63679249d883 - hiqlite_wal[1487714b58149df0]::writer::tests::start_writer
[INFO] [stdout]   13:     0x63679249c3f0 - hiqlite_wal[1487714b58149df0]::writer::tests::a_truncated_entry_stream_never_reports_success_in_any_log_sync_mode::{closure#0}
[INFO] [stdout]   14:     0x6367924a438a - <tokio[74850fee2dbc0a29]::runtime::park::CachedParkThread>::block_on::<core[a373ad73a504971]::pin::Pin<&mut dyn core[a373ad73a504971]::future::future::Future<Output = ()>>>
[INFO] [stdout]   15:     0x636792491560 - tokio[74850fee2dbc0a29]::runtime::context::runtime::enter_runtime::<<tokio[74850fee2dbc0a29]::runtime::scheduler::multi_thread::MultiThread>::block_on<core[a373ad73a504971]::pin::Pin<&mut dyn core[a373ad73a504971]::future::future::Future<Output = ()>>>::{closure#0}, ()>
[INFO] [stdout]   16:     0x6367924889fa - <tokio[74850fee2dbc0a29]::runtime::runtime::Runtime>::block_on::<core[a373ad73a504971]::pin::Pin<&mut dyn core[a373ad73a504971]::future::future::Future<Output = ()>>>
[INFO] [stdout]   17:     0x6367924a3dec - <hiqlite_wal[1487714b58149df0]::writer::tests::a_truncated_entry_stream_never_reports_success_in_any_log_sync_mode::{closure#0} as core[a373ad73a504971]::ops::function::FnOnce<()>>::call_once
[INFO] [stdout]   18:     0x63679250271b - test[aada8e7e76ba119b]::__rust_begin_short_backtrace::<core[a373ad73a504971]::result::Result<(), alloc[2e1b2a31b91974c5]::string::String>, fn() -> core[a373ad73a504971]::result::Result<(), alloc[2e1b2a31b91974c5]::string::String>>
[INFO] [stdout]   19:     0x63679250f8f5 - test[aada8e7e76ba119b]::run_test::{closure#0}
[INFO] [stdout]   20:     0x6367925091e4 - std[617be2ca0a6fd877]::sys::backtrace::__rust_begin_short_backtrace::<test[aada8e7e76ba119b]::run_test::{closure#1}, ()>
[INFO] [stdout]   21:     0x636792512982 - <std[617be2ca0a6fd877]::thread::lifecycle::spawn_unchecked<test[aada8e7e76ba119b]::run_test::{closure#1}, ()>::{closure#1} as core[a373ad73a504971]::ops::function::FnOnce<()>>::call_once::{shim:vtable#0}
[INFO] [stdout]   22:     0x63679259d47f - <std[617be2ca0a6fd877]::sys::thread::unix::Thread>::new::thread_start
[INFO] [stdout]   23:     0x7c2ed7340dfa - <unknown>
[INFO] [stdout]   24:     0x7c2ed73d43d4 - clone
[INFO] [stdout]   25:                0x0 - <unknown>
[INFO] [stdout] 
[INFO] [stdout] ---- writer::tests::oversized_entry_errors_without_killing_writer stdout ----
[INFO] [stdout] 
[INFO] [stdout] thread 'writer::tests::oversized_entry_errors_without_killing_writer' (1152) panicked at src/writer.rs:1616:40:
[INFO] [stdout] called `Result::unwrap()` on an `Err` value: Os { code: 30, kind: ReadOnlyFilesystem, message: "Read-only file system" }
[INFO] [stdout] stack backtrace:
[INFO] [stdout]    0:     0x63679259e151 - <<std[617be2ca0a6fd877]::sys::backtrace::BacktraceLock>::print::DisplayBacktrace as core[a373ad73a504971]::fmt::Display>::fmt
[INFO] [stdout]    1:     0x6367925b385a - core[a373ad73a504971]::fmt::write
[INFO] [stdout]    2:     0x6367925a291c - <alloc[2e1b2a31b91974c5]::vec::Vec<u8> as core[a373ad73a504971]::io::write::Write>::write_fmt
[INFO] [stdout]    3:     0x6367925776f6 - std[617be2ca0a6fd877]::panicking::default_hook::{closure#0}
[INFO] [stdout]    4:     0x636792594b59 - std[617be2ca0a6fd877]::panicking::default_hook
[INFO] [stdout]    5:     0x63679250f2d0 - test[aada8e7e76ba119b]::test_main_inner::{closure#0}
[INFO] [stdout]    6:     0x636792594e82 - std[617be2ca0a6fd877]::panicking::panic_with_hook
[INFO] [stdout]    7:     0x6367925777a2 - std[617be2ca0a6fd877]::panicking::panic_handler::{closure#0}
[INFO] [stdout]    8:     0x636792570109 - std[617be2ca0a6fd877]::sys::backtrace::__rust_end_short_backtrace::<std[617be2ca0a6fd877]::panicking::panic_handler::{closure#0}, !>
[INFO] [stdout]    9:     0x63679257855d - __rustc[ea4f61d10b84890b]::rust_begin_unwind
[INFO] [stdout]   10:     0x6367925b3fbc - core[a373ad73a504971]::panicking::panic_fmt
[INFO] [stdout]   11:     0x6367925b3d92 - core[a373ad73a504971]::result::unwrap_failed
[INFO] [stdout]   12:     0x6367924a0b41 - <hiqlite_wal[1487714b58149df0]::writer::tests::oversized_entry_errors_without_killing_writer::{closure#0} as core[a373ad73a504971]::ops::function::FnOnce<()>>::call_once
[INFO] [stdout]   13:     0x63679250271b - test[aada8e7e76ba119b]::__rust_begin_short_backtrace::<core[a373ad73a504971]::result::Result<(), alloc[2e1b2a31b91974c5]::string::String>, fn() -> core[a373ad73a504971]::result::Result<(), alloc[2e1b2a31b91974c5]::string::String>>
[INFO] [stdout]   14:     0x63679250f8f5 - test[aada8e7e76ba119b]::run_test::{closure#0}
[INFO] [stdout]   15:     0x6367925091e4 - std[617be2ca0a6fd877]::sys::backtrace::__rust_begin_short_backtrace::<test[aada8e7e76ba119b]::run_test::{closure#1}, ()>
[INFO] [stdout]   16:     0x636792512982 - <std[617be2ca0a6fd877]::thread::lifecycle::spawn_unchecked<test[aada8e7e76ba119b]::run_test::{closure#1}, ()>::{closure#1} as core[a373ad73a504971]::ops::function::FnOnce<()>>::call_once::{shim:vtable#0}
[INFO] [stdout]   17:     0x63679259d47f - <std[617be2ca0a6fd877]::sys::thread::unix::Thread>::new::thread_start
[INFO] [stdout]   18:     0x7c2ed7340dfa - <unknown>
[INFO] [stdout]   19:     0x7c2ed73d43d4 - clone
[INFO] [stdout]   20:                0x0 - <unknown>
[INFO] [stdout] 
[INFO] [stdout] ---- writer::tests::persistence_failure_notifies_then_terminates_the_writer stdout ----
[INFO] [stdout] 
[INFO] [stdout] thread 'writer::tests::persistence_failure_notifies_then_terminates_the_writer' (1154) panicked at src/writer.rs:1029:39:
[INFO] [stdout] called `Result::unwrap()` on an `Err` value: Os { code: 30, kind: ReadOnlyFilesystem, message: "Read-only file system" }
[INFO] [stdout] stack backtrace:
[INFO] [stdout]    0:     0x63679259e151 - <<std[617be2ca0a6fd877]::sys::backtrace::BacktraceLock>::print::DisplayBacktrace as core[a373ad73a504971]::fmt::Display>::fmt
[INFO] [stdout]    1:     0x6367925b385a - core[a373ad73a504971]::fmt::write
[INFO] [stdout]    2:     0x6367925a291c - <alloc[2e1b2a31b91974c5]::vec::Vec<u8> as core[a373ad73a504971]::io::write::Write>::write_fmt
[INFO] [stdout]    3:     0x6367925776f6 - std[617be2ca0a6fd877]::panicking::default_hook::{closure#0}
[INFO] [stdout]    4:     0x636792594b59 - std[617be2ca0a6fd877]::panicking::default_hook
[INFO] [stdout]    5:     0x63679250f2d0 - test[aada8e7e76ba119b]::test_main_inner::{closure#0}
[INFO] [stdout]    6:     0x636792594e82 - std[617be2ca0a6fd877]::panicking::panic_with_hook
[INFO] [stdout]    7:     0x6367925777a2 - std[617be2ca0a6fd877]::panicking::panic_handler::{closure#0}
[INFO] [stdout]    8:     0x636792570109 - std[617be2ca0a6fd877]::sys::backtrace::__rust_end_short_backtrace::<std[617be2ca0a6fd877]::panicking::panic_handler::{closure#0}, !>
[INFO] [stdout]    9:     0x63679257855d - __rustc[ea4f61d10b84890b]::rust_begin_unwind
[INFO] [stdout]   10:     0x6367925b3fbc - core[a373ad73a504971]::panicking::panic_fmt
[INFO] [stdout]   11:     0x6367925b3d92 - core[a373ad73a504971]::result::unwrap_failed
[INFO] [stdout]   12:     0x63679249d883 - hiqlite_wal[1487714b58149df0]::writer::tests::start_writer
[INFO] [stdout]   13:     0x636792499386 - hiqlite_wal[1487714b58149df0]::writer::tests::persistence_failure_notifies_then_terminates_the_writer::{closure#0}
[INFO] [stdout]   14:     0x6367924a438a - <tokio[74850fee2dbc0a29]::runtime::park::CachedParkThread>::block_on::<core[a373ad73a504971]::pin::Pin<&mut dyn core[a373ad73a504971]::future::future::Future<Output = ()>>>
[INFO] [stdout]   15:     0x636792491560 - tokio[74850fee2dbc0a29]::runtime::context::runtime::enter_runtime::<<tokio[74850fee2dbc0a29]::runtime::scheduler::multi_thread::MultiThread>::block_on<core[a373ad73a504971]::pin::Pin<&mut dyn core[a373ad73a504971]::future::future::Future<Output = ()>>>::{closure#0}, ()>
[INFO] [stdout]   16:     0x6367924889fa - <tokio[74850fee2dbc0a29]::runtime::runtime::Runtime>::block_on::<core[a373ad73a504971]::pin::Pin<&mut dyn core[a373ad73a504971]::future::future::Future<Output = ()>>>
[INFO] [stdout]   17:     0x6367924a2e7c - <hiqlite_wal[1487714b58149df0]::writer::tests::persistence_failure_notifies_then_terminates_the_writer::{closure#0} as core[a373ad73a504971]::ops::function::FnOnce<()>>::call_once
[INFO] [stdout]   18:     0x63679250271b - test[aada8e7e76ba119b]::__rust_begin_short_backtrace::<core[a373ad73a504971]::result::Result<(), alloc[2e1b2a31b91974c5]::string::String>, fn() -> core[a373ad73a504971]::result::Result<(), alloc[2e1b2a31b91974c5]::string::String>>
[INFO] [stdout]   19:     0x63679250f8f5 - test[aada8e7e76ba119b]::run_test::{closure#0}
[INFO] [stdout]   20:     0x6367925091e4 - std[617be2ca0a6fd877]::sys::backtrace::__rust_begin_short_backtrace::<test[aada8e7e76ba119b]::run_test::{closure#1}, ()>
[INFO] [stdout]   21:     0x636792512982 - <std[617be2ca0a6fd877]::thread::lifecycle::spawn_unchecked<test[aada8e7e76ba119b]::run_test::{closure#1}, ()>::{closure#1} as core[a373ad73a504971]::ops::function::FnOnce<()>>::call_once::{shim:vtable#0}
[INFO] [stdout]   22:     0x63679259d47f - <std[617be2ca0a6fd877]::sys::thread::unix::Thread>::new::thread_start
[INFO] [stdout]   23:     0x7c2ed7340dfa - <unknown>
[INFO] [stdout]   24:     0x7c2ed73d43d4 - clone
[INFO] [stdout]   25:                0x0 - <unknown>
[INFO] [stdout] 
[INFO] [stdout] ---- wal::tests::append_read_logs stdout ----
[INFO] [stdout] Error: IO(Os { code: 30, kind: ReadOnlyFilesystem, message: "Read-only file system" })
[INFO] [stdout] 
[INFO] [stdout] ---- writer::tests::writer_termination_is_reported stdout ----
[INFO] [stdout] 
[INFO] [stdout] thread 'writer::tests::writer_termination_is_reported' (1174) panicked at src/writer.rs:1029:39:
[INFO] [stdout] called `Result::unwrap()` on an `Err` value: Os { code: 30, kind: ReadOnlyFilesystem, message: "Read-only file system" }
[INFO] [stdout] stack backtrace:
[INFO] [stdout]    0:     0x63679259e151 - <<std[617be2ca0a6fd877]::sys::backtrace::BacktraceLock>::print::DisplayBacktrace as core[a373ad73a504971]::fmt::Display>::fmt
[INFO] [stdout]    1:     0x6367925b385a - core[a373ad73a504971]::fmt::write
[INFO] [stdout]    2:     0x6367925a291c - <alloc[2e1b2a31b91974c5]::vec::Vec<u8> as core[a373ad73a504971]::io::write::Write>::write_fmt
[INFO] [stdout]    3:     0x6367925776f6 - std[617be2ca0a6fd877]::panicking::default_hook::{closure#0}
[INFO] [stdout]    4:     0x636792594b59 - std[617be2ca0a6fd877]::panicking::default_hook
[INFO] [stdout]    5:     0x63679250f2d0 - test[aada8e7e76ba119b]::test_main_inner::{closure#0}
[INFO] [stdout]    6:     0x636792594e82 - std[617be2ca0a6fd877]::panicking::panic_with_hook
[INFO] [stdout]    7:     0x6367925777a2 - std[617be2ca0a6fd877]::panicking::panic_handler::{closure#0}
[INFO] [stdout]    8:     0x636792570109 - std[617be2ca0a6fd877]::sys::backtrace::__rust_end_short_backtrace::<std[617be2ca0a6fd877]::panicking::panic_handler::{closure#0}, !>
[INFO] [stdout]    9:     0x63679257855d - __rustc[ea4f61d10b84890b]::rust_begin_unwind
[INFO] [stdout]   10:     0x6367925b3fbc - core[a373ad73a504971]::panicking::panic_fmt
[INFO] [stdout]   11:     0x6367925b3d92 - core[a373ad73a504971]::result::unwrap_failed
[INFO] [stdout]   12:     0x63679249d883 - hiqlite_wal[1487714b58149df0]::writer::tests::start_writer
[INFO] [stdout]   13:     0x636792497e37 - hiqlite_wal[1487714b58149df0]::writer::tests::writer_termination_is_reported::{closure#0}
[INFO] [stdout]   14:     0x6367924a438a - <tokio[74850fee2dbc0a29]::runtime::park::CachedParkThread>::block_on::<core[a373ad73a504971]::pin::Pin<&mut dyn core[a373ad73a504971]::future::future::Future<Output = ()>>>
[INFO] [stdout]   15:     0x636792491560 - tokio[74850fee2dbc0a29]::runtime::context::runtime::enter_runtime::<<tokio[74850fee2dbc0a29]::runtime::scheduler::multi_thread::MultiThread>::block_on<core[a373ad73a504971]::pin::Pin<&mut dyn core[a373ad73a504971]::future::future::Future<Output = ()>>>::{closure#0}, ()>
[INFO] [stdout]   16:     0x6367924889fa - <tokio[74850fee2dbc0a29]::runtime::runtime::Runtime>::block_on::<core[a373ad73a504971]::pin::Pin<&mut dyn core[a373ad73a504971]::future::future::Future<Output = ()>>>
[INFO] [stdout]   17:     0x63679249f1cc - <hiqlite_wal[1487714b58149df0]::writer::tests::writer_termination_is_reported::{closure#0} as core[a373ad73a504971]::ops::function::FnOnce<()>>::call_once
[INFO] [stdout]   18:     0x63679250271b - test[aada8e7e76ba119b]::__rust_begin_short_backtrace::<core[a373ad73a504971]::result::Result<(), alloc[2e1b2a31b91974c5]::string::String>, fn() -> core[a373ad73a504971]::result::Result<(), alloc[2e1b2a31b91974c5]::string::String>>
[INFO] [stdout]   19:     0x63679250f8f5 - test[aada8e7e76ba119b]::run_test::{closure#0}
[INFO] [stdout]   20:     0x6367925091e4 - std[617be2ca0a6fd877]::sys::backtrace::__rust_begin_short_backtrace::<test[aada8e7e76ba119b]::run_test::{closure#1}, ()>
[INFO] [stdout]   21:     0x636792512982 - <std[617be2ca0a6fd877]::thread::lifecycle::spawn_unchecked<test[aada8e7e76ba119b]::run_test::{closure#1}, ()>::{closure#1} as core[a373ad73a504971]::ops::function::FnOnce<()>>::call_once::{shim:vtable#0}
[INFO] [stdout]   22:     0x63679259d47f - <std[617be2ca0a6fd877]::sys::thread::unix::Thread>::new::thread_start
[INFO] [stdout]   23:     0x7c2ed7340dfa - <unknown>
[INFO] [stdout]   24:     0x7c2ed73d43d4 - clone
[INFO] [stdout]   25:                0x0 - <unknown>
[INFO] [stdout] 
[INFO] [stdout] ---- writer::tests::work_queued_behind_a_terminating_append_is_answered_not_stranded stdout ----
[INFO] [stdout] 
[INFO] [stdout] thread 'writer::tests::work_queued_behind_a_terminating_append_is_answered_not_stranded' (1165) panicked at src/writer.rs:1029:39:
[INFO] [stdout] called `Result::unwrap()` on an `Err` value: Os { code: 30, kind: ReadOnlyFilesystem, message: "Read-only file system" }
[INFO] [stdout] stack backtrace:
[INFO] [stdout]    0:     0x63679259e151 - <<std[617be2ca0a6fd877]::sys::backtrace::BacktraceLock>::print::DisplayBacktrace as core[a373ad73a504971]::fmt::Display>::fmt
[INFO] [stdout]    1:     0x6367925b385a - core[a373ad73a504971]::fmt::write
[INFO] [stdout]    2:     0x6367925a291c - <alloc[2e1b2a31b91974c5]::vec::Vec<u8> as core[a373ad73a504971]::io::write::Write>::write_fmt
[INFO] [stdout]    3:     0x6367925776f6 - std[617be2ca0a6fd877]::panicking::default_hook::{closure#0}
[INFO] [stdout]    4:     0x636792594b59 - std[617be2ca0a6fd877]::panicking::default_hook
[INFO] [stdout]    5:     0x63679250f2d0 - test[aada8e7e76ba119b]::test_main_inner::{closure#0}
[INFO] [stdout]    6:     0x636792594e82 - std[617be2ca0a6fd877]::panicking::panic_with_hook
[INFO] [stdout]    7:     0x6367925777a2 - std[617be2ca0a6fd877]::panicking::panic_handler::{closure#0}
[INFO] [stdout]    8:     0x636792570109 - std[617be2ca0a6fd877]::sys::backtrace::__rust_end_short_backtrace::<std[617be2ca0a6fd877]::panicking::panic_handler::{closure#0}, !>
[INFO] [stdout]    9:     0x63679257855d - __rustc[ea4f61d10b84890b]::rust_begin_unwind
[INFO] [stdout]   10:     0x6367925b3fbc - core[a373ad73a504971]::panicking::panic_fmt
[INFO] [stdout]   11:     0x6367925b3d92 - core[a373ad73a504971]::result::unwrap_failed
[INFO] [stdout]   12:     0x63679249d883 - hiqlite_wal[1487714b58149df0]::writer::tests::start_writer
[INFO] [stdout]   13:     0x63679249a85a - hiqlite_wal[1487714b58149df0]::writer::tests::work_queued_behind_a_terminating_append_is_answered_not_stranded::{closure#0}
[INFO] [stdout]   14:     0x6367924a438a - <tokio[74850fee2dbc0a29]::runtime::park::CachedParkThread>::block_on::<core[a373ad73a504971]::pin::Pin<&mut dyn core[a373ad73a504971]::future::future::Future<Output = ()>>>
[INFO] [stdout]   15:     0x636792491560 - tokio[74850fee2dbc0a29]::runtime::context::runtime::enter_runtime::<<tokio[74850fee2dbc0a29]::runtime::scheduler::multi_thread::MultiThread>::block_on<core[a373ad73a504971]::pin::Pin<&mut dyn core[a373ad73a504971]::future::future::Future<Output = ()>>>::{closure#0}, ()>
[INFO] [stdout]   16:     0x6367924889fa - <tokio[74850fee2dbc0a29]::runtime::runtime::Runtime>::block_on::<core[a373ad73a504971]::pin::Pin<&mut dyn core[a373ad73a504971]::future::future::Future<Output = ()>>>
[INFO] [stdout]   17:     0x6367924a3c9c - <hiqlite_wal[1487714b58149df0]::writer::tests::work_queued_behind_a_terminating_append_is_answered_not_stranded::{closure#0} as core[a373ad73a504971]::ops::function::FnOnce<()>>::call_once
[INFO] [stdout]   18:     0x63679250271b - test[aada8e7e76ba119b]::__rust_begin_short_backtrace::<core[a373ad73a504971]::result::Result<(), alloc[2e1b2a31b91974c5]::string::String>, fn() -> core[a373ad73a504971]::result::Result<(), alloc[2e1b2a31b91974c5]::string::String>>
[INFO] [stdout]   19:     0x63679250f8f5 - test[aada8e7e76ba119b]::run_test::{closure#0}
[INFO] [stdout]   20:     0x6367925091e4 - std[617be2ca0a6fd877]::sys::backtrace::__rust_begin_short_backtrace::<test[aada8e7e76ba119b]::run_test::{closure#1}, ()>
[INFO] [stdout]   21:     0x636792512982 - <std[617be2ca0a6fd877]::thread::lifecycle::spawn_unchecked<test[aada8e7e76ba119b]::run_test::{closure#1}, ()>::{closure#1} as core[a373ad73a504971]::ops::function::FnOnce<()>>::call_once::{shim:vtable#0}
[INFO] [stdout]   22:     0x63679259d47f - <std[617be2ca0a6fd877]::sys::thread::unix::Thread>::new::thread_start
[INFO] [stdout]   23:     0x7c2ed7340dfa - <unknown>
[INFO] [stdout]   24:     0x7c2ed73d43d4 - clone
[INFO] [stdout]   25:                0x0 - <unknown>
[INFO] [stdout] 
[INFO] [stdout] ---- writer::tests::success_notifies_once_per_append_in_every_log_sync_mode stdout ----
[INFO] [stdout] 
[INFO] [stdout] thread 'writer::tests::success_notifies_once_per_append_in_every_log_sync_mode' (1160) panicked at src/writer.rs:1029:39:
[INFO] [stdout] called `Result::unwrap()` on an `Err` value: Os { code: 30, kind: ReadOnlyFilesystem, message: "Read-only file system" }
[INFO] [stdout] stack backtrace:
[INFO] [stdout]    0:     0x63679259e151 - <<std[617be2ca0a6fd877]::sys::backtrace::BacktraceLock>::print::DisplayBacktrace as core[a373ad73a504971]::fmt::Display>::fmt
[INFO] [stdout]    1:     0x6367925b385a - core[a373ad73a504971]::fmt::write
[INFO] [stdout]    2:     0x6367925a291c - <alloc[2e1b2a31b91974c5]::vec::Vec<u8> as core[a373ad73a504971]::io::write::Write>::write_fmt
[INFO] [stdout]    3:     0x6367925776f6 - std[617be2ca0a6fd877]::panicking::default_hook::{closure#0}
[INFO] [stdout]    4:     0x636792594b59 - std[617be2ca0a6fd877]::panicking::default_hook
[INFO] [stdout]    5:     0x63679250f2d0 - test[aada8e7e76ba119b]::test_main_inner::{closure#0}
[INFO] [stdout]    6:     0x636792594e82 - std[617be2ca0a6fd877]::panicking::panic_with_hook
[INFO] [stdout]    7:     0x6367925777a2 - std[617be2ca0a6fd877]::panicking::panic_handler::{closure#0}
[INFO] [stdout]    8:     0x636792570109 - std[617be2ca0a6fd877]::sys::backtrace::__rust_end_short_backtrace::<std[617be2ca0a6fd877]::panicking::panic_handler::{closure#0}, !>
[INFO] [stdout]    9:     0x63679257855d - __rustc[ea4f61d10b84890b]::rust_begin_unwind
[INFO] [stdout]   10:     0x6367925b3fbc - core[a373ad73a504971]::panicking::panic_fmt
[INFO] [stdout]   11:     0x6367925b3d92 - core[a373ad73a504971]::result::unwrap_failed
[INFO] [stdout]   12:     0x63679249d883 - hiqlite_wal[1487714b58149df0]::writer::tests::start_writer
[INFO] [stdout]   13:     0x63679249a109 - hiqlite_wal[1487714b58149df0]::writer::tests::success_notifies_once_per_append_in_every_log_sync_mode::{closure#0}
[INFO] [stdout]   14:     0x6367924a438a - <tokio[74850fee2dbc0a29]::runtime::park::CachedParkThread>::block_on::<core[a373ad73a504971]::pin::Pin<&mut dyn core[a373ad73a504971]::future::future::Future<Output = ()>>>
[INFO] [stdout]   15:     0x636792491560 - tokio[74850fee2dbc0a29]::runtime::context::runtime::enter_runtime::<<tokio[74850fee2dbc0a29]::runtime::scheduler::multi_thread::MultiThread>::block_on<core[a373ad73a504971]::pin::Pin<&mut dyn core[a373ad73a504971]::future::future::Future<Output = ()>>>::{closure#0}, ()>
[INFO] [stdout]   16:     0x6367924889fa - <tokio[74850fee2dbc0a29]::runtime::runtime::Runtime>::block_on::<core[a373ad73a504971]::pin::Pin<&mut dyn core[a373ad73a504971]::future::future::Future<Output = ()>>>
[INFO] [stdout]   17:     0x6367924a2fcc - <hiqlite_wal[1487714b58149df0]::writer::tests::success_notifies_once_per_append_in_every_log_sync_mode::{closure#0} as core[a373ad73a504971]::ops::function::FnOnce<()>>::call_once
[INFO] [stdout]   18:     0x63679250271b - test[aada8e7e76ba119b]::__rust_begin_short_backtrace::<core[a373ad73a504971]::result::Result<(), alloc[2e1b2a31b91974c5]::string::String>, fn() -> core[a373ad73a504971]::result::Result<(), alloc[2e1b2a31b91974c5]::string::String>>
[INFO] [stdout]   19:     0x63679250f8f5 - test[aada8e7e76ba119b]::run_test::{closure#0}
[INFO] [stdout]   20:     0x6367925091e4 - std[617be2ca0a6fd877]::sys::backtrace::__rust_begin_short_backtrace::<test[aada8e7e76ba119b]::run_test::{closure#1}, ()>
[INFO] [stdout]   21:     0x636792512982 - <std[617be2ca0a6fd877]::thread::lifecycle::spawn_unchecked<test[aada8e7e76ba119b]::run_test::{closure#1}, ()>::{closure#1} as core[a373ad73a504971]::ops::function::FnOnce<()>>::call_once::{shim:vtable#0}
[INFO] [stdout]   22:     0x63679259d47f - <std[617be2ca0a6fd877]::sys::thread::unix::Thread>::new::thread_start
[INFO] [stdout]   23:     0x7c2ed7340dfa - <unknown>
[INFO] [stdout]   24:     0x7c2ed73d43d4 - clone
[INFO] [stdout]   25:                0x0 - <unknown>
[INFO] [stdout] 
[INFO] [stdout] 
[INFO] [stdout] failures:
[INFO] [stdout]     lockfile::tests::a_held_lock_protects_an_inode_not_a_path
[INFO] [stdout]     lockfile::tests::an_existing_lock_file_is_neither_truncated_nor_new
[INFO] [stdout]     lockfile::tests::lockfile
[INFO] [stdout]     log_store_impl::tests::a_truncated_append_leaves_a_recoverable_prefix_in_every_log_sync_mode
[INFO] [stdout]     log_store_impl::tests::append_adapter_forwards_a_persistence_failure_to_openraft
[INFO] [stdout]     log_store_impl::tests::append_adapter_reports_a_rejected_append_as_an_error
[INFO] [stdout]     metadata::tests::metadata_overwrite_replaces_existing
[INFO] [stdout]     metadata::tests::metadata_write_read
[INFO] [stdout]     reader::tests::a_requester_that_stops_reading_does_not_end_the_reader
[INFO] [stdout]     reader::tests::logs_action_reports_read_errors
[INFO] [stdout]     wal::tests::a_complete_record_past_the_header_is_recovered_not_dropped
[INFO] [stdout]     wal::tests::a_torn_record_inside_the_header_is_rolled_back_or_refused
[INFO] [stdout]     wal::tests::a_torn_record_past_the_header_is_dropped_and_the_prefix_recovers
[INFO] [stdout]     wal::tests::append_read_logs
[INFO] [stdout]     wal::tests::convert_wal_header
[INFO] [stdout]     wal::tests::creating_a_wal_file_syncs_its_directory
[INFO] [stdout]     wal::tests::deep_integrity_check_stops_before_eof
[INFO] [stdout]     wal::tests::integrity_check
[INFO] [stdout]     wal::tests::integrity_check_rejects_first_file_data_end_overflow
[INFO] [stdout]     wal::tests::read_logs_memo_survives_wal_no_reuse
[INFO] [stdout]     wal::tests::roll_over_purge_front
[INFO] [stdout]     wal::tests::roll_over_truncate_end
[INFO] [stdout]     writer::tests::a_caller_held_lock_outlives_the_writer
[INFO] [stdout]     writer::tests::a_clean_empty_batch_succeeds_and_notifies_once
[INFO] [stdout]     writer::tests::a_clean_stop_unlinks_the_lock_file_while_holding_it
[INFO] [stdout]     writer::tests::a_shared_lock_is_held_until_the_writer_stops
[INFO] [stdout]     writer::tests::a_truncated_entry_stream_never_reports_success_in_any_log_sync_mode
[INFO] [stdout]     writer::tests::oversized_entry_errors_without_killing_writer
[INFO] [stdout]     writer::tests::persistence_failure_notifies_then_terminates_the_writer
[INFO] [stdout]     writer::tests::success_notifies_once_per_append_in_every_log_sync_mode
[INFO] [stdout]     writer::tests::work_queued_behind_a_terminating_append_is_answered_not_stranded
[INFO] [stdout]     writer::tests::writer_termination_is_reported
[INFO] [stdout] 
[INFO] [stdout] test result: FAILED. 8 passed; 32 failed; 0 ignored; 0 measured; 0 filtered out; finished in 0.04s
[INFO] [stdout] 
[INFO] [stderr] error: test failed, to rerun pass `--lib`
[INFO] running `Command { std: "docker" "inspect" "c4eaa29a44a95348c34e6a49e5fa527e40d878ff16643d7711687e3cff71306c", kill_on_drop: false }`
[INFO] running `Command { std: "docker" "rm" "-f" "c4eaa29a44a95348c34e6a49e5fa527e40d878ff16643d7711687e3cff71306c", kill_on_drop: false }`
[INFO] [stdout] c4eaa29a44a95348c34e6a49e5fa527e40d878ff16643d7711687e3cff71306c
