[INFO] fetching crate hipdf 1.3.8...
[INFO] testing hipdf-1.3.8 against 1.99.0-beta.8+cargoflags=--release for beta-release-1.100-2
[INFO] extracting crate hipdf 1.3.8 into /workspace/builds/worker-3-tc1/source
[INFO] removed /workspace/builds/worker-3-tc1/source/.cargo/config.toml
[INFO] started tweaking crates.io crate hipdf 1.3.8
[INFO] removed 0 missing examples
[INFO] removed 0 missing tests
[INFO] finished tweaking crates.io crate hipdf 1.3.8
[INFO] tweaked toml for crates.io crate hipdf 1.3.8 written to /workspace/builds/worker-3-tc1/source/Cargo.toml
[INFO] validating manifest of crates.io crate hipdf 1.3.8 on toolchain 1.99.0-beta.8
[INFO] running `Command { std: CARGO_HOME="/workspace/cargo-home" RUSTUP_HOME="/workspace/rustup-home" "/workspace/cargo-home/bin/cargo" "+1.99.0-beta.8" "metadata" "--manifest-path" "Cargo.toml" "--no-deps", kill_on_drop: false }`
[INFO] crate crates.io crate hipdf 1.3.8 already has a lockfile, it will not be regenerated
[INFO] running `Command { std: CARGO_HOME="/workspace/cargo-home" RUSTUP_HOME="/workspace/rustup-home" "/workspace/cargo-home/bin/cargo" "+1.99.0-beta.8" "fetch" "--manifest-path" "Cargo.toml", kill_on_drop: false }`
[INFO] [stderr]  Downloading crates ...
[INFO] [stderr]   Downloaded wasm-bindgen-test-shared v0.2.127
[INFO] [stderr]   Downloaded minicov v0.3.9
[INFO] [stderr]   Downloaded wasm-bindgen-test v0.3.77
[INFO] [stderr]   Downloaded wasm-bindgen-test-macro v0.3.77
[INFO] running `Command { std: "docker" "create" "-v" "/var/lib/crater-agent-workspace/builds/worker-3-tc1/source:/opt/rustwide/workdir:ro,Z" "-v" "/var/lib/crater-agent-workspace/builds/worker-3-tc1/target:/opt/rustwide/target:rw,Z" "-v" "/var/lib/crater-agent-workspace/cargo-home:/opt/rustwide/cargo-home:ro,Z" "-v" "/var/lib/crater-agent-workspace/rustup-home:/opt/rustwide/rustup-home:ro,Z" "-m" "1610612736" "--network" "none" "ghcr.io/rust-lang/crates-build-env/linux@sha256:77db811e55d90add9212f6832c23229e3de5f1c1f9905e8cb07319ea15df73ac" "sleep" "infinity", kill_on_drop: false }`
[INFO] [stdout] b2a29da03688c4c90e38b523f14c2caf0d6a357d3b36955932581834a104d9ed
[INFO] running `Command { std: "docker" "start" "b2a29da03688c4c90e38b523f14c2caf0d6a357d3b36955932581834a104d9ed", kill_on_drop: false }`
[INFO] running `Command { std: "docker" "inspect" "b2a29da03688c4c90e38b523f14c2caf0d6a357d3b36955932581834a104d9ed", kill_on_drop: false }`
[INFO] running `Command { std: "docker" "exec" "-e" "SOURCE_DIR=/opt/rustwide/workdir" "-e" "CARGO_HOME=/opt/rustwide/cargo-home" "-e" "RUSTUP_HOME=/opt/rustwide/rustup-home" "-e" "CARGO_TARGET_DIR=/opt/rustwide/target" "-w" "/opt/rustwide/workdir" "--user" "0:0" "b2a29da03688c4c90e38b523f14c2caf0d6a357d3b36955932581834a104d9ed" "/opt/rustwide/cargo-home/bin/cargo" "+1.99.0-beta.8" "metadata" "--no-deps" "--format-version=1", kill_on_drop: false }`
[INFO] running `Command { std: "docker" "inspect" "b2a29da03688c4c90e38b523f14c2caf0d6a357d3b36955932581834a104d9ed", kill_on_drop: false }`
[INFO] running `Command { std: "docker" "exec" "-e" "SOURCE_DIR=/opt/rustwide/workdir" "-e" "CARGO_HOME=/opt/rustwide/cargo-home" "-e" "RUSTUP_HOME=/opt/rustwide/rustup-home" "-e" "CARGO_TARGET_DIR=/opt/rustwide/target" "-e" "CARGO_INCREMENTAL=0" "-e" "RUST_BACKTRACE=full" "-e" "RUSTFLAGS=--cap-lints=warn" "-e" "RUSTDOCFLAGS=--cap-lints=warn" "-w" "/opt/rustwide/workdir" "--user" "0:0" "b2a29da03688c4c90e38b523f14c2caf0d6a357d3b36955932581834a104d9ed" "/opt/rustwide/cargo-home/bin/cargo" "+1.99.0-beta.8" "build" "--frozen" "--message-format=json" "--release", kill_on_drop: false }`
[INFO] [stderr]    Compiling either v1.18.0
[INFO] [stderr]    Compiling jiff-core v0.1.0
[INFO] [stderr]    Compiling getrandom v0.4.3
[INFO] [stderr]    Compiling pxfm v0.1.30
[INFO] [stderr]    Compiling stringprep v0.1.5
[INFO] [stderr]    Compiling aes v0.8.4
[INFO] [stderr]    Compiling thiserror-impl v2.0.20
[INFO] [stderr]    Compiling chrono v0.4.45
[INFO] [stderr]    Compiling nom v8.0.0
[INFO] [stderr]    Compiling time v0.3.55
[INFO] [stderr]    Compiling cbc v0.1.2
[INFO] [stderr]    Compiling md-5 v0.10.6
[INFO] [stderr]    Compiling ecb v0.1.2
[INFO] [stderr]    Compiling ttf-parser v0.25.1
[INFO] [stderr]    Compiling hipdf v1.3.8 (/opt/rustwide/workdir)
[INFO] [stderr]    Compiling bytemuck v1.25.2
[INFO] [stderr]    Compiling rand v0.10.2
[INFO] [stderr]    Compiling rangemap v1.8.0
[INFO] [stderr]    Compiling log v0.4.33
[INFO] [stderr]    Compiling png v0.18.1
[INFO] [stderr]    Compiling rayon v1.12.0
[INFO] [stderr]    Compiling thiserror v2.0.20
[INFO] [stderr]    Compiling jiff v0.2.35
[INFO] [stderr]    Compiling jpeg-decoder v0.3.2
[INFO] [stderr]    Compiling moxcms v0.8.1
[INFO] [stderr]    Compiling lopdf v0.42.0
[INFO] [stderr]    Compiling image v0.25.10
[INFO] [stdout] warning: function pointer comparisons do not produce meaningful results since their addresses are not guaranteed to be unique
[INFO] [stdout]   --> src/embed_pdf.rs:44:5
[INFO] [stdout]    |
[INFO] [stdout] 41 | #[derive(Debug, Clone, Copy, PartialEq)]
[INFO] [stdout]    |                              --------- in this derive macro expansion
[INFO] [stdout] ...
[INFO] [stdout] 44 |     pub position_fn: fn(page_index: usize, page_width: f32, page_height: f32) -> (f32, f32),
[INFO] [stdout]    |     ^^^^^^^^^^^^^^^^^^^^^^^^^^^^^^^^^^^^^^^^^^^^^^^^^^^^^^^^^^^^^^^^^^^^^^^^^^^^^^^^^^^^^^^
[INFO] [stdout]    |
[INFO] [stdout]    = note: the address of the same function can vary between different codegen units
[INFO] [stdout]    = note: furthermore, different functions could have the same address after being merged together
[INFO] [stdout]    = note: for more information visit <https://doc.rust-lang.org/nightly/core/ptr/fn.fn_addr_eq.html>
[INFO] [stdout]    = note: `#[warn(unpredictable_function_pointer_comparisons)]` on by default
[INFO] [stdout] 
[INFO] [stdout] 
[INFO] [stdout] warning: function pointer comparisons do not produce meaningful results since their addresses are not guaranteed to be unique
[INFO] [stdout]   --> src/embed_pdf.rs:46:5
[INFO] [stdout]    |
[INFO] [stdout] 41 | #[derive(Debug, Clone, Copy, PartialEq)]
[INFO] [stdout]    |                              --------- in this derive macro expansion
[INFO] [stdout] ...
[INFO] [stdout] 46 |     pub scale_fn: fn(page_index: usize) -> (f32, f32),
[INFO] [stdout]    |     ^^^^^^^^^^^^^^^^^^^^^^^^^^^^^^^^^^^^^^^^^^^^^^^^^
[INFO] [stdout]    |
[INFO] [stdout]    = note: the address of the same function can vary between different codegen units
[INFO] [stdout]    = note: furthermore, different functions could have the same address after being merged together
[INFO] [stdout]    = note: for more information visit <https://doc.rust-lang.org/nightly/core/ptr/fn.fn_addr_eq.html>
[INFO] [stdout] 
[INFO] [stdout] 
[INFO] [stderr]     Finished `release` profile [optimized] target(s) in 1m 37s
[INFO] running `Command { std: "docker" "inspect" "b2a29da03688c4c90e38b523f14c2caf0d6a357d3b36955932581834a104d9ed", kill_on_drop: false }`
[INFO] running `Command { std: "docker" "exec" "-e" "SOURCE_DIR=/opt/rustwide/workdir" "-e" "CARGO_HOME=/opt/rustwide/cargo-home" "-e" "RUSTUP_HOME=/opt/rustwide/rustup-home" "-e" "CARGO_TARGET_DIR=/opt/rustwide/target" "-e" "CARGO_INCREMENTAL=0" "-e" "RUST_BACKTRACE=full" "-e" "RUSTFLAGS=--cap-lints=warn" "-e" "RUSTDOCFLAGS=--cap-lints=warn" "-w" "/opt/rustwide/workdir" "--user" "0:0" "b2a29da03688c4c90e38b523f14c2caf0d6a357d3b36955932581834a104d9ed" "/opt/rustwide/cargo-home/bin/cargo" "+1.99.0-beta.8" "test" "--frozen" "--no-run" "--message-format=json" "--release", kill_on_drop: false }`
[INFO] [stderr]    Compiling wasm-bindgen-shared v0.2.127
[INFO] [stderr]    Compiling num-traits v0.2.19
[INFO] [stderr]    Compiling bumpalo v3.20.3
[INFO] [stderr]    Compiling serde_core v1.0.229
[INFO] [stderr]    Compiling syn v2.0.119
[INFO] [stderr]    Compiling wasm-bindgen v0.2.127
[INFO] [stderr]    Compiling futures-core v0.3.34
[INFO] [stderr]    Compiling once_cell v1.21.4
[INFO] [stderr]    Compiling thiserror-impl v2.0.20
[INFO] [stderr]    Compiling serde_json v1.0.151
[INFO] [stderr]    Compiling serde_derive v1.0.229
[INFO] [stderr]    Compiling async-trait v0.1.92
[INFO] [stderr]    Compiling nu-ansi-term v0.50.3
[INFO] [stderr]    Compiling wasm-bindgen-test-shared v0.2.127
[INFO] [stderr]    Compiling futures-util v0.3.34
[INFO] [stderr]    Compiling thiserror v2.0.20
[INFO] [stderr]    Compiling chrono v0.4.45
[INFO] [stderr]    Compiling moxcms v0.8.1
[INFO] [stderr]    Compiling lopdf v0.42.0
[INFO] [stderr]    Compiling serde v1.0.229
[INFO] [stderr]    Compiling wasm-bindgen-macro-support v0.2.127
[INFO] [stderr]    Compiling wasm-bindgen-test-macro v0.3.77
[INFO] [stderr]    Compiling image v0.25.10
[INFO] [stderr]    Compiling wasm-bindgen-macro v0.2.127
[INFO] [stderr]    Compiling hipdf v1.3.8 (/opt/rustwide/workdir)
[INFO] [stdout] warning: function pointer comparisons do not produce meaningful results since their addresses are not guaranteed to be unique
[INFO] [stdout]   --> src/embed_pdf.rs:44:5
[INFO] [stdout]    |
[INFO] [stdout] 41 | #[derive(Debug, Clone, Copy, PartialEq)]
[INFO] [stdout]    |                              --------- in this derive macro expansion
[INFO] [stdout] ...
[INFO] [stdout] 44 |     pub position_fn: fn(page_index: usize, page_width: f32, page_height: f32) -> (f32, f32),
[INFO] [stdout]    |     ^^^^^^^^^^^^^^^^^^^^^^^^^^^^^^^^^^^^^^^^^^^^^^^^^^^^^^^^^^^^^^^^^^^^^^^^^^^^^^^^^^^^^^^
[INFO] [stdout]    |
[INFO] [stdout]    = note: the address of the same function can vary between different codegen units
[INFO] [stdout]    = note: furthermore, different functions could have the same address after being merged together
[INFO] [stdout]    = note: for more information visit <https://doc.rust-lang.org/nightly/core/ptr/fn.fn_addr_eq.html>
[INFO] [stdout]    = note: `#[warn(unpredictable_function_pointer_comparisons)]` on by default
[INFO] [stdout] 
[INFO] [stdout] 
[INFO] [stdout] warning: function pointer comparisons do not produce meaningful results since their addresses are not guaranteed to be unique
[INFO] [stdout]   --> src/embed_pdf.rs:46:5
[INFO] [stdout]    |
[INFO] [stdout] 41 | #[derive(Debug, Clone, Copy, PartialEq)]
[INFO] [stdout]    |                              --------- in this derive macro expansion
[INFO] [stdout] ...
[INFO] [stdout] 46 |     pub scale_fn: fn(page_index: usize) -> (f32, f32),
[INFO] [stdout]    |     ^^^^^^^^^^^^^^^^^^^^^^^^^^^^^^^^^^^^^^^^^^^^^^^^^
[INFO] [stdout]    |
[INFO] [stdout]    = note: the address of the same function can vary between different codegen units
[INFO] [stdout]    = note: furthermore, different functions could have the same address after being merged together
[INFO] [stdout]    = note: for more information visit <https://doc.rust-lang.org/nightly/core/ptr/fn.fn_addr_eq.html>
[INFO] [stdout] 
[INFO] [stdout] 
[INFO] [stderr]    Compiling js-sys v0.3.104
[INFO] [stderr]    Compiling wasm-bindgen-futures v0.4.77
[INFO] [stderr]    Compiling wasm-bindgen-test v0.3.77
[INFO] [stdout] warning: function pointer comparisons do not produce meaningful results since their addresses are not guaranteed to be unique
[INFO] [stdout]   --> src/embed_pdf.rs:44:5
[INFO] [stdout]    |
[INFO] [stdout] 41 | #[derive(Debug, Clone, Copy, PartialEq)]
[INFO] [stdout]    |                              --------- in this derive macro expansion
[INFO] [stdout] ...
[INFO] [stdout] 44 |     pub position_fn: fn(page_index: usize, page_width: f32, page_height: f32) -> (f32, f32),
[INFO] [stdout]    |     ^^^^^^^^^^^^^^^^^^^^^^^^^^^^^^^^^^^^^^^^^^^^^^^^^^^^^^^^^^^^^^^^^^^^^^^^^^^^^^^^^^^^^^^
[INFO] [stdout]    |
[INFO] [stdout]    = note: the address of the same function can vary between different codegen units
[INFO] [stdout]    = note: furthermore, different functions could have the same address after being merged together
[INFO] [stdout]    = note: for more information visit <https://doc.rust-lang.org/nightly/core/ptr/fn.fn_addr_eq.html>
[INFO] [stdout]    = note: `#[warn(unpredictable_function_pointer_comparisons)]` on by default
[INFO] [stdout] 
[INFO] [stdout] 
[INFO] [stdout] warning: function pointer comparisons do not produce meaningful results since their addresses are not guaranteed to be unique
[INFO] [stdout]   --> src/embed_pdf.rs:46:5
[INFO] [stdout]    |
[INFO] [stdout] 41 | #[derive(Debug, Clone, Copy, PartialEq)]
[INFO] [stdout]    |                              --------- in this derive macro expansion
[INFO] [stdout] ...
[INFO] [stdout] 46 |     pub scale_fn: fn(page_index: usize) -> (f32, f32),
[INFO] [stdout]    |     ^^^^^^^^^^^^^^^^^^^^^^^^^^^^^^^^^^^^^^^^^^^^^^^^^
[INFO] [stdout]    |
[INFO] [stdout]    = note: the address of the same function can vary between different codegen units
[INFO] [stdout]    = note: furthermore, different functions could have the same address after being merged together
[INFO] [stdout]    = note: for more information visit <https://doc.rust-lang.org/nightly/core/ptr/fn.fn_addr_eq.html>
[INFO] [stdout] 
[INFO] [stdout] 
[INFO] [stderr]     Finished `release` profile [optimized] target(s) in 1m 29s
[INFO] running `Command { std: "docker" "inspect" "b2a29da03688c4c90e38b523f14c2caf0d6a357d3b36955932581834a104d9ed", kill_on_drop: false }`
[INFO] running `Command { std: "docker" "exec" "-e" "SOURCE_DIR=/opt/rustwide/workdir" "-e" "CARGO_HOME=/opt/rustwide/cargo-home" "-e" "RUSTUP_HOME=/opt/rustwide/rustup-home" "-e" "CARGO_TARGET_DIR=/opt/rustwide/target" "-e" "CARGO_INCREMENTAL=0" "-e" "RUST_BACKTRACE=full" "-e" "RUSTFLAGS=--cap-lints=warn" "-e" "RUSTDOCFLAGS=--cap-lints=warn" "-w" "/opt/rustwide/workdir" "--user" "0:0" "b2a29da03688c4c90e38b523f14c2caf0d6a357d3b36955932581834a104d9ed" "/opt/rustwide/cargo-home/bin/cargo" "+1.99.0-beta.8" "test" "--frozen" "--release", kill_on_drop: false }`
[INFO] [stderr] warning: function pointer comparisons do not produce meaningful results since their addresses are not guaranteed to be unique
[INFO] [stderr]   --> src/embed_pdf.rs:44:5
[INFO] [stderr]    |
[INFO] [stderr] 41 | #[derive(Debug, Clone, Copy, PartialEq)]
[INFO] [stderr]    |                              --------- in this derive macro expansion
[INFO] [stderr] ...
[INFO] [stderr] 44 |     pub position_fn: fn(page_index: usize, page_width: f32, page_height: f32) -> (f32, f32),
[INFO] [stderr]    |     ^^^^^^^^^^^^^^^^^^^^^^^^^^^^^^^^^^^^^^^^^^^^^^^^^^^^^^^^^^^^^^^^^^^^^^^^^^^^^^^^^^^^^^^
[INFO] [stderr]    |
[INFO] [stderr]    = note: the address of the same function can vary between different codegen units
[INFO] [stderr]    = note: furthermore, different functions could have the same address after being merged together
[INFO] [stderr]    = note: for more information visit <https://doc.rust-lang.org/nightly/core/ptr/fn.fn_addr_eq.html>
[INFO] [stderr]    = note: `#[warn(unpredictable_function_pointer_comparisons)]` on by default
[INFO] [stderr] 
[INFO] [stderr] warning: function pointer comparisons do not produce meaningful results since their addresses are not guaranteed to be unique
[INFO] [stderr]   --> src/embed_pdf.rs:46:5
[INFO] [stderr]    |
[INFO] [stderr] 41 | #[derive(Debug, Clone, Copy, PartialEq)]
[INFO] [stderr]    |                              --------- in this derive macro expansion
[INFO] [stderr] ...
[INFO] [stderr] 46 |     pub scale_fn: fn(page_index: usize) -> (f32, f32),
[INFO] [stderr]    |     ^^^^^^^^^^^^^^^^^^^^^^^^^^^^^^^^^^^^^^^^^^^^^^^^^
[INFO] [stderr]    |
[INFO] [stderr]    = note: the address of the same function can vary between different codegen units
[INFO] [stderr]    = note: furthermore, different functions could have the same address after being merged together
[INFO] [stderr]    = note: for more information visit <https://doc.rust-lang.org/nightly/core/ptr/fn.fn_addr_eq.html>
[INFO] [stderr] 
[INFO] [stderr] warning: `hipdf` (lib) generated 2 warnings
[INFO] [stderr] warning: `hipdf` (lib test) generated 2 warnings (2 duplicates)
[INFO] [stderr]     Finished `release` profile [optimized] target(s) in 0.20s
[INFO] [stderr]      Running unittests src/lib.rs (/opt/rustwide/target/release/deps/hipdf-f155693061351075)
[INFO] [stdout] 
[INFO] [stdout] running 0 tests
[INFO] [stderr]      Running tests/blocks_integration_test.rs (/opt/rustwide/target/release/deps/blocks_integration_test-d7b6600254e7abcb)
[INFO] [stdout] 
[INFO] [stdout] test result: ok. 0 passed; 0 failed; 0 ignored; 0 measured; 0 filtered out; finished in 0.00s
[INFO] [stdout] 
[INFO] [stdout] 
[INFO] [stdout] running 10 tests
[INFO] [stdout] test test_block_instance ... ok
[INFO] [stdout] test test_block_creation ... ok
[INFO] [stdout] test test_block_with_resources ... ok
[INFO] [stdout] test test_xobject_creation ... ok
[INFO] [stdout] test test_render_multiple_instances ... ok
[INFO] [stdout] test test_transform ... ok
[INFO] [stdout] test test_merge_blocks ... ok
[INFO] [stdout] test test_render_instance ... ok
[INFO] [stdout] test test_block_manager ... ok
[INFO] [stdout] test test_blocks_integration ... FAILED
[INFO] [stdout] 
[INFO] [stdout] failures:
[INFO] [stdout] 
[INFO] [stdout] ---- test_blocks_integration stdout ----
[INFO] [stdout] 
[INFO] [stdout] thread 'test_blocks_integration' (1881) panicked at tests/blocks_integration_test.rs:19:45:
[INFO] [stdout] Failed to create test output directory: Os { code: 30, kind: ReadOnlyFilesystem, message: "Read-only file system" }
[INFO] [stdout] stack backtrace:
[INFO] [stdout]    0:     0x5a418bc31441 - <<std[70759c8f55707aa4]::sys::backtrace::BacktraceLock>::print::DisplayBacktrace as core[df12db4294e9bfd3]::fmt::Display>::fmt
[INFO] [stdout]    1:     0x5a418bc460ca - core[df12db4294e9bfd3]::fmt::write
[INFO] [stdout]    2:     0x5a418bc358dc - <alloc[2182bb758b4b3781]::vec::Vec<u8> as core[df12db4294e9bfd3]::io::write::Write>::write_fmt
[INFO] [stdout]    3:     0x5a418bc0d186 - std[70759c8f55707aa4]::panicking::default_hook::{closure#0}
[INFO] [stdout]    4:     0x5a418bc29ba9 - std[70759c8f55707aa4]::panicking::default_hook
[INFO] [stdout]    5:     0x5a418bbb0930 - test[9d35eded1c95d3be]::test_main_inner::<test[9d35eded1c95d3be]::test_main_static::{closure#0}>::{closure#0}
[INFO] [stdout]    6:     0x5a418bc29d62 - std[70759c8f55707aa4]::panicking::panic_with_hook
[INFO] [stdout]    7:     0x5a418bc0d232 - std[70759c8f55707aa4]::panicking::panic_handler::{closure#0}
[INFO] [stdout]    8:     0x5a418bc05e99 - std[70759c8f55707aa4]::sys::backtrace::__rust_end_short_backtrace::<std[70759c8f55707aa4]::panicking::panic_handler::{closure#0}, !>
[INFO] [stdout]    9:     0x5a418bc0de2d - __rustc[8fa7c3cbc660c2b3]::rust_begin_unwind
[INFO] [stdout]   10:     0x5a418bc467fc - core[df12db4294e9bfd3]::panicking::panic_fmt
[INFO] [stdout]   11:     0x5a418bc465d2 - core[df12db4294e9bfd3]::result::unwrap_failed
[INFO] [stdout]   12:     0x5a418bb95171 - blocks_integration_test[3b13a19ffdcbb890]::test_blocks_integration
[INFO] [stdout]   13:     0x5a418bb98bb9 - <blocks_integration_test[3b13a19ffdcbb890]::test_blocks_integration::{closure#0} as core[df12db4294e9bfd3]::ops::function::FnOnce<()>>::call_once
[INFO] [stdout]   14:     0x5a418bba3c1b - test[9d35eded1c95d3be]::__rust_begin_short_backtrace::<core[df12db4294e9bfd3]::result::Result<(), alloc[2182bb758b4b3781]::string::String>, fn() -> core[df12db4294e9bfd3]::result::Result<(), alloc[2182bb758b4b3781]::string::String>>
[INFO] [stdout]   15:     0x5a418bbb1285 - test[9d35eded1c95d3be]::run_test::{closure#0}
[INFO] [stdout]   16:     0x5a418bbaab44 - std[70759c8f55707aa4]::sys::backtrace::__rust_begin_short_backtrace::<test[9d35eded1c95d3be]::run_test::{closure#1}, ()>
[INFO] [stdout]   17:     0x5a418bbb43e2 - <std[70759c8f55707aa4]::thread::lifecycle::spawn_unchecked<test[9d35eded1c95d3be]::run_test::{closure#1}, ()>::{closure#1} as core[df12db4294e9bfd3]::ops::function::FnOnce<()>>::call_once::{shim:vtable#0}
[INFO] [stdout]   18:     0x5a418bc30d19 - <std[70759c8f55707aa4]::sys::thread::unix::Thread>::new::thread_start
[INFO] [stdout]   19:     0x7c0b463aedfa - <unknown>
[INFO] [stdout]   20:     0x7c0b464423d4 - clone
[INFO] [stdout]   21:                0x0 - <unknown>
[INFO] [stdout] 
[INFO] [stdout] 
[INFO] [stdout] failures:
[INFO] [stdout]     test_blocks_integration
[INFO] [stdout] 
[INFO] [stdout] test result: FAILED. 9 passed; 1 failed; 0 ignored; 0 measured; 0 filtered out; finished in 0.01s
[INFO] [stdout] 
[INFO] [stderr] error: test failed, to rerun pass `--test blocks_integration_test`
[INFO] running `Command { std: "docker" "inspect" "b2a29da03688c4c90e38b523f14c2caf0d6a357d3b36955932581834a104d9ed", kill_on_drop: false }`
[INFO] running `Command { std: "docker" "rm" "-f" "b2a29da03688c4c90e38b523f14c2caf0d6a357d3b36955932581834a104d9ed", kill_on_drop: false }`
[INFO] [stdout] b2a29da03688c4c90e38b523f14c2caf0d6a357d3b36955932581834a104d9ed
