[INFO] fetching crate hindsight-git 0.1.5...
[INFO] testing hindsight-git-0.1.5 against 1.100.0-beta.1+cargoflags=--release for beta-release-1.100-2
[INFO] extracting crate hindsight-git 0.1.5 into /workspace/builds/worker-5-tc2/source
[INFO] started tweaking crates.io crate hindsight-git 0.1.5
[INFO] removed 0 missing tests
[INFO] finished tweaking crates.io crate hindsight-git 0.1.5
[INFO] tweaked toml for crates.io crate hindsight-git 0.1.5 written to /workspace/builds/worker-5-tc2/source/Cargo.toml
[INFO] validating manifest of crates.io crate hindsight-git 0.1.5 on toolchain 1.100.0-beta.1
[INFO] running `Command { std: CARGO_HOME="/workspace/cargo-home" RUSTUP_HOME="/workspace/rustup-home" "/workspace/cargo-home/bin/cargo" "+1.100.0-beta.1" "metadata" "--manifest-path" "Cargo.toml" "--no-deps", kill_on_drop: false }`
[INFO] crate crates.io crate hindsight-git 0.1.5 already has a lockfile, it will not be regenerated
[INFO] running `Command { std: CARGO_HOME="/workspace/cargo-home" RUSTUP_HOME="/workspace/rustup-home" "/workspace/cargo-home/bin/cargo" "+1.100.0-beta.1" "fetch" "--manifest-path" "Cargo.toml", kill_on_drop: false }`
[INFO] [stderr] warning: `package.homepage` is redundant with `package.repository`
[INFO] [stderr]   --> Cargo.toml:54:12
[INFO] [stderr]    |
[INFO] [stderr] 54 | homepage = "https://github.com/Rbfinch/hindsight-mcp"
[INFO] [stderr]    |            ^^^^^^^^^^^^^^^^^^^^^^^^^^^^^^^^^^^^^^^^^^
[INFO] [stderr] ...
[INFO] [stderr] 59 | repository = "https://github.com/Rbfinch/hindsight-mcp"
[INFO] [stderr]    |              ------------------------------------------
[INFO] [stderr]    |
[INFO] [stderr]    = note: `cargo::redundant_homepage` is set to `warn` by default
[INFO] [stderr] help: consider removing `package.homepage`
[INFO] [stderr] warning: `hindsight-git` (manifest) generated 1 warning
[INFO] [stderr]     Blocking waiting for file lock on package cache
[INFO] running `Command { std: "docker" "create" "-v" "/var/lib/crater-agent-workspace/builds/worker-5-tc2/source:/opt/rustwide/workdir:ro,Z" "-v" "/var/lib/crater-agent-workspace/builds/worker-5-tc2/target:/opt/rustwide/target:rw,Z" "-v" "/var/lib/crater-agent-workspace/cargo-home:/opt/rustwide/cargo-home:ro,Z" "-v" "/var/lib/crater-agent-workspace/rustup-home:/opt/rustwide/rustup-home:ro,Z" "-m" "1610612736" "--network" "none" "ghcr.io/rust-lang/crates-build-env/linux@sha256:77db811e55d90add9212f6832c23229e3de5f1c1f9905e8cb07319ea15df73ac" "sleep" "infinity", kill_on_drop: false }`
[INFO] [stdout] 737f3888abde007273d8577f726b7c19b16b1ff22ac6c48b198f864daf05a566
[INFO] running `Command { std: "docker" "start" "737f3888abde007273d8577f726b7c19b16b1ff22ac6c48b198f864daf05a566", kill_on_drop: false }`
[INFO] running `Command { std: "docker" "inspect" "737f3888abde007273d8577f726b7c19b16b1ff22ac6c48b198f864daf05a566", kill_on_drop: false }`
[INFO] running `Command { std: "docker" "exec" "-e" "SOURCE_DIR=/opt/rustwide/workdir" "-e" "CARGO_HOME=/opt/rustwide/cargo-home" "-e" "RUSTUP_HOME=/opt/rustwide/rustup-home" "-e" "CARGO_TARGET_DIR=/opt/rustwide/target" "-w" "/opt/rustwide/workdir" "--user" "0:0" "737f3888abde007273d8577f726b7c19b16b1ff22ac6c48b198f864daf05a566" "/opt/rustwide/cargo-home/bin/cargo" "+1.100.0-beta.1" "metadata" "--no-deps" "--format-version=1", kill_on_drop: false }`
[INFO] running `Command { std: "docker" "inspect" "737f3888abde007273d8577f726b7c19b16b1ff22ac6c48b198f864daf05a566", kill_on_drop: false }`
[INFO] running `Command { std: "docker" "exec" "-e" "SOURCE_DIR=/opt/rustwide/workdir" "-e" "CARGO_HOME=/opt/rustwide/cargo-home" "-e" "RUSTUP_HOME=/opt/rustwide/rustup-home" "-e" "CARGO_TARGET_DIR=/opt/rustwide/target" "-e" "CARGO_INCREMENTAL=0" "-e" "RUST_BACKTRACE=full" "-e" "RUSTFLAGS=--cap-lints=warn" "-e" "RUSTDOCFLAGS=--cap-lints=warn" "-w" "/opt/rustwide/workdir" "--user" "0:0" "737f3888abde007273d8577f726b7c19b16b1ff22ac6c48b198f864daf05a566" "/opt/rustwide/cargo-home/bin/cargo" "+1.100.0-beta.1" "build" "--frozen" "--message-format=json" "--release", kill_on_drop: false }`
[INFO] [stderr] warning: `package.homepage` is redundant with `package.repository`
[INFO] [stderr]   --> Cargo.toml:54:12
[INFO] [stderr]    |
[INFO] [stderr] 54 | homepage = "https://github.com/Rbfinch/hindsight-mcp"
[INFO] [stderr]    |            ^^^^^^^^^^^^^^^^^^^^^^^^^^^^^^^^^^^^^^^^^^
[INFO] [stderr] ...
[INFO] [stderr] 59 | repository = "https://github.com/Rbfinch/hindsight-mcp"
[INFO] [stderr]    |              ------------------------------------------
[INFO] [stderr]    |
[INFO] [stderr]    = note: `cargo::redundant_homepage` is set to `warn` by default
[INFO] [stderr] help: consider removing `package.homepage`
[INFO] [stderr] warning: `hindsight-git` (manifest) generated 1 warning
[INFO] [stderr]    Compiling find-msvc-tools v0.1.8
[INFO] [stderr]    Compiling zmij v1.0.14
[INFO] [stderr]    Compiling openssl-probe v0.1.6
[INFO] [stderr]    Compiling syn v2.0.114
[INFO] [stderr]    Compiling cc v1.2.53
[INFO] [stderr]    Compiling serde_json v1.0.149
[INFO] [stderr]    Compiling openssl-sys v0.9.111
[INFO] [stderr]    Compiling libz-sys v1.1.23
[INFO] [stderr]    Compiling libssh2-sys v0.3.1
[INFO] [stderr]    Compiling libgit2-sys v0.18.3+1.9.2
[INFO] [stderr]    Compiling synstructure v0.13.2
[INFO] [stderr]    Compiling zerofrom-derive v0.1.6
[INFO] [stderr]    Compiling yoke-derive v0.8.1
[INFO] [stderr]    Compiling zerovec-derive v0.11.2
[INFO] [stderr]    Compiling displaydoc v0.2.5
[INFO] [stderr]    Compiling serde_derive v1.0.228
[INFO] [stderr]    Compiling thiserror-impl v2.0.18
[INFO] [stderr]    Compiling tracing-attributes v0.1.31
[INFO] [stderr]    Compiling zerofrom v0.1.6
[INFO] [stderr]    Compiling yoke v0.8.1
[INFO] [stderr]    Compiling thiserror v2.0.18
[INFO] [stderr]    Compiling zerovec v0.11.5
[INFO] [stderr]    Compiling zerotrie v0.2.3
[INFO] [stderr]    Compiling tracing v0.1.44
[INFO] [stderr]    Compiling tinystr v0.8.2
[INFO] [stderr]    Compiling potential_utf v0.1.4
[INFO] [stderr]    Compiling icu_locale_core v2.1.1
[INFO] [stderr]    Compiling icu_collections v2.1.1
[INFO] [stderr]    Compiling icu_provider v2.1.1
[INFO] [stderr]    Compiling icu_properties v2.1.2
[INFO] [stderr]    Compiling icu_normalizer v2.1.1
[INFO] [stderr]    Compiling serde v1.0.228
[INFO] [stderr]    Compiling chrono v0.4.43
[INFO] [stderr]    Compiling idna_adapter v1.2.1
[INFO] [stderr]    Compiling idna v1.1.0
[INFO] [stderr]    Compiling url v2.5.8
[INFO] [stderr]    Compiling git2 v0.20.3
[INFO] [stderr]    Compiling hindsight-git v0.1.5 (/opt/rustwide/workdir)
[INFO] [stderr] warning: unused dependency `serde_json`
[INFO] [stderr]   --> Cargo.toml:17:15
[INFO] [stderr]    |
[INFO] [stderr] 17 | [dependencies.serde_json]
[INFO] [stderr]    |               ^^^^^^^^^^^
[INFO] [stderr]    |
[INFO] [stderr]    = note: `cargo::unused_dependencies` is set to `warn` by default
[INFO] [stderr] help: consider removing the dependency on `serde_json`
[INFO] [stderr] warning: unused dependency `tracing`
[INFO] [stderr]   --> Cargo.toml:23:15
[INFO] [stderr]    |
[INFO] [stderr] 23 | [dependencies.tracing]
[INFO] [stderr]    |               ^^^^^^^^
[INFO] [stderr]    |
[INFO] [stderr] help: consider removing the dependency on `tracing`
[INFO] [stderr] warning: `hindsight-git` (manifest) generated 2 warnings
[INFO] [stderr]     Finished `release` profile [optimized] target(s) in 1m 15s
[INFO] running `Command { std: "docker" "inspect" "737f3888abde007273d8577f726b7c19b16b1ff22ac6c48b198f864daf05a566", kill_on_drop: false }`
[INFO] running `Command { std: "docker" "exec" "-e" "SOURCE_DIR=/opt/rustwide/workdir" "-e" "CARGO_HOME=/opt/rustwide/cargo-home" "-e" "RUSTUP_HOME=/opt/rustwide/rustup-home" "-e" "CARGO_TARGET_DIR=/opt/rustwide/target" "-e" "CARGO_INCREMENTAL=0" "-e" "RUST_BACKTRACE=full" "-e" "RUSTFLAGS=--cap-lints=warn" "-e" "RUSTDOCFLAGS=--cap-lints=warn" "-w" "/opt/rustwide/workdir" "--user" "0:0" "737f3888abde007273d8577f726b7c19b16b1ff22ac6c48b198f864daf05a566" "/opt/rustwide/cargo-home/bin/cargo" "+1.100.0-beta.1" "test" "--frozen" "--no-run" "--message-format=json" "--release", kill_on_drop: false }`
[INFO] [stderr] warning: `package.homepage` is redundant with `package.repository`
[INFO] [stderr]   --> Cargo.toml:54:12
[INFO] [stderr]    |
[INFO] [stderr] 54 | homepage = "https://github.com/Rbfinch/hindsight-mcp"
[INFO] [stderr]    |            ^^^^^^^^^^^^^^^^^^^^^^^^^^^^^^^^^^^^^^^^^^
[INFO] [stderr] ...
[INFO] [stderr] 59 | repository = "https://github.com/Rbfinch/hindsight-mcp"
[INFO] [stderr]    |              ------------------------------------------
[INFO] [stderr]    |
[INFO] [stderr]    = note: `cargo::redundant_homepage` is set to `warn` by default
[INFO] [stderr] help: consider removing `package.homepage`
[INFO] [stderr] warning: `hindsight-git` (manifest) generated 1 warning
[INFO] [stderr]    Compiling zerocopy v0.8.33
[INFO] [stderr]    Compiling zerocopy-derive v0.8.33
[INFO] [stderr]    Compiling num-traits v0.2.19
[INFO] [stderr]    Compiling bitflags v2.10.0
[INFO] [stderr]    Compiling serde v1.0.228
[INFO] [stderr]    Compiling serde_json v1.0.149
[INFO] [stderr]    Compiling alloca v0.4.0
[INFO] [stderr]    Compiling plotters-backend v0.3.7
[INFO] [stderr]    Compiling clap_builder v4.5.54
[INFO] [stderr]    Compiling regex-automata v0.4.13
[INFO] [stderr]    Compiling wait-timeout v0.2.1
[INFO] [stderr]    Compiling bit-vec v0.8.0
[INFO] [stderr]    Compiling quick-error v1.2.3
[INFO] [stderr]    Compiling similar v2.7.0
[INFO] [stderr]    Compiling criterion-plot v0.8.1
[INFO] [stderr]    Compiling rand v0.9.2
[INFO] [stderr]    Compiling rand_xorshift v0.4.0
[INFO] [stderr]    Compiling plotters-svg v0.3.7
[INFO] [stderr]    Compiling rustix v1.1.3
[INFO] [stderr]    Compiling git2 v0.20.3
[INFO] [stderr]    Compiling console v0.15.11
[INFO] [stderr]    Compiling bit-set v0.8.0
[INFO] [stderr]    Compiling page_size v0.6.0
[INFO] [stderr]    Compiling anes v0.1.6
[INFO] [stderr]    Compiling unarray v0.1.4
[INFO] [stderr]    Compiling oorandom v11.1.5
[INFO] [stderr]    Compiling similar-asserts v1.7.0
[INFO] [stderr]    Compiling chrono v0.4.43
[INFO] [stderr]    Compiling plotters v0.3.7
[INFO] [stderr]    Compiling tinytemplate v1.2.1
[INFO] [stderr]    Compiling tempfile v3.24.0
[INFO] [stderr]    Compiling rusty-fork v0.3.1
[INFO] [stderr]    Compiling clap v4.5.54
[INFO] [stderr]    Compiling regex v1.12.2
[INFO] [stderr]    Compiling half v2.7.1
[INFO] [stderr]    Compiling ppv-lite86 v0.2.21
[INFO] [stderr]    Compiling hindsight-git v0.1.5 (/opt/rustwide/workdir)
[INFO] [stderr]    Compiling ciborium-ll v0.2.2
[INFO] [stderr]    Compiling rand_chacha v0.9.0
[INFO] [stderr]    Compiling ciborium v0.2.2
[INFO] [stderr]    Compiling proptest v1.9.0
[INFO] [stderr]    Compiling criterion v0.8.1
[INFO] [stderr] warning: unused dependency `serde_json`
[INFO] [stderr]   --> Cargo.toml:17:15
[INFO] [stderr]    |
[INFO] [stderr] 17 | [dependencies.serde_json]
[INFO] [stderr]    |               ^^^^^^^^^^^
[INFO] [stderr]    |
[INFO] [stderr]    = note: `cargo::unused_dependencies` is set to `warn` by default
[INFO] [stderr] help: consider removing the dependency on `serde_json`
[INFO] [stderr] help: to still use for development builds, move to `dev-dependencies`
[INFO] [stderr] warning: unused dependency `tracing`
[INFO] [stderr]   --> Cargo.toml:23:15
[INFO] [stderr]    |
[INFO] [stderr] 23 | [dependencies.tracing]
[INFO] [stderr]    |               ^^^^^^^^
[INFO] [stderr]    |
[INFO] [stderr] help: consider removing the dependency on `tracing`
[INFO] [stderr] warning: `hindsight-git` (manifest) generated 2 warnings
[INFO] [stderr]     Finished `release` profile [optimized] target(s) in 52.69s
[INFO] running `Command { std: "docker" "inspect" "737f3888abde007273d8577f726b7c19b16b1ff22ac6c48b198f864daf05a566", kill_on_drop: false }`
[INFO] running `Command { std: "docker" "exec" "-e" "SOURCE_DIR=/opt/rustwide/workdir" "-e" "CARGO_HOME=/opt/rustwide/cargo-home" "-e" "RUSTUP_HOME=/opt/rustwide/rustup-home" "-e" "CARGO_TARGET_DIR=/opt/rustwide/target" "-e" "CARGO_INCREMENTAL=0" "-e" "RUST_BACKTRACE=full" "-e" "RUSTFLAGS=--cap-lints=warn" "-e" "RUSTDOCFLAGS=--cap-lints=warn" "-w" "/opt/rustwide/workdir" "--user" "0:0" "737f3888abde007273d8577f726b7c19b16b1ff22ac6c48b198f864daf05a566" "/opt/rustwide/cargo-home/bin/cargo" "+1.100.0-beta.1" "test" "--frozen" "--release", kill_on_drop: false }`
[INFO] [stderr] warning: `package.homepage` is redundant with `package.repository`
[INFO] [stderr]   --> Cargo.toml:54:12
[INFO] [stderr]    |
[INFO] [stderr] 54 | homepage = "https://github.com/Rbfinch/hindsight-mcp"
[INFO] [stderr]    |            ^^^^^^^^^^^^^^^^^^^^^^^^^^^^^^^^^^^^^^^^^^
[INFO] [stderr] ...
[INFO] [stderr] 59 | repository = "https://github.com/Rbfinch/hindsight-mcp"
[INFO] [stderr]    |              ------------------------------------------
[INFO] [stderr]    |
[INFO] [stderr]    = note: `cargo::redundant_homepage` is set to `warn` by default
[INFO] [stderr] help: consider removing `package.homepage`
[INFO] [stderr] warning: `hindsight-git` (manifest) generated 1 warning
[INFO] [stderr] warning: unused dependency `serde_json`
[INFO] [stderr]   --> Cargo.toml:17:15
[INFO] [stderr]    |
[INFO] [stderr] 17 | [dependencies.serde_json]
[INFO] [stderr]    |               ^^^^^^^^^^^
[INFO] [stderr]    |
[INFO] [stderr]    = note: `cargo::unused_dependencies` is set to `warn` by default
[INFO] [stderr] help: consider removing the dependency on `serde_json`
[INFO] [stderr] help: to still use for development builds, move to `dev-dependencies`
[INFO] [stderr] warning: unused dependency `tracing`
[INFO] [stderr]   --> Cargo.toml:23:15
[INFO] [stderr]    |
[INFO] [stderr] 23 | [dependencies.tracing]
[INFO] [stderr]    |               ^^^^^^^^
[INFO] [stderr]    |
[INFO] [stderr] help: consider removing the dependency on `tracing`
[INFO] [stderr] warning: `hindsight-git` (manifest) generated 2 warnings
[INFO] [stderr]     Finished `release` profile [optimized] target(s) in 0.18s
[INFO] [stderr]      Running unittests src/lib.rs (/opt/rustwide/target/release/build/hindsight-git/1ef7f777a9947ee2/out/hindsight_git-1ef7f777a9947ee2)
[INFO] [stdout] 
[INFO] [stdout] running 37 tests
[INFO] [stdout] test commit::tests::test_is_root_with_no_parents ... ok
[INFO] [stdout] test commit::tests::test_is_merge_with_multiple_parents ... ok
[INFO] [stdout] test commit::tests::test_is_root_with_parents ... ok
[INFO] [stdout] test commit::tests::test_is_merge_with_single_parent ... ok
[INFO] [stdout] test commit::tests::test_subject_empty_message ... ok
[INFO] [stdout] test commit::property_tests::prop_invalid_sha_wrong_length ... ok
[INFO] [stdout] test commit::tests::test_short_sha_handles_short_input ... ok
[INFO] [stdout] test commit::tests::test_commit_serialization_roundtrip ... ok
[INFO] [stdout] test commit::tests::test_short_sha ... ok
[INFO] [stdout] test commit::tests::test_subject_multiline ... ok
[INFO] [stdout] test commit::tests::test_subject_single_line ... ok
[INFO] [stdout] test commit::tests::test_timestamp_iso8601_serialization ... ok
[INFO] [stdout] test parser::tests::test_commit_with_diff_serialization ... ok
[INFO] [stdout] test commit::tests::test_is_valid_sha_valid ... ok
[INFO] [stdout] test parser::tests::test_diff_summary_serialization ... ok
[INFO] [stdout] test commit::property_tests::prop_valid_sha_format ... ok
[INFO] [stdout] test commit::tests::test_is_valid_sha_invalid ... ok
[INFO] [stdout] test commit::tests::test_commit_json_format ... ok
[INFO] [stdout] test commit::property_tests::prop_all_parent_shas_valid ... ok
[INFO] [stdout] test commit::property_tests::prop_is_merge_iff_multiple_parents ... ok
[INFO] [stdout] test commit::property_tests::prop_subject_is_prefix_of_message ... ok
[INFO] [stdout] test parser::tests::test_walk_options_builder ... ok
[INFO] [stdout] test commit::property_tests::prop_commit_roundtrip_serialization ... ok
[INFO] [stdout] test commit::property_tests::prop_short_sha_length ... ok
[INFO] [stdout] test commit::property_tests::prop_is_root_iff_no_parents ... ok
[INFO] [stdout] test commit::property_tests::prop_commit_sha_is_valid ... ok
[INFO] [stdout] test parser::tests::test_open_nonexistent_repository ... ok
[INFO] [stdout] test parser::tests::test_get_invalid_reference ... FAILED
[INFO] [stdout] test parser::tests::test_walk_commits_limit ... FAILED
[INFO] [stdout] test parser::tests::test_walk_commits_with_diff ... FAILED
[INFO] [stdout] test parser::tests::test_get_commit_by_ref ... FAILED
[INFO] [stdout] test parser::tests::test_discover_repository ... FAILED
[INFO] [stdout] test parser::tests::test_commit_extraction_fields ... FAILED
[INFO] [stdout] test parser::tests::test_get_commit_by_sha ... FAILED
[INFO] [stdout] test parser::tests::test_head_sha ... FAILED
[INFO] [stdout] test parser::tests::test_commit_count ... FAILED
[INFO] [stdout] test parser::tests::test_open_repository ... FAILED
[INFO] [stdout] 
[INFO] [stdout] failures:
[INFO] [stdout] 
[INFO] [stdout] ---- parser::tests::test_get_invalid_reference stdout ----
[INFO] [stdout] 
[INFO] [stdout] thread 'parser::tests::test_get_invalid_reference' (2511) panicked at src/parser.rs:380:34:
[INFO] [stdout] Should open repo: RepositoryNotFound { path: "/opt" }
[INFO] [stdout] stack backtrace:
[INFO] [stdout]    0:     0x5e46af4f2411 - <<std[617be2ca0a6fd877]::sys::backtrace::BacktraceLock>::print::DisplayBacktrace as core[a373ad73a504971]::fmt::Display>::fmt
[INFO] [stdout]    1:     0x5e46af508bfa - core[a373ad73a504971]::fmt::write
[INFO] [stdout]    2:     0x5e46af4f6adc - <alloc[2e1b2a31b91974c5]::vec::Vec<u8> as core[a373ad73a504971]::io::write::Write>::write_fmt
[INFO] [stdout]    3:     0x5e46af4cceb6 - std[617be2ca0a6fd877]::panicking::default_hook::{closure#0}
[INFO] [stdout]    4:     0x5e46af4ea519 - std[617be2ca0a6fd877]::panicking::default_hook
[INFO] [stdout]    5:     0x5e46af379dc0 - test[aada8e7e76ba119b]::test_main_inner::{closure#0}
[INFO] [stdout]    6:     0x5e46af4ea842 - std[617be2ca0a6fd877]::panicking::panic_with_hook
[INFO] [stdout]    7:     0x5e46af4ccf62 - std[617be2ca0a6fd877]::panicking::panic_handler::{closure#0}
[INFO] [stdout]    8:     0x5e46af4c5999 - std[617be2ca0a6fd877]::sys::backtrace::__rust_end_short_backtrace::<std[617be2ca0a6fd877]::panicking::panic_handler::{closure#0}, !>
[INFO] [stdout]    9:     0x5e46af4cdc0d - __rustc[ea4f61d10b84890b]::rust_begin_unwind
[INFO] [stdout]   10:     0x5e46af5093dc - core[a373ad73a504971]::panicking::panic_fmt
[INFO] [stdout]   11:     0x5e46af5091b2 - core[a373ad73a504971]::result::unwrap_failed
[INFO] [stdout]   12:     0x5e46af35427f - hindsight_git[b121c3ce15f9b44b]::parser::tests::get_repo
[INFO] [stdout]   13:     0x5e46af355d50 - <hindsight_git[b121c3ce15f9b44b]::parser::tests::test_get_invalid_reference::{closure#0} as core[a373ad73a504971]::ops::function::FnOnce<()>>::call_once
[INFO] [stdout]   14:     0x5e46af36d20b - test[aada8e7e76ba119b]::__rust_begin_short_backtrace::<core[a373ad73a504971]::result::Result<(), alloc[2e1b2a31b91974c5]::string::String>, fn() -> core[a373ad73a504971]::result::Result<(), alloc[2e1b2a31b91974c5]::string::String>>
[INFO] [stdout]   15:     0x5e46af37a3e5 - test[aada8e7e76ba119b]::run_test::{closure#0}
[INFO] [stdout]   16:     0x5e46af373cd4 - std[617be2ca0a6fd877]::sys::backtrace::__rust_begin_short_backtrace::<test[aada8e7e76ba119b]::run_test::{closure#1}, ()>
[INFO] [stdout]   17:     0x5e46af37d472 - <std[617be2ca0a6fd877]::thread::lifecycle::spawn_unchecked<test[aada8e7e76ba119b]::run_test::{closure#1}, ()>::{closure#1} as core[a373ad73a504971]::ops::function::FnOnce<()>>::call_once::{shim:vtable#0}
[INFO] [stdout]   18:     0x5e46af4f1c2f - <std[617be2ca0a6fd877]::sys::thread::unix::Thread>::new::thread_start
[INFO] [stdout]   19:     0x7b64a253ddfa - <unknown>
[INFO] [stdout]   20:     0x7b64a25d13d4 - clone
[INFO] [stdout]   21:                0x0 - <unknown>
[INFO] [stdout] 
[INFO] [stdout] ---- parser::tests::test_walk_commits_limit stdout ----
[INFO] [stdout] 
[INFO] [stdout] thread 'parser::tests::test_walk_commits_limit' (2515) panicked at src/parser.rs:380:34:
[INFO] [stdout] Should open repo: RepositoryNotFound { path: "/opt" }
[INFO] [stdout] stack backtrace:
[INFO] [stdout]    0:     0x5e46af4f2411 - <<std[617be2ca0a6fd877]::sys::backtrace::BacktraceLock>::print::DisplayBacktrace as core[a373ad73a504971]::fmt::Display>::fmt
[INFO] [stdout]    1:     0x5e46af508bfa - core[a373ad73a504971]::fmt::write
[INFO] [stdout]    2:     0x5e46af4f6adc - <alloc[2e1b2a31b91974c5]::vec::Vec<u8> as core[a373ad73a504971]::io::write::Write>::write_fmt
[INFO] [stdout]    3:     0x5e46af4cceb6 - std[617be2ca0a6fd877]::panicking::default_hook::{closure#0}
[INFO] [stdout]    4:     0x5e46af4ea519 - std[617be2ca0a6fd877]::panicking::default_hook
[INFO] [stdout]    5:     0x5e46af379dc0 - test[aada8e7e76ba119b]::test_main_inner::{closure#0}
[INFO] [stdout]    6:     0x5e46af4ea842 - std[617be2ca0a6fd877]::panicking::panic_with_hook
[INFO] [stdout]    7:     0x5e46af4ccf62 - std[617be2ca0a6fd877]::panicking::panic_handler::{closure#0}
[INFO] [stdout]    8:     0x5e46af4c5999 - std[617be2ca0a6fd877]::sys::backtrace::__rust_end_short_backtrace::<std[617be2ca0a6fd877]::panicking::panic_handler::{closure#0}, !>
[INFO] [stdout]    9:     0x5e46af4cdc0d - __rustc[ea4f61d10b84890b]::rust_begin_unwind
[INFO] [stdout]   10:     0x5e46af5093dc - core[a373ad73a504971]::panicking::panic_fmt
[INFO] [stdout]   11:     0x5e46af5091b2 - core[a373ad73a504971]::result::unwrap_failed
[INFO] [stdout]   12:     0x5e46af35427f - hindsight_git[b121c3ce15f9b44b]::parser::tests::get_repo
[INFO] [stdout]   13:     0x5e46af355476 - <hindsight_git[b121c3ce15f9b44b]::parser::tests::test_walk_commits_limit::{closure#0} as core[a373ad73a504971]::ops::function::FnOnce<()>>::call_once
[INFO] [stdout]   14:     0x5e46af36d20b - test[aada8e7e76ba119b]::__rust_begin_short_backtrace::<core[a373ad73a504971]::result::Result<(), alloc[2e1b2a31b91974c5]::string::String>, fn() -> core[a373ad73a504971]::result::Result<(), alloc[2e1b2a31b91974c5]::string::String>>
[INFO] [stdout]   15:     0x5e46af37a3e5 - test[aada8e7e76ba119b]::run_test::{closure#0}
[INFO] [stdout]   16:     0x5e46af373cd4 - std[617be2ca0a6fd877]::sys::backtrace::__rust_begin_short_backtrace::<test[aada8e7e76ba119b]::run_test::{closure#1}, ()>
[INFO] [stdout]   17:     0x5e46af37d472 - <std[617be2ca0a6fd877]::thread::lifecycle::spawn_unchecked<test[aada8e7e76ba119b]::run_test::{closure#1}, ()>::{closure#1} as core[a373ad73a504971]::ops::function::FnOnce<()>>::call_once::{shim:vtable#0}
[INFO] [stdout]   18:     0x5e46af4f1c2f - <std[617be2ca0a6fd877]::sys::thread::unix::Thread>::new::thread_start
[INFO] [stdout]   19:     0x7b64a253ddfa - <unknown>
[INFO] [stdout]   20:     0x7b64a25d13d4 - clone
[INFO] [stdout]   21:                0x0 - <unknown>
[INFO] [stdout] 
[INFO] [stdout] ---- parser::tests::test_walk_commits_with_diff stdout ----
[INFO] [stdout] 
[INFO] [stdout] thread 'parser::tests::test_walk_commits_with_diff' (2516) panicked at src/parser.rs:380:34:
[INFO] [stdout] Should open repo: RepositoryNotFound { path: "/opt" }
[INFO] [stdout] stack backtrace:
[INFO] [stdout]    0:     0x5e46af4f2411 - <<std[617be2ca0a6fd877]::sys::backtrace::BacktraceLock>::print::DisplayBacktrace as core[a373ad73a504971]::fmt::Display>::fmt
[INFO] [stdout]    1:     0x5e46af508bfa - core[a373ad73a504971]::fmt::write
[INFO] [stdout]    2:     0x5e46af4f6adc - <alloc[2e1b2a31b91974c5]::vec::Vec<u8> as core[a373ad73a504971]::io::write::Write>::write_fmt
[INFO] [stdout]    3:     0x5e46af4cceb6 - std[617be2ca0a6fd877]::panicking::default_hook::{closure#0}
[INFO] [stdout]    4:     0x5e46af4ea519 - std[617be2ca0a6fd877]::panicking::default_hook
[INFO] [stdout]    5:     0x5e46af379dc0 - test[aada8e7e76ba119b]::test_main_inner::{closure#0}
[INFO] [stdout]    6:     0x5e46af4ea842 - std[617be2ca0a6fd877]::panicking::panic_with_hook
[INFO] [stdout]    7:     0x5e46af4ccf62 - std[617be2ca0a6fd877]::panicking::panic_handler::{closure#0}
[INFO] [stdout]    8:     0x5e46af4c5999 - std[617be2ca0a6fd877]::sys::backtrace::__rust_end_short_backtrace::<std[617be2ca0a6fd877]::panicking::panic_handler::{closure#0}, !>
[INFO] [stdout]    9:     0x5e46af4cdc0d - __rustc[ea4f61d10b84890b]::rust_begin_unwind
[INFO] [stdout]   10:     0x5e46af5093dc - core[a373ad73a504971]::panicking::panic_fmt
[INFO] [stdout]   11:     0x5e46af5091b2 - core[a373ad73a504971]::result::unwrap_failed
[INFO] [stdout]   12:     0x5e46af35427f - hindsight_git[b121c3ce15f9b44b]::parser::tests::get_repo
[INFO] [stdout]   13:     0x5e46af355e36 - <hindsight_git[b121c3ce15f9b44b]::parser::tests::test_walk_commits_with_diff::{closure#0} as core[a373ad73a504971]::ops::function::FnOnce<()>>::call_once
[INFO] [stdout]   14:     0x5e46af36d20b - test[aada8e7e76ba119b]::__rust_begin_short_backtrace::<core[a373ad73a504971]::result::Result<(), alloc[2e1b2a31b91974c5]::string::String>, fn() -> core[a373ad73a504971]::result::Result<(), alloc[2e1b2a31b91974c5]::string::String>>
[INFO] [stdout]   15:     0x5e46af37a3e5 - test[aada8e7e76ba119b]::run_test::{closure#0}
[INFO] [stdout]   16:     0x5e46af373cd4 - std[617be2ca0a6fd877]::sys::backtrace::__rust_begin_short_backtrace::<test[aada8e7e76ba119b]::run_test::{closure#1}, ()>
[INFO] [stdout]   17:     0x5e46af37d472 - <std[617be2ca0a6fd877]::thread::lifecycle::spawn_unchecked<test[aada8e7e76ba119b]::run_test::{closure#1}, ()>::{closure#1} as core[a373ad73a504971]::ops::function::FnOnce<()>>::call_once::{shim:vtable#0}
[INFO] [stdout]   18:     0x5e46af4f1c2f - <std[617be2ca0a6fd877]::sys::thread::unix::Thread>::new::thread_start
[INFO] [stdout]   19:     0x7b64a253ddfa - <unknown>
[INFO] [stdout]   20:     0x7b64a25d13d4 - clone
[INFO] [stdout]   21:                0x0 - <unknown>
[INFO] [stdout] 
[INFO] [stdout] ---- parser::tests::test_get_commit_by_ref stdout ----
[INFO] [stdout] 
[INFO] [stdout] thread 'parser::tests::test_get_commit_by_ref' (2509) panicked at src/parser.rs:380:34:
[INFO] [stdout] Should open repo: RepositoryNotFound { path: "/opt" }
[INFO] [stdout] stack backtrace:
[INFO] [stdout]    0:     0x5e46af4f2411 - <<std[617be2ca0a6fd877]::sys::backtrace::BacktraceLock>::print::DisplayBacktrace as core[a373ad73a504971]::fmt::Display>::fmt
[INFO] [stdout]    1:     0x5e46af508bfa - core[a373ad73a504971]::fmt::write
[INFO] [stdout]    2:     0x5e46af4f6adc - <alloc[2e1b2a31b91974c5]::vec::Vec<u8> as core[a373ad73a504971]::io::write::Write>::write_fmt
[INFO] [stdout]    3:     0x5e46af4cceb6 - std[617be2ca0a6fd877]::panicking::default_hook::{closure#0}
[INFO] [stdout]    4:     0x5e46af4ea519 - std[617be2ca0a6fd877]::panicking::default_hook
[INFO] [stdout]    5:     0x5e46af379dc0 - test[aada8e7e76ba119b]::test_main_inner::{closure#0}
[INFO] [stderr] error: test failed, to rerun pass `--lib`
[INFO] [stdout]    6:     0x5e46af4ea842 - std[617be2ca0a6fd877]::panicking::panic_with_hook
[INFO] [stdout]    7:     0x5e46af4ccf62 - std[617be2ca0a6fd877]::panicking::panic_handler::{closure#0}
[INFO] [stdout]    8:     0x5e46af4c5999 - std[617be2ca0a6fd877]::sys::backtrace::__rust_end_short_backtrace::<std[617be2ca0a6fd877]::panicking::panic_handler::{closure#0}, !>
[INFO] [stdout]    9:     0x5e46af4cdc0d - __rustc[ea4f61d10b84890b]::rust_begin_unwind
[INFO] [stdout]   10:     0x5e46af5093dc - core[a373ad73a504971]::panicking::panic_fmt
[INFO] [stdout]   11:     0x5e46af5091b2 - core[a373ad73a504971]::result::unwrap_failed
[INFO] [stdout]   12:     0x5e46af35427f - hindsight_git[b121c3ce15f9b44b]::parser::tests::get_repo
[INFO] [stdout]   13:     0x5e46af354fd0 - <hindsight_git[b121c3ce15f9b44b]::parser::tests::test_get_commit_by_ref::{closure#0} as core[a373ad73a504971]::ops::function::FnOnce<()>>::call_once
[INFO] [stdout]   14:     0x5e46af36d20b - test[aada8e7e76ba119b]::__rust_begin_short_backtrace::<core[a373ad73a504971]::result::Result<(), alloc[2e1b2a31b91974c5]::string::String>, fn() -> core[a373ad73a504971]::result::Result<(), alloc[2e1b2a31b91974c5]::string::String>>
[INFO] [stdout]   15:     0x5e46af37a3e5 - test[aada8e7e76ba119b]::run_test::{closure#0}
[INFO] [stdout]   16:     0x5e46af373cd4 - std[617be2ca0a6fd877]::sys::backtrace::__rust_begin_short_backtrace::<test[aada8e7e76ba119b]::run_test::{closure#1}, ()>
[INFO] [stdout]   17:     0x5e46af37d472 - <std[617be2ca0a6fd877]::thread::lifecycle::spawn_unchecked<test[aada8e7e76ba119b]::run_test::{closure#1}, ()>::{closure#1} as core[a373ad73a504971]::ops::function::FnOnce<()>>::call_once::{shim:vtable#0}
[INFO] [stdout]   18:     0x5e46af4f1c2f - <std[617be2ca0a6fd877]::sys::thread::unix::Thread>::new::thread_start
[INFO] [stdout]   19:     0x7b64a253ddfa - <unknown>
[INFO] [stdout]   20:     0x7b64a25d13d4 - clone
[INFO] [stdout]   21:                0x0 - <unknown>
[INFO] [stdout] 
[INFO] [stdout] ---- parser::tests::test_discover_repository stdout ----
[INFO] [stdout] 
[INFO] [stdout] thread 'parser::tests::test_discover_repository' (2508) panicked at src/parser.rs:393:53:
[INFO] [stdout] Should discover repo: RepositoryNotFound { path: "/opt/rustwide/workdir" }
[INFO] [stdout] stack backtrace:
[INFO] [stdout]    0:     0x5e46af4f2411 - <<std[617be2ca0a6fd877]::sys::backtrace::BacktraceLock>::print::DisplayBacktrace as core[a373ad73a504971]::fmt::Display>::fmt
[INFO] [stdout]    1:     0x5e46af508bfa - core[a373ad73a504971]::fmt::write
[INFO] [stdout]    2:     0x5e46af4f6adc - <alloc[2e1b2a31b91974c5]::vec::Vec<u8> as core[a373ad73a504971]::io::write::Write>::write_fmt
[INFO] [stdout]    3:     0x5e46af4cceb6 - std[617be2ca0a6fd877]::panicking::default_hook::{closure#0}
[INFO] [stdout]    4:     0x5e46af4ea519 - std[617be2ca0a6fd877]::panicking::default_hook
[INFO] [stdout]    5:     0x5e46af379dc0 - test[aada8e7e76ba119b]::test_main_inner::{closure#0}
[INFO] [stdout]    6:     0x5e46af4ea842 - std[617be2ca0a6fd877]::panicking::panic_with_hook
[INFO] [stdout]    7:     0x5e46af4ccf62 - std[617be2ca0a6fd877]::panicking::panic_handler::{closure#0}
[INFO] [stdout]    8:     0x5e46af4c5999 - std[617be2ca0a6fd877]::sys::backtrace::__rust_end_short_backtrace::<std[617be2ca0a6fd877]::panicking::panic_handler::{closure#0}, !>
[INFO] [stdout]    9:     0x5e46af4cdc0d - __rustc[ea4f61d10b84890b]::rust_begin_unwind
[INFO] [stdout]   10:     0x5e46af5093dc - core[a373ad73a504971]::panicking::panic_fmt
[INFO] [stdout]   11:     0x5e46af5091b2 - core[a373ad73a504971]::result::unwrap_failed
[INFO] [stdout]   12:     0x5e46af355778 - <hindsight_git[b121c3ce15f9b44b]::parser::tests::test_discover_repository::{closure#0} as core[a373ad73a504971]::ops::function::FnOnce<()>>::call_once
[INFO] [stdout]   13:     0x5e46af36d20b - test[aada8e7e76ba119b]::__rust_begin_short_backtrace::<core[a373ad73a504971]::result::Result<(), alloc[2e1b2a31b91974c5]::string::String>, fn() -> core[a373ad73a504971]::result::Result<(), alloc[2e1b2a31b91974c5]::string::String>>
[INFO] [stdout]   14:     0x5e46af37a3e5 - test[aada8e7e76ba119b]::run_test::{closure#0}
[INFO] [stdout]   15:     0x5e46af373cd4 - std[617be2ca0a6fd877]::sys::backtrace::__rust_begin_short_backtrace::<test[aada8e7e76ba119b]::run_test::{closure#1}, ()>
[INFO] [stdout]   16:     0x5e46af37d472 - <std[617be2ca0a6fd877]::thread::lifecycle::spawn_unchecked<test[aada8e7e76ba119b]::run_test::{closure#1}, ()>::{closure#1} as core[a373ad73a504971]::ops::function::FnOnce<()>>::call_once::{shim:vtable#0}
[INFO] [stdout]   17:     0x5e46af4f1c2f - <std[617be2ca0a6fd877]::sys::thread::unix::Thread>::new::thread_start
[INFO] [stdout]   18:     0x7b64a253ddfa - <unknown>
[INFO] [stdout]   19:     0x7b64a25d13d4 - clone
[INFO] [stdout]   20:                0x0 - <unknown>
[INFO] [stdout] 
[INFO] [stdout] ---- parser::tests::test_commit_extraction_fields stdout ----
[INFO] [stdout] 
[INFO] [stdout] thread 'parser::tests::test_commit_extraction_fields' (2505) panicked at src/parser.rs:380:34:
[INFO] [stdout] Should open repo: RepositoryNotFound { path: "/opt" }
[INFO] [stdout] stack backtrace:
[INFO] [stdout]    0:     0x5e46af4f2411 - <<std[617be2ca0a6fd877]::sys::backtrace::BacktraceLock>::print::DisplayBacktrace as core[a373ad73a504971]::fmt::Display>::fmt
[INFO] [stdout]    1:     0x5e46af508bfa - core[a373ad73a504971]::fmt::write
[INFO] [stdout]    2:     0x5e46af4f6adc - <alloc[2e1b2a31b91974c5]::vec::Vec<u8> as core[a373ad73a504971]::io::write::Write>::write_fmt
[INFO] [stdout]    3:     0x5e46af4cceb6 - std[617be2ca0a6fd877]::panicking::default_hook::{closure#0}
[INFO] [stdout]    4:     0x5e46af4ea519 - std[617be2ca0a6fd877]::panicking::default_hook
[INFO] [stdout]    5:     0x5e46af379dc0 - test[aada8e7e76ba119b]::test_main_inner::{closure#0}
[INFO] [stdout]    6:     0x5e46af4ea842 - std[617be2ca0a6fd877]::panicking::panic_with_hook
[INFO] [stdout]    7:     0x5e46af4ccf62 - std[617be2ca0a6fd877]::panicking::panic_handler::{closure#0}
[INFO] [stdout]    8:     0x5e46af4c5999 - std[617be2ca0a6fd877]::sys::backtrace::__rust_end_short_backtrace::<std[617be2ca0a6fd877]::panicking::panic_handler::{closure#0}, !>
[INFO] [stdout]    9:     0x5e46af4cdc0d - __rustc[ea4f61d10b84890b]::rust_begin_unwind
[INFO] [stdout]   10:     0x5e46af5093dc - core[a373ad73a504971]::panicking::panic_fmt
[INFO] [stdout]   11:     0x5e46af5091b2 - core[a373ad73a504971]::result::unwrap_failed
[INFO] [stdout]   12:     0x5e46af35427f - hindsight_git[b121c3ce15f9b44b]::parser::tests::get_repo
[INFO] [stdout]   13:     0x5e46af356119 - <hindsight_git[b121c3ce15f9b44b]::parser::tests::test_commit_extraction_fields::{closure#0} as core[a373ad73a504971]::ops::function::FnOnce<()>>::call_once
[INFO] [stdout]   14:     0x5e46af36d20b - test[aada8e7e76ba119b]::__rust_begin_short_backtrace::<core[a373ad73a504971]::result::Result<(), alloc[2e1b2a31b91974c5]::string::String>, fn() -> core[a373ad73a504971]::result::Result<(), alloc[2e1b2a31b91974c5]::string::String>>
[INFO] [stdout]   15:     0x5e46af37a3e5 - test[aada8e7e76ba119b]::run_test::{closure#0}
[INFO] [stdout]   16:     0x5e46af373cd4 - std[617be2ca0a6fd877]::sys::backtrace::__rust_begin_short_backtrace::<test[aada8e7e76ba119b]::run_test::{closure#1}, ()>
[INFO] [stdout]   17:     0x5e46af37d472 - <std[617be2ca0a6fd877]::thread::lifecycle::spawn_unchecked<test[aada8e7e76ba119b]::run_test::{closure#1}, ()>::{closure#1} as core[a373ad73a504971]::ops::function::FnOnce<()>>::call_once::{shim:vtable#0}
[INFO] [stdout]   18:     0x5e46af4f1c2f - <std[617be2ca0a6fd877]::sys::thread::unix::Thread>::new::thread_start
[INFO] [stdout]   19:     0x7b64a253ddfa - <unknown>
[INFO] [stdout]   20:     0x7b64a25d13d4 - clone
[INFO] [stdout]   21:                0x0 - <unknown>
[INFO] [stdout] 
[INFO] [stdout] ---- parser::tests::test_get_commit_by_sha stdout ----
[INFO] [stdout] 
[INFO] [stdout] thread 'parser::tests::test_get_commit_by_sha' (2510) panicked at src/parser.rs:380:34:
[INFO] [stdout] Should open repo: RepositoryNotFound { path: "/opt" }
[INFO] [stdout] stack backtrace:
[INFO] [stdout]    0:     0x5e46af4f2411 - <<std[617be2ca0a6fd877]::sys::backtrace::BacktraceLock>::print::DisplayBacktrace as core[a373ad73a504971]::fmt::Display>::fmt
[INFO] [stdout]    1:     0x5e46af508bfa - core[a373ad73a504971]::fmt::write
[INFO] [stdout]    2:     0x5e46af4f6adc - <alloc[2e1b2a31b91974c5]::vec::Vec<u8> as core[a373ad73a504971]::io::write::Write>::write_fmt
[INFO] [stdout]    3:     0x5e46af4cceb6 - std[617be2ca0a6fd877]::panicking::default_hook::{closure#0}
[INFO] [stdout]    4:     0x5e46af4ea519 - std[617be2ca0a6fd877]::panicking::default_hook
[INFO] [stdout]    5:     0x5e46af379dc0 - test[aada8e7e76ba119b]::test_main_inner::{closure#0}
[INFO] [stdout]    6:     0x5e46af4ea842 - std[617be2ca0a6fd877]::panicking::panic_with_hook
[INFO] [stdout]    7:     0x5e46af4ccf62 - std[617be2ca0a6fd877]::panicking::panic_handler::{closure#0}
[INFO] [stdout]    8:     0x5e46af4c5999 - std[617be2ca0a6fd877]::sys::backtrace::__rust_end_short_backtrace::<std[617be2ca0a6fd877]::panicking::panic_handler::{closure#0}, !>
[INFO] [stdout]    9:     0x5e46af4cdc0d - __rustc[ea4f61d10b84890b]::rust_begin_unwind
[INFO] [stdout]   10:     0x5e46af5093dc - core[a373ad73a504971]::panicking::panic_fmt
[INFO] [stdout]   11:     0x5e46af5091b2 - core[a373ad73a504971]::result::unwrap_failed
[INFO] [stdout]   12:     0x5e46af35427f - hindsight_git[b121c3ce15f9b44b]::parser::tests::get_repo
[INFO] [stdout]   13:     0x5e46af3551b9 - <hindsight_git[b121c3ce15f9b44b]::parser::tests::test_get_commit_by_sha::{closure#0} as core[a373ad73a504971]::ops::function::FnOnce<()>>::call_once
[INFO] [stdout]   14:     0x5e46af36d20b - test[aada8e7e76ba119b]::__rust_begin_short_backtrace::<core[a373ad73a504971]::result::Result<(), alloc[2e1b2a31b91974c5]::string::String>, fn() -> core[a373ad73a504971]::result::Result<(), alloc[2e1b2a31b91974c5]::string::String>>
[INFO] [stdout]   15:     0x5e46af37a3e5 - test[aada8e7e76ba119b]::run_test::{closure#0}
[INFO] [stdout]   16:     0x5e46af373cd4 - std[617be2ca0a6fd877]::sys::backtrace::__rust_begin_short_backtrace::<test[aada8e7e76ba119b]::run_test::{closure#1}, ()>
[INFO] [stdout]   17:     0x5e46af37d472 - <std[617be2ca0a6fd877]::thread::lifecycle::spawn_unchecked<test[aada8e7e76ba119b]::run_test::{closure#1}, ()>::{closure#1} as core[a373ad73a504971]::ops::function::FnOnce<()>>::call_once::{shim:vtable#0}
[INFO] [stdout]   18:     0x5e46af4f1c2f - <std[617be2ca0a6fd877]::sys::thread::unix::Thread>::new::thread_start
[INFO] [stdout]   19:     0x7b64a253ddfa - <unknown>
[INFO] [stdout]   20:     0x7b64a25d13d4 - clone
[INFO] [stdout]   21:                0x0 - <unknown>
[INFO] [stdout] 
[INFO] [stdout] ---- parser::tests::test_head_sha stdout ----
[INFO] [stdout] 
[INFO] [stdout] thread 'parser::tests::test_head_sha' (2512) panicked at src/parser.rs:380:34:
[INFO] [stdout] Should open repo: RepositoryNotFound { path: "/opt" }
[INFO] [stdout] stack backtrace:
[INFO] [stdout]    0:     0x5e46af4f2411 - <<std[617be2ca0a6fd877]::sys::backtrace::BacktraceLock>::print::DisplayBacktrace as core[a373ad73a504971]::fmt::Display>::fmt
[INFO] [stdout]    1:     0x5e46af508bfa - core[a373ad73a504971]::fmt::write
[INFO] [stdout]    2:     0x5e46af4f6adc - <alloc[2e1b2a31b91974c5]::vec::Vec<u8> as core[a373ad73a504971]::io::write::Write>::write_fmt
[INFO] [stdout]    3:     0x5e46af4cceb6 - std[617be2ca0a6fd877]::panicking::default_hook::{closure#0}
[INFO] [stdout]    4:     0x5e46af4ea519 - std[617be2ca0a6fd877]::panicking::default_hook
[INFO] [stdout]    5:     0x5e46af379dc0 - test[aada8e7e76ba119b]::test_main_inner::{closure#0}
[INFO] [stdout]    6:     0x5e46af4ea842 - std[617be2ca0a6fd877]::panicking::panic_with_hook
[INFO] [stdout]    7:     0x5e46af4ccf62 - std[617be2ca0a6fd877]::panicking::panic_handler::{closure#0}
[INFO] [stdout]    8:     0x5e46af4c5999 - std[617be2ca0a6fd877]::sys::backtrace::__rust_end_short_backtrace::<std[617be2ca0a6fd877]::panicking::panic_handler::{closure#0}, !>
[INFO] [stdout]    9:     0x5e46af4cdc0d - __rustc[ea4f61d10b84890b]::rust_begin_unwind
[INFO] [stdout]   10:     0x5e46af5093dc - core[a373ad73a504971]::panicking::panic_fmt
[INFO] [stdout]   11:     0x5e46af5091b2 - core[a373ad73a504971]::result::unwrap_failed
[INFO] [stdout]   12:     0x5e46af35427f - hindsight_git[b121c3ce15f9b44b]::parser::tests::get_repo
[INFO] [stdout]   13:     0x5e46af354c91 - <hindsight_git[b121c3ce15f9b44b]::parser::tests::test_head_sha::{closure#0} as core[a373ad73a504971]::ops::function::FnOnce<()>>::call_once
[INFO] [stdout]   14:     0x5e46af36d20b - test[aada8e7e76ba119b]::__rust_begin_short_backtrace::<core[a373ad73a504971]::result::Result<(), alloc[2e1b2a31b91974c5]::string::String>, fn() -> core[a373ad73a504971]::result::Result<(), alloc[2e1b2a31b91974c5]::string::String>>
[INFO] [stdout]   15:     0x5e46af37a3e5 - test[aada8e7e76ba119b]::run_test::{closure#0}
[INFO] [stdout]   16:     0x5e46af373cd4 - std[617be2ca0a6fd877]::sys::backtrace::__rust_begin_short_backtrace::<test[aada8e7e76ba119b]::run_test::{closure#1}, ()>
[INFO] [stdout]   17:     0x5e46af37d472 - <std[617be2ca0a6fd877]::thread::lifecycle::spawn_unchecked<test[aada8e7e76ba119b]::run_test::{closure#1}, ()>::{closure#1} as core[a373ad73a504971]::ops::function::FnOnce<()>>::call_once::{shim:vtable#0}
[INFO] [stdout]   18:     0x5e46af4f1c2f - <std[617be2ca0a6fd877]::sys::thread::unix::Thread>::new::thread_start
[INFO] [stdout]   19:     0x7b64a253ddfa - <unknown>
[INFO] [stdout]   20:     0x7b64a25d13d4 - clone
[INFO] [stdout]   21:                0x0 - <unknown>
[INFO] [stdout] 
[INFO] [stdout] ---- parser::tests::test_commit_count stdout ----
[INFO] [stdout] 
[INFO] [stdout] thread 'parser::tests::test_commit_count' (2504) panicked at src/parser.rs:380:34:
[INFO] [stdout] Should open repo: RepositoryNotFound { path: "/opt" }
[INFO] [stdout] stack backtrace:
[INFO] [stdout]    0:     0x5e46af4f2411 - <<std[617be2ca0a6fd877]::sys::backtrace::BacktraceLock>::print::DisplayBacktrace as core[a373ad73a504971]::fmt::Display>::fmt
[INFO] [stdout]    1:     0x5e46af508bfa - core[a373ad73a504971]::fmt::write
[INFO] [stdout]    2:     0x5e46af4f6adc - <alloc[2e1b2a31b91974c5]::vec::Vec<u8> as core[a373ad73a504971]::io::write::Write>::write_fmt
[INFO] [stdout]    3:     0x5e46af4cceb6 - std[617be2ca0a6fd877]::panicking::default_hook::{closure#0}
[INFO] [stdout]    4:     0x5e46af4ea519 - std[617be2ca0a6fd877]::panicking::default_hook
[INFO] [stdout]    5:     0x5e46af379dc0 - test[aada8e7e76ba119b]::test_main_inner::{closure#0}
[INFO] [stdout]    6:     0x5e46af4ea842 - std[617be2ca0a6fd877]::panicking::panic_with_hook
[INFO] [stdout]    7:     0x5e46af4ccf62 - std[617be2ca0a6fd877]::panicking::panic_handler::{closure#0}
[INFO] [stdout]    8:     0x5e46af4c5999 - std[617be2ca0a6fd877]::sys::backtrace::__rust_end_short_backtrace::<std[617be2ca0a6fd877]::panicking::panic_handler::{closure#0}, !>
[INFO] [stdout]    9:     0x5e46af4cdc0d - __rustc[ea4f61d10b84890b]::rust_begin_unwind
[INFO] [stdout]   10:     0x5e46af5093dc - core[a373ad73a504971]::panicking::panic_fmt
[INFO] [stdout]   11:     0x5e46af5091b2 - core[a373ad73a504971]::result::unwrap_failed
[INFO] [stdout]   12:     0x5e46af35427f - hindsight_git[b121c3ce15f9b44b]::parser::tests::get_repo
[INFO] [stdout]   13:     0x5e46af354e5d - <hindsight_git[b121c3ce15f9b44b]::parser::tests::test_commit_count::{closure#0} as core[a373ad73a504971]::ops::function::FnOnce<()>>::call_once
[INFO] [stdout]   14:     0x5e46af36d20b - test[aada8e7e76ba119b]::__rust_begin_short_backtrace::<core[a373ad73a504971]::result::Result<(), alloc[2e1b2a31b91974c5]::string::String>, fn() -> core[a373ad73a504971]::result::Result<(), alloc[2e1b2a31b91974c5]::string::String>>
[INFO] [stdout]   15:     0x5e46af37a3e5 - test[aada8e7e76ba119b]::run_test::{closure#0}
[INFO] [stdout]   16:     0x5e46af373cd4 - std[617be2ca0a6fd877]::sys::backtrace::__rust_begin_short_backtrace::<test[aada8e7e76ba119b]::run_test::{closure#1}, ()>
[INFO] [stdout]   17:     0x5e46af37d472 - <std[617be2ca0a6fd877]::thread::lifecycle::spawn_unchecked<test[aada8e7e76ba119b]::run_test::{closure#1}, ()>::{closure#1} as core[a373ad73a504971]::ops::function::FnOnce<()>>::call_once::{shim:vtable#0}
[INFO] [stdout]   18:     0x5e46af4f1c2f - <std[617be2ca0a6fd877]::sys::thread::unix::Thread>::new::thread_start
[INFO] [stdout]   19:     0x7b64a253ddfa - <unknown>
[INFO] [stdout]   20:     0x7b64a25d13d4 - clone
[INFO] [stdout]   21:                0x0 - <unknown>
[INFO] [stdout] 
[INFO] [stdout] ---- parser::tests::test_open_repository stdout ----
[INFO] [stdout] 
[INFO] [stdout] thread 'parser::tests::test_open_repository' (2514) panicked at src/parser.rs:380:34:
[INFO] [stdout] Should open repo: RepositoryNotFound { path: "/opt" }
[INFO] [stdout] stack backtrace:
[INFO] [stdout]    0:     0x5e46af4f2411 - <<std[617be2ca0a6fd877]::sys::backtrace::BacktraceLock>::print::DisplayBacktrace as core[a373ad73a504971]::fmt::Display>::fmt
[INFO] [stdout]    1:     0x5e46af508bfa - core[a373ad73a504971]::fmt::write
[INFO] [stdout]    2:     0x5e46af4f6adc - <alloc[2e1b2a31b91974c5]::vec::Vec<u8> as core[a373ad73a504971]::io::write::Write>::write_fmt
[INFO] [stdout]    3:     0x5e46af4cceb6 - std[617be2ca0a6fd877]::panicking::default_hook::{closure#0}
[INFO] [stdout]    4:     0x5e46af4ea519 - std[617be2ca0a6fd877]::panicking::default_hook
[INFO] [stdout]    5:     0x5e46af379dc0 - test[aada8e7e76ba119b]::test_main_inner::{closure#0}
[INFO] [stdout]    6:     0x5e46af4ea842 - std[617be2ca0a6fd877]::panicking::panic_with_hook
[INFO] [stdout]    7:     0x5e46af4ccf62 - std[617be2ca0a6fd877]::panicking::panic_handler::{closure#0}
[INFO] [stdout]    8:     0x5e46af4c5999 - std[617be2ca0a6fd877]::sys::backtrace::__rust_end_short_backtrace::<std[617be2ca0a6fd877]::panicking::panic_handler::{closure#0}, !>
[INFO] [stdout]    9:     0x5e46af4cdc0d - __rustc[ea4f61d10b84890b]::rust_begin_unwind
[INFO] [stdout]   10:     0x5e46af5093dc - core[a373ad73a504971]::panicking::panic_fmt
[INFO] [stdout]   11:     0x5e46af5091b2 - core[a373ad73a504971]::result::unwrap_failed
[INFO] [stdout]   12:     0x5e46af35427f - hindsight_git[b121c3ce15f9b44b]::parser::tests::get_repo
[INFO] [stdout]   13:     0x5e46af354f2d - <hindsight_git[b121c3ce15f9b44b]::parser::tests::test_open_repository::{closure#0} as core[a373ad73a504971]::ops::function::FnOnce<()>>::call_once
[INFO] [stdout]   14:     0x5e46af36d20b - test[aada8e7e76ba119b]::__rust_begin_short_backtrace::<core[a373ad73a504971]::result::Result<(), alloc[2e1b2a31b91974c5]::string::String>, fn() -> core[a373ad73a504971]::result::Result<(), alloc[2e1b2a31b91974c5]::string::String>>
[INFO] [stdout]   15:     0x5e46af37a3e5 - test[aada8e7e76ba119b]::run_test::{closure#0}
[INFO] [stdout]   16:     0x5e46af373cd4 - std[617be2ca0a6fd877]::sys::backtrace::__rust_begin_short_backtrace::<test[aada8e7e76ba119b]::run_test::{closure#1}, ()>
[INFO] [stdout]   17:     0x5e46af37d472 - <std[617be2ca0a6fd877]::thread::lifecycle::spawn_unchecked<test[aada8e7e76ba119b]::run_test::{closure#1}, ()>::{closure#1} as core[a373ad73a504971]::ops::function::FnOnce<()>>::call_once::{shim:vtable#0}
[INFO] [stdout]   18:     0x5e46af4f1c2f - <std[617be2ca0a6fd877]::sys::thread::unix::Thread>::new::thread_start
[INFO] [stdout]   19:     0x7b64a253ddfa - <unknown>
[INFO] [stdout]   20:     0x7b64a25d13d4 - clone
[INFO] [stdout]   21:                0x0 - <unknown>
[INFO] [stdout] 
[INFO] [stdout] 
[INFO] [stdout] failures:
[INFO] [stdout]     parser::tests::test_commit_count
[INFO] [stdout]     parser::tests::test_commit_extraction_fields
[INFO] [stdout]     parser::tests::test_discover_repository
[INFO] [stdout]     parser::tests::test_get_commit_by_ref
[INFO] [stdout]     parser::tests::test_get_commit_by_sha
[INFO] [stdout]     parser::tests::test_get_invalid_reference
[INFO] [stdout]     parser::tests::test_head_sha
[INFO] [stdout]     parser::tests::test_open_repository
[INFO] [stdout]     parser::tests::test_walk_commits_limit
[INFO] [stdout]     parser::tests::test_walk_commits_with_diff
[INFO] [stdout] 
[INFO] [stdout] test result: FAILED. 27 passed; 10 failed; 0 ignored; 0 measured; 0 filtered out; finished in 0.14s
[INFO] [stdout] 
[INFO] running `Command { std: "docker" "inspect" "737f3888abde007273d8577f726b7c19b16b1ff22ac6c48b198f864daf05a566", kill_on_drop: false }`
[INFO] running `Command { std: "docker" "rm" "-f" "737f3888abde007273d8577f726b7c19b16b1ff22ac6c48b198f864daf05a566", kill_on_drop: false }`
[INFO] [stdout] 737f3888abde007273d8577f726b7c19b16b1ff22ac6c48b198f864daf05a566
