[INFO] fetching crate hightower-mdns 0.1.3...
[INFO] testing hightower-mdns-0.1.3 against 1.99.0-beta.8+cargoflags=--release for beta-release-1.100-2
[INFO] extracting crate hightower-mdns 0.1.3 into /workspace/builds/worker-1-tc1/source
[INFO] started tweaking crates.io crate hightower-mdns 0.1.3
[INFO] removed 0 missing examples
[INFO] removed 0 missing tests
[INFO] finished tweaking crates.io crate hightower-mdns 0.1.3
[INFO] tweaked toml for crates.io crate hightower-mdns 0.1.3 written to /workspace/builds/worker-1-tc1/source/Cargo.toml
[INFO] validating manifest of crates.io crate hightower-mdns 0.1.3 on toolchain 1.99.0-beta.8
[INFO] running `Command { std: CARGO_HOME="/workspace/cargo-home" RUSTUP_HOME="/workspace/rustup-home" "/workspace/cargo-home/bin/cargo" "+1.99.0-beta.8" "metadata" "--manifest-path" "Cargo.toml" "--no-deps", kill_on_drop: false }`
[INFO] crate crates.io crate hightower-mdns 0.1.3 already has a lockfile, it will not be regenerated
[INFO] running `Command { std: CARGO_HOME="/workspace/cargo-home" RUSTUP_HOME="/workspace/rustup-home" "/workspace/cargo-home/bin/cargo" "+1.99.0-beta.8" "fetch" "--manifest-path" "Cargo.toml", kill_on_drop: false }`
[INFO] [stderr]  Downloading crates ...
[INFO] [stderr]   Downloaded windows-targets v0.53.4
[INFO] running `Command { std: "docker" "create" "-v" "/var/lib/crater-agent-workspace/builds/worker-1-tc1/source:/opt/rustwide/workdir:ro,Z" "-v" "/var/lib/crater-agent-workspace/builds/worker-1-tc1/target:/opt/rustwide/target:rw,Z" "-v" "/var/lib/crater-agent-workspace/cargo-home:/opt/rustwide/cargo-home:ro,Z" "-v" "/var/lib/crater-agent-workspace/rustup-home:/opt/rustwide/rustup-home:ro,Z" "-m" "1610612736" "--network" "none" "ghcr.io/rust-lang/crates-build-env/linux@sha256:77db811e55d90add9212f6832c23229e3de5f1c1f9905e8cb07319ea15df73ac" "sleep" "infinity", kill_on_drop: false }`
[INFO] [stdout] afa3ad9698524db04f70ba8b1056c564af3e49206daef4104ec2efdb26309707
[INFO] running `Command { std: "docker" "start" "afa3ad9698524db04f70ba8b1056c564af3e49206daef4104ec2efdb26309707", kill_on_drop: false }`
[INFO] running `Command { std: "docker" "inspect" "afa3ad9698524db04f70ba8b1056c564af3e49206daef4104ec2efdb26309707", kill_on_drop: false }`
[INFO] running `Command { std: "docker" "exec" "-e" "SOURCE_DIR=/opt/rustwide/workdir" "-e" "CARGO_HOME=/opt/rustwide/cargo-home" "-e" "RUSTUP_HOME=/opt/rustwide/rustup-home" "-e" "CARGO_TARGET_DIR=/opt/rustwide/target" "-w" "/opt/rustwide/workdir" "--user" "0:0" "afa3ad9698524db04f70ba8b1056c564af3e49206daef4104ec2efdb26309707" "/opt/rustwide/cargo-home/bin/cargo" "+1.99.0-beta.8" "metadata" "--no-deps" "--format-version=1", kill_on_drop: false }`
[INFO] running `Command { std: "docker" "inspect" "afa3ad9698524db04f70ba8b1056c564af3e49206daef4104ec2efdb26309707", kill_on_drop: false }`
[INFO] running `Command { std: "docker" "exec" "-e" "SOURCE_DIR=/opt/rustwide/workdir" "-e" "CARGO_HOME=/opt/rustwide/cargo-home" "-e" "RUSTUP_HOME=/opt/rustwide/rustup-home" "-e" "CARGO_TARGET_DIR=/opt/rustwide/target" "-e" "CARGO_INCREMENTAL=0" "-e" "RUST_BACKTRACE=full" "-e" "RUSTFLAGS=--cap-lints=warn" "-e" "RUSTDOCFLAGS=--cap-lints=warn" "-w" "/opt/rustwide/workdir" "--user" "0:0" "afa3ad9698524db04f70ba8b1056c564af3e49206daef4104ec2efdb26309707" "/opt/rustwide/cargo-home/bin/cargo" "+1.99.0-beta.8" "build" "--frozen" "--message-format=json" "--release", kill_on_drop: false }`
[INFO] [stderr]    Compiling proc-macro2 v1.0.101
[INFO] [stderr]    Compiling libc v0.2.176
[INFO] [stderr]    Compiling unicode-ident v1.0.19
[INFO] [stderr]    Compiling quote v1.0.41
[INFO] [stderr]    Compiling log v0.4.28
[INFO] [stderr]    Compiling syn v2.0.106
[INFO] [stderr]    Compiling socket2 v0.6.0
[INFO] [stderr]    Compiling mio v1.0.4
[INFO] [stderr]    Compiling socket2 v0.5.10
[INFO] [stderr]    Compiling tokio-macros v2.5.0
[INFO] [stderr]    Compiling tokio v1.47.1
[INFO] [stderr]    Compiling hightower-mdns v0.1.3 (/opt/rustwide/workdir)
[INFO] [stderr]     Finished `release` profile [optimized] target(s) in 14.89s
[INFO] running `Command { std: "docker" "inspect" "afa3ad9698524db04f70ba8b1056c564af3e49206daef4104ec2efdb26309707", kill_on_drop: false }`
[INFO] running `Command { std: "docker" "exec" "-e" "SOURCE_DIR=/opt/rustwide/workdir" "-e" "CARGO_HOME=/opt/rustwide/cargo-home" "-e" "RUSTUP_HOME=/opt/rustwide/rustup-home" "-e" "CARGO_TARGET_DIR=/opt/rustwide/target" "-e" "CARGO_INCREMENTAL=0" "-e" "RUST_BACKTRACE=full" "-e" "RUSTFLAGS=--cap-lints=warn" "-e" "RUSTDOCFLAGS=--cap-lints=warn" "-w" "/opt/rustwide/workdir" "--user" "0:0" "afa3ad9698524db04f70ba8b1056c564af3e49206daef4104ec2efdb26309707" "/opt/rustwide/cargo-home/bin/cargo" "+1.99.0-beta.8" "test" "--frozen" "--no-run" "--message-format=json" "--release", kill_on_drop: false }`
[INFO] [stderr]    Compiling aho-corasick v1.1.3
[INFO] [stderr]    Compiling regex-syntax v0.8.6
[INFO] [stderr]    Compiling log v0.4.28
[INFO] [stderr]    Compiling is_terminal_polyfill v1.70.1
[INFO] [stderr]    Compiling anstyle-query v1.1.4
[INFO] [stderr]    Compiling jiff v0.2.15
[INFO] [stderr]    Compiling anstream v0.6.20
[INFO] [stderr]    Compiling hightower-mdns v0.1.3 (/opt/rustwide/workdir)
[INFO] [stderr]    Compiling regex-automata v0.4.11
[INFO] [stderr]    Compiling regex v1.11.3
[INFO] [stderr]    Compiling env_filter v0.1.3
[INFO] [stderr]    Compiling env_logger v0.11.8
[INFO] [stderr]     Finished `release` profile [optimized] target(s) in 27.28s
[INFO] running `Command { std: "docker" "inspect" "afa3ad9698524db04f70ba8b1056c564af3e49206daef4104ec2efdb26309707", kill_on_drop: false }`
[INFO] running `Command { std: "docker" "exec" "-e" "SOURCE_DIR=/opt/rustwide/workdir" "-e" "CARGO_HOME=/opt/rustwide/cargo-home" "-e" "RUSTUP_HOME=/opt/rustwide/rustup-home" "-e" "CARGO_TARGET_DIR=/opt/rustwide/target" "-e" "CARGO_INCREMENTAL=0" "-e" "RUST_BACKTRACE=full" "-e" "RUSTFLAGS=--cap-lints=warn" "-e" "RUSTDOCFLAGS=--cap-lints=warn" "-w" "/opt/rustwide/workdir" "--user" "0:0" "afa3ad9698524db04f70ba8b1056c564af3e49206daef4104ec2efdb26309707" "/opt/rustwide/cargo-home/bin/cargo" "+1.99.0-beta.8" "test" "--frozen" "--release", kill_on_drop: false }`
[INFO] [stderr]     Finished `release` profile [optimized] target(s) in 0.07s
[INFO] [stderr]      Running unittests src/lib.rs (/opt/rustwide/target/release/deps/hightower_mdns-d29d61e4b9ab5195)
[INFO] [stdout] 
[INFO] [stdout] running 7 tests
[INFO] [stdout] test packet::tests::test_build_goodbye_packet ... ok
[INFO] [stdout] test packet::tests::test_build_mdns_packet ... ok
[INFO] [stdout] test packet::tests::test_build_mdns_query ... ok
[INFO] [stdout] test packet::tests::test_parse_mdns_response ... ok
[INFO] [stdout] test tests::test_new_with_name ... FAILED
[INFO] [stdout] test tests::test_with_custom_interval ... FAILED
[INFO] [stdout] test packet::tests::test_parse_mdns_query ... ok
[INFO] [stdout] 
[INFO] [stdout] failures:
[INFO] [stdout] 
[INFO] [stdout] ---- tests::test_new_with_name stdout ----
[INFO] [stdout] 
[INFO] [stdout] thread 'tests::test_new_with_name' (758) panicked at src/lib.rs:178:44:
[INFO] [stdout] called `Result::unwrap()` on an `Err` value: Os { code: 19, kind: Uncategorized, message: "No such device" }
[INFO] [stdout] stack backtrace:
[INFO] [stdout]    0:     0x581b7aa5b141 - <<std[70759c8f55707aa4]::sys::backtrace::BacktraceLock>::print::DisplayBacktrace as core[df12db4294e9bfd3]::fmt::Display>::fmt
[INFO] [stdout]    1:     0x581b7aa6f31a - core[df12db4294e9bfd3]::fmt::write
[INFO] [stdout]    2:     0x581b7aa5f5dc - <alloc[2182bb758b4b3781]::vec::Vec<u8> as core[df12db4294e9bfd3]::io::write::Write>::write_fmt
[INFO] [stdout]    3:     0x581b7aa37686 - std[70759c8f55707aa4]::panicking::default_hook::{closure#0}
[INFO] [stdout]    4:     0x581b7aa537f9 - std[70759c8f55707aa4]::panicking::default_hook
[INFO] [stdout]    5:     0x581b7a9ef770 - test[9d35eded1c95d3be]::test_main_inner::<test[9d35eded1c95d3be]::test_main_static::{closure#0}>::{closure#0}
[INFO] [stdout]    6:     0x581b7aa539b2 - std[70759c8f55707aa4]::panicking::panic_with_hook
[INFO] [stdout]    7:     0x581b7aa37732 - std[70759c8f55707aa4]::panicking::panic_handler::{closure#0}
[INFO] [stdout]    8:     0x581b7aa304b9 - std[70759c8f55707aa4]::sys::backtrace::__rust_end_short_backtrace::<std[70759c8f55707aa4]::panicking::panic_handler::{closure#0}, !>
[INFO] [stdout]    9:     0x581b7aa3832d - __rustc[8fa7c3cbc660c2b3]::rust_begin_unwind
[INFO] [stdout]   10:     0x581b7aa6fa4c - core[df12db4294e9bfd3]::panicking::panic_fmt
[INFO] [stdout]   11:     0x581b7aa6f822 - core[df12db4294e9bfd3]::result::unwrap_failed
[INFO] [stdout]   12:     0x581b7a9e04b7 - hightower_mdns[8b20c5545ca5d57]::tests::test_new_with_name
[INFO] [stdout]   13:     0x581b7a9e20f9 - <hightower_mdns[8b20c5545ca5d57]::tests::test_new_with_name::{closure#0} as core[df12db4294e9bfd3]::ops::function::FnOnce<()>>::call_once
[INFO] [stdout]   14:     0x581b7a9e2a5b - test[9d35eded1c95d3be]::__rust_begin_short_backtrace::<core[df12db4294e9bfd3]::result::Result<(), alloc[2182bb758b4b3781]::string::String>, fn() -> core[df12db4294e9bfd3]::result::Result<(), alloc[2182bb758b4b3781]::string::String>>
[INFO] [stdout]   15:     0x581b7a9f00c5 - test[9d35eded1c95d3be]::run_test::{closure#0}
[INFO] [stdout]   16:     0x581b7a9e9984 - std[70759c8f55707aa4]::sys::backtrace::__rust_begin_short_backtrace::<test[9d35eded1c95d3be]::run_test::{closure#1}, ()>
[INFO] [stdout]   17:     0x581b7a9f3222 - <std[70759c8f55707aa4]::thread::lifecycle::spawn_unchecked<test[9d35eded1c95d3be]::run_test::{closure#1}, ()>::{closure#1} as core[df12db4294e9bfd3]::ops::function::FnOnce<()>>::call_once::{shim:vtable#0}
[INFO] [stdout]   18:     0x581b7aa5aa19 - <std[70759c8f55707aa4]::sys::thread::unix::Thread>::new::thread_start
[INFO] [stdout]   19:     0x7e7664a48dfa - <unknown>
[INFO] [stdout]   20:     0x7e7664adc3d4 - clone
[INFO] [stdout]   21:                0x0 - <unknown>
[INFO] [stdout] 
[INFO] [stdout] ---- tests::test_with_custom_interval stdout ----
[INFO] [stdout] 
[INFO] [stdout] thread 'tests::test_with_custom_interval' (759) panicked at src/lib.rs:187:79:
[INFO] [stdout] called `Result::unwrap()` on an `Err` value: Os { code: 19, kind: Uncategorized, message: "No such device" }
[INFO] [stdout] stack backtrace:
[INFO] [stdout]    0:     0x581b7aa5b141 - <<std[70759c8f55707aa4]::sys::backtrace::BacktraceLock>::print::DisplayBacktrace as core[df12db4294e9bfd3]::fmt::Display>::fmt
[INFO] [stdout]    1:     0x581b7aa6f31a - core[df12db4294e9bfd3]::fmt::write
[INFO] [stdout]    2:     0x581b7aa5f5dc - <alloc[2182bb758b4b3781]::vec::Vec<u8> as core[df12db4294e9bfd3]::io::write::Write>::write_fmt
[INFO] [stdout]    3:     0x581b7aa37686 - std[70759c8f55707aa4]::panicking::default_hook::{closure#0}
[INFO] [stdout]    4:     0x581b7aa537f9 - std[70759c8f55707aa4]::panicking::default_hook
[INFO] [stdout]    5:     0x581b7a9ef770 - test[9d35eded1c95d3be]::test_main_inner::<test[9d35eded1c95d3be]::test_main_static::{closure#0}>::{closure#0}
[INFO] [stdout]    6:     0x581b7aa539b2 - std[70759c8f55707aa4]::panicking::panic_with_hook
[INFO] [stdout]    7:     0x581b7aa37732 - std[70759c8f55707aa4]::panicking::panic_handler::{closure#0}
[INFO] [stdout]    8:     0x581b7aa304b9 - std[70759c8f55707aa4]::sys::backtrace::__rust_end_short_backtrace::<std[70759c8f55707aa4]::panicking::panic_handler::{closure#0}, !>
[INFO] [stdout]    9:     0x581b7aa3832d - __rustc[8fa7c3cbc660c2b3]::rust_begin_unwind
[INFO] [stdout]   10:     0x581b7aa6fa4c - core[df12db4294e9bfd3]::panicking::panic_fmt
[INFO] [stdout]   11:     0x581b7aa6f822 - core[df12db4294e9bfd3]::result::unwrap_failed
[INFO] [stdout]   12:     0x581b7a9e0687 - hightower_mdns[8b20c5545ca5d57]::tests::test_with_custom_interval
[INFO] [stdout]   13:     0x581b7a9e2119 - <hightower_mdns[8b20c5545ca5d57]::tests::test_with_custom_interval::{closure#0} as core[df12db4294e9bfd3]::ops::function::FnOnce<()>>::call_once
[INFO] [stdout]   14:     0x581b7a9e2a5b - test[9d35eded1c95d3be]::__rust_begin_short_backtrace::<core[df12db4294e9bfd3]::result::Result<(), alloc[2182bb758b4b3781]::string::String>, fn() -> core[df12db4294e9bfd3]::result::Result<(), alloc[2182bb758b4b3781]::string::String>>
[INFO] [stdout]   15:     0x581b7a9f00c5 - test[9d35eded1c95d3be]::run_test::{closure#0}
[INFO] [stdout]   16:     0x581b7a9e9984 - std[70759c8f55707aa4]::sys::backtrace::__rust_begin_short_backtrace::<test[9d35eded1c95d3be]::run_test::{closure#1}, ()>
[INFO] [stdout]   17:     0x581b7a9f3222 - <std[70759c8f55707aa4]::thread::lifecycle::spawn_unchecked<test[9d35eded1c95d3be]::run_test::{closure#1}, ()>::{closure#1} as core[df12db4294e9bfd3]::ops::function::FnOnce<()>>::call_once::{shim:vtable#0}
[INFO] [stdout]   18:     0x581b7aa5aa19 - <std[70759c8f55707aa4]::sys::thread::unix::Thread>::new::thread_start
[INFO] [stdout]   19:     0x7e7664a48dfa - <unknown>
[INFO] [stdout]   20:     0x7e7664adc3d4 - clone
[INFO] [stdout]   21:                0x0 - <unknown>
[INFO] [stdout] 
[INFO] [stdout] 
[INFO] [stdout] failures:
[INFO] [stdout]     tests::test_new_with_name
[INFO] [stdout]     tests::test_with_custom_interval
[INFO] [stdout] 
[INFO] [stdout] test result: FAILED. 5 passed; 2 failed; 0 ignored; 0 measured; 0 filtered out; finished in 0.00s
[INFO] [stdout] 
[INFO] [stderr] error: test failed, to rerun pass `--lib`
[INFO] running `Command { std: "docker" "inspect" "afa3ad9698524db04f70ba8b1056c564af3e49206daef4104ec2efdb26309707", kill_on_drop: false }`
[INFO] running `Command { std: "docker" "rm" "-f" "afa3ad9698524db04f70ba8b1056c564af3e49206daef4104ec2efdb26309707", kill_on_drop: false }`
[INFO] [stdout] afa3ad9698524db04f70ba8b1056c564af3e49206daef4104ec2efdb26309707
