[INFO] fetching crate highlight-ez 0.2.6...
[INFO] testing highlight-ez-0.2.6 against 1.100.0-beta.1+cargoflags=--release for beta-release-1.100-2
[INFO] extracting crate highlight-ez 0.2.6 into /workspace/builds/worker-4-tc2/source
[INFO] started tweaking crates.io crate highlight-ez 0.2.6
[INFO] finished tweaking crates.io crate highlight-ez 0.2.6
[INFO] tweaked toml for crates.io crate highlight-ez 0.2.6 written to /workspace/builds/worker-4-tc2/source/Cargo.toml
[INFO] validating manifest of crates.io crate highlight-ez 0.2.6 on toolchain 1.100.0-beta.1
[INFO] running `Command { std: CARGO_HOME="/workspace/cargo-home" RUSTUP_HOME="/workspace/rustup-home" "/workspace/cargo-home/bin/cargo" "+1.100.0-beta.1" "metadata" "--manifest-path" "Cargo.toml" "--no-deps", kill_on_drop: false }`
[INFO] running `Command { std: CARGO_HOME="/workspace/cargo-home" RUSTUP_HOME="/workspace/rustup-home" "/workspace/cargo-home/bin/cargo" "+1.100.0-beta.1" "generate-lockfile" "--manifest-path" "Cargo.toml", kill_on_drop: false }`
[INFO] [stderr]     Updating crates.io index
[INFO] [stderr]      Locking 191 packages to highest compatible versions
[INFO] [stderr]       Adding git2 v0.18.3 (available: v0.21.0)
[INFO] [stderr]       Adding thiserror v1.0.69 (available: v2.0.21)
[INFO] [stderr]       Adding tree-sitter v0.22.6 (available: v0.27.1)
[INFO] [stderr]       Adding tree-sitter-cli v0.22.6 (available: v0.27.1)
[INFO] [stderr]       Adding tree-sitter-config v0.22.6 (available: v0.27.1)
[INFO] [stderr]       Adding tree-sitter-highlight v0.22.6 (available: v0.27.1)
[INFO] [stderr]       Adding tree-sitter-loader v0.22.6 (available: v0.27.1)
[INFO] running `Command { std: CARGO_HOME="/workspace/cargo-home" RUSTUP_HOME="/workspace/rustup-home" "/workspace/cargo-home/bin/cargo" "+1.100.0-beta.1" "fetch" "--manifest-path" "Cargo.toml", kill_on_drop: false }`
[INFO] running `Command { std: "docker" "create" "-v" "/var/lib/crater-agent-workspace/builds/worker-4-tc2/source:/opt/rustwide/workdir:ro,Z" "-v" "/var/lib/crater-agent-workspace/builds/worker-4-tc2/target:/opt/rustwide/target:rw,Z" "-v" "/var/lib/crater-agent-workspace/cargo-home:/opt/rustwide/cargo-home:ro,Z" "-v" "/var/lib/crater-agent-workspace/rustup-home:/opt/rustwide/rustup-home:ro,Z" "-m" "1610612736" "--network" "none" "ghcr.io/rust-lang/crates-build-env/linux@sha256:77db811e55d90add9212f6832c23229e3de5f1c1f9905e8cb07319ea15df73ac" "sleep" "infinity", kill_on_drop: false }`
[INFO] [stdout] 98bc9c4a8cc43c3310d61879a8687b1fd3e6ca016e7c1e33b92aec1abb61ab0d
[INFO] running `Command { std: "docker" "start" "98bc9c4a8cc43c3310d61879a8687b1fd3e6ca016e7c1e33b92aec1abb61ab0d", kill_on_drop: false }`
[INFO] running `Command { std: "docker" "inspect" "98bc9c4a8cc43c3310d61879a8687b1fd3e6ca016e7c1e33b92aec1abb61ab0d", kill_on_drop: false }`
[INFO] running `Command { std: "docker" "exec" "-e" "SOURCE_DIR=/opt/rustwide/workdir" "-e" "CARGO_HOME=/opt/rustwide/cargo-home" "-e" "RUSTUP_HOME=/opt/rustwide/rustup-home" "-e" "CARGO_TARGET_DIR=/opt/rustwide/target" "-w" "/opt/rustwide/workdir" "--user" "0:0" "98bc9c4a8cc43c3310d61879a8687b1fd3e6ca016e7c1e33b92aec1abb61ab0d" "/opt/rustwide/cargo-home/bin/cargo" "+1.100.0-beta.1" "metadata" "--no-deps" "--format-version=1", kill_on_drop: false }`
[INFO] running `Command { std: "docker" "inspect" "98bc9c4a8cc43c3310d61879a8687b1fd3e6ca016e7c1e33b92aec1abb61ab0d", kill_on_drop: false }`
[INFO] running `Command { std: "docker" "exec" "-e" "SOURCE_DIR=/opt/rustwide/workdir" "-e" "CARGO_HOME=/opt/rustwide/cargo-home" "-e" "RUSTUP_HOME=/opt/rustwide/rustup-home" "-e" "CARGO_TARGET_DIR=/opt/rustwide/target" "-e" "CARGO_INCREMENTAL=0" "-e" "RUST_BACKTRACE=full" "-e" "RUSTFLAGS=--cap-lints=warn" "-e" "RUSTDOCFLAGS=--cap-lints=warn" "-w" "/opt/rustwide/workdir" "--user" "0:0" "98bc9c4a8cc43c3310d61879a8687b1fd3e6ca016e7c1e33b92aec1abb61ab0d" "/opt/rustwide/cargo-home/bin/cargo" "+1.100.0-beta.1" "build" "--frozen" "--message-format=json" "--release", kill_on_drop: false }`
[INFO] [stderr]    Compiling find-msvc-tools v0.1.14
[INFO] [stderr]    Compiling libc v0.2.191
[INFO] [stderr]    Compiling memchr v2.8.3
[INFO] [stderr]    Compiling bitflags v2.13.2
[INFO] [stderr]    Compiling smallvec v1.16.3
[INFO] [stderr]    Compiling rustix v1.1.5
[INFO] [stderr]    Compiling syn v3.0.9
[INFO] [stderr]    Compiling jobserver v0.1.35
[INFO] [stderr]    Compiling syn v2.0.119
[INFO] [stderr]    Compiling ahash v0.8.12
[INFO] [stderr]    Compiling rustix v0.38.44
[INFO] [stderr]    Compiling option-ext v0.2.0
[INFO] [stderr]    Compiling serde_json v1.0.154
[INFO] [stderr]    Compiling percent-encoding v2.3.2
[INFO] [stderr]    Compiling cfg_aliases v0.2.2
[INFO] [stderr]    Compiling anstyle-parse v1.0.0
[INFO] [stderr]    Compiling nix v0.31.3
[INFO] [stderr]    Compiling form_urlencoded v1.2.2
[INFO] [stderr]    Compiling anyhow v1.0.104
[INFO] [stderr]    Compiling colorchoice v1.0.5
[INFO] [stderr]    Compiling linux-raw-sys v0.4.15
[INFO] [stderr]    Compiling anstyle v1.0.14
[INFO] [stderr]    Compiling cc v1.8.0
[INFO] [stderr]    Compiling clap_lex v1.1.1
[INFO] [stderr]    Compiling tree-sitter-loader v0.22.6
[INFO] [stderr]    Compiling shlex v2.0.1
[INFO] [stderr]    Compiling hashbrown v0.14.5
[INFO] [stderr]    Compiling anstream v1.0.0
[INFO] [stderr]    Compiling libloading v0.8.9
[INFO] [stderr]    Compiling chunked_transfer v1.5.0
[INFO] [stderr]    Compiling tree-sitter-cli v0.22.6
[INFO] [stderr]    Compiling semver v1.0.28
[INFO] [stderr]    Compiling indoc v2.0.8
[INFO] [stderr]    Compiling same-file v1.0.6
[INFO] [stderr]    Compiling ascii v1.1.0
[INFO] [stderr]    Compiling clap_builder v4.6.7
[INFO] [stderr]    Compiling walkdir v2.5.0
[INFO] [stderr]    Compiling html-escape v0.2.15
[INFO] [stderr]    Compiling aho-corasick v1.1.5
[INFO] [stderr]    Compiling tiny_http v0.12.0
[INFO] [stderr]    Compiling openssl-probe v0.1.6
[INFO] [stderr]    Compiling wasmparser v0.206.0
[INFO] [stderr]    Compiling glob v0.3.4
[INFO] [stderr]    Compiling heck v0.5.0
[INFO] [stderr]    Compiling smallbitvec v2.6.1
[INFO] [stderr]    Compiling rustc-hash v1.1.0
[INFO] [stderr]    Compiling difference v2.0.0
[INFO] [stderr]    Compiling tree-sitter v0.22.6
[INFO] [stderr]    Compiling openssl-sys v0.9.117
[INFO] [stderr]    Compiling libz-sys v1.1.30
[INFO] [stderr]    Compiling regex-automata v0.4.18
[INFO] [stderr]    Compiling libssh2-sys v0.3.3
[INFO] [stderr]    Compiling libgit2-sys v0.16.2+1.7.2
[INFO] [stderr]    Compiling thiserror-impl v1.0.69
[INFO] [stderr]    Compiling dirs-sys v0.4.1
[INFO] [stderr]    Compiling dirs v5.0.1
[INFO] [stderr]    Compiling getrandom v0.4.3
[INFO] [stderr]    Compiling tempfile v3.27.0
[INFO] [stderr]    Compiling fs4 v0.8.4
[INFO] [stderr]    Compiling synstructure v0.14.0
[INFO] [stderr]    Compiling thiserror v1.0.69
[INFO] [stderr]    Compiling filetime v0.2.29
[INFO] [stderr]    Compiling highlight-ez v0.2.6 (/opt/rustwide/workdir)
[INFO] [stderr]    Compiling ctrlc v3.5.2
[INFO] [stderr]    Compiling zerofrom-derive v0.1.8
[INFO] [stderr]    Compiling yoke-derive v0.8.4
[INFO] [stderr]    Compiling zerovec-derive v0.11.6
[INFO] [stderr]    Compiling displaydoc v0.2.7
[INFO] [stderr]    Compiling regex v1.13.1
[INFO] [stderr]    Compiling serde_derive v1.0.229
[INFO] [stderr]    Compiling zerofrom v0.1.8
[INFO] [stderr]    Compiling yoke v0.8.3
[INFO] [stderr]    Compiling clap_derive v4.6.7
[INFO] [stderr]    Compiling zerotrie v0.2.5
[INFO] [stderr]    Compiling zerovec v0.11.8
[INFO] [stderr]    Compiling tinystr v0.8.4
[INFO] [stderr]    Compiling potential_utf v0.1.6
[INFO] [stderr]    Compiling icu_locale_core v2.3.0
[INFO] [stderr]    Compiling icu_collections v2.3.0
[INFO] [stderr]    Compiling clap v4.6.7
[INFO] [stderr]    Compiling icu_provider v2.3.1
[INFO] [stderr]    Compiling serde v1.0.229
[INFO] [stderr]    Compiling icu_normalizer v2.3.0
[INFO] [stderr]    Compiling icu_properties v2.3.0
[INFO] [stderr]    Compiling tree-sitter-config v0.22.6
[INFO] [stderr]    Compiling idna_adapter v1.2.2
[INFO] [stderr]    Compiling idna v1.1.0
[INFO] [stderr]    Compiling url v2.5.8
[INFO] [stderr]    Compiling webbrowser v1.2.4
[INFO] [stderr]    Compiling tree-sitter-highlight v0.22.6
[INFO] [stderr]    Compiling tree-sitter-tags v0.22.6
[INFO] [stderr]    Compiling git2 v0.18.3
[INFO] [stderr] warning: unused dependency `cc`
[INFO] [stderr]  --> Cargo.toml:1:21
[INFO] [stderr]   |
[INFO] [stderr] 1 | [build-dependencies.cc]
[INFO] [stderr]   |                     ^^^
[INFO] [stderr]   |
[INFO] [stderr]   = note: `cargo::unused_dependencies` is set to `warn` by default
[INFO] [stderr] help: consider removing the dependency on `cc`
[INFO] [stderr] warning: `highlight-ez` (manifest) generated 1 warning
[INFO] [stderr]     Finished `release` profile [optimized] target(s) in 2m 13s
[INFO] running `Command { std: "docker" "inspect" "98bc9c4a8cc43c3310d61879a8687b1fd3e6ca016e7c1e33b92aec1abb61ab0d", kill_on_drop: false }`
[INFO] running `Command { std: "docker" "exec" "-e" "SOURCE_DIR=/opt/rustwide/workdir" "-e" "CARGO_HOME=/opt/rustwide/cargo-home" "-e" "RUSTUP_HOME=/opt/rustwide/rustup-home" "-e" "CARGO_TARGET_DIR=/opt/rustwide/target" "-e" "CARGO_INCREMENTAL=0" "-e" "RUST_BACKTRACE=full" "-e" "RUSTFLAGS=--cap-lints=warn" "-e" "RUSTDOCFLAGS=--cap-lints=warn" "-w" "/opt/rustwide/workdir" "--user" "0:0" "98bc9c4a8cc43c3310d61879a8687b1fd3e6ca016e7c1e33b92aec1abb61ab0d" "/opt/rustwide/cargo-home/bin/cargo" "+1.100.0-beta.1" "test" "--frozen" "--no-run" "--message-format=json" "--release", kill_on_drop: false }`
[INFO] [stderr]    Compiling highlight-ez v0.2.6 (/opt/rustwide/workdir)
[INFO] [stderr] warning: unused dependency `cc`
[INFO] [stderr]  --> Cargo.toml:1:21
[INFO] [stderr]   |
[INFO] [stderr] 1 | [build-dependencies.cc]
[INFO] [stderr]   |                     ^^^
[INFO] [stderr]   |
[INFO] [stderr]   = note: `cargo::unused_dependencies` is set to `warn` by default
[INFO] [stderr] help: consider removing the dependency on `cc`
[INFO] [stderr] warning: `highlight-ez` (manifest) generated 1 warning
[INFO] [stderr]     Finished `release` profile [optimized] target(s) in 2.38s
[INFO] running `Command { std: "docker" "inspect" "98bc9c4a8cc43c3310d61879a8687b1fd3e6ca016e7c1e33b92aec1abb61ab0d", kill_on_drop: false }`
[INFO] running `Command { std: "docker" "exec" "-e" "SOURCE_DIR=/opt/rustwide/workdir" "-e" "CARGO_HOME=/opt/rustwide/cargo-home" "-e" "RUSTUP_HOME=/opt/rustwide/rustup-home" "-e" "CARGO_TARGET_DIR=/opt/rustwide/target" "-e" "CARGO_INCREMENTAL=0" "-e" "RUST_BACKTRACE=full" "-e" "RUSTFLAGS=--cap-lints=warn" "-e" "RUSTDOCFLAGS=--cap-lints=warn" "-w" "/opt/rustwide/workdir" "--user" "0:0" "98bc9c4a8cc43c3310d61879a8687b1fd3e6ca016e7c1e33b92aec1abb61ab0d" "/opt/rustwide/cargo-home/bin/cargo" "+1.100.0-beta.1" "test" "--frozen" "--release", kill_on_drop: false }`
[INFO] [stderr] warning: unused dependency `cc`
[INFO] [stderr]  --> Cargo.toml:1:21
[INFO] [stderr]   |
[INFO] [stderr] 1 | [build-dependencies.cc]
[INFO] [stderr]   |                     ^^^
[INFO] [stderr]   |
[INFO] [stderr]   = note: `cargo::unused_dependencies` is set to `warn` by default
[INFO] [stderr] help: consider removing the dependency on `cc`
[INFO] [stderr] warning: `highlight-ez` (manifest) generated 1 warning
[INFO] [stderr]     Finished `release` profile [optimized] target(s) in 0.16s
[INFO] [stderr]      Running unittests src/lib.rs (/opt/rustwide/target/release/build/highlight-ez/64f1fa4f86c87f44/out/highlight_ez-64f1fa4f86c87f44)
[INFO] [stdout] 
[INFO] [stdout] running 2 tests
[INFO] [stdout] test tests::render_html ... FAILED
[INFO] [stdout] test tests::generate_parser ... FAILED
[INFO] [stdout] 
[INFO] [stdout] failures:
[INFO] [stdout] 
[INFO] [stdout] ---- tests::render_html stdout ----
[INFO] [stdout] 
[INFO] [stdout] thread 'tests::render_html' (2811) panicked at src/lib.rs:229:14:
[INFO] [stdout] called `Result::unwrap()` on an `Err` value: Os { code: 30, kind: ReadOnlyFilesystem, message: "Read-only file system" }
[INFO] [stdout] stack backtrace:
[INFO] [stdout]    0:     0x6411c72d1ce1 - <<std[617be2ca0a6fd877]::sys::backtrace::BacktraceLock>::print::DisplayBacktrace as core[a373ad73a504971]::fmt::Display>::fmt
[INFO] [stdout]    1:     0x6411c72ea43a - core[a373ad73a504971]::fmt::write
[INFO] [stdout]    2:     0x6411c72d7eec - <alloc[2e1b2a31b91974c5]::vec::Vec<u8> as core[a373ad73a504971]::io::write::Write>::write_fmt
[INFO] [stdout]    3:     0x6411c72a9af6 - std[617be2ca0a6fd877]::panicking::default_hook::{closure#0}
[INFO] [stdout]    4:     0x6411c72c8cd9 - std[617be2ca0a6fd877]::panicking::default_hook
[INFO] [stdout]    5:     0x6411c6ff6170 - test[aada8e7e76ba119b]::test_main_inner::{closure#0}
[INFO] [stdout]    6:     0x6411c72c9002 - std[617be2ca0a6fd877]::panicking::panic_with_hook
[INFO] [stdout]    7:     0x6411c72a9ba2 - std[617be2ca0a6fd877]::panicking::panic_handler::{closure#0}
[INFO] [stdout]    8:     0x6411c72a1e19 - std[617be2ca0a6fd877]::sys::backtrace::__rust_end_short_backtrace::<std[617be2ca0a6fd877]::panicking::panic_handler::{closure#0}, !>
[INFO] [stdout]    9:     0x6411c72aa95d - __rustc[ea4f61d10b84890b]::rust_begin_unwind
[INFO] [stdout]   10:     0x6411c72eac1c - core[a373ad73a504971]::panicking::panic_fmt
[INFO] [stdout]   11:     0x6411c72ea9f2 - core[a373ad73a504971]::result::unwrap_failed
[INFO] [stdout]   12:     0x6411c6f16826 - <highlight_ez[debae7caa5335181]::tests::render_html::{closure#0} as core[a373ad73a504971]::ops::function::FnOnce<()>>::call_once
[INFO] [stdout]   13:     0x6411c6fe95bb - test[aada8e7e76ba119b]::__rust_begin_short_backtrace::<core[a373ad73a504971]::result::Result<(), alloc[2e1b2a31b91974c5]::string::String>, fn() -> core[a373ad73a504971]::result::Result<(), alloc[2e1b2a31b91974c5]::string::String>>
[INFO] [stdout]   14:     0x6411c6ff6795 - test[aada8e7e76ba119b]::run_test::{closure#0}
[INFO] [stdout]   15:     0x6411c6ff0084 - std[617be2ca0a6fd877]::sys::backtrace::__rust_begin_short_backtrace::<test[aada8e7e76ba119b]::run_test::{closure#1}, ()>
[INFO] [stdout]   16:     0x6411c6ff9822 - <std[617be2ca0a6fd877]::thread::lifecycle::spawn_unchecked<test[aada8e7e76ba119b]::run_test::{closure#1}, ()>::{closure#1} as core[a373ad73a504971]::ops::function::FnOnce<()>>::call_once::{shim:vtable#0}
[INFO] [stdout]   17:     0x6411c72d0c5f - <std[617be2ca0a6fd877]::sys::thread::unix::Thread>::new::thread_start
[INFO] [stdout]   18:     0x7e33af675dfa - <unknown>
[INFO] [stdout]   19:     0x7e33af7093d4 - clone
[INFO] [stdout]   20:                0x0 - <unknown>
[INFO] [stdout] 
[INFO] [stdout] ---- tests::generate_parser stdout ----
[INFO] [stdout] Unable to create rust parser: failed to resolve address for github.com: Temporary failure in name resolution; class=Net (12)
[INFO] [stdout] Unable to create python parser: failed to resolve address for github.com: Temporary failure in name resolution; class=Net (12)
[INFO] [stdout] Unable to create html parser: failed to resolve address for github.com: Temporary failure in name resolution; class=Net (12)
[INFO] [stdout] Unable to create json parser: failed to resolve address for github.com: Temporary failure in name resolution; class=Net (12)
[INFO] [stdout] Unable to create js parser: failed to resolve address for github.com: Temporary failure in name resolution; class=Net (12)
[INFO] [stdout] 
[INFO] [stdout] thread 'tests::generate_parser' (2810) panicked at src/lib.rs:250:62:
[INFO] [stdout] called `Result::unwrap()` on an `Err` value: Could not find shared library for language parser
[INFO] [stdout] 
[INFO] [stdout] Stack backtrace:
[INFO] [stdout]    0: <anyhow::Error as core::convert::From<highlight_ez::error::HtmlRenderingError>>::from
[INFO] [stdout]    1: highlight_ez::check_for_parser
[INFO] [stdout]    2: <highlight_ez::tests::generate_parser::{closure#0} as core::ops::function::FnOnce<()>>::call_once
[INFO] [stdout]    3: test::__rust_begin_short_backtrace::<core::result::Result<(), alloc::string::String>, fn() -> core::result::Result<(), alloc::string::String>>
[INFO] [stdout]    4: test::run_test::{closure#0}
[INFO] [stdout]    5: std::sys::backtrace::__rust_begin_short_backtrace::<test::run_test::{closure#1}, ()>
[INFO] [stdout]    6: <std::thread::lifecycle::spawn_unchecked<test::run_test::{closure#1}, ()>::{closure#1} as core::ops::function::FnOnce<()>>::call_once::{shim:vtable#0}
[INFO] [stdout]    7: <std::sys::thread::unix::Thread>::new::thread_start
[INFO] [stdout]    8: <unknown>
[INFO] [stdout]    9: clone
[INFO] [stdout] stack backtrace:
[INFO] [stdout]    0:     0x6411c72d1ce1 - <<std[617be2ca0a6fd877]::sys::backtrace::BacktraceLock>::print::DisplayBacktrace as core[a373ad73a504971]::fmt::Display>::fmt
[INFO] [stdout]    1:     0x6411c72ea43a - core[a373ad73a504971]::fmt::write
[INFO] [stdout]    2:     0x6411c72d7eec - <alloc[2e1b2a31b91974c5]::vec::Vec<u8> as core[a373ad73a504971]::io::write::Write>::write_fmt
[INFO] [stdout]    3:     0x6411c72a9af6 - std[617be2ca0a6fd877]::panicking::default_hook::{closure#0}
[INFO] [stdout]    4:     0x6411c72c8cd9 - std[617be2ca0a6fd877]::panicking::default_hook
[INFO] [stdout]    5:     0x6411c6ff6170 - test[aada8e7e76ba119b]::test_main_inner::{closure#0}
[INFO] [stdout]    6:     0x6411c72c9002 - std[617be2ca0a6fd877]::panicking::panic_with_hook
[INFO] [stdout]    7:     0x6411c72a9ba2 - std[617be2ca0a6fd877]::panicking::panic_handler::{closure#0}
[INFO] [stdout]    8:     0x6411c72a1e19 - std[617be2ca0a6fd877]::sys::backtrace::__rust_end_short_backtrace::<std[617be2ca0a6fd877]::panicking::panic_handler::{closure#0}, !>
[INFO] [stdout]    9:     0x6411c72aa95d - __rustc[ea4f61d10b84890b]::rust_begin_unwind
[INFO] [stdout]   10:     0x6411c72eac1c - core[a373ad73a504971]::panicking::panic_fmt
[INFO] [stdout]   11:     0x6411c72ea9f2 - core[a373ad73a504971]::result::unwrap_failed
[INFO] [stdout]   12:     0x6411c6f16b56 - <highlight_ez[debae7caa5335181]::tests::generate_parser::{closure#0} as core[a373ad73a504971]::ops::function::FnOnce<()>>::call_once
[INFO] [stdout]   13:     0x6411c6fe95bb - test[aada8e7e76ba119b]::__rust_begin_short_backtrace::<core[a373ad73a504971]::result::Result<(), alloc[2e1b2a31b91974c5]::string::String>, fn() -> core[a373ad73a504971]::result::Result<(), alloc[2e1b2a31b91974c5]::string::String>>
[INFO] [stdout]   14:     0x6411c6ff6795 - test[aada8e7e76ba119b]::run_test::{closure#0}
[INFO] [stdout]   15:     0x6411c6ff0084 - std[617be2ca0a6fd877]::sys::backtrace::__rust_begin_short_backtrace::<test[aada8e7e76ba119b]::run_test::{closure#1}, ()>
[INFO] [stdout]   16:     0x6411c6ff9822 - <std[617be2ca0a6fd877]::thread::lifecycle::spawn_unchecked<test[aada8e7e76ba119b]::run_test::{closure#1}, ()>::{closure#1} as core[a373ad73a504971]::ops::function::FnOnce<()>>::call_once::{shim:vtable#0}
[INFO] [stdout]   17:     0x6411c72d0c5f - <std[617be2ca0a6fd877]::sys::thread::unix::Thread>::new::thread_start
[INFO] [stdout]   18:     0x7e33af675dfa - <unknown>
[INFO] [stdout]   19:     0x7e33af7093d4 - clone
[INFO] [stdout]   20:                0x0 - <unknown>
[INFO] [stdout] 
[INFO] [stdout] 
[INFO] [stdout] failures:
[INFO] [stdout]     tests::generate_parser
[INFO] [stdout]     tests::render_html
[INFO] [stdout] 
[INFO] [stdout] test result: FAILED. 0 passed; 2 failed; 0 ignored; 0 measured; 0 filtered out; finished in 0.06s
[INFO] [stdout] 
[INFO] [stderr] error: test failed, to rerun pass `--lib`
[INFO] running `Command { std: "docker" "inspect" "98bc9c4a8cc43c3310d61879a8687b1fd3e6ca016e7c1e33b92aec1abb61ab0d", kill_on_drop: false }`
[INFO] running `Command { std: "docker" "rm" "-f" "98bc9c4a8cc43c3310d61879a8687b1fd3e6ca016e7c1e33b92aec1abb61ab0d", kill_on_drop: false }`
[INFO] [stdout] 98bc9c4a8cc43c3310d61879a8687b1fd3e6ca016e7c1e33b92aec1abb61ab0d
