[INFO] fetching crate hierconf 0.5.0...
[INFO] testing hierconf-0.5.0 against 1.100.0-beta.1+cargoflags=--release for beta-release-1.100-2
[INFO] extracting crate hierconf 0.5.0 into /workspace/builds/worker-6-tc2/source
[INFO] started tweaking crates.io crate hierconf 0.5.0
[INFO] removed 0 missing tests
[INFO] finished tweaking crates.io crate hierconf 0.5.0
[INFO] tweaked toml for crates.io crate hierconf 0.5.0 written to /workspace/builds/worker-6-tc2/source/Cargo.toml
[INFO] validating manifest of crates.io crate hierconf 0.5.0 on toolchain 1.100.0-beta.1
[INFO] running `Command { std: CARGO_HOME="/workspace/cargo-home" RUSTUP_HOME="/workspace/rustup-home" "/workspace/cargo-home/bin/cargo" "+1.100.0-beta.1" "metadata" "--manifest-path" "Cargo.toml" "--no-deps", kill_on_drop: false }`
[INFO] crate crates.io crate hierconf 0.5.0 already has a lockfile, it will not be regenerated
[INFO] running `Command { std: CARGO_HOME="/workspace/cargo-home" RUSTUP_HOME="/workspace/rustup-home" "/workspace/cargo-home/bin/cargo" "+1.100.0-beta.1" "fetch" "--manifest-path" "Cargo.toml", kill_on_drop: false }`
[INFO] running `Command { std: "docker" "create" "-v" "/var/lib/crater-agent-workspace/builds/worker-6-tc2/source:/opt/rustwide/workdir:ro,Z" "-v" "/var/lib/crater-agent-workspace/builds/worker-6-tc2/target:/opt/rustwide/target:rw,Z" "-v" "/var/lib/crater-agent-workspace/cargo-home:/opt/rustwide/cargo-home:ro,Z" "-v" "/var/lib/crater-agent-workspace/rustup-home:/opt/rustwide/rustup-home:ro,Z" "-m" "1610612736" "--network" "none" "ghcr.io/rust-lang/crates-build-env/linux@sha256:77db811e55d90add9212f6832c23229e3de5f1c1f9905e8cb07319ea15df73ac" "sleep" "infinity", kill_on_drop: false }`
[INFO] [stdout] ce970e74616f65729e3d5ff4c3b7541621b052d94cc33563d2e12d666d5f77a1
[INFO] running `Command { std: "docker" "start" "ce970e74616f65729e3d5ff4c3b7541621b052d94cc33563d2e12d666d5f77a1", kill_on_drop: false }`
[INFO] running `Command { std: "docker" "inspect" "ce970e74616f65729e3d5ff4c3b7541621b052d94cc33563d2e12d666d5f77a1", kill_on_drop: false }`
[INFO] running `Command { std: "docker" "exec" "-e" "SOURCE_DIR=/opt/rustwide/workdir" "-e" "CARGO_HOME=/opt/rustwide/cargo-home" "-e" "RUSTUP_HOME=/opt/rustwide/rustup-home" "-e" "CARGO_TARGET_DIR=/opt/rustwide/target" "-w" "/opt/rustwide/workdir" "--user" "0:0" "ce970e74616f65729e3d5ff4c3b7541621b052d94cc33563d2e12d666d5f77a1" "/opt/rustwide/cargo-home/bin/cargo" "+1.100.0-beta.1" "metadata" "--no-deps" "--format-version=1", kill_on_drop: false }`
[INFO] running `Command { std: "docker" "inspect" "ce970e74616f65729e3d5ff4c3b7541621b052d94cc33563d2e12d666d5f77a1", kill_on_drop: false }`
[INFO] running `Command { std: "docker" "exec" "-e" "SOURCE_DIR=/opt/rustwide/workdir" "-e" "CARGO_HOME=/opt/rustwide/cargo-home" "-e" "RUSTUP_HOME=/opt/rustwide/rustup-home" "-e" "CARGO_TARGET_DIR=/opt/rustwide/target" "-e" "CARGO_INCREMENTAL=0" "-e" "RUST_BACKTRACE=full" "-e" "RUSTFLAGS=--cap-lints=warn" "-e" "RUSTDOCFLAGS=--cap-lints=warn" "-w" "/opt/rustwide/workdir" "--user" "0:0" "ce970e74616f65729e3d5ff4c3b7541621b052d94cc33563d2e12d666d5f77a1" "/opt/rustwide/cargo-home/bin/cargo" "+1.100.0-beta.1" "build" "--frozen" "--message-format=json" "--release", kill_on_drop: false }`
[INFO] [stderr]    Compiling proc-macro2 v1.0.104
[INFO] [stderr]    Compiling camino v1.2.2
[INFO] [stderr]    Compiling facet-core v0.41.0
[INFO] [stderr]    Compiling rustix v1.1.3
[INFO] [stderr]    Compiling owo-colors v4.2.3
[INFO] [stderr]    Compiling mutants v0.0.3
[INFO] [stderr]    Compiling linux-raw-sys v0.11.0
[INFO] [stderr]    Compiling impls v1.0.3
[INFO] [stderr]    Compiling bitflags v2.10.0
[INFO] [stderr]    Compiling unicode-linebreak v0.1.5
[INFO] [stderr]    Compiling is_ci v1.2.0
[INFO] [stderr]    Compiling textwrap v0.16.2
[INFO] [stderr]    Compiling supports-color v3.0.2
[INFO] [stderr]    Compiling supports-hyperlinks v3.2.0
[INFO] [stderr]    Compiling supports-unicode v3.0.0
[INFO] [stderr]    Compiling facet v0.41.0
[INFO] [stderr]    Compiling winnow v0.7.14
[INFO] [stderr]    Compiling facet-singularize v0.41.0
[INFO] [stderr]    Compiling terminal_size v0.4.3
[INFO] [stderr]    Compiling unsynn v0.3.0
[INFO] [stderr]    Compiling quote v1.0.42
[INFO] [stderr]    Compiling miette v7.6.0
[INFO] [stderr]    Compiling facet-macro-types v0.41.0
[INFO] [stderr]    Compiling facet-macro-parse v0.41.0
[INFO] [stderr]    Compiling facet-macros-impl v0.41.0
[INFO] [stderr]    Compiling toml_parser v1.0.6+spec-1.1.0
[INFO] [stderr]    Compiling facet-reflect v0.41.0
[INFO] [stderr]    Compiling facet-solver v0.41.0
[INFO] [stderr]    Compiling facet-format v0.41.0
[INFO] [stderr]    Compiling facet-toml v0.41.0
[INFO] [stderr]    Compiling facet-macros v0.41.0
[INFO] [stderr]    Compiling facet-error v0.41.0
[INFO] [stderr]    Compiling hierconf-core v0.5.0
[INFO] [stderr]    Compiling hierconf v0.5.0 (/opt/rustwide/workdir)
[INFO] [stderr]     Finished `release` profile [optimized] target(s) in 34.26s
[INFO] running `Command { std: "docker" "inspect" "ce970e74616f65729e3d5ff4c3b7541621b052d94cc33563d2e12d666d5f77a1", kill_on_drop: false }`
[INFO] running `Command { std: "docker" "exec" "-e" "SOURCE_DIR=/opt/rustwide/workdir" "-e" "CARGO_HOME=/opt/rustwide/cargo-home" "-e" "RUSTUP_HOME=/opt/rustwide/rustup-home" "-e" "CARGO_TARGET_DIR=/opt/rustwide/target" "-e" "CARGO_INCREMENTAL=0" "-e" "RUST_BACKTRACE=full" "-e" "RUSTFLAGS=--cap-lints=warn" "-e" "RUSTDOCFLAGS=--cap-lints=warn" "-w" "/opt/rustwide/workdir" "--user" "0:0" "ce970e74616f65729e3d5ff4c3b7541621b052d94cc33563d2e12d666d5f77a1" "/opt/rustwide/cargo-home/bin/cargo" "+1.100.0-beta.1" "test" "--frozen" "--no-run" "--message-format=json" "--release", kill_on_drop: false }`
[INFO] [stderr]    Compiling hierconf-core v0.5.0
[INFO] [stderr]    Compiling hierconf v0.5.0 (/opt/rustwide/workdir)
[INFO] [stderr]     Finished `release` profile [optimized] target(s) in 8.89s
[INFO] running `Command { std: "docker" "inspect" "ce970e74616f65729e3d5ff4c3b7541621b052d94cc33563d2e12d666d5f77a1", kill_on_drop: false }`
[INFO] running `Command { std: "docker" "exec" "-e" "SOURCE_DIR=/opt/rustwide/workdir" "-e" "CARGO_HOME=/opt/rustwide/cargo-home" "-e" "RUSTUP_HOME=/opt/rustwide/rustup-home" "-e" "CARGO_TARGET_DIR=/opt/rustwide/target" "-e" "CARGO_INCREMENTAL=0" "-e" "RUST_BACKTRACE=full" "-e" "RUSTFLAGS=--cap-lints=warn" "-e" "RUSTDOCFLAGS=--cap-lints=warn" "-w" "/opt/rustwide/workdir" "--user" "0:0" "ce970e74616f65729e3d5ff4c3b7541621b052d94cc33563d2e12d666d5f77a1" "/opt/rustwide/cargo-home/bin/cargo" "+1.100.0-beta.1" "test" "--frozen" "--release", kill_on_drop: false }`
[INFO] [stderr]     Finished `release` profile [optimized] target(s) in 0.10s
[INFO] [stderr]      Running unittests src/lib.rs (/opt/rustwide/target/release/build/hierconf/8327d5a4089ccc73/out/hierconf-8327d5a4089ccc73)
[INFO] [stdout] 
[INFO] [stderr]      Running tests/loader.rs (/opt/rustwide/target/release/build/hierconf/574c95e691579bdc/out/loader-574c95e691579bdc)
[INFO] [stdout] running 0 tests
[INFO] [stdout] 
[INFO] [stdout] test result: ok. 0 passed; 0 failed; 0 ignored; 0 measured; 0 filtered out; finished in 0.00s
[INFO] [stdout] 
[INFO] [stdout] 
[INFO] [stdout] running 5 tests
[INFO] [stdout] test test_load_config_not_found ... ok
[INFO] [stdout] test test_missing_app_name ... ok
[INFO] [stdout] test test_load_nested_config ... FAILED
[INFO] [stdout] test test_load_config ... FAILED
[INFO] [stdout] test test_config_paths ... FAILED
[INFO] [stdout] 
[INFO] [stdout] failures:
[INFO] [stdout] 
[INFO] [stdout] ---- test_load_nested_config stdout ----
[INFO] [stdout] 
[INFO] [stdout] thread 'test_load_nested_config' (789) panicked at tests/loader.rs:48:39:
[INFO] [stdout] called `Result::unwrap()` on an `Err` value: NoConfigFiles { locations: ["/opt/rustwide/cargo-home/registry/src/index.crates.io-1949cf8c6b5b557f/hierconf/tests/testapp_nested/config.toml", "/etc/testapp_nested/config.toml", "/usr/share/etc/testapp_nested/config.toml"] }
[INFO] [stdout] stack backtrace:
[INFO] [stdout]    0:     0x6074e4e74eb1 - <<std[617be2ca0a6fd877]::sys::backtrace::BacktraceLock>::print::DisplayBacktrace as core[a373ad73a504971]::fmt::Display>::fmt
[INFO] [stdout]    1:     0x6074e4e8b0aa - core[a373ad73a504971]::fmt::write
[INFO] [stdout]    2:     0x6074e4e790cc - <alloc[2e1b2a31b91974c5]::vec::Vec<u8> as core[a373ad73a504971]::io::write::Write>::write_fmt
[INFO] [stdout]    3:     0x6074e4e50b26 - std[617be2ca0a6fd877]::panicking::default_hook::{closure#0}
[INFO] [stdout]    4:     0x6074e4e6d1e9 - std[617be2ca0a6fd877]::panicking::default_hook
[INFO] [stdout]    5:     0x6074e4dc7bc0 - test[aada8e7e76ba119b]::test_main_inner::{closure#0}
[INFO] [stdout]    6:     0x6074e4e6d3a2 - std[617be2ca0a6fd877]::panicking::panic_with_hook
[INFO] [stdout]    7:     0x6074e4e50bd2 - std[617be2ca0a6fd877]::panicking::panic_handler::{closure#0}
[INFO] [stdout]    8:     0x6074e4e49759 - std[617be2ca0a6fd877]::sys::backtrace::__rust_end_short_backtrace::<std[617be2ca0a6fd877]::panicking::panic_handler::{closure#0}, !>
[INFO] [stdout]    9:     0x6074e4e517dd - __rustc[ea4f61d10b84890b]::rust_begin_unwind
[INFO] [stdout]   10:     0x6074e4e8b7dc - core[a373ad73a504971]::panicking::panic_fmt
[INFO] [stdout]   11:     0x6074e4e8b5b2 - core[a373ad73a504971]::result::unwrap_failed
[INFO] [stdout]   12:     0x6074e4dba61d - <loader[91d2b79b3972f87e]::test_load_nested_config::{closure#0} as core[a373ad73a504971]::ops::function::FnOnce<()>>::call_once
[INFO] [stdout]   13:     0x6074e4dbb00b - test[aada8e7e76ba119b]::__rust_begin_short_backtrace::<core[a373ad73a504971]::result::Result<(), alloc[2e1b2a31b91974c5]::string::String>, fn() -> core[a373ad73a504971]::result::Result<(), alloc[2e1b2a31b91974c5]::string::String>>
[INFO] [stdout]   14:     0x6074e4dc81e5 - test[aada8e7e76ba119b]::run_test::{closure#0}
[INFO] [stdout]   15:     0x6074e4dc1ad4 - std[617be2ca0a6fd877]::sys::backtrace::__rust_begin_short_backtrace::<test[aada8e7e76ba119b]::run_test::{closure#1}, ()>
[INFO] [stdout]   16:     0x6074e4dcb272 - <std[617be2ca0a6fd877]::thread::lifecycle::spawn_unchecked<test[aada8e7e76ba119b]::run_test::{closure#1}, ()>::{closure#1} as core[a373ad73a504971]::ops::function::FnOnce<()>>::call_once::{shim:vtable#0}
[INFO] [stdout]   17:     0x6074e4e743af - <std[617be2ca0a6fd877]::sys::thread::unix::Thread>::new::thread_start
[INFO] [stdout]   18:     0x79643f18adfa - <unknown>
[INFO] [stdout]   19:     0x79643f21e3d4 - clone
[INFO] [stdout]   20:                0x0 - <unknown>
[INFO] [stdout] 
[INFO] [stdout] ---- test_load_config stdout ----
[INFO] [stdout] 
[INFO] [stdout] thread 'test_load_config' (787) panicked at tests/loader.rs:41:37:
[INFO] [stdout] called `Result::unwrap()` on an `Err` value: NoConfigFiles { locations: ["/opt/rustwide/cargo-home/registry/src/index.crates.io-1949cf8c6b5b557f/hierconf/tests/testapp/config.toml", "/etc/testapp/config.toml", "/usr/share/etc/testapp/config.toml"] }
[INFO] [stdout] stack backtrace:
[INFO] [stdout]    0:     0x6074e4e74eb1 - <<std[617be2ca0a6fd877]::sys::backtrace::BacktraceLock>::print::DisplayBacktrace as core[a373ad73a504971]::fmt::Display>::fmt
[INFO] [stdout]    1:     0x6074e4e8b0aa - core[a373ad73a504971]::fmt::write
[INFO] [stdout]    2:     0x6074e4e790cc - <alloc[2e1b2a31b91974c5]::vec::Vec<u8> as core[a373ad73a504971]::io::write::Write>::write_fmt
[INFO] [stdout]    3:     0x6074e4e50b26 - std[617be2ca0a6fd877]::panicking::default_hook::{closure#0}
[INFO] [stdout]    4:     0x6074e4e6d1e9 - std[617be2ca0a6fd877]::panicking::default_hook
[INFO] [stdout]    5:     0x6074e4dc7bc0 - test[aada8e7e76ba119b]::test_main_inner::{closure#0}
[INFO] [stdout]    6:     0x6074e4e6d3a2 - std[617be2ca0a6fd877]::panicking::panic_with_hook
[INFO] [stdout]    7:     0x6074e4e50bd2 - std[617be2ca0a6fd877]::panicking::panic_handler::{closure#0}
[INFO] [stdout]    8:     0x6074e4e49759 - std[617be2ca0a6fd877]::sys::backtrace::__rust_end_short_backtrace::<std[617be2ca0a6fd877]::panicking::panic_handler::{closure#0}, !>
[INFO] [stdout]    9:     0x6074e4e517dd - __rustc[ea4f61d10b84890b]::rust_begin_unwind
[INFO] [stdout]   10:     0x6074e4e8b7dc - core[a373ad73a504971]::panicking::panic_fmt
[INFO] [stdout]   11:     0x6074e4e8b5b2 - core[a373ad73a504971]::result::unwrap_failed
[INFO] [stdout]   12:     0x6074e4dba083 - <loader[91d2b79b3972f87e]::test_load_config::{closure#0} as core[a373ad73a504971]::ops::function::FnOnce<()>>::call_once
[INFO] [stdout]   13:     0x6074e4dbb00b - test[aada8e7e76ba119b]::__rust_begin_short_backtrace::<core[a373ad73a504971]::result::Result<(), alloc[2e1b2a31b91974c5]::string::String>, fn() -> core[a373ad73a504971]::result::Result<(), alloc[2e1b2a31b91974c5]::string::String>>
[INFO] [stdout]   14:     0x6074e4dc81e5 - test[aada8e7e76ba119b]::run_test::{closure#0}
[INFO] [stdout]   15:     0x6074e4dc1ad4 - std[617be2ca0a6fd877]::sys::backtrace::__rust_begin_short_backtrace::<test[aada8e7e76ba119b]::run_test::{closure#1}, ()>
[INFO] [stdout]   16:     0x6074e4dcb272 - <std[617be2ca0a6fd877]::thread::lifecycle::spawn_unchecked<test[aada8e7e76ba119b]::run_test::{closure#1}, ()>::{closure#1} as core[a373ad73a504971]::ops::function::FnOnce<()>>::call_once::{shim:vtable#0}
[INFO] [stdout]   17:     0x6074e4e743af - <std[617be2ca0a6fd877]::sys::thread::unix::Thread>::new::thread_start
[INFO] [stdout]   18:     0x79643f18adfa - <unknown>
[INFO] [stdout]   19:     0x79643f21e3d4 - clone
[INFO] [stdout]   20:                0x0 - <unknown>
[INFO] [stdout] 
[INFO] [stdout] ---- test_config_paths stdout ----
[INFO] [stdout] 
[INFO] [stdout] thread 'test_config_paths' (786) panicked at tests/loader.rs:36:5:
[INFO] [stdout] assertion failed: test_path.exists()
[INFO] [stdout] stack backtrace:
[INFO] [stdout]    0:     0x6074e4e74eb1 - <<std[617be2ca0a6fd877]::sys::backtrace::BacktraceLock>::print::DisplayBacktrace as core[a373ad73a504971]::fmt::Display>::fmt
[INFO] [stdout]    1:     0x6074e4e8b0aa - core[a373ad73a504971]::fmt::write
[INFO] [stdout]    2:     0x6074e4e790cc - <alloc[2e1b2a31b91974c5]::vec::Vec<u8> as core[a373ad73a504971]::io::write::Write>::write_fmt
[INFO] [stdout]    3:     0x6074e4e50b26 - std[617be2ca0a6fd877]::panicking::default_hook::{closure#0}
[INFO] [stdout]    4:     0x6074e4e6d1e9 - std[617be2ca0a6fd877]::panicking::default_hook
[INFO] [stdout]    5:     0x6074e4dc7bc0 - test[aada8e7e76ba119b]::test_main_inner::{closure#0}
[INFO] [stdout]    6:     0x6074e4e6d3a2 - std[617be2ca0a6fd877]::panicking::panic_with_hook
[INFO] [stdout]    7:     0x6074e4e50c04 - std[617be2ca0a6fd877]::panicking::panic_handler::{closure#0}
[INFO] [stdout]    8:     0x6074e4e49759 - std[617be2ca0a6fd877]::sys::backtrace::__rust_end_short_backtrace::<std[617be2ca0a6fd877]::panicking::panic_handler::{closure#0}, !>
[INFO] [stdout]    9:     0x6074e4e517dd - __rustc[ea4f61d10b84890b]::rust_begin_unwind
[INFO] [stdout]   10:     0x6074e4e8b7dc - core[a373ad73a504971]::panicking::panic_fmt
[INFO] [stdout]   11:     0x6074e4e8b7a2 - core[a373ad73a504971]::panicking::panic
[INFO] [stdout]   12:     0x6074e4dba358 - <loader[91d2b79b3972f87e]::test_config_paths::{closure#0} as core[a373ad73a504971]::ops::function::FnOnce<()>>::call_once
[INFO] [stdout]   13:     0x6074e4dbb00b - test[aada8e7e76ba119b]::__rust_begin_short_backtrace::<core[a373ad73a504971]::result::Result<(), alloc[2e1b2a31b91974c5]::string::String>, fn() -> core[a373ad73a504971]::result::Result<(), alloc[2e1b2a31b91974c5]::string::String>>
[INFO] [stdout]   14:     0x6074e4dc81e5 - test[aada8e7e76ba119b]::run_test::{closure#0}
[INFO] [stdout]   15:     0x6074e4dc1ad4 - std[617be2ca0a6fd877]::sys::backtrace::__rust_begin_short_backtrace::<test[aada8e7e76ba119b]::run_test::{closure#1}, ()>
[INFO] [stdout]   16:     0x6074e4dcb272 - <std[617be2ca0a6fd877]::thread::lifecycle::spawn_unchecked<test[aada8e7e76ba119b]::run_test::{closure#1}, ()>::{closure#1} as core[a373ad73a504971]::ops::function::FnOnce<()>>::call_once::{shim:vtable#0}
[INFO] [stdout]   17:     0x6074e4e743af - <std[617be2ca0a6fd877]::sys::thread::unix::Thread>::new::thread_start
[INFO] [stdout]   18:     0x79643f18adfa - <unknown>
[INFO] [stdout]   19:     0x79643f21e3d4 - clone
[INFO] [stdout]   20:                0x0 - <unknown>
[INFO] [stdout] 
[INFO] [stdout] 
[INFO] [stdout] failures:
[INFO] [stdout]     test_config_paths
[INFO] [stdout]     test_load_config
[INFO] [stdout]     test_load_nested_config
[INFO] [stdout] 
[INFO] [stdout] test result: FAILED. 2 passed; 3 failed; 0 ignored; 0 measured; 0 filtered out; finished in 0.00s
[INFO] [stdout] 
[INFO] [stderr] error: test failed, to rerun pass `--test loader`
[INFO] running `Command { std: "docker" "inspect" "ce970e74616f65729e3d5ff4c3b7541621b052d94cc33563d2e12d666d5f77a1", kill_on_drop: false }`
[INFO] running `Command { std: "docker" "rm" "-f" "ce970e74616f65729e3d5ff4c3b7541621b052d94cc33563d2e12d666d5f77a1", kill_on_drop: false }`
[INFO] [stdout] ce970e74616f65729e3d5ff4c3b7541621b052d94cc33563d2e12d666d5f77a1
