[INFO] fetching crate hick-compio 0.2.0...
[INFO] testing hick-compio-0.2.0 against 1.100.0-beta.1+cargoflags=--release for beta-release-1.100-2
[INFO] extracting crate hick-compio 0.2.0 into /workspace/builds/worker-7-tc2/source
[INFO] started tweaking crates.io crate hick-compio 0.2.0
[INFO] removed 0 missing tests
[INFO] finished tweaking crates.io crate hick-compio 0.2.0
[INFO] tweaked toml for crates.io crate hick-compio 0.2.0 written to /workspace/builds/worker-7-tc2/source/Cargo.toml
[INFO] validating manifest of crates.io crate hick-compio 0.2.0 on toolchain 1.100.0-beta.1
[INFO] running `Command { std: CARGO_HOME="/workspace/cargo-home" RUSTUP_HOME="/workspace/rustup-home" "/workspace/cargo-home/bin/cargo" "+1.100.0-beta.1" "metadata" "--manifest-path" "Cargo.toml" "--no-deps", kill_on_drop: false }`
[INFO] crate crates.io crate hick-compio 0.2.0 already has a lockfile, it will not be regenerated
[INFO] running `Command { std: CARGO_HOME="/workspace/cargo-home" RUSTUP_HOME="/workspace/rustup-home" "/workspace/cargo-home/bin/cargo" "+1.100.0-beta.1" "fetch" "--manifest-path" "Cargo.toml", kill_on_drop: false }`
[INFO] [stderr] warning: `package.homepage` is redundant with `package.repository`
[INFO] [stderr]    --> Cargo.toml:115:12
[INFO] [stderr]     |
[INFO] [stderr] 115 | homepage = "https://github.com/al8n/hick"
[INFO] [stderr]     |            ^^^^^^^^^^^^^^^^^^^^^^^^^^^^^^
[INFO] [stderr] ...
[INFO] [stderr] 121 | repository = "https://github.com/al8n/hick"
[INFO] [stderr]     |              ------------------------------
[INFO] [stderr]     |
[INFO] [stderr]     = note: `cargo::redundant_homepage` is set to `warn` by default
[INFO] [stderr] help: consider removing `package.homepage`
[INFO] [stderr] warning: `hick-compio` (manifest) generated 1 warning
[INFO] running `Command { std: "docker" "create" "-v" "/var/lib/crater-agent-workspace/builds/worker-7-tc2/source:/opt/rustwide/workdir:ro,Z" "-v" "/var/lib/crater-agent-workspace/builds/worker-7-tc2/target:/opt/rustwide/target:rw,Z" "-v" "/var/lib/crater-agent-workspace/cargo-home:/opt/rustwide/cargo-home:ro,Z" "-v" "/var/lib/crater-agent-workspace/rustup-home:/opt/rustwide/rustup-home:ro,Z" "-m" "1610612736" "--network" "none" "ghcr.io/rust-lang/crates-build-env/linux@sha256:77db811e55d90add9212f6832c23229e3de5f1c1f9905e8cb07319ea15df73ac" "sleep" "infinity", kill_on_drop: false }`
[INFO] [stdout] b75fe367bc0bcb102ce0f6266e8ed817d76f1b41107b30ef68641bebff83870e
[INFO] running `Command { std: "docker" "start" "b75fe367bc0bcb102ce0f6266e8ed817d76f1b41107b30ef68641bebff83870e", kill_on_drop: false }`
[INFO] running `Command { std: "docker" "inspect" "b75fe367bc0bcb102ce0f6266e8ed817d76f1b41107b30ef68641bebff83870e", kill_on_drop: false }`
[INFO] running `Command { std: "docker" "exec" "-e" "SOURCE_DIR=/opt/rustwide/workdir" "-e" "CARGO_HOME=/opt/rustwide/cargo-home" "-e" "RUSTUP_HOME=/opt/rustwide/rustup-home" "-e" "CARGO_TARGET_DIR=/opt/rustwide/target" "-w" "/opt/rustwide/workdir" "--user" "0:0" "b75fe367bc0bcb102ce0f6266e8ed817d76f1b41107b30ef68641bebff83870e" "/opt/rustwide/cargo-home/bin/cargo" "+1.100.0-beta.1" "metadata" "--no-deps" "--format-version=1", kill_on_drop: false }`
[INFO] running `Command { std: "docker" "inspect" "b75fe367bc0bcb102ce0f6266e8ed817d76f1b41107b30ef68641bebff83870e", kill_on_drop: false }`
[INFO] running `Command { std: "docker" "exec" "-e" "SOURCE_DIR=/opt/rustwide/workdir" "-e" "CARGO_HOME=/opt/rustwide/cargo-home" "-e" "RUSTUP_HOME=/opt/rustwide/rustup-home" "-e" "CARGO_TARGET_DIR=/opt/rustwide/target" "-e" "CARGO_INCREMENTAL=0" "-e" "RUST_BACKTRACE=full" "-e" "RUSTFLAGS=--cap-lints=warn" "-e" "RUSTDOCFLAGS=--cap-lints=warn" "-w" "/opt/rustwide/workdir" "--user" "0:0" "b75fe367bc0bcb102ce0f6266e8ed817d76f1b41107b30ef68641bebff83870e" "/opt/rustwide/cargo-home/bin/cargo" "+1.100.0-beta.1" "build" "--frozen" "--message-format=json" "--release", kill_on_drop: false }`
[INFO] [stderr] warning: `package.homepage` is redundant with `package.repository`
[INFO] [stderr]    --> Cargo.toml:115:12
[INFO] [stderr]     |
[INFO] [stderr] 115 | homepage = "https://github.com/al8n/hick"
[INFO] [stderr]     |            ^^^^^^^^^^^^^^^^^^^^^^^^^^^^^^
[INFO] [stderr] ...
[INFO] [stderr] 121 | repository = "https://github.com/al8n/hick"
[INFO] [stderr]     |              ------------------------------
[INFO] [stderr]     |
[INFO] [stderr]     = note: `cargo::redundant_homepage` is set to `warn` by default
[INFO] [stderr] help: consider removing `package.homepage`
[INFO] [stderr] warning: `hick-compio` (manifest) generated 1 warning
[INFO] [stderr]    Compiling proc-macro2 v1.0.106
[INFO] [stderr]    Compiling quote v1.0.45
[INFO] [stderr]    Compiling libc v0.2.186
[INFO] [stderr]    Compiling crossbeam-utils v0.8.21
[INFO] [stderr]    Compiling cfg-if v1.0.4
[INFO] [stderr]    Compiling bitflags v2.13.0
[INFO] [stderr]    Compiling futures-sink v0.3.32
[INFO] [stderr]    Compiling futures-core v0.3.32
[INFO] [stderr]    Compiling rustix v1.1.4
[INFO] [stderr]    Compiling slab v0.4.12
[INFO] [stderr]    Compiling futures-channel v0.3.32
[INFO] [stderr]    Compiling futures-task v0.3.32
[INFO] [stderr]    Compiling memchr v2.8.2
[INFO] [stderr]    Compiling futures-io v0.3.32
[INFO] [stderr]    Compiling linux-raw-sys v0.12.1
[INFO] [stderr]    Compiling parking v2.2.1
[INFO] [stderr]    Compiling tracing-core v0.1.36
[INFO] [stderr]    Compiling paste v1.0.15
[INFO] [stderr]    Compiling scopeguard v1.2.0
[INFO] [stderr]    Compiling bytes v1.12.0
[INFO] [stderr]    Compiling smallvec v1.15.2
[INFO] [stderr]    Compiling local-event v0.1.2
[INFO] [stderr]    Compiling syn v2.0.118
[INFO] [stderr]    Compiling concurrent-queue v2.5.0
[INFO] [stderr]    Compiling version_check v0.9.5
[INFO] [stderr]    Compiling event-listener v5.4.1
[INFO] [stderr]    Compiling tracing v0.1.44
[INFO] [stderr]    Compiling slotmap v1.1.1
[INFO] [stderr]    Compiling lock_api v0.4.14
[INFO] [stderr]    Compiling thiserror v2.0.18
[INFO] [stderr]    Compiling serde_core v1.0.228
[INFO] [stderr]    Compiling arrayvec v0.7.6
[INFO] [stderr]    Compiling cfg_aliases v0.2.1
[INFO] [stderr]    Compiling io-uring v0.7.12
[INFO] [stderr]    Compiling compio-driver v0.12.3
[INFO] [stderr]    Compiling spin v0.9.8
[INFO] [stderr]    Compiling compio-log v0.2.0
[INFO] [stderr]    Compiling crossbeam-queue v0.3.12
[INFO] [stderr]    Compiling compio-send-wrapper v0.7.1
[INFO] [stderr]    Compiling compio-buf v0.8.3
[INFO] [stderr]    Compiling serde v1.0.228
[INFO] [stderr]    Compiling pastey v0.2.3
[INFO] [stderr]    Compiling unicode-segmentation v1.13.3
[INFO] [stderr]    Compiling flume v0.12.0
[INFO] [stderr]    Compiling socket2 v0.6.4
[INFO] [stderr]    Compiling num_cpus v1.17.0
[INFO] [stderr]    Compiling convert_case v0.10.0
[INFO] [stderr]    Compiling mod_use v0.2.3
[INFO] [stderr]    Compiling rand_core v0.10.1
[INFO] [stderr]    Compiling hardware-address v0.3.0
[INFO] [stderr]    Compiling getrandom v0.4.3
[INFO] [stderr]    Compiling unicode-xid v0.2.6
[INFO] [stderr]    Compiling either v1.16.0
[INFO] [stderr]    Compiling compio-executor v0.1.2
[INFO] [stderr]    Compiling core_affinity v0.8.3
[INFO] [stderr]    Compiling ipnet v2.12.0
[INFO] [stderr]    Compiling getifs v0.6.1
[INFO] [stderr]    Compiling scoped-tls v1.0.1
[INFO] [stderr]    Compiling stable_deref_trait v1.2.1
[INFO] [stderr]    Compiling cpufeatures v0.3.0
[INFO] [stderr]    Compiling smol_str v0.3.6
[INFO] [stderr]    Compiling chacha20 v0.10.0
[INFO] [stderr]    Compiling iprfc v0.2.2
[INFO] [stderr]    Compiling smallvec-wrapper v0.4.1
[INFO] [stderr]    Compiling hick-udp v0.1.0
[INFO] [stderr]    Compiling hick-trace v0.1.0
[INFO] [stderr]    Compiling rand v0.10.1
[INFO] [stderr]    Compiling hick-compio v0.2.0 (/opt/rustwide/workdir)
[INFO] [stderr]    Compiling futures-macro v0.3.32
[INFO] [stderr]    Compiling thiserror-impl v2.0.18
[INFO] [stderr]    Compiling derive_more-impl v2.1.1
[INFO] [stderr]    Compiling triomphe v0.1.15
[INFO] [stderr]    Compiling futures-util v0.3.32
[INFO] [stderr]    Compiling derive_more v2.1.1
[INFO] [stderr]    Compiling mdns-proto v0.3.0
[INFO] [stderr]    Compiling iprobe v0.1.1
[INFO] [stderr]    Compiling synchrony v0.1.8
[INFO] [stderr]    Compiling futures v0.3.32
[INFO] [stderr]    Compiling thin-cell v0.2.1
[INFO] [stderr]    Compiling compio-io v0.10.1
[INFO] [stderr]    Compiling compio-runtime v0.12.2
[INFO] [stderr]    Compiling compio v0.19.1
[INFO] [stderr]    Compiling compio-net v0.12.1
[INFO] [stderr]     Finished `release` profile [optimized] target(s) in 1m 10s
[INFO] [stderr] warning: the following packages contain code that will be rejected by a future version of Rust: compio-driver v0.12.3
[INFO] [stderr] note: to see what the problems were, use the option `--future-incompat-report`, or run `cargo report future-incompatibilities --id 1`
[INFO] running `Command { std: "docker" "inspect" "b75fe367bc0bcb102ce0f6266e8ed817d76f1b41107b30ef68641bebff83870e", kill_on_drop: false }`
[INFO] running `Command { std: "docker" "exec" "-e" "SOURCE_DIR=/opt/rustwide/workdir" "-e" "CARGO_HOME=/opt/rustwide/cargo-home" "-e" "RUSTUP_HOME=/opt/rustwide/rustup-home" "-e" "CARGO_TARGET_DIR=/opt/rustwide/target" "-e" "CARGO_INCREMENTAL=0" "-e" "RUST_BACKTRACE=full" "-e" "RUSTFLAGS=--cap-lints=warn" "-e" "RUSTDOCFLAGS=--cap-lints=warn" "-w" "/opt/rustwide/workdir" "--user" "0:0" "b75fe367bc0bcb102ce0f6266e8ed817d76f1b41107b30ef68641bebff83870e" "/opt/rustwide/cargo-home/bin/cargo" "+1.100.0-beta.1" "test" "--frozen" "--no-run" "--message-format=json" "--release", kill_on_drop: false }`
[INFO] [stderr] warning: `package.homepage` is redundant with `package.repository`
[INFO] [stderr]    --> Cargo.toml:115:12
[INFO] [stderr]     |
[INFO] [stderr] 115 | homepage = "https://github.com/al8n/hick"
[INFO] [stderr]     |            ^^^^^^^^^^^^^^^^^^^^^^^^^^^^^^
[INFO] [stderr] ...
[INFO] [stderr] 121 | repository = "https://github.com/al8n/hick"
[INFO] [stderr]     |              ------------------------------
[INFO] [stderr]     |
[INFO] [stderr]     = note: `cargo::redundant_homepage` is set to `warn` by default
[INFO] [stderr] help: consider removing `package.homepage`
[INFO] [stderr] warning: `hick-compio` (manifest) generated 1 warning
[INFO] [stderr]    Compiling tracing-core v0.1.36
[INFO] [stderr]    Compiling darling_core v0.23.0
[INFO] [stderr]    Compiling linktime-proc-macro v0.2.0
[INFO] [stderr]    Compiling link-section v0.18.2
[INFO] [stderr]    Compiling tracing v0.1.44
[INFO] [stderr]    Compiling ctor v1.0.7
[INFO] [stderr]    Compiling compio-log v0.2.0
[INFO] [stderr]    Compiling compio-executor v0.1.2
[INFO] [stderr]    Compiling compio-driver v0.12.3
[INFO] [stderr]    Compiling compio-runtime v0.12.2
[INFO] [stderr]    Compiling compio-net v0.12.1
[INFO] [stderr]    Compiling darling_macro v0.23.0
[INFO] [stderr]    Compiling darling v0.23.0
[INFO] [stderr]    Compiling compio-macros v0.2.0
[INFO] [stderr]    Compiling compio v0.19.1
[INFO] [stderr]    Compiling hick-compio v0.2.0 (/opt/rustwide/workdir)
[INFO] [stderr]     Finished `release` profile [optimized] target(s) in 39.83s
[INFO] [stderr] warning: the following packages contain code that will be rejected by a future version of Rust: compio-driver v0.12.3
[INFO] [stderr] note: to see what the problems were, use the option `--future-incompat-report`, or run `cargo report future-incompatibilities --id 1`
[INFO] running `Command { std: "docker" "inspect" "b75fe367bc0bcb102ce0f6266e8ed817d76f1b41107b30ef68641bebff83870e", kill_on_drop: false }`
[INFO] running `Command { std: "docker" "exec" "-e" "SOURCE_DIR=/opt/rustwide/workdir" "-e" "CARGO_HOME=/opt/rustwide/cargo-home" "-e" "RUSTUP_HOME=/opt/rustwide/rustup-home" "-e" "CARGO_TARGET_DIR=/opt/rustwide/target" "-e" "CARGO_INCREMENTAL=0" "-e" "RUST_BACKTRACE=full" "-e" "RUSTFLAGS=--cap-lints=warn" "-e" "RUSTDOCFLAGS=--cap-lints=warn" "-w" "/opt/rustwide/workdir" "--user" "0:0" "b75fe367bc0bcb102ce0f6266e8ed817d76f1b41107b30ef68641bebff83870e" "/opt/rustwide/cargo-home/bin/cargo" "+1.100.0-beta.1" "test" "--frozen" "--release", kill_on_drop: false }`
[INFO] [stderr] warning: `package.homepage` is redundant with `package.repository`
[INFO] [stderr]    --> Cargo.toml:115:12
[INFO] [stderr]     |
[INFO] [stderr] 115 | homepage = "https://github.com/al8n/hick"
[INFO] [stderr]     |            ^^^^^^^^^^^^^^^^^^^^^^^^^^^^^^
[INFO] [stderr] ...
[INFO] [stderr] 121 | repository = "https://github.com/al8n/hick"
[INFO] [stderr]     |              ------------------------------
[INFO] [stderr]     |
[INFO] [stderr]     = note: `cargo::redundant_homepage` is set to `warn` by default
[INFO] [stderr] help: consider removing `package.homepage`
[INFO] [stderr] warning: `hick-compio` (manifest) generated 1 warning
[INFO] [stderr]     Finished `release` profile [optimized] target(s) in 0.18s
[INFO] [stderr] warning: the following packages contain code that will be rejected by a future version of Rust: compio-driver v0.12.3
[INFO] [stderr] note: to see what the problems were, use the option `--future-incompat-report`, or run `cargo report future-incompatibilities --id 1`
[INFO] [stderr]      Running unittests src/lib.rs (/opt/rustwide/target/release/build/hick-compio/eb126e083fd3c7d6/out/hick_compio-eb126e083fd3c7d6)
[INFO] [stdout] 
[INFO] [stdout] running 73 tests
[INFO] [stdout] test discovery::tests::addresses_capped_per_host ... ok
[INFO] [stdout] test discovery::tests::address_fans_out_to_all_instances_on_shared_host ... ok
[INFO] [stdout] test discovery::tests::entry_incomplete_without_address_or_port_or_txt ... ok
[INFO] [stdout] test discovery::tests::flood_is_capped_and_observable ... ok
[INFO] [stdout] test discovery::tests::fold_lowercases_ascii ... ok
[INFO] [stdout] test discovery::tests::late_address_reemits_updated_entry ... ok
[INFO] [stdout] test discovery::tests::name_reconstruction_rejects_unrepresentable_labels ... ok
[INFO] [stdout] test discovery::tests::push_capped_dedups_and_bounds ... ok
[INFO] [stdout] test discovery::tests::shared_host_srv_after_a_still_resolves ... ok
[INFO] [stdout] test discovery::tests::srv_parse_extracts_host_and_port ... ok
[INFO] [stdout] test discovery::tests::srv_port_zero_still_completes ... ok
[INFO] [stdout] test discovery::tests::srv_retarget_drops_old_host_addresses ... ok
[INFO] [stdout] test discovery::tests::srv_retarget_to_cached_host_reemits ... ok
[INFO] [stdout] test discovery::tests::srv_target_flood_is_capped ... ok
[INFO] [stdout] test discovery::tests::srv_txt_mutation_after_emit_stays_bounded ... ok
[INFO] [stdout] test discovery::tests::txt_change_after_emit_reemits ... ok
[INFO] [stdout] test driver::tests::begin_service_withdrawal_holds_name_then_frees_on_completion ... ok
[INFO] [stdout] test driver::tests::completed_ctx_gc_keeps_terminal_observable_by_live_reader ... ok
[INFO] [stdout] test driver::tests::dropped_ctx_with_undrained_update_is_gc_d_not_leaked ... ok
[INFO] [stdout] test driver::tests::duplicate_registration_is_rejected_as_name_already_registered ... ok
[INFO] [stdout] test driver::tests::fire_timeouts_runs_without_panic_on_empty_state ... ok
[INFO] [stdout] test driver::tests::endpoint_inner_can_be_constructed_and_dropped ... FAILED
[INFO] [stdout] test driver::tests::is_mdns_multicast_dst_classifies_groups_and_ports ... ok
[INFO] [stdout] test driver::tests::local_notify_wakes_a_listener ... FAILED
[INFO] [stdout] test driver::tests::drop_defers_withdrawal_to_driver_sweep ... FAILED
[INFO] [stdout] test driver::tests::handle_datagram_drops_off_link_packet ... ok
[INFO] [stdout] test driver::tests::present_socket_send_error_is_retry_not_writeoff ... ok
[INFO] [stdout] test driver::tests::same_name_replacement_is_rejected_until_withdrawal_completes ... ok
[INFO] [stdout] test driver::tests::shutdown_loop_sweeps_a_drop_that_raced_the_prior_sweep ... ok
[INFO] [stdout] test driver::tests::unencodable_query_is_errored_not_spun_or_hung ... ok
[INFO] [stdout] test endpoint::tests::collect_local_subnets_is_empty_for_unspecified_index ... ok
[INFO] [stdout] test driver::tests::mark_dirty_sets_a_durable_level_flag_consumed_by_replace ... ok
[INFO] [stdout] test driver::tests::oversized_service_escalates_to_conflict_not_silent_stall ... ok
[INFO] [stdout] test endpoint::tests::pick_default_interface_index_runs_for_every_family_combo ... ok
[INFO] [stdout] test onlink::tests::link_local_must_match_iface ... ok
[INFO] [stdout] test onlink::tests::global_source_admitted_when_in_subnet ... ok
[INFO] [stdout] test driver::tests::state_construction_is_empty ... ok
[INFO] [stdout] test onlink::tests::addr_in_loopback_8 ... ok
[INFO] [stdout] test driver::tests::proto_emitted_host_conflict_retires_and_gcs_the_service ... ok
[INFO] [stdout] test options::tests::builders_and_accessors_roundtrip ... ok
[INFO] [stdout] test onlink::tests::ttl_255_is_on_link ... ok
[INFO] [stdout] test query::tests::none_when_all_already_delivered ... ok
[INFO] [stdout] test onlink::tests::ttl_less_than_255_is_off_link ... ok
[INFO] [stdout] test query::tests::picks_min_seq_not_first_iterated ... ok
[INFO] [stdout] test selfsend::tests::distinct_bodies_have_distinct_hashes ... ok
[INFO] [stdout] test selfsend::tests::length_mismatch_blocks_hash_only_match ... ok
[INFO] [stdout] test selfsend::tests::ordered_pre_send_slack_rejects_2ms_back ... ok
[INFO] [stdout] test selfsend::tests::record_then_take_in_degraded_mode_matches_once ... ok
[INFO] [stdout] test selfsend::tests::ttl_sweeps_old_entries_on_record ... ok
[INFO] [stdout] test service::tests::errored_service_next_terminates_after_conflict ... FAILED
[INFO] [stdout] test service::tests::mailbox_coalesces_established_and_renamed_by_kind ... ok
[INFO] [stdout] test service::tests::mailbox_drains_updates_then_terminal_then_ends ... ok
[INFO] [stdout] test onlink::tests::global_source_dropped_without_subnet_evidence ... ok
[INFO] [stdout] test onlink::tests::missing_ttl_is_on_link ... ok
[INFO] [stdout] test driver::tests::terminal_survives_full_mailbox_and_immediate_ctx_gc ... ok
[INFO] [stdout] test service::tests::mailbox_hard_cap_drops_oldest ... ok
[INFO] [stdout] test query::tests::walks_every_retained_answer_in_seq_order ... ok
[INFO] [stdout] test service::tests::mailbox_rename_churn_coalesces_within_cap ... ok
[INFO] [stdout] test selfsend::tests::degraded_mode_rejects_negative_skew ... ok
[INFO] [stdout] test onlink::tests::loopback_is_always_on_link ... ok
[INFO] [stdout] test service::tests::mailbox_terminal_reserved_under_non_terminal_pressure ... ok
[INFO] [stdout] test service::tests::mailbox_preserves_post_rename_established ... ok
[INFO] [stdout] test socket::tests::recv_meta_default_is_safe_and_unspecified ... ok
[INFO] [stdout] test service::tests::mailbox_routes_terminal_pushed_as_update_to_reserved_slot ... ok
[INFO] [stdout] test socket::unix::absurd_timestamp_does_not_panic ... ok
[INFO] [stdout] test service::tests::mailbox_set_terminal_is_idempotent_first_wins ... ok
[INFO] [stdout] test socket::unix::cmsg_iter_walks_a_single_timestamp_cmsg ... ok
[INFO] [stdout] test socket::tests::raw_loopback_round_trip_carries_pktinfo_local_ip ... FAILED
[INFO] [stdout] test socket::unix::cmsg_builder_emits_a_round_trippable_pktinfo ... ok
[INFO] [stdout] test socket::unix::from_std_enables_cmsgs_on_v4_socket ... FAILED
[INFO] [stdout] test socket::unix::from_std_enables_cmsgs_on_v6_socket ... FAILED
[INFO] [stdout] test selfsend::tests::ordered_pre_send_slack_admits_1ms_back ... ok
[INFO] [stdout] test socket::unix::truncated_pktinfo_cmsg_is_skipped_not_read ... ok
[INFO] [stdout] 
[INFO] [stdout] failures:
[INFO] [stdout] 
[INFO] [stdout] ---- driver::tests::endpoint_inner_can_be_constructed_and_dropped stdout ----
[INFO] [stdout] 
[INFO] [stdout] thread 'driver::tests::endpoint_inner_can_be_constructed_and_dropped' (1867) panicked at src/driver/tests.rs:105:1:
[INFO] [stdout] cannot create runtime: Os { code: 1, kind: PermissionDenied, message: "Operation not permitted" }
[INFO] [stdout] stack backtrace:
[INFO] [stdout]    0:     0x60f3960444a1 - <<std[617be2ca0a6fd877]::sys::backtrace::BacktraceLock>::print::DisplayBacktrace as core[a373ad73a504971]::fmt::Display>::fmt
[INFO] [stdout]    1:     0x60f39605887a - core[a373ad73a504971]::fmt::write
[INFO] [stdout]    2:     0x60f3960488ac - <alloc[2e1b2a31b91974c5]::vec::Vec<u8> as core[a373ad73a504971]::io::write::Write>::write_fmt
[INFO] [stdout]    3:     0x60f39601ffd6 - std[617be2ca0a6fd877]::panicking::default_hook::{closure#0}
[INFO] [stdout]    4:     0x60f39603c549 - std[617be2ca0a6fd877]::panicking::default_hook
[INFO] [stdout]    5:     0x60f395faf230 - test[aada8e7e76ba119b]::test_main_inner::{closure#0}
[INFO] [stdout]    6:     0x60f39603c872 - std[617be2ca0a6fd877]::panicking::panic_with_hook
[INFO] [stdout]    7:     0x60f396020082 - std[617be2ca0a6fd877]::panicking::panic_handler::{closure#0}
[INFO] [stdout]    8:     0x60f396018d69 - std[617be2ca0a6fd877]::sys::backtrace::__rust_end_short_backtrace::<std[617be2ca0a6fd877]::panicking::panic_handler::{closure#0}, !>
[INFO] [stdout]    9:     0x60f396020c8d - __rustc[ea4f61d10b84890b]::rust_begin_unwind
[INFO] [stdout]   10:     0x60f396058fdc - core[a373ad73a504971]::panicking::panic_fmt
[INFO] [stdout]   11:     0x60f396058db2 - core[a373ad73a504971]::result::unwrap_failed
[INFO] [stdout]   12:     0x60f395f6aa3b - <hick_compio[a6c2d6bee5f4a5aa]::driver::tests::endpoint_inner_can_be_constructed_and_dropped::{closure#0} as core[a373ad73a504971]::ops::function::FnOnce<()>>::call_once
[INFO] [stdout]   13:     0x60f395fa267b - test[aada8e7e76ba119b]::__rust_begin_short_backtrace::<core[a373ad73a504971]::result::Result<(), alloc[2e1b2a31b91974c5]::string::String>, fn() -> core[a373ad73a504971]::result::Result<(), alloc[2e1b2a31b91974c5]::string::String>>
[INFO] [stdout]   14:     0x60f395faf855 - test[aada8e7e76ba119b]::run_test::{closure#0}
[INFO] [stdout]   15:     0x60f395fa9144 - std[617be2ca0a6fd877]::sys::backtrace::__rust_begin_short_backtrace::<test[aada8e7e76ba119b]::run_test::{closure#1}, ()>
[INFO] [stdout]   16:     0x60f395fb28e2 - <std[617be2ca0a6fd877]::thread::lifecycle::spawn_unchecked<test[aada8e7e76ba119b]::run_test::{closure#1}, ()>::{closure#1} as core[a373ad73a504971]::ops::function::FnOnce<()>>::call_once::{shim:vtable#0}
[INFO] [stdout]   17:     0x60f396043b4f - <std[617be2ca0a6fd877]::sys::thread::unix::Thread>::new::thread_start
[INFO] [stdout]   18:     0x7b70fe864dfa - <unknown>
[INFO] [stdout]   19:     0x7b70fe8f83d4 - clone
[INFO] [stdout]   20:                0x0 - <unknown>
[INFO] [stdout] 
[INFO] [stdout] ---- driver::tests::local_notify_wakes_a_listener stdout ----
[INFO] [stdout] 
[INFO] [stdout] thread 'driver::tests::local_notify_wakes_a_listener' (1871) panicked at src/driver/tests.rs:6:1:
[INFO] [stdout] cannot create runtime: Os { code: 1, kind: PermissionDenied, message: "Operation not permitted" }
[INFO] [stdout] stack backtrace:
[INFO] [stdout]    0:     0x60f3960444a1 - <<std[617be2ca0a6fd877]::sys::backtrace::BacktraceLock>::print::DisplayBacktrace as core[a373ad73a504971]::fmt::Display>::fmt
[INFO] [stdout]    1:     0x60f39605887a - core[a373ad73a504971]::fmt::write
[INFO] [stdout]    2:     0x60f3960488ac - <alloc[2e1b2a31b91974c5]::vec::Vec<u8> as core[a373ad73a504971]::io::write::Write>::write_fmt
[INFO] [stdout]    3:     0x60f39601ffd6 - std[617be2ca0a6fd877]::panicking::default_hook::{closure#0}
[INFO] [stdout]    4:     0x60f39603c549 - std[617be2ca0a6fd877]::panicking::default_hook
[INFO] [stdout]    5:     0x60f395faf230 - test[aada8e7e76ba119b]::test_main_inner::{closure#0}
[INFO] [stdout]    6:     0x60f39603c872 - std[617be2ca0a6fd877]::panicking::panic_with_hook
[INFO] [stdout]    7:     0x60f396020082 - std[617be2ca0a6fd877]::panicking::panic_handler::{closure#0}
[INFO] [stdout]    8:     0x60f396018d69 - std[617be2ca0a6fd877]::sys::backtrace::__rust_end_short_backtrace::<std[617be2ca0a6fd877]::panicking::panic_handler::{closure#0}, !>
[INFO] [stdout]    9:     0x60f396020c8d - __rustc[ea4f61d10b84890b]::rust_begin_unwind
[INFO] [stdout]   10:     0x60f396058fdc - core[a373ad73a504971]::panicking::panic_fmt
[INFO] [stdout]   11:     0x60f396058db2 - core[a373ad73a504971]::result::unwrap_failed
[INFO] [stdout]   12:     0x60f395f6a68b - <hick_compio[a6c2d6bee5f4a5aa]::driver::tests::local_notify_wakes_a_listener::{closure#0} as core[a373ad73a504971]::ops::function::FnOnce<()>>::call_once
[INFO] [stdout]   13:     0x60f395fa267b - test[aada8e7e76ba119b]::__rust_begin_short_backtrace::<core[a373ad73a504971]::result::Result<(), alloc[2e1b2a31b91974c5]::string::String>, fn() -> core[a373ad73a504971]::result::Result<(), alloc[2e1b2a31b91974c5]::string::String>>
[INFO] [stdout]   14:     0x60f395faf855 - test[aada8e7e76ba119b]::run_test::{closure#0}
[INFO] [stdout]   15:     0x60f395fa9144 - std[617be2ca0a6fd877]::sys::backtrace::__rust_begin_short_backtrace::<test[aada8e7e76ba119b]::run_test::{closure#1}, ()>
[INFO] [stdout]   16:     0x60f395fb28e2 - <std[617be2ca0a6fd877]::thread::lifecycle::spawn_unchecked<test[aada8e7e76ba119b]::run_test::{closure#1}, ()>::{closure#1} as core[a373ad73a504971]::ops::function::FnOnce<()>>::call_once::{shim:vtable#0}
[INFO] [stdout]   17:     0x60f396043b4f - <std[617be2ca0a6fd877]::sys::thread::unix::Thread>::new::thread_start
[INFO] [stdout]   18:     0x7b70fe864dfa - <unknown>
[INFO] [stdout]   19:     0x7b70fe8f83d4 - clone
[INFO] [stdout]   20:                0x0 - <unknown>
[INFO] [stdout] 
[INFO] [stdout] ---- driver::tests::drop_defers_withdrawal_to_driver_sweep stdout ----
[INFO] [stdout] 
[INFO] [stdout] thread 'driver::tests::drop_defers_withdrawal_to_driver_sweep' (1864) panicked at src/driver/tests.rs:429:1:
[INFO] [stdout] cannot create runtime: Os { code: 1, kind: PermissionDenied, message: "Operation not permitted" }
[INFO] [stdout] stack backtrace:
[INFO] [stdout]    0:     0x60f3960444a1 - <<std[617be2ca0a6fd877]::sys::backtrace::BacktraceLock>::print::DisplayBacktrace as core[a373ad73a504971]::fmt::Display>::fmt
[INFO] [stdout]    1:     0x60f39605887a - core[a373ad73a504971]::fmt::write
[INFO] [stdout]    2:     0x60f3960488ac - <alloc[2e1b2a31b91974c5]::vec::Vec<u8> as core[a373ad73a504971]::io::write::Write>::write_fmt
[INFO] [stdout]    3:     0x60f39601ffd6 - std[617be2ca0a6fd877]::panicking::default_hook::{closure#0}
[INFO] [stdout]    4:     0x60f39603c549 - std[617be2ca0a6fd877]::panicking::default_hook
[INFO] [stdout]    5:     0x60f395faf230 - test[aada8e7e76ba119b]::test_main_inner::{closure#0}
[INFO] [stdout]    6:     0x60f39603c872 - std[617be2ca0a6fd877]::panicking::panic_with_hook
[INFO] [stdout]    7:     0x60f396020082 - std[617be2ca0a6fd877]::panicking::panic_handler::{closure#0}
[INFO] [stdout]    8:     0x60f396018d69 - std[617be2ca0a6fd877]::sys::backtrace::__rust_end_short_backtrace::<std[617be2ca0a6fd877]::panicking::panic_handler::{closure#0}, !>
[INFO] [stdout]    9:     0x60f396020c8d - __rustc[ea4f61d10b84890b]::rust_begin_unwind
[INFO] [stdout]   10:     0x60f396058fdc - core[a373ad73a504971]::panicking::panic_fmt
[INFO] [stdout]   11:     0x60f396058db2 - core[a373ad73a504971]::result::unwrap_failed
[INFO] [stdout]   12:     0x60f395f6a935 - <hick_compio[a6c2d6bee5f4a5aa]::driver::tests::drop_defers_withdrawal_to_driver_sweep::{closure#0} as core[a373ad73a504971]::ops::function::FnOnce<()>>::call_once
[INFO] [stdout]   13:     0x60f395fa267b - test[aada8e7e76ba119b]::__rust_begin_short_backtrace::<core[a373ad73a504971]::result::Result<(), alloc[2e1b2a31b91974c5]::string::String>, fn() -> core[a373ad73a504971]::result::Result<(), alloc[2e1b2a31b91974c5]::string::String>>
[INFO] [stdout]   14:     0x60f395faf855 - test[aada8e7e76ba119b]::run_test::{closure#0}
[INFO] [stdout]   15:     0x60f395fa9144 - std[617be2ca0a6fd877]::sys::backtrace::__rust_begin_short_backtrace::<test[aada8e7e76ba119b]::run_test::{closure#1}, ()>
[INFO] [stdout]   16:     0x60f395fb28e2 - <std[617be2ca0a6fd877]::thread::lifecycle::spawn_unchecked<test[aada8e7e76ba119b]::run_test::{closure#1}, ()>::{closure#1} as core[a373ad73a504971]::ops::function::FnOnce<()>>::call_once::{shim:vtable#0}
[INFO] [stdout]   17:     0x60f396043b4f - <std[617be2ca0a6fd877]::sys::thread::unix::Thread>::new::thread_start
[INFO] [stdout]   18:     0x7b70fe864dfa - <unknown>
[INFO] [stdout]   19:     0x7b70fe8f83d4 - clone
[INFO] [stdout]   20:                0x0 - <unknown>
[INFO] [stdout] 
[INFO] [stdout] ---- service::tests::errored_service_next_terminates_after_conflict stdout ----
[INFO] [stdout] 
[INFO] [stdout] thread 'service::tests::errored_service_next_terminates_after_conflict' (1902) panicked at src/service/tests.rs:193:1:
[INFO] [stdout] cannot create runtime: Os { code: 1, kind: PermissionDenied, message: "Operation not permitted" }
[INFO] [stdout] stack backtrace:
[INFO] [stdout]    0:     0x60f3960444a1 - <<std[617be2ca0a6fd877]::sys::backtrace::BacktraceLock>::print::DisplayBacktrace as core[a373ad73a504971]::fmt::Display>::fmt
[INFO] [stdout]    1:     0x60f39605887a - core[a373ad73a504971]::fmt::write
[INFO] [stdout]    2:     0x60f3960488ac - <alloc[2e1b2a31b91974c5]::vec::Vec<u8> as core[a373ad73a504971]::io::write::Write>::write_fmt
[INFO] [stdout]    3:     0x60f39601ffd6 - std[617be2ca0a6fd877]::panicking::default_hook::{closure#0}
[INFO] [stdout]    4:     0x60f39603c549 - std[617be2ca0a6fd877]::panicking::default_hook
[INFO] [stdout]    5:     0x60f395faf230 - test[aada8e7e76ba119b]::test_main_inner::{closure#0}
[INFO] [stdout]    6:     0x60f39603c872 - std[617be2ca0a6fd877]::panicking::panic_with_hook
[INFO] [stdout]    7:     0x60f396020082 - std[617be2ca0a6fd877]::panicking::panic_handler::{closure#0}
[INFO] [stdout]    8:     0x60f396018d69 - std[617be2ca0a6fd877]::sys::backtrace::__rust_end_short_backtrace::<std[617be2ca0a6fd877]::panicking::panic_handler::{closure#0}, !>
[INFO] [stdout]    9:     0x60f396020c8d - __rustc[ea4f61d10b84890b]::rust_begin_unwind
[INFO] [stdout]   10:     0x60f396058fdc - core[a373ad73a504971]::panicking::panic_fmt
[INFO] [stdout]   11:     0x60f396058db2 - core[a373ad73a504971]::result::unwrap_failed
[INFO] [stdout]   12:     0x60f395f730ce - <hick_compio[a6c2d6bee5f4a5aa]::service::tests::errored_service_next_terminates_after_conflict::{closure#0} as core[a373ad73a504971]::ops::function::FnOnce<()>>::call_once
[INFO] [stdout]   13:     0x60f395fa267b - test[aada8e7e76ba119b]::__rust_begin_short_backtrace::<core[a373ad73a504971]::result::Result<(), alloc[2e1b2a31b91974c5]::string::String>, fn() -> core[a373ad73a504971]::result::Result<(), alloc[2e1b2a31b91974c5]::string::String>>
[INFO] [stdout]   14:     0x60f395faf855 - test[aada8e7e76ba119b]::run_test::{closure#0}
[INFO] [stdout]   15:     0x60f395fa9144 - std[617be2ca0a6fd877]::sys::backtrace::__rust_begin_short_backtrace::<test[aada8e7e76ba119b]::run_test::{closure#1}, ()>
[INFO] [stdout]   16:     0x60f395fb28e2 - <std[617be2ca0a6fd877]::thread::lifecycle::spawn_unchecked<test[aada8e7e76ba119b]::run_test::{closure#1}, ()>::{closure#1} as core[a373ad73a504971]::ops::function::FnOnce<()>>::call_once::{shim:vtable#0}
[INFO] [stdout]   17:     0x60f396043b4f - <std[617be2ca0a6fd877]::sys::thread::unix::Thread>::new::thread_start
[INFO] [stdout]   18:     0x7b70fe864dfa - <unknown>
[INFO] [stdout]   19:     0x7b70fe8f83d4 - clone
[INFO] [stdout]   20:                0x0 - <unknown>
[INFO] [stdout] 
[INFO] [stdout] ---- socket::tests::raw_loopback_round_trip_carries_pktinfo_local_ip stdout ----
[INFO] [stdout] 
[INFO] [stdout] thread 'socket::tests::raw_loopback_round_trip_carries_pktinfo_local_ip' (1911) panicked at src/socket/tests.rs:16:1:
[INFO] [stdout] cannot create runtime: Os { code: 1, kind: PermissionDenied, message: "Operation not permitted" }
[INFO] [stdout] stack backtrace:
[INFO] [stdout]    0:     0x60f3960444a1 - <<std[617be2ca0a6fd877]::sys::backtrace::BacktraceLock>::print::DisplayBacktrace as core[a373ad73a504971]::fmt::Display>::fmt
[INFO] [stdout]    1:     0x60f39605887a - core[a373ad73a504971]::fmt::write
[INFO] [stdout]    2:     0x60f3960488ac - <alloc[2e1b2a31b91974c5]::vec::Vec<u8> as core[a373ad73a504971]::io::write::Write>::write_fmt
[INFO] [stdout]    3:     0x60f39601ffd6 - std[617be2ca0a6fd877]::panicking::default_hook::{closure#0}
[INFO] [stdout]    4:     0x60f39603c549 - std[617be2ca0a6fd877]::panicking::default_hook
[INFO] [stdout]    5:     0x60f395faf230 - test[aada8e7e76ba119b]::test_main_inner::{closure#0}
[INFO] [stdout]    6:     0x60f39603c872 - std[617be2ca0a6fd877]::panicking::panic_with_hook
[INFO] [stdout]    7:     0x60f396020082 - std[617be2ca0a6fd877]::panicking::panic_handler::{closure#0}
[INFO] [stdout]    8:     0x60f396018d69 - std[617be2ca0a6fd877]::sys::backtrace::__rust_end_short_backtrace::<std[617be2ca0a6fd877]::panicking::panic_handler::{closure#0}, !>
[INFO] [stdout]    9:     0x60f396020c8d - __rustc[ea4f61d10b84890b]::rust_begin_unwind
[INFO] [stdout]   10:     0x60f396058fdc - core[a373ad73a504971]::panicking::panic_fmt
[INFO] [stdout]   11:     0x60f396058db2 - core[a373ad73a504971]::result::unwrap_failed
[INFO] [stdout]   12:     0x60f395f9f77d - <hick_compio[a6c2d6bee5f4a5aa]::socket::tests::raw_loopback_round_trip_carries_pktinfo_local_ip::{closure#0} as core[a373ad73a504971]::ops::function::FnOnce<()>>::call_once
[INFO] [stdout]   13:     0x60f395fa267b - test[aada8e7e76ba119b]::__rust_begin_short_backtrace::<core[a373ad73a504971]::result::Result<(), alloc[2e1b2a31b91974c5]::string::String>, fn() -> core[a373ad73a504971]::result::Result<(), alloc[2e1b2a31b91974c5]::string::String>>
[INFO] [stdout]   14:     0x60f395faf855 - test[aada8e7e76ba119b]::run_test::{closure#0}
[INFO] [stdout]   15:     0x60f395fa9144 - std[617be2ca0a6fd877]::sys::backtrace::__rust_begin_short_backtrace::<test[aada8e7e76ba119b]::run_test::{closure#1}, ()>
[INFO] [stdout]   16:     0x60f395fb28e2 - <std[617be2ca0a6fd877]::thread::lifecycle::spawn_unchecked<test[aada8e7e76ba119b]::run_test::{closure#1}, ()>::{closure#1} as core[a373ad73a504971]::ops::function::FnOnce<()>>::call_once::{shim:vtable#0}
[INFO] [stdout]   17:     0x60f396043b4f - <std[617be2ca0a6fd877]::sys::thread::unix::Thread>::new::thread_start
[INFO] [stdout]   18:     0x7b70fe864dfa - <unknown>
[INFO] [stdout]   19:     0x7b70fe8f83d4 - clone
[INFO] [stdout]   20:                0x0 - <unknown>
[INFO] [stdout] 
[INFO] [stdout] ---- socket::unix::from_std_enables_cmsgs_on_v4_socket stdout ----
[INFO] [stdout] 
[INFO] [stdout] thread 'socket::unix::from_std_enables_cmsgs_on_v4_socket' (1916) panicked at src/socket/unix.rs:500:1:
[INFO] [stdout] cannot create runtime: Os { code: 1, kind: PermissionDenied, message: "Operation not permitted" }
[INFO] [stdout] stack backtrace:
[INFO] [stdout]    0:     0x60f3960444a1 - <<std[617be2ca0a6fd877]::sys::backtrace::BacktraceLock>::print::DisplayBacktrace as core[a373ad73a504971]::fmt::Display>::fmt
[INFO] [stdout]    1:     0x60f39605887a - core[a373ad73a504971]::fmt::write
[INFO] [stdout]    2:     0x60f3960488ac - <alloc[2e1b2a31b91974c5]::vec::Vec<u8> as core[a373ad73a504971]::io::write::Write>::write_fmt
[INFO] [stdout]    3:     0x60f39601ffd6 - std[617be2ca0a6fd877]::panicking::default_hook::{closure#0}
[INFO] [stdout]    4:     0x60f39603c549 - std[617be2ca0a6fd877]::panicking::default_hook
[INFO] [stdout]    5:     0x60f395faf230 - test[aada8e7e76ba119b]::test_main_inner::{closure#0}
[INFO] [stdout]    6:     0x60f39603c872 - std[617be2ca0a6fd877]::panicking::panic_with_hook
[INFO] [stdout]    7:     0x60f396020082 - std[617be2ca0a6fd877]::panicking::panic_handler::{closure#0}
[INFO] [stdout]    8:     0x60f396018d69 - std[617be2ca0a6fd877]::sys::backtrace::__rust_end_short_backtrace::<std[617be2ca0a6fd877]::panicking::panic_handler::{closure#0}, !>
[INFO] [stdout]    9:     0x60f396020c8d - __rustc[ea4f61d10b84890b]::rust_begin_unwind
[INFO] [stdout]   10:     0x60f396058fdc - core[a373ad73a504971]::panicking::panic_fmt
[INFO] [stdout]   11:     0x60f396058db2 - core[a373ad73a504971]::result::unwrap_failed
[INFO] [stdout]   12:     0x60f395f9f195 - <hick_compio[a6c2d6bee5f4a5aa]::socket::unix::from_std_enables_cmsgs_on_v4_socket::{closure#0} as core[a373ad73a504971]::ops::function::FnOnce<()>>::call_once
[INFO] [stdout]   13:     0x60f395fa267b - test[aada8e7e76ba119b]::__rust_begin_short_backtrace::<core[a373ad73a504971]::result::Result<(), alloc[2e1b2a31b91974c5]::string::String>, fn() -> core[a373ad73a504971]::result::Result<(), alloc[2e1b2a31b91974c5]::string::String>>
[INFO] [stdout]   14:     0x60f395faf855 - test[aada8e7e76ba119b]::run_test::{closure#0}
[INFO] [stdout]   15:     0x60f395fa9144 - std[617be2ca0a6fd877]::sys::backtrace::__rust_begin_short_backtrace::<test[aada8e7e76ba119b]::run_test::{closure#1}, ()>
[INFO] [stdout]   16:     0x60f395fb28e2 - <std[617be2ca0a6fd877]::thread::lifecycle::spawn_unchecked<test[aada8e7e76ba119b]::run_test::{closure#1}, ()>::{closure#1} as core[a373ad73a504971]::ops::function::FnOnce<()>>::call_once::{shim:vtable#0}
[INFO] [stdout]   17:     0x60f396043b4f - <std[617be2ca0a6fd877]::sys::thread::unix::Thread>::new::thread_start
[INFO] [stdout]   18:     0x7b70fe864dfa - <unknown>
[INFO] [stdout]   19:     0x7b70fe8f83d4 - clone
[INFO] [stdout]   20:                0x0 - <unknown>
[INFO] [stdout] 
[INFO] [stdout] ---- socket::unix::from_std_enables_cmsgs_on_v6_socket stdout ----
[INFO] [stdout] 
[INFO] [stdout] thread 'socket::unix::from_std_enables_cmsgs_on_v6_socket' (1917) panicked at src/socket/unix.rs:480:1:
[INFO] [stdout] cannot create runtime: Os { code: 1, kind: PermissionDenied, message: "Operation not permitted" }
[INFO] [stdout] stack backtrace:
[INFO] [stdout]    0:     0x60f3960444a1 - <<std[617be2ca0a6fd877]::sys::backtrace::BacktraceLock>::print::DisplayBacktrace as core[a373ad73a504971]::fmt::Display>::fmt
[INFO] [stdout]    1:     0x60f39605887a - core[a373ad73a504971]::fmt::write
[INFO] [stdout]    2:     0x60f3960488ac - <alloc[2e1b2a31b91974c5]::vec::Vec<u8> as core[a373ad73a504971]::io::write::Write>::write_fmt
[INFO] [stdout]    3:     0x60f39601ffd6 - std[617be2ca0a6fd877]::panicking::default_hook::{closure#0}
[INFO] [stdout]    4:     0x60f39603c549 - std[617be2ca0a6fd877]::panicking::default_hook
[INFO] [stdout]    5:     0x60f395faf230 - test[aada8e7e76ba119b]::test_main_inner::{closure#0}
[INFO] [stdout]    6:     0x60f39603c872 - std[617be2ca0a6fd877]::panicking::panic_with_hook
[INFO] [stdout]    7:     0x60f396020082 - std[617be2ca0a6fd877]::panicking::panic_handler::{closure#0}
[INFO] [stdout]    8:     0x60f396018d69 - std[617be2ca0a6fd877]::sys::backtrace::__rust_end_short_backtrace::<std[617be2ca0a6fd877]::panicking::panic_handler::{closure#0}, !>
[INFO] [stdout]    9:     0x60f396020c8d - __rustc[ea4f61d10b84890b]::rust_begin_unwind
[INFO] [stdout]   10:     0x60f396058fdc - core[a373ad73a504971]::panicking::panic_fmt
[INFO] [stdout]   11:     0x60f396058db2 - core[a373ad73a504971]::result::unwrap_failed
[INFO] [stdout]   12:     0x60f395f9f295 - <hick_compio[a6c2d6bee5f4a5aa]::socket::unix::from_std_enables_cmsgs_on_v6_socket::{closure#0} as core[a373ad73a504971]::ops::function::FnOnce<()>>::call_once
[INFO] [stdout]   13:     0x60f395fa267b - test[aada8e7e76ba119b]::__rust_begin_short_backtrace::<core[a373ad73a504971]::result::Result<(), alloc[2e1b2a31b91974c5]::string::String>, fn() -> core[a373ad73a504971]::result::Result<(), alloc[2e1b2a31b91974c5]::string::String>>
[INFO] [stdout]   14:     0x60f395faf855 - test[aada8e7e76ba119b]::run_test::{closure#0}
[INFO] [stdout]   15:     0x60f395fa9144 - std[617be2ca0a6fd877]::sys::backtrace::__rust_begin_short_backtrace::<test[aada8e7e76ba119b]::run_test::{closure#1}, ()>
[INFO] [stdout]   16:     0x60f395fb28e2 - <std[617be2ca0a6fd877]::thread::lifecycle::spawn_unchecked<test[aada8e7e76ba119b]::run_test::{closure#1}, ()>::{closure#1} as core[a373ad73a504971]::ops::function::FnOnce<()>>::call_once::{shim:vtable#0}
[INFO] [stdout]   17:     0x60f396043b4f - <std[617be2ca0a6fd877]::sys::thread::unix::Thread>::new::thread_start
[INFO] [stdout]   18:     0x7b70fe864dfa - <unknown>
[INFO] [stdout]   19:     0x7b70fe8f83d4 - clone
[INFO] [stdout]   20:                0x0 - <unknown>
[INFO] [stdout] 
[INFO] [stdout] 
[INFO] [stdout] failures:
[INFO] [stdout]     driver::tests::drop_defers_withdrawal_to_driver_sweep
[INFO] [stdout]     driver::tests::endpoint_inner_can_be_constructed_and_dropped
[INFO] [stdout]     driver::tests::local_notify_wakes_a_listener
[INFO] [stdout]     service::tests::errored_service_next_terminates_after_conflict
[INFO] [stdout]     socket::tests::raw_loopback_round_trip_carries_pktinfo_local_ip
[INFO] [stdout]     socket::unix::from_std_enables_cmsgs_on_v4_socket
[INFO] [stdout]     socket::unix::from_std_enables_cmsgs_on_v6_socket
[INFO] [stdout] 
[INFO] [stdout] test result: FAILED. 66 passed; 7 failed; 0 ignored; 0 measured; 0 filtered out; finished in 0.05s
[INFO] [stdout] 
[INFO] [stderr] error: test failed, to rerun pass `--lib`
[INFO] running `Command { std: "docker" "inspect" "b75fe367bc0bcb102ce0f6266e8ed817d76f1b41107b30ef68641bebff83870e", kill_on_drop: false }`
[INFO] running `Command { std: "docker" "rm" "-f" "b75fe367bc0bcb102ce0f6266e8ed817d76f1b41107b30ef68641bebff83870e", kill_on_drop: false }`
[INFO] [stdout] b75fe367bc0bcb102ce0f6266e8ed817d76f1b41107b30ef68641bebff83870e
