[INFO] fetching crate hi-push 0.0.1...
[INFO] testing hi-push-0.0.1 against 1.99.0-beta.8+cargoflags=--release for beta-release-1.100-2
[INFO] extracting crate hi-push 0.0.1 into /workspace/builds/worker-4-tc1/source
[INFO] started tweaking crates.io crate hi-push 0.0.1
[INFO] removed 0 missing examples
[INFO] finished tweaking crates.io crate hi-push 0.0.1
[INFO] tweaked toml for crates.io crate hi-push 0.0.1 written to /workspace/builds/worker-4-tc1/source/Cargo.toml
[INFO] validating manifest of crates.io crate hi-push 0.0.1 on toolchain 1.99.0-beta.8
[INFO] running `Command { std: CARGO_HOME="/workspace/cargo-home" RUSTUP_HOME="/workspace/rustup-home" "/workspace/cargo-home/bin/cargo" "+1.99.0-beta.8" "metadata" "--manifest-path" "Cargo.toml" "--no-deps", kill_on_drop: false }`
[INFO] crate crates.io crate hi-push 0.0.1 already has a lockfile, it will not be regenerated
[INFO] running `Command { std: CARGO_HOME="/workspace/cargo-home" RUSTUP_HOME="/workspace/rustup-home" "/workspace/cargo-home/bin/cargo" "+1.99.0-beta.8" "fetch" "--manifest-path" "Cargo.toml", kill_on_drop: false }`
[INFO] [stderr]     Blocking waiting for file lock on package cache
[INFO] [stderr]     Updating crates.io index
[INFO] [stderr]     Blocking waiting for file lock on package cache
[INFO] [stderr]  Downloading crates ...
[INFO] [stderr]   Downloaded serde_derive v1.0.145
[INFO] [stderr]   Downloaded serde v1.0.145
[INFO] [stderr]   Downloaded rustls-pemfile v0.3.0
[INFO] [stderr]   Downloaded time-macros v0.2.4
[INFO] [stderr]   Downloaded once_cell v1.15.0
[INFO] [stderr]   Downloaded hyper-rustls v0.23.0
[INFO] [stderr]   Downloaded rustls-native-certs v0.6.2
[INFO] [stderr]   Downloaded time v0.3.15
[INFO] [stderr]   Downloaded tracing-attributes v0.1.23
[INFO] [stderr]   Downloaded serde_json v1.0.86
[INFO] [stderr]   Downloaded yup-oauth2 v7.0.1
[INFO] [stderr]   Downloaded syn v1.0.102
[INFO] [stderr]   Downloaded async-trait v0.1.58
[INFO] [stderr]   Downloaded futures-macro v0.3.24
[INFO] [stderr]   Downloaded futures-io v0.3.24
[INFO] [stderr]   Downloaded futures-executor v0.3.24
[INFO] [stderr]   Downloaded tokio v1.21.2
[INFO] [stderr]   Downloaded libc v0.2.135
[INFO] [stderr]   Downloaded futures v0.3.24
[INFO] [stderr]   Downloaded anyhow v1.0.65
[INFO] [stderr]   Downloaded uuid v1.2.1
[INFO] [stderr]   Downloaded tracing-subscriber v0.3.16
[INFO] [stderr]   Downloaded smallvec v1.10.0
[INFO] [stderr]   Downloaded tonic v0.8.2
[INFO] [stderr]   Downloaded pin-project v1.0.12
[INFO] [stderr]   Downloaded pin-project-internal v1.0.12
[INFO] [stderr]   Downloaded tower-layer v0.3.2
[INFO] [stderr]   Downloaded tokio-stream v0.1.11
[INFO] [stderr]   Downloaded prost-derive v0.11.0
[INFO] [stderr]   Downloaded prost v0.11.0
[INFO] [stderr]   Downloaded tokio-io-timeout v1.2.0
[INFO] [stderr]   Downloaded tower-http v0.3.4
[INFO] [stderr]   Downloaded http-range-header v0.3.0
[INFO] [stderr]   Downloaded tokio-tungstenite v0.17.2
[INFO] [stderr]   Downloaded tungstenite v0.17.3
[INFO] [stderr]   Downloaded sha-1 v0.10.0
[INFO] [stderr]   Downloaded digest v0.10.5
[INFO] [stderr]   Downloaded generic-array v0.14.6
[INFO] [stderr]   Downloaded block-buffer v0.10.3
[INFO] [stderr]   Downloaded sync_wrapper v0.1.1
[INFO] [stderr]   Downloaded matchit v0.5.0
[INFO] [stderr]   Downloaded headers v0.3.8
[INFO] [stderr]   Downloaded sqlx-rt v0.6.2
[INFO] [stderr]   Downloaded axum v0.5.16
[INFO] [stderr]   Downloaded cpufeatures v0.2.5
[INFO] [stderr]   Downloaded axum-core v0.2.8
[INFO] [stderr]   Downloaded async-stream v0.3.3
[INFO] [stderr]   Downloaded async-stream-impl v0.3.3
[INFO] [stderr]   Downloaded tokio-retry v0.3.0
[INFO] [stderr]   Downloaded serde_repr v0.1.9
[INFO] [stderr]   Downloaded sqlx v0.6.2
[INFO] [stderr]   Downloaded sqlx-macros v0.6.2
[INFO] [stderr]   Downloaded openssl-sys v0.9.76
[INFO] [stderr]   Downloaded openssl v0.10.42
[INFO] [stderr]   Downloaded sqlx-core v0.6.2
[INFO] [stderr]   Downloaded sea-orm v0.9.3
[INFO] [stderr]   Downloaded sqlformat v0.2.0
[INFO] [stderr]   Downloaded nom v7.1.1
[INFO] [stderr]   Downloaded sha2 v0.10.6
[INFO] [stderr]   Downloaded rust_decimal v1.26.1
[INFO] [stderr]   Downloaded libm v0.2.5
[INFO] [stderr]   Downloaded rsa v0.6.1
[INFO] [stderr]   Downloaded pkcs8 v0.8.0
[INFO] [stderr]   Downloaded spki v0.5.4
[INFO] [stderr]   Downloaded der v0.5.1
[INFO] [stderr]   Downloaded pem-rfc7468 v0.3.1
[INFO] [stderr]   Downloaded base64ct v1.5.3
[INFO] [stderr]   Downloaded crypto-bigint v0.3.2
[INFO] [stderr]   Downloaded const-oid v0.7.1
[INFO] [stderr]   Downloaded pkcs1 v0.3.3
[INFO] [stderr]   Downloaded hashlink v0.8.1
[INFO] [stderr]   Downloaded crossbeam-queue v0.3.6
[INFO] [stderr]   Downloaded cxxbridge-macro v1.0.79
[INFO] [stderr]   Downloaded cxxbridge-flags v1.0.79
[INFO] [stderr]   Downloaded openssl-src v111.22.0+1.1.1q
[INFO] [stderr]   Downloaded num-bigint-dig v0.8.1
[INFO] [stderr]   Downloaded paste v1.0.9
[INFO] [stderr]   Downloaded num-bigint v0.4.3
[INFO] [stderr]   Downloaded futures-intrusive v0.4.0
[INFO] [stderr]   Downloaded lock_api v0.4.9
[INFO] [stderr]   Downloaded dotenvy v0.15.6
[INFO] [stderr]   Downloaded crossbeam-utils v0.8.12
[INFO] [stderr]   Downloaded crc v3.0.0
[INFO] [stderr]   Downloaded crc-catalog v2.1.0
[INFO] [stderr]   Downloaded iana-time-zone v0.1.51
[INFO] [stderr]   Downloaded cxx-build v1.0.79
[INFO] [stderr]   Downloaded cxx v1.0.79
[INFO] [stderr]   Downloaded atoi v1.0.0
[INFO] [stderr]   Downloaded sea-strum v0.23.0
[INFO] [stderr]   Downloaded sea-strum_macros v0.23.0
[INFO] [stderr]   Downloaded sea-query-driver v0.2.2
[INFO] [stderr]   Downloaded sea-query-derive v0.2.0
[INFO] [stderr]   Downloaded postgres-types v0.2.4
[INFO] [stderr]   Downloaded md-5 v0.10.5
[INFO] [stderr]   Downloaded sea-orm-macros v0.9.3
[INFO] [stderr]   Downloaded bae v0.1.7
[INFO] [stderr]   Downloaded ouroboros v0.15.5
[INFO] [stderr]   Downloaded ouroboros_macro v0.15.5
[INFO] [stderr]   Downloaded tokio-socks v0.5.1
[INFO] [stderr]   Downloaded chrono v0.4.22
[INFO] [stderr]   Downloaded sea-query v0.26.4
[INFO] [stderr]   Downloaded reqwest v0.11.12
[INFO] [stderr]   Downloaded oauth2 v4.2.3
[INFO] [stderr]   Downloaded serde_path_to_error v0.1.8
[INFO] [stderr]   Downloaded multer v2.0.4
[INFO] [stderr]   Downloaded spin v0.9.4
[INFO] [stderr]   Downloaded typed-builder v0.10.0
[INFO] [stderr]   Downloaded trust-dns-resolver v0.21.2
[INFO] [stderr]   Downloaded enum-as-inner v0.4.0
[INFO] [stderr]   Downloaded trust-dns-proto v0.21.2
[INFO] [stderr]   Downloaded parking_lot_core v0.9.4
[INFO] [stderr]   Downloaded mongodb v2.3.1
[INFO] [stderr]   Downloaded ipconfig v0.3.0
[INFO] [stderr]   Downloaded widestring v0.5.1
[INFO] [stderr]   Downloaded serde_with v1.14.0
[INFO] [stderr]   Downloaded serde_with_macros v1.5.2
[INFO] [stderr]   Downloaded serde_bytes v0.11.7
[INFO] [stderr]   Downloaded os_info v3.5.1
[INFO] [stderr]   Downloaded email_address v0.2.3
[INFO] [stderr]   Downloaded rustc_version_runtime v0.2.1
[INFO] [stderr]   Downloaded pbkdf2 v0.10.1
[INFO] [stderr]   Downloaded bson v2.4.0
[INFO] [stderr]   Downloaded lettre v0.10.1
[INFO] [stderr]   Downloaded email-encoding v0.1.3
[INFO] [stderr]   Downloaded async-socks5 v0.5.1
[INFO] [stderr]   Downloaded httpcodec v0.2.3
[INFO] [stderr]   Downloaded quanta v0.9.3
[INFO] [stderr]   Downloaded raw-cpuid v10.6.0
[INFO] [stderr]   Downloaded futures-timer v3.0.2
[INFO] [stderr]   Downloaded flatten-json-object v0.6.1
[INFO] [stderr]   Downloaded quoted_printable v0.4.5
[INFO] [stderr]   Downloaded hyper-socks2 v0.7.0
[INFO] [stderr]   Downloaded trackable v0.2.24
[INFO] [stderr]   Downloaded trackable_derive v1.0.0
[INFO] [stderr]   Downloaded trackable v1.2.0
[INFO] [stderr]   Downloaded bytecodec v0.4.15
[INFO] [stderr]   Downloaded hi-hyper-multipart v0.0.2
[INFO] [stderr]   Downloaded dashmap v5.4.0
[INFO] [stderr]   Downloaded governor v0.5.0
[INFO] running `Command { std: "docker" "create" "-v" "/var/lib/crater-agent-workspace/builds/worker-4-tc1/source:/opt/rustwide/workdir:ro,Z" "-v" "/var/lib/crater-agent-workspace/builds/worker-4-tc1/target:/opt/rustwide/target:rw,Z" "-v" "/var/lib/crater-agent-workspace/cargo-home:/opt/rustwide/cargo-home:ro,Z" "-v" "/var/lib/crater-agent-workspace/rustup-home:/opt/rustwide/rustup-home:ro,Z" "-m" "1610612736" "--network" "none" "ghcr.io/rust-lang/crates-build-env/linux@sha256:77db811e55d90add9212f6832c23229e3de5f1c1f9905e8cb07319ea15df73ac" "sleep" "infinity", kill_on_drop: false }`
[INFO] [stdout] 8d5435965d77a054540b67f5c03c53176ca01a9ec9bbe53a7fa80b36fa2dd816
[INFO] running `Command { std: "docker" "start" "8d5435965d77a054540b67f5c03c53176ca01a9ec9bbe53a7fa80b36fa2dd816", kill_on_drop: false }`
[INFO] running `Command { std: "docker" "inspect" "8d5435965d77a054540b67f5c03c53176ca01a9ec9bbe53a7fa80b36fa2dd816", kill_on_drop: false }`
[INFO] running `Command { std: "docker" "exec" "-e" "SOURCE_DIR=/opt/rustwide/workdir" "-e" "CARGO_HOME=/opt/rustwide/cargo-home" "-e" "RUSTUP_HOME=/opt/rustwide/rustup-home" "-e" "CARGO_TARGET_DIR=/opt/rustwide/target" "-w" "/opt/rustwide/workdir" "--user" "0:0" "8d5435965d77a054540b67f5c03c53176ca01a9ec9bbe53a7fa80b36fa2dd816" "/opt/rustwide/cargo-home/bin/cargo" "+1.99.0-beta.8" "metadata" "--no-deps" "--format-version=1", kill_on_drop: false }`
[INFO] running `Command { std: "docker" "inspect" "8d5435965d77a054540b67f5c03c53176ca01a9ec9bbe53a7fa80b36fa2dd816", kill_on_drop: false }`
[INFO] running `Command { std: "docker" "exec" "-e" "SOURCE_DIR=/opt/rustwide/workdir" "-e" "CARGO_HOME=/opt/rustwide/cargo-home" "-e" "RUSTUP_HOME=/opt/rustwide/rustup-home" "-e" "CARGO_TARGET_DIR=/opt/rustwide/target" "-e" "CARGO_INCREMENTAL=0" "-e" "RUST_BACKTRACE=full" "-e" "RUSTFLAGS=--cap-lints=warn" "-e" "RUSTDOCFLAGS=--cap-lints=warn" "-w" "/opt/rustwide/workdir" "--user" "0:0" "8d5435965d77a054540b67f5c03c53176ca01a9ec9bbe53a7fa80b36fa2dd816" "/opt/rustwide/cargo-home/bin/cargo" "+1.99.0-beta.8" "build" "--frozen" "--message-format=json" "--release", kill_on_drop: false }`
[INFO] [stderr]    Compiling syn v1.0.102
[INFO] [stderr]    Compiling libc v0.2.135
[INFO] [stderr]    Compiling once_cell v1.15.0
[INFO] [stderr]    Compiling bytes v1.2.1
[INFO] [stderr]    Compiling futures-core v0.3.24
[INFO] [stderr]    Compiling futures-channel v0.3.24
[INFO] [stderr]    Compiling futures-task v0.3.24
[INFO] [stderr]    Compiling tokio v1.21.2
[INFO] [stderr]    Compiling futures-sink v0.3.24
[INFO] [stderr]    Compiling futures-util v0.3.24
[INFO] [stderr]    Compiling serde_derive v1.0.145
[INFO] [stderr]    Compiling serde v1.0.145
[INFO] [stderr]    Compiling futures-io v0.3.24
[INFO] [stderr]    Compiling typenum v1.15.0
[INFO] [stderr]    Compiling generic-array v0.14.6
[INFO] [stderr]    Compiling indexmap v1.9.1
[INFO] [stderr]    Compiling ppv-lite86 v0.2.16
[INFO] [stderr]    Compiling subtle v2.4.1
[INFO] [stderr]    Compiling openssl-src v111.22.0+1.1.1q
[INFO] [stderr]    Compiling ring v0.16.20
[INFO] [stderr]    Compiling serde_json v1.0.86
[INFO] [stderr]    Compiling async-trait v0.1.58
[INFO] [stderr]    Compiling unicase v2.6.0
[INFO] [stderr]    Compiling cpufeatures v0.2.5
[INFO] [stderr]    Compiling tracing-core v0.1.30
[INFO] [stderr]    Compiling openssl v0.10.42
[INFO] [stderr]    Compiling smallvec v1.10.0
[INFO] [stderr]    Compiling anyhow v1.0.65
[INFO] [stderr]    Compiling openssl-sys v0.9.76
[INFO] [stderr]    Compiling lock_api v0.4.9
[INFO] [stderr]    Compiling http v0.2.8
[INFO] [stderr]    Compiling parking_lot_core v0.9.4
[INFO] [stderr]    Compiling semver-parser v0.7.0
[INFO] [stderr]    Compiling rustls-pemfile v1.0.1
[INFO] [stderr]    Compiling either v1.8.0
[INFO] [stderr]    Compiling tower-layer v0.3.2
[INFO] [stderr]    Compiling match_cfg v0.1.0
[INFO] [stderr]    Compiling idna v0.2.3
[INFO] [stderr]    Compiling mime_guess v2.0.4
[INFO] [stderr]    Compiling rustls-native-certs v0.6.2
[INFO] [stderr]    Compiling semver v0.9.0
[INFO] [stderr]    Compiling ahash v0.7.6
[INFO] [stderr]    Compiling num_threads v0.1.6
[INFO] [stderr]    Compiling rustc_version v0.2.3
[INFO] [stderr]    Compiling time-macros v0.2.4
[INFO] [stderr]    Compiling crossbeam-utils v0.8.12
[INFO] [stderr]    Compiling socket2 v0.4.7
[INFO] [stderr]    Compiling num_cpus v1.13.1
[INFO] [stderr]    Compiling mio v0.8.4
[INFO] [stderr]    Compiling getrandom v0.2.7
[INFO] [stderr]    Compiling hostname v0.3.1
[INFO] [stderr]    Compiling utf-8 v0.7.6
[INFO] [stderr]    Compiling rand_core v0.6.4
[INFO] [stderr]    Compiling http-body v0.4.5
[INFO] [stderr]    Compiling itertools v0.10.5
[INFO] [stderr]    Compiling rand_chacha v0.3.1
[INFO] [stderr]    Compiling parking_lot v0.12.1
[INFO] [stderr]    Compiling headers-core v0.2.0
[INFO] [stderr]    Compiling rustc_version_runtime v0.2.1
[INFO] [stderr]    Compiling rand v0.8.5
[INFO] [stderr]    Compiling time v0.1.44
[INFO] [stderr]    Compiling data-encoding v2.3.2
[INFO] [stderr]    Compiling linked-hash-map v0.5.6
[INFO] [stderr]    Compiling quick-error v1.2.3
[INFO] [stderr]    Compiling iana-time-zone v0.1.51
[INFO] [stderr]    Compiling http-range-header v0.3.0
[INFO] [stderr]    Compiling lru-cache v0.1.2
[INFO] [stderr]    Compiling resolv-conf v0.7.0
[INFO] [stderr]    Compiling crypto-common v0.1.6
[INFO] [stderr]    Compiling block-buffer v0.10.3
[INFO] [stderr]    Compiling digest v0.10.5
[INFO] [stderr]    Compiling rustls-pemfile v0.3.0
[INFO] [stderr]    Compiling raw-cpuid v10.6.0
[INFO] [stderr]    Compiling multer v2.0.4
[INFO] [stderr]    Compiling sync_wrapper v0.1.1
[INFO] [stderr]    Compiling sha-1 v0.10.0
[INFO] [stderr]    Compiling sha1 v0.10.5
[INFO] [stderr]    Compiling sha2 v0.10.6
[INFO] [stderr]    Compiling overload v0.1.1
[INFO] [stderr]    Compiling matchit v0.5.0
[INFO] [stderr]    Compiling nom v7.1.1
[INFO] [stderr]    Compiling nu-ansi-term v0.46.0
[INFO] [stderr]    Compiling headers v0.3.8
[INFO] [stderr]    Compiling pbkdf2 v0.10.1
[INFO] [stderr]    Compiling hmac v0.12.1
[INFO] [stderr]    Compiling md-5 v0.10.5
[INFO] [stderr]    Compiling dashmap v5.4.0
[INFO] [stderr]    Compiling uuid v0.8.2
[INFO] [stderr]    Compiling tracing-log v0.1.3
[INFO] [stderr]    Compiling thread_local v1.1.4
[INFO] [stderr]    Compiling stringprep v0.1.2
[INFO] [stderr]    Compiling email-encoding v0.1.3
[INFO] [stderr]    Compiling os_info v3.5.1
[INFO] [stderr]    Compiling spin v0.9.4
[INFO] [stderr]    Compiling nonzero_ext v0.3.0
[INFO] [stderr]    Compiling email_address v0.2.3
[INFO] [stderr]    Compiling futures-timer v3.0.2
[INFO] [stderr]    Compiling fastrand v1.8.0
[INFO] [stderr]    Compiling take_mut v0.2.2
[INFO] [stderr]    Compiling quoted_printable v0.4.5
[INFO] [stderr]    Compiling quanta v0.9.3
[INFO] [stderr]    Compiling rustls v0.20.7
[INFO] [stderr]    Compiling darling_core v0.14.1
[INFO] [stderr]    Compiling darling_core v0.13.4
[INFO] [stderr]    Compiling tokio-macros v1.8.0
[INFO] [stderr]    Compiling futures-macro v0.3.24
[INFO] [stderr]    Compiling tracing-attributes v0.1.23
[INFO] [stderr]    Compiling thiserror-impl v1.0.37
[INFO] [stderr]    Compiling openssl-macros v0.1.0
[INFO] [stderr]    Compiling webpki v0.22.0
[INFO] [stderr]    Compiling sct v0.7.0
[INFO] [stderr]    Compiling pin-project-internal v1.0.12
[INFO] [stderr]    Compiling trackable_derive v1.0.0
[INFO] [stderr]    Compiling enum-as-inner v0.4.0
[INFO] [stderr]    Compiling trackable v1.2.0
[INFO] [stderr]    Compiling darling_macro v0.13.4
[INFO] [stderr]    Compiling webpki-roots v0.22.5
[INFO] [stderr]    Compiling trackable v0.2.24
[INFO] [stderr]    Compiling tracing v0.1.37
[INFO] [stderr]    Compiling darling v0.13.4
[INFO] [stderr]    Compiling async-stream-impl v0.3.3
[INFO] [stderr]    Compiling prost-derive v0.11.0
[INFO] [stderr]    Compiling bytecodec v0.4.15
[INFO] [stderr]    Compiling serde_with_macros v1.5.2
[INFO] [stderr]    Compiling typed-builder v0.10.0
[INFO] [stderr]    Compiling darling_macro v0.14.1
[INFO] [stderr]    Compiling derivative v2.2.0
[INFO] [stderr]    Compiling serde_repr v0.1.9
[INFO] [stderr]    Compiling pin-project v1.0.12
[INFO] [stderr]    Compiling thiserror v1.0.37
[INFO] [stderr]    Compiling tracing-futures v0.2.5
[INFO] [stderr]    Compiling darling v0.14.1
[INFO] [stderr]    Compiling async-stream v0.3.3
[INFO] [stderr]    Compiling derive_builder_core v0.11.2
[INFO] [stderr]    Compiling prost v0.11.0
[INFO] [stderr]    Compiling derive_builder_macro v0.11.2
[INFO] [stderr]    Compiling derive_builder v0.11.2
[INFO] [stderr]    Compiling httpcodec v0.2.3
[INFO] [stderr]    Compiling futures-executor v0.3.24
[INFO] [stderr]    Compiling axum-core v0.2.8
[INFO] [stderr]    Compiling futures v0.3.24
[INFO] [stderr]    Compiling governor v0.5.0
[INFO] [stderr]    Compiling tokio-util v0.7.4
[INFO] [stderr]    Compiling tokio-rustls v0.23.4
[INFO] [stderr]    Compiling tokio-io-timeout v1.2.0
[INFO] [stderr]    Compiling tokio-socks v0.5.1
[INFO] [stderr]    Compiling async-socks5 v0.5.1
[INFO] [stderr]    Compiling tokio-stream v0.1.11
[INFO] [stderr]    Compiling tokio-retry v0.3.0
[INFO] [stderr]    Compiling h2 v0.3.14
[INFO] [stderr]    Compiling tower v0.4.13
[INFO] [stderr]    Compiling url v2.3.1
[INFO] [stderr]    Compiling serde_urlencoded v0.7.1
[INFO] [stderr]    Compiling time v0.3.15
[INFO] [stderr]    Compiling uuid v1.2.1
[INFO] [stderr]    Compiling chrono v0.4.22
[INFO] [stderr]    Compiling serde_bytes v0.11.7
[INFO] [stderr]    Compiling tracing-serde v0.1.3
[INFO] [stderr]    Compiling serde_with v1.14.0
[INFO] [stderr]    Compiling serde_path_to_error v0.1.8
[INFO] [stderr]    Compiling tungstenite v0.17.3
[INFO] [stderr]    Compiling trust-dns-proto v0.21.2
[INFO] [stderr]    Compiling tower-http v0.3.4
[INFO] [stderr]    Compiling tracing-subscriber v0.3.16
[INFO] [stderr]    Compiling bson v2.4.0
[INFO] [stderr]    Compiling tokio-tungstenite v0.17.2
[INFO] [stderr]    Compiling flatten-json-object v0.6.1
[INFO] [stderr]    Compiling trust-dns-resolver v0.21.2
[INFO] [stderr]    Compiling mongodb v2.3.1
[INFO] [stderr]    Compiling hyper v0.14.20
[INFO] [stderr]    Compiling hyper-rustls v0.23.0
[INFO] [stderr]    Compiling hyper-timeout v0.4.1
[INFO] [stderr]    Compiling axum v0.5.16
[INFO] [stderr]    Compiling hi-hyper-multipart v0.0.2
[INFO] [stderr]    Compiling yup-oauth2 v7.0.1
[INFO] [stderr]    Compiling native-tls v0.2.10
[INFO] [stderr]    Compiling tonic v0.8.2
[INFO] [stderr]    Compiling tokio-native-tls v0.3.0
[INFO] [stderr]    Compiling hyper-tls v0.5.0
[INFO] [stderr]    Compiling lettre v0.10.1
[INFO] [stderr]    Compiling reqwest v0.11.12
[INFO] [stderr]    Compiling hyper-socks2 v0.7.0
[INFO] [stderr]    Compiling oauth2 v4.2.3
[INFO] [stderr]    Compiling hi-push v0.0.1 (/opt/rustwide/workdir)
[INFO] [stdout] warning: unexpected `cfg` condition value: `grpc`
[INFO] [stdout]   --> src/lib.rs:31:7
[INFO] [stdout]    |
[INFO] [stdout] 31 | #[cfg(feature = "grpc")]
[INFO] [stdout]    |       ^^^^^^^^^^^^^^^^
[INFO] [stdout]    |
[INFO] [stdout]    = note: expected values for `feature` are: `apns`, `axum`, `base64`, `bytecodec`, `cache`, `default`, `email`, `fcm`, `flatten-json-object`, `full`, `futures`, `grpc-api`, `hi-hyper-multipart`, `http`, `http-api`, `httpcodec`, `huawei`, `hyper`, `lettre`, `mongo`, `mongodb`, `multer`, `mysql`, `oauth2`, `rtm`, `sea-orm`, `tonic`, `uuid`, `wecom`, `xiaomi`, and `yup-oauth2`
[INFO] [stdout]    = help: consider adding `grpc` as a feature in `Cargo.toml`
[INFO] [stdout]    = note: see <https://doc.rust-lang.org/nightly/rustc/check-cfg/cargo-specifics.html> for more information about checking conditional configuration
[INFO] [stdout]    = note: `#[warn(unexpected_cfgs)]` on by default
[INFO] [stdout] 
[INFO] [stdout] 
[INFO] [stdout] warning: unexpected `cfg` condition value: `grpc`
[INFO] [stdout]   --> src/lib.rs:37:33
[INFO] [stdout]    |
[INFO] [stdout] 37 | #[cfg(all(any(feature = "http", feature = "grpc")))]
[INFO] [stdout]    |                                 ^^^^^^^^^^^^^^^^
[INFO] [stdout]    |
[INFO] [stdout]    = note: expected values for `feature` are: `apns`, `axum`, `base64`, `bytecodec`, `cache`, `default`, `email`, `fcm`, `flatten-json-object`, `full`, `futures`, `grpc-api`, `hi-hyper-multipart`, `http`, `http-api`, `httpcodec`, `huawei`, `hyper`, `lettre`, `mongo`, `mongodb`, `multer`, `mysql`, `oauth2`, `rtm`, `sea-orm`, `tonic`, `uuid`, `wecom`, `xiaomi`, and `yup-oauth2`
[INFO] [stdout]    = help: consider adding `grpc` as a feature in `Cargo.toml`
[INFO] [stdout]    = note: see <https://doc.rust-lang.org/nightly/rustc/check-cfg/cargo-specifics.html> for more information about checking conditional configuration
[INFO] [stdout] 
[INFO] [stdout] 
[INFO] [stdout] warning: unused import: `crate::InnerError`
[INFO] [stdout]   --> src/huawei/mod.rs:16:5
[INFO] [stdout]    |
[INFO] [stdout] 16 | use crate::InnerError;
[INFO] [stdout]    |     ^^^^^^^^^^^^^^^^^
[INFO] [stdout]    |
[INFO] [stdout]    = note: `#[warn(unused_imports)]` (part of `#[warn(unused)]`) on by default
[INFO] [stdout] 
[INFO] [stdout] 
[INFO] [stdout] warning: unused import: `crate::Pusher`
[INFO] [stdout]    --> src/wecom/mod.rs:243:9
[INFO] [stdout]     |
[INFO] [stdout] 243 |     use crate::Pusher;
[INFO] [stdout]     |         ^^^^^^^^^^^^^
[INFO] [stdout] 
[INFO] [stdout] 
[INFO] [stdout] warning: unused import: `self`
[INFO] [stdout]  --> src/service/mongo.rs:5:20
[INFO] [stdout]   |
[INFO] [stdout] 5 | use crate::utils::{self, now_ts};
[INFO] [stdout]   |                    ^^^^
[INFO] [stdout] 
[INFO] [stdout] 
[INFO] [stdout] warning: unused import: `PushResults`
[INFO] [stdout]   --> src/service/mod.rs:13:52
[INFO] [stdout]    |
[INFO] [stdout] 13 | use crate::{apns, email, fcm, huawei, rtm, xiaomi, PushResults};
[INFO] [stdout]    |                                                    ^^^^^^^^^^^
[INFO] [stdout] 
[INFO] [stdout] 
[INFO] [stdout] warning: variable does not need to be mutable
[INFO] [stdout]    --> src/lib.rs:936:21
[INFO] [stdout]     |
[INFO] [stdout] 936 |                 let mut res = PushResults::default();
[INFO] [stdout]     |                     ----^^^
[INFO] [stdout]     |                     |
[INFO] [stdout]     |                     help: remove this `mut`
[INFO] [stdout]     |
[INFO] [stdout]     = note: `#[warn(unused_mut)]` (part of `#[warn(unused)]`) on by default
[INFO] [stdout] 
[INFO] [stdout] 
[INFO] [stdout] warning: unused variable: `err`
[INFO] [stdout]    --> src/apns/mod.rs:116:21
[INFO] [stdout]     |
[INFO] [stdout] 116 |                 Err(err) => {
[INFO] [stdout]     |                     ^^^ help: if this is intentional, prefix it with an underscore: `_err`
[INFO] [stdout]     |
[INFO] [stdout]     = note: `#[warn(unused_variables)]` (part of `#[warn(unused)]`) on by default
[INFO] [stdout] 
[INFO] [stdout] 
[INFO] [stdout] warning: unused variable: `res`
[INFO] [stdout]    --> src/fcm/mod.rs:207:18
[INFO] [stdout]     |
[INFO] [stdout] 207 |             let (res, body) = res.take_body();
[INFO] [stdout]     |                  ^^^ help: if this is intentional, prefix it with an underscore: `_res`
[INFO] [stdout] 
[INFO] [stdout] 
[INFO] [stdout] warning: unused variable: `msg`
[INFO] [stdout]   --> src/rtm/mod.rs:34:26
[INFO] [stdout]    |
[INFO] [stdout] 34 |     async fn push(&self, msg: &'b Msg) -> Result<(), super::Error> {
[INFO] [stdout]    |                          ^^^ help: if this is intentional, prefix it with an underscore: `_msg`
[INFO] [stdout] 
[INFO] [stdout] 
[INFO] [stdout] warning: unused variable: `req`
[INFO] [stdout]   --> src/rtm/mod.rs:35:13
[INFO] [stdout]    |
[INFO] [stdout] 35 |         let req = self.cli
[INFO] [stdout]    |             ^^^ help: if this is intentional, prefix it with an underscore: `_req`
[INFO] [stdout] 
[INFO] [stdout] 
[INFO] [stdout] warning: unused variable: `e`
[INFO] [stdout]   --> src/http/mod.rs:49:23
[INFO] [stdout]    |
[INFO] [stdout] 49 |             .map_err(|e| StatusCode::UNAUTHORIZED)?;
[INFO] [stdout]    |                       ^ help: if this is intentional, prefix it with an underscore: `_e`
[INFO] [stdout] 
[INFO] [stdout] 
[INFO] [stdout] warning: unused variable: `e`
[INFO] [stdout]   --> src/http/mod.rs:33:19
[INFO] [stdout]    |
[INFO] [stdout] 33 |         .map_err(|e| StatusCode::UNAUTHORIZED)?;
[INFO] [stdout]    |                   ^ help: if this is intentional, prefix it with an underscore: `_e`
[INFO] [stdout] 
[INFO] [stdout] 
[INFO] [stdout] warning: unused variable: `e`
[INFO] [stdout]   --> src/http/mod.rs:32:66
[INFO] [stdout]    |
[INFO] [stdout] 32 |     let token = String::from_utf8(base64::decode(token).map_err(|e| StatusCode::UNAUTHORIZED)?)
[INFO] [stdout]    |                                                                  ^ help: if this is intentional, prefix it with an underscore: `_e`
[INFO] [stdout] 
[INFO] [stdout] 
[INFO] [stdout] warning: unused variable: `client`
[INFO] [stdout]    --> src/lib.rs:935:25
[INFO] [stdout]     |
[INFO] [stdout] 935 |             Client::Rtm(client) => {
[INFO] [stdout]     |                         ^^^^^^ help: if this is intentional, prefix it with an underscore: `_client`
[INFO] [stdout] 
[INFO] [stdout] 
[INFO] [stdout] warning: method `to_str` is never used
[INFO] [stdout]   --> src/apns/types.rs:44:8
[INFO] [stdout]    |
[INFO] [stdout] 43 | impl ApiErrorReason {
[INFO] [stdout]    | ------------------- method in this implementation
[INFO] [stdout] 44 |     fn to_str(&self) -> &str {
[INFO] [stdout]    |        ^^^^^^
[INFO] [stdout]    |
[INFO] [stdout]    = note: `#[warn(dead_code)]` (part of `#[warn(unused)]`) on by default
[INFO] [stdout] 
[INFO] [stdout] 
[INFO] [stdout] warning: method `build_parent` is never used
[INFO] [stdout]   --> src/fcm/mod.rs:80:8
[INFO] [stdout]    |
[INFO] [stdout] 75 | impl Client {
[INFO] [stdout]    | ----------- method in this implementation
[INFO] [stdout] ...
[INFO] [stdout] 80 |     fn build_parent(&self) -> String {
[INFO] [stdout]    |        ^^^^^^^^^^^^
[INFO] [stdout] 
[INFO] [stdout] 
[INFO] [stdout] warning: method `to_messages` is never used
[INFO] [stdout]    --> src/fcm/model.rs:272:19
[INFO] [stdout]     |
[INFO] [stdout] 271 | impl MulticastMessage<'_> {
[INFO] [stdout]     | ------------------------- method in this implementation
[INFO] [stdout] 272 |     pub(crate) fn to_messages(&self) -> Vec<Message> {
[INFO] [stdout]     |                   ^^^^^^^^^^^
[INFO] [stdout] 
[INFO] [stdout] 
[INFO] [stdout] warning: field `client_secret` is never read
[INFO] [stdout]   --> src/huawei/mod.rs:31:5
[INFO] [stdout]    |
[INFO] [stdout] 29 | pub struct Client {
[INFO] [stdout]    |            ------ field in this struct
[INFO] [stdout] 30 |     client_id: String,
[INFO] [stdout] 31 |     client_secret: String,
[INFO] [stdout]    |     ^^^^^^^^^^^^^
[INFO] [stdout] 
[INFO] [stdout] 
[INFO] [stdout] warning: associated constant `PUSH_URL` is never used
[INFO] [stdout]    --> src/huawei/mod.rs:283:11
[INFO] [stdout]     |
[INFO] [stdout] 281 | impl Client {
[INFO] [stdout]     | ----------- associated constant in this implementation
[INFO] [stdout] 282 |     const TOKEN_URL: &'static str = "https://oauth-login.cloud.huawei.com/oauth2/v3/token";
[INFO] [stdout] 283 |     const PUSH_URL: &'static str = "https://push-api.cloud.huawei.com/v2/{}/messages:send";
[INFO] [stdout]     |           ^^^^^^^^
[INFO] [stdout] 
[INFO] [stdout] 
[INFO] [stdout] warning: associated constant `MAX_TOKEN` is never used
[INFO] [stdout]   --> src/wecom/mod.rs:27:11
[INFO] [stdout]    |
[INFO] [stdout] 26 | impl Client {
[INFO] [stdout]    | ----------- associated constant in this implementation
[INFO] [stdout] 27 |     const MAX_TOKEN: i32 = 1000;
[INFO] [stdout]    |           ^^^^^^^^^
[INFO] [stdout] 
[INFO] [stdout] 
[INFO] [stdout] warning: field `client_secret` is never read
[INFO] [stdout]   --> src/xiaomi/mod.rs:16:5
[INFO] [stdout]    |
[INFO] [stdout] 14 | pub struct Client {
[INFO] [stdout]    |            ------ field in this struct
[INFO] [stdout] 15 |     cli: reqwest::Client,
[INFO] [stdout] 16 |     client_secret: String,
[INFO] [stdout]    |     ^^^^^^^^^^^^^
[INFO] [stdout] 
[INFO] [stdout] 
[INFO] [stdout] warning: associated constant `TOKEN_LIMIT` is never used
[INFO] [stdout]    --> src/xiaomi/mod.rs:175:11
[INFO] [stdout]     |
[INFO] [stdout] 174 | impl<'a> Client {
[INFO] [stdout]     | --------------- associated constant in this implementation
[INFO] [stdout] 175 |     const TOKEN_LIMIT: i32 = 1000;
[INFO] [stdout]     |           ^^^^^^^^^^^
[INFO] [stdout] 
[INFO] [stdout] 
[INFO] [stderr]     Finished `release` profile [optimized] target(s) in 3m 48s
[INFO] running `Command { std: "docker" "inspect" "8d5435965d77a054540b67f5c03c53176ca01a9ec9bbe53a7fa80b36fa2dd816", kill_on_drop: false }`
[INFO] running `Command { std: "docker" "exec" "-e" "SOURCE_DIR=/opt/rustwide/workdir" "-e" "CARGO_HOME=/opt/rustwide/cargo-home" "-e" "RUSTUP_HOME=/opt/rustwide/rustup-home" "-e" "CARGO_TARGET_DIR=/opt/rustwide/target" "-e" "CARGO_INCREMENTAL=0" "-e" "RUST_BACKTRACE=full" "-e" "RUSTFLAGS=--cap-lints=warn" "-e" "RUSTDOCFLAGS=--cap-lints=warn" "-w" "/opt/rustwide/workdir" "--user" "0:0" "8d5435965d77a054540b67f5c03c53176ca01a9ec9bbe53a7fa80b36fa2dd816" "/opt/rustwide/cargo-home/bin/cargo" "+1.99.0-beta.8" "test" "--frozen" "--no-run" "--message-format=json" "--release", kill_on_drop: false }`
[INFO] [stdout] warning: unexpected `cfg` condition value: `grpc`
[INFO] [stdout]   --> src/lib.rs:31:7
[INFO] [stdout]    |
[INFO] [stdout] 31 | #[cfg(feature = "grpc")]
[INFO] [stdout]    |       ^^^^^^^^^^^^^^^^
[INFO] [stdout]    |
[INFO] [stdout]    = note: expected values for `feature` are: `apns`, `axum`, `base64`, `bytecodec`, `cache`, `default`, `email`, `fcm`, `flatten-json-object`, `full`, `futures`, `grpc-api`, `hi-hyper-multipart`, `http`, `http-api`, `httpcodec`, `huawei`, `hyper`, `lettre`, `mongo`, `mongodb`, `multer`, `mysql`, `oauth2`, `rtm`, `sea-orm`, `tonic`, `uuid`, `wecom`, `xiaomi`, and `yup-oauth2`
[INFO] [stdout]    = help: consider adding `grpc` as a feature in `Cargo.toml`
[INFO] [stdout]    = note: see <https://doc.rust-lang.org/nightly/rustc/check-cfg/cargo-specifics.html> for more information about checking conditional configuration
[INFO] [stdout]    = note: `#[warn(unexpected_cfgs)]` on by default
[INFO] [stdout] 
[INFO] [stdout] 
[INFO] [stdout] warning: unexpected `cfg` condition value: `grpc`
[INFO] [stdout]   --> src/lib.rs:37:33
[INFO] [stdout]    |
[INFO] [stdout] 37 | #[cfg(all(any(feature = "http", feature = "grpc")))]
[INFO] [stdout]    |                                 ^^^^^^^^^^^^^^^^
[INFO] [stdout]    |
[INFO] [stdout]    = note: expected values for `feature` are: `apns`, `axum`, `base64`, `bytecodec`, `cache`, `default`, `email`, `fcm`, `flatten-json-object`, `full`, `futures`, `grpc-api`, `hi-hyper-multipart`, `http`, `http-api`, `httpcodec`, `huawei`, `hyper`, `lettre`, `mongo`, `mongodb`, `multer`, `mysql`, `oauth2`, `rtm`, `sea-orm`, `tonic`, `uuid`, `wecom`, `xiaomi`, and `yup-oauth2`
[INFO] [stdout]    = help: consider adding `grpc` as a feature in `Cargo.toml`
[INFO] [stdout]    = note: see <https://doc.rust-lang.org/nightly/rustc/check-cfg/cargo-specifics.html> for more information about checking conditional configuration
[INFO] [stdout] 
[INFO] [stdout] 
[INFO] [stdout] warning: unused import: `crate::InnerError`
[INFO] [stdout]   --> src/huawei/mod.rs:16:5
[INFO] [stdout]    |
[INFO] [stdout] 16 | use crate::InnerError;
[INFO] [stdout]    |     ^^^^^^^^^^^^^^^^^
[INFO] [stdout]    |
[INFO] [stdout]    = note: `#[warn(unused_imports)]` (part of `#[warn(unused)]`) on by default
[INFO] [stdout] 
[INFO] [stdout] 
[INFO] [stdout] warning: unused import: `crate::Pusher`
[INFO] [stdout]    --> src/wecom/mod.rs:243:9
[INFO] [stdout]     |
[INFO] [stdout] 243 |     use crate::Pusher;
[INFO] [stdout]     |         ^^^^^^^^^^^^^
[INFO] [stdout] 
[INFO] [stdout] 
[INFO] [stdout] warning: unused import: `self`
[INFO] [stdout]  --> src/service/mongo.rs:5:20
[INFO] [stdout]   |
[INFO] [stdout] 5 | use crate::utils::{self, now_ts};
[INFO] [stdout]   |                    ^^^^
[INFO] [stdout] 
[INFO] [stdout] 
[INFO] [stdout] warning: unused import: `PushResults`
[INFO] [stdout]   --> src/service/mod.rs:13:52
[INFO] [stdout]    |
[INFO] [stdout] 13 | use crate::{apns, email, fcm, huawei, rtm, xiaomi, PushResults};
[INFO] [stdout]    |                                                    ^^^^^^^^^^^
[INFO] [stdout] 
[INFO] [stdout] 
[INFO] [stdout] warning: variable does not need to be mutable
[INFO] [stdout]    --> src/lib.rs:936:21
[INFO] [stdout]     |
[INFO] [stdout] 936 |                 let mut res = PushResults::default();
[INFO] [stdout]     |                     ----^^^
[INFO] [stdout]     |                     |
[INFO] [stdout]     |                     help: remove this `mut`
[INFO] [stdout]     |
[INFO] [stdout]     = note: `#[warn(unused_mut)]` (part of `#[warn(unused)]`) on by default
[INFO] [stdout] 
[INFO] [stdout] 
[INFO] [stdout] warning: unused variable: `err`
[INFO] [stdout]    --> src/apns/mod.rs:116:21
[INFO] [stdout]     |
[INFO] [stdout] 116 |                 Err(err) => {
[INFO] [stdout]     |                     ^^^ help: if this is intentional, prefix it with an underscore: `_err`
[INFO] [stdout]     |
[INFO] [stdout]     = note: `#[warn(unused_variables)]` (part of `#[warn(unused)]`) on by default
[INFO] [stdout] 
[INFO] [stdout] 
[INFO] [stdout] warning: unused variable: `res`
[INFO] [stdout]    --> src/fcm/mod.rs:207:18
[INFO] [stdout]     |
[INFO] [stdout] 207 |             let (res, body) = res.take_body();
[INFO] [stdout]     |                  ^^^ help: if this is intentional, prefix it with an underscore: `_res`
[INFO] [stdout] 
[INFO] [stdout] 
[INFO] [stdout] warning: unused variable: `msg`
[INFO] [stdout]   --> src/rtm/mod.rs:34:26
[INFO] [stdout]    |
[INFO] [stdout] 34 |     async fn push(&self, msg: &'b Msg) -> Result<(), super::Error> {
[INFO] [stdout]    |                          ^^^ help: if this is intentional, prefix it with an underscore: `_msg`
[INFO] [stdout] 
[INFO] [stdout] 
[INFO] [stdout] warning: unused variable: `req`
[INFO] [stdout]   --> src/rtm/mod.rs:35:13
[INFO] [stdout]    |
[INFO] [stdout] 35 |         let req = self.cli
[INFO] [stdout]    |             ^^^ help: if this is intentional, prefix it with an underscore: `_req`
[INFO] [stdout] 
[INFO] [stdout] 
[INFO] [stdout] warning: unused variable: `e`
[INFO] [stdout]   --> src/http/mod.rs:49:23
[INFO] [stdout]    |
[INFO] [stdout] 49 |             .map_err(|e| StatusCode::UNAUTHORIZED)?;
[INFO] [stdout]    |                       ^ help: if this is intentional, prefix it with an underscore: `_e`
[INFO] [stdout] 
[INFO] [stdout] 
[INFO] [stdout] warning: unused variable: `e`
[INFO] [stdout]   --> src/http/mod.rs:33:19
[INFO] [stdout]    |
[INFO] [stdout] 33 |         .map_err(|e| StatusCode::UNAUTHORIZED)?;
[INFO] [stdout]    |                   ^ help: if this is intentional, prefix it with an underscore: `_e`
[INFO] [stdout] 
[INFO] [stdout] 
[INFO] [stdout] warning: unused variable: `e`
[INFO] [stdout]   --> src/http/mod.rs:32:66
[INFO] [stdout]    |
[INFO] [stdout] 32 |     let token = String::from_utf8(base64::decode(token).map_err(|e| StatusCode::UNAUTHORIZED)?)
[INFO] [stdout]    |                                                                  ^ help: if this is intentional, prefix it with an underscore: `_e`
[INFO] [stdout] 
[INFO] [stdout] 
[INFO] [stdout] warning: unused variable: `client`
[INFO] [stdout]    --> src/lib.rs:935:25
[INFO] [stdout]     |
[INFO] [stdout] 935 |             Client::Rtm(client) => {
[INFO] [stdout]     |                         ^^^^^^ help: if this is intentional, prefix it with an underscore: `_client`
[INFO] [stdout] 
[INFO] [stdout] 
[INFO] [stdout] warning: method `to_str` is never used
[INFO] [stdout]   --> src/apns/types.rs:44:8
[INFO] [stdout]    |
[INFO] [stdout] 43 | impl ApiErrorReason {
[INFO] [stdout]    | ------------------- method in this implementation
[INFO] [stdout] 44 |     fn to_str(&self) -> &str {
[INFO] [stdout]    |        ^^^^^^
[INFO] [stdout]    |
[INFO] [stdout]    = note: `#[warn(dead_code)]` (part of `#[warn(unused)]`) on by default
[INFO] [stdout] 
[INFO] [stdout] 
[INFO] [stdout] warning: method `build_parent` is never used
[INFO] [stdout]   --> src/fcm/mod.rs:80:8
[INFO] [stdout]    |
[INFO] [stdout] 75 | impl Client {
[INFO] [stdout]    | ----------- method in this implementation
[INFO] [stdout] ...
[INFO] [stdout] 80 |     fn build_parent(&self) -> String {
[INFO] [stdout]    |        ^^^^^^^^^^^^
[INFO] [stdout] 
[INFO] [stdout] 
[INFO] [stdout] warning: method `to_messages` is never used
[INFO] [stdout]    --> src/fcm/model.rs:272:19
[INFO] [stdout]     |
[INFO] [stdout] 271 | impl MulticastMessage<'_> {
[INFO] [stdout]     | ------------------------- method in this implementation
[INFO] [stdout] 272 |     pub(crate) fn to_messages(&self) -> Vec<Message> {
[INFO] [stdout]     |                   ^^^^^^^^^^^
[INFO] [stdout] 
[INFO] [stdout] 
[INFO] [stdout] warning: field `client_secret` is never read
[INFO] [stdout]   --> src/huawei/mod.rs:31:5
[INFO] [stdout]    |
[INFO] [stdout] 29 | pub struct Client {
[INFO] [stdout]    |            ------ field in this struct
[INFO] [stdout] 30 |     client_id: String,
[INFO] [stdout] 31 |     client_secret: String,
[INFO] [stdout]    |     ^^^^^^^^^^^^^
[INFO] [stdout] 
[INFO] [stdout] 
[INFO] [stdout] warning: associated constant `PUSH_URL` is never used
[INFO] [stdout]    --> src/huawei/mod.rs:283:11
[INFO] [stdout]     |
[INFO] [stdout] 281 | impl Client {
[INFO] [stdout]     | ----------- associated constant in this implementation
[INFO] [stdout] 282 |     const TOKEN_URL: &'static str = "https://oauth-login.cloud.huawei.com/oauth2/v3/token";
[INFO] [stdout] 283 |     const PUSH_URL: &'static str = "https://push-api.cloud.huawei.com/v2/{}/messages:send";
[INFO] [stdout]     |           ^^^^^^^^
[INFO] [stdout] 
[INFO] [stdout] 
[INFO] [stdout] warning: associated constant `MAX_TOKEN` is never used
[INFO] [stdout]   --> src/wecom/mod.rs:27:11
[INFO] [stdout]    |
[INFO] [stdout] 26 | impl Client {
[INFO] [stdout]    | ----------- associated constant in this implementation
[INFO] [stdout] 27 |     const MAX_TOKEN: i32 = 1000;
[INFO] [stdout]    |           ^^^^^^^^^
[INFO] [stdout] 
[INFO] [stdout] 
[INFO] [stdout] warning: field `client_secret` is never read
[INFO] [stdout]   --> src/xiaomi/mod.rs:16:5
[INFO] [stdout]    |
[INFO] [stdout] 14 | pub struct Client {
[INFO] [stdout]    |            ------ field in this struct
[INFO] [stdout] 15 |     cli: reqwest::Client,
[INFO] [stdout] 16 |     client_secret: String,
[INFO] [stdout]    |     ^^^^^^^^^^^^^
[INFO] [stdout] 
[INFO] [stdout] 
[INFO] [stdout] warning: associated constant `TOKEN_LIMIT` is never used
[INFO] [stdout]    --> src/xiaomi/mod.rs:175:11
[INFO] [stdout]     |
[INFO] [stdout] 174 | impl<'a> Client {
[INFO] [stdout]     | --------------- associated constant in this implementation
[INFO] [stdout] 175 |     const TOKEN_LIMIT: i32 = 1000;
[INFO] [stdout]     |           ^^^^^^^^^^^
[INFO] [stdout] 
[INFO] [stdout] 
[INFO] [stderr]    Compiling hi-push v0.0.1 (/opt/rustwide/workdir)
[INFO] [stdout] warning: unexpected `cfg` condition value: `grpc`
[INFO] [stdout]   --> src/lib.rs:31:7
[INFO] [stdout]    |
[INFO] [stdout] 31 | #[cfg(feature = "grpc")]
[INFO] [stdout]    |       ^^^^^^^^^^^^^^^^
[INFO] [stdout]    |
[INFO] [stdout]    = note: expected values for `feature` are: `apns`, `axum`, `base64`, `bytecodec`, `cache`, `default`, `email`, `fcm`, `flatten-json-object`, `full`, `futures`, `grpc-api`, `hi-hyper-multipart`, `http`, `http-api`, `httpcodec`, `huawei`, `hyper`, `lettre`, `mongo`, `mongodb`, `multer`, `mysql`, `oauth2`, `rtm`, `sea-orm`, `tonic`, `uuid`, `wecom`, `xiaomi`, and `yup-oauth2`
[INFO] [stdout]    = help: consider adding `grpc` as a feature in `Cargo.toml`
[INFO] [stdout]    = note: see <https://doc.rust-lang.org/nightly/rustc/check-cfg/cargo-specifics.html> for more information about checking conditional configuration
[INFO] [stdout]    = note: `#[warn(unexpected_cfgs)]` on by default
[INFO] [stdout] 
[INFO] [stdout] 
[INFO] [stdout] warning: unexpected `cfg` condition value: `grpc`
[INFO] [stdout]   --> src/lib.rs:37:33
[INFO] [stdout]    |
[INFO] [stdout] 37 | #[cfg(all(any(feature = "http", feature = "grpc")))]
[INFO] [stdout]    |                                 ^^^^^^^^^^^^^^^^
[INFO] [stdout]    |
[INFO] [stdout]    = note: expected values for `feature` are: `apns`, `axum`, `base64`, `bytecodec`, `cache`, `default`, `email`, `fcm`, `flatten-json-object`, `full`, `futures`, `grpc-api`, `hi-hyper-multipart`, `http`, `http-api`, `httpcodec`, `huawei`, `hyper`, `lettre`, `mongo`, `mongodb`, `multer`, `mysql`, `oauth2`, `rtm`, `sea-orm`, `tonic`, `uuid`, `wecom`, `xiaomi`, and `yup-oauth2`
[INFO] [stdout]    = help: consider adding `grpc` as a feature in `Cargo.toml`
[INFO] [stdout]    = note: see <https://doc.rust-lang.org/nightly/rustc/check-cfg/cargo-specifics.html> for more information about checking conditional configuration
[INFO] [stdout] 
[INFO] [stdout] 
[INFO] [stdout] warning: unused import: `crate::InnerError`
[INFO] [stdout]   --> src/huawei/mod.rs:16:5
[INFO] [stdout]    |
[INFO] [stdout] 16 | use crate::InnerError;
[INFO] [stdout]    |     ^^^^^^^^^^^^^^^^^
[INFO] [stdout]    |
[INFO] [stdout]    = note: `#[warn(unused_imports)]` (part of `#[warn(unused)]`) on by default
[INFO] [stdout] 
[INFO] [stdout] 
[INFO] [stdout] warning: unused import: `self`
[INFO] [stdout]  --> src/service/mongo.rs:5:20
[INFO] [stdout]   |
[INFO] [stdout] 5 | use crate::utils::{self, now_ts};
[INFO] [stdout]   |                    ^^^^
[INFO] [stdout] 
[INFO] [stdout] 
[INFO] [stdout] warning: unused import: `PushResults`
[INFO] [stdout]   --> src/service/mod.rs:13:52
[INFO] [stdout]    |
[INFO] [stdout] 13 | use crate::{apns, email, fcm, huawei, rtm, xiaomi, PushResults};
[INFO] [stdout]    |                                                    ^^^^^^^^^^^
[INFO] [stdout] 
[INFO] [stdout] 
[INFO] [stdout] warning: variable does not need to be mutable
[INFO] [stdout]    --> src/lib.rs:936:21
[INFO] [stdout]     |
[INFO] [stdout] 936 |                 let mut res = PushResults::default();
[INFO] [stdout]     |                     ----^^^
[INFO] [stdout]     |                     |
[INFO] [stdout]     |                     help: remove this `mut`
[INFO] [stdout]     |
[INFO] [stdout]     = note: `#[warn(unused_mut)]` (part of `#[warn(unused)]`) on by default
[INFO] [stdout] 
[INFO] [stdout] 
[INFO] [stdout] warning: unused variable: `err`
[INFO] [stdout]    --> src/apns/mod.rs:116:21
[INFO] [stdout]     |
[INFO] [stdout] 116 |                 Err(err) => {
[INFO] [stdout]     |                     ^^^ help: if this is intentional, prefix it with an underscore: `_err`
[INFO] [stdout]     |
[INFO] [stdout]     = note: `#[warn(unused_variables)]` (part of `#[warn(unused)]`) on by default
[INFO] [stdout] 
[INFO] [stdout] 
[INFO] [stdout] warning: unused variable: `res`
[INFO] [stdout]    --> src/fcm/mod.rs:207:18
[INFO] [stdout]     |
[INFO] [stdout] 207 |             let (res, body) = res.take_body();
[INFO] [stdout]     |                  ^^^ help: if this is intentional, prefix it with an underscore: `_res`
[INFO] [stdout] 
[INFO] [stdout] 
[INFO] [stdout] warning: unused variable: `res`
[INFO] [stdout]    --> src/fcm/mod.rs:326:13
[INFO] [stdout]     |
[INFO] [stdout] 326 |         let res = fcm
[INFO] [stdout]     |             ^^^ help: if this is intentional, prefix it with an underscore: `_res`
[INFO] [stdout] 
[INFO] [stdout] 
[INFO] [stdout] warning: unused variable: `msg`
[INFO] [stdout]   --> src/rtm/mod.rs:34:26
[INFO] [stdout]    |
[INFO] [stdout] 34 |     async fn push(&self, msg: &'b Msg) -> Result<(), super::Error> {
[INFO] [stdout]    |                          ^^^ help: if this is intentional, prefix it with an underscore: `_msg`
[INFO] [stdout] 
[INFO] [stdout] 
[INFO] [stdout] warning: unused variable: `req`
[INFO] [stdout]   --> src/rtm/mod.rs:35:13
[INFO] [stdout]    |
[INFO] [stdout] 35 |         let req = self.cli
[INFO] [stdout]    |             ^^^ help: if this is intentional, prefix it with an underscore: `_req`
[INFO] [stdout] 
[INFO] [stdout] 
[INFO] [stdout] warning: unused variable: `e`
[INFO] [stdout]   --> src/http/mod.rs:49:23
[INFO] [stdout]    |
[INFO] [stdout] 49 |             .map_err(|e| StatusCode::UNAUTHORIZED)?;
[INFO] [stdout]    |                       ^ help: if this is intentional, prefix it with an underscore: `_e`
[INFO] [stdout] 
[INFO] [stdout] 
[INFO] [stdout] warning: unused variable: `e`
[INFO] [stdout]   --> src/http/mod.rs:33:19
[INFO] [stdout]    |
[INFO] [stdout] 33 |         .map_err(|e| StatusCode::UNAUTHORIZED)?;
[INFO] [stdout]    |                   ^ help: if this is intentional, prefix it with an underscore: `_e`
[INFO] [stdout] 
[INFO] [stdout] 
[INFO] [stdout] warning: unused variable: `e`
[INFO] [stdout]   --> src/http/mod.rs:32:66
[INFO] [stdout]    |
[INFO] [stdout] 32 |     let token = String::from_utf8(base64::decode(token).map_err(|e| StatusCode::UNAUTHORIZED)?)
[INFO] [stdout]    |                                                                  ^ help: if this is intentional, prefix it with an underscore: `_e`
[INFO] [stdout] 
[INFO] [stdout] 
[INFO] [stdout] warning: unused variable: `client`
[INFO] [stdout]    --> src/lib.rs:935:25
[INFO] [stdout]     |
[INFO] [stdout] 935 |             Client::Rtm(client) => {
[INFO] [stdout]     |                         ^^^^^^ help: if this is intentional, prefix it with an underscore: `_client`
[INFO] [stdout] 
[INFO] [stdout] 
[INFO] [stdout] warning: unused variable: `e`
[INFO] [stdout]     --> src/lib.rs:1047:60
[INFO] [stdout]      |
[INFO] [stdout] 1047 |         for group in ["1", "2", "3", "4", "5"].rsplitn(2, |e| false) {
[INFO] [stdout]      |                                                            ^ help: if this is intentional, prefix it with an underscore: `_e`
[INFO] [stdout] 
[INFO] [stdout] 
[INFO] [stdout] warning: method `to_str` is never used
[INFO] [stdout]   --> src/apns/types.rs:44:8
[INFO] [stdout]    |
[INFO] [stdout] 43 | impl ApiErrorReason {
[INFO] [stdout]    | ------------------- method in this implementation
[INFO] [stdout] 44 |     fn to_str(&self) -> &str {
[INFO] [stdout]    |        ^^^^^^
[INFO] [stdout]    |
[INFO] [stdout]    = note: `#[warn(dead_code)]` (part of `#[warn(unused)]`) on by default
[INFO] [stdout] 
[INFO] [stdout] 
[INFO] [stdout] warning: method `build_parent` is never used
[INFO] [stdout]   --> src/fcm/mod.rs:80:8
[INFO] [stdout]    |
[INFO] [stdout] 75 | impl Client {
[INFO] [stdout]    | ----------- method in this implementation
[INFO] [stdout] ...
[INFO] [stdout] 80 |     fn build_parent(&self) -> String {
[INFO] [stdout]    |        ^^^^^^^^^^^^
[INFO] [stdout] 
[INFO] [stdout] 
[INFO] [stdout] warning: method `to_messages` is never used
[INFO] [stdout]    --> src/fcm/model.rs:272:19
[INFO] [stdout]     |
[INFO] [stdout] 271 | impl MulticastMessage<'_> {
[INFO] [stdout]     | ------------------------- method in this implementation
[INFO] [stdout] 272 |     pub(crate) fn to_messages(&self) -> Vec<Message> {
[INFO] [stdout]     |                   ^^^^^^^^^^^
[INFO] [stdout] 
[INFO] [stdout] 
[INFO] [stdout] warning: field `client_secret` is never read
[INFO] [stdout]   --> src/huawei/mod.rs:31:5
[INFO] [stdout]    |
[INFO] [stdout] 29 | pub struct Client {
[INFO] [stdout]    |            ------ field in this struct
[INFO] [stdout] 30 |     client_id: String,
[INFO] [stdout] 31 |     client_secret: String,
[INFO] [stdout]    |     ^^^^^^^^^^^^^
[INFO] [stdout] 
[INFO] [stdout] 
[INFO] [stdout] warning: associated constant `PUSH_URL` is never used
[INFO] [stdout]    --> src/huawei/mod.rs:283:11
[INFO] [stdout]     |
[INFO] [stdout] 281 | impl Client {
[INFO] [stdout]     | ----------- associated constant in this implementation
[INFO] [stdout] 282 |     const TOKEN_URL: &'static str = "https://oauth-login.cloud.huawei.com/oauth2/v3/token";
[INFO] [stdout] 283 |     const PUSH_URL: &'static str = "https://push-api.cloud.huawei.com/v2/{}/messages:send";
[INFO] [stdout]     |           ^^^^^^^^
[INFO] [stdout] 
[INFO] [stdout] 
[INFO] [stdout] warning: associated constant `MAX_TOKEN` is never used
[INFO] [stdout]   --> src/wecom/mod.rs:27:11
[INFO] [stdout]    |
[INFO] [stdout] 26 | impl Client {
[INFO] [stdout]    | ----------- associated constant in this implementation
[INFO] [stdout] 27 |     const MAX_TOKEN: i32 = 1000;
[INFO] [stdout]    |           ^^^^^^^^^
[INFO] [stdout] 
[INFO] [stdout] 
[INFO] [stdout] warning: field `client_secret` is never read
[INFO] [stdout]   --> src/xiaomi/mod.rs:16:5
[INFO] [stdout]    |
[INFO] [stdout] 14 | pub struct Client {
[INFO] [stdout]    |            ------ field in this struct
[INFO] [stdout] 15 |     cli: reqwest::Client,
[INFO] [stdout] 16 |     client_secret: String,
[INFO] [stdout]    |     ^^^^^^^^^^^^^
[INFO] [stdout] 
[INFO] [stdout] 
[INFO] [stdout] warning: associated constant `TOKEN_LIMIT` is never used
[INFO] [stdout]    --> src/xiaomi/mod.rs:175:11
[INFO] [stdout]     |
[INFO] [stdout] 174 | impl<'a> Client {
[INFO] [stdout]     | --------------- associated constant in this implementation
[INFO] [stdout] 175 |     const TOKEN_LIMIT: i32 = 1000;
[INFO] [stdout]     |           ^^^^^^^^^^^
[INFO] [stdout] 
[INFO] [stdout] 
[INFO] [stderr]     Finished `release` profile [optimized] target(s) in 1m 03s
[INFO] running `Command { std: "docker" "inspect" "8d5435965d77a054540b67f5c03c53176ca01a9ec9bbe53a7fa80b36fa2dd816", kill_on_drop: false }`
[INFO] running `Command { std: "docker" "exec" "-e" "SOURCE_DIR=/opt/rustwide/workdir" "-e" "CARGO_HOME=/opt/rustwide/cargo-home" "-e" "RUSTUP_HOME=/opt/rustwide/rustup-home" "-e" "CARGO_TARGET_DIR=/opt/rustwide/target" "-e" "CARGO_INCREMENTAL=0" "-e" "RUST_BACKTRACE=full" "-e" "RUSTFLAGS=--cap-lints=warn" "-e" "RUSTDOCFLAGS=--cap-lints=warn" "-w" "/opt/rustwide/workdir" "--user" "0:0" "8d5435965d77a054540b67f5c03c53176ca01a9ec9bbe53a7fa80b36fa2dd816" "/opt/rustwide/cargo-home/bin/cargo" "+1.99.0-beta.8" "test" "--frozen" "--release", kill_on_drop: false }`
[INFO] [stderr] warning: unexpected `cfg` condition value: `grpc`
[INFO] [stderr]   --> src/lib.rs:31:7
[INFO] [stderr]    |
[INFO] [stderr] 31 | #[cfg(feature = "grpc")]
[INFO] [stderr]    |       ^^^^^^^^^^^^^^^^
[INFO] [stderr]    |
[INFO] [stderr]    = note: expected values for `feature` are: `apns`, `axum`, `base64`, `bytecodec`, `cache`, `default`, `email`, `fcm`, `flatten-json-object`, `full`, `futures`, `grpc-api`, `hi-hyper-multipart`, `http`, `http-api`, `httpcodec`, `huawei`, `hyper`, `lettre`, `mongo`, `mongodb`, `multer`, `mysql`, `oauth2`, `rtm`, `sea-orm`, `tonic`, `uuid`, `wecom`, `xiaomi`, and `yup-oauth2`
[INFO] [stderr]    = help: consider adding `grpc` as a feature in `Cargo.toml`
[INFO] [stderr]    = note: see <https://doc.rust-lang.org/nightly/rustc/check-cfg/cargo-specifics.html> for more information about checking conditional configuration
[INFO] [stderr]    = note: `#[warn(unexpected_cfgs)]` on by default
[INFO] [stderr] 
[INFO] [stderr] warning: unexpected `cfg` condition value: `grpc`
[INFO] [stderr]   --> src/lib.rs:37:33
[INFO] [stderr]    |
[INFO] [stderr] 37 | #[cfg(all(any(feature = "http", feature = "grpc")))]
[INFO] [stderr]    |                                 ^^^^^^^^^^^^^^^^
[INFO] [stderr]    |
[INFO] [stderr]    = note: expected values for `feature` are: `apns`, `axum`, `base64`, `bytecodec`, `cache`, `default`, `email`, `fcm`, `flatten-json-object`, `full`, `futures`, `grpc-api`, `hi-hyper-multipart`, `http`, `http-api`, `httpcodec`, `huawei`, `hyper`, `lettre`, `mongo`, `mongodb`, `multer`, `mysql`, `oauth2`, `rtm`, `sea-orm`, `tonic`, `uuid`, `wecom`, `xiaomi`, and `yup-oauth2`
[INFO] [stderr]    = help: consider adding `grpc` as a feature in `Cargo.toml`
[INFO] [stderr]    = note: see <https://doc.rust-lang.org/nightly/rustc/check-cfg/cargo-specifics.html> for more information about checking conditional configuration
[INFO] [stderr] 
[INFO] [stderr] warning: unused import: `crate::InnerError`
[INFO] [stderr]   --> src/huawei/mod.rs:16:5
[INFO] [stderr]    |
[INFO] [stderr] 16 | use crate::InnerError;
[INFO] [stderr]    |     ^^^^^^^^^^^^^^^^^
[INFO] [stderr]    |
[INFO] [stderr]    = note: `#[warn(unused_imports)]` (part of `#[warn(unused)]`) on by default
[INFO] [stderr] 
[INFO] [stderr] warning: unused import: `crate::Pusher`
[INFO] [stderr]    --> src/wecom/mod.rs:243:9
[INFO] [stderr]     |
[INFO] [stderr] 243 |     use crate::Pusher;
[INFO] [stderr]     |         ^^^^^^^^^^^^^
[INFO] [stderr] 
[INFO] [stderr] warning: unused import: `self`
[INFO] [stderr]  --> src/service/mongo.rs:5:20
[INFO] [stderr]   |
[INFO] [stderr] 5 | use crate::utils::{self, now_ts};
[INFO] [stderr]   |                    ^^^^
[INFO] [stderr] 
[INFO] [stderr] warning: unused import: `PushResults`
[INFO] [stderr]   --> src/service/mod.rs:13:52
[INFO] [stderr]    |
[INFO] [stderr] 13 | use crate::{apns, email, fcm, huawei, rtm, xiaomi, PushResults};
[INFO] [stderr]    |                                                    ^^^^^^^^^^^
[INFO] [stderr] 
[INFO] [stderr] warning: variable does not need to be mutable
[INFO] [stderr]    --> src/lib.rs:936:21
[INFO] [stderr]     |
[INFO] [stderr] 936 |                 let mut res = PushResults::default();
[INFO] [stderr]     |                     ----^^^
[INFO] [stderr]     |                     |
[INFO] [stderr]     |                     help: remove this `mut`
[INFO] [stderr]     |
[INFO] [stderr]     = note: `#[warn(unused_mut)]` (part of `#[warn(unused)]`) on by default
[INFO] [stderr] 
[INFO] [stderr] warning: unused variable: `err`
[INFO] [stderr]    --> src/apns/mod.rs:116:21
[INFO] [stderr]     |
[INFO] [stderr] 116 |                 Err(err) => {
[INFO] [stderr]     |                     ^^^ help: if this is intentional, prefix it with an underscore: `_err`
[INFO] [stderr]     |
[INFO] [stderr]     = note: `#[warn(unused_variables)]` (part of `#[warn(unused)]`) on by default
[INFO] [stderr] 
[INFO] [stderr] warning: unused variable: `res`
[INFO] [stderr]    --> src/fcm/mod.rs:207:18
[INFO] [stderr]     |
[INFO] [stderr] 207 |             let (res, body) = res.take_body();
[INFO] [stderr]     |                  ^^^ help: if this is intentional, prefix it with an underscore: `_res`
[INFO] [stderr] 
[INFO] [stderr] warning: unused variable: `msg`
[INFO] [stderr]   --> src/rtm/mod.rs:34:26
[INFO] [stderr]    |
[INFO] [stderr] 34 |     async fn push(&self, msg: &'b Msg) -> Result<(), super::Error> {
[INFO] [stderr]    |                          ^^^ help: if this is intentional, prefix it with an underscore: `_msg`
[INFO] [stderr] 
[INFO] [stderr] warning: unused variable: `req`
[INFO] [stderr]   --> src/rtm/mod.rs:35:13
[INFO] [stderr]    |
[INFO] [stderr] 35 |         let req = self.cli
[INFO] [stderr]    |             ^^^ help: if this is intentional, prefix it with an underscore: `_req`
[INFO] [stderr] 
[INFO] [stderr] warning: unused variable: `e`
[INFO] [stderr]   --> src/http/mod.rs:49:23
[INFO] [stderr]    |
[INFO] [stderr] 49 |             .map_err(|e| StatusCode::UNAUTHORIZED)?;
[INFO] [stderr]    |                       ^ help: if this is intentional, prefix it with an underscore: `_e`
[INFO] [stderr] 
[INFO] [stderr] warning: unused variable: `e`
[INFO] [stderr]   --> src/http/mod.rs:33:19
[INFO] [stderr]    |
[INFO] [stderr] 33 |         .map_err(|e| StatusCode::UNAUTHORIZED)?;
[INFO] [stderr]    |                   ^ help: if this is intentional, prefix it with an underscore: `_e`
[INFO] [stderr] 
[INFO] [stderr] warning: unused variable: `e`
[INFO] [stderr]   --> src/http/mod.rs:32:66
[INFO] [stderr]    |
[INFO] [stderr] 32 |     let token = String::from_utf8(base64::decode(token).map_err(|e| StatusCode::UNAUTHORIZED)?)
[INFO] [stderr]    |                                                                  ^ help: if this is intentional, prefix it with an underscore: `_e`
[INFO] [stderr] 
[INFO] [stderr] warning: unused variable: `client`
[INFO] [stderr]    --> src/lib.rs:935:25
[INFO] [stderr]     |
[INFO] [stderr] 935 |             Client::Rtm(client) => {
[INFO] [stderr]     |                         ^^^^^^ help: if this is intentional, prefix it with an underscore: `_client`
[INFO] [stderr] 
[INFO] [stderr] warning: method `to_str` is never used
[INFO] [stderr]   --> src/apns/types.rs:44:8
[INFO] [stderr]    |
[INFO] [stderr] 43 | impl ApiErrorReason {
[INFO] [stderr]    | ------------------- method in this implementation
[INFO] [stderr] 44 |     fn to_str(&self) -> &str {
[INFO] [stderr]    |        ^^^^^^
[INFO] [stderr]    |
[INFO] [stderr]    = note: `#[warn(dead_code)]` (part of `#[warn(unused)]`) on by default
[INFO] [stderr] 
[INFO] [stderr] warning: method `build_parent` is never used
[INFO] [stderr]   --> src/fcm/mod.rs:80:8
[INFO] [stderr]    |
[INFO] [stderr] 75 | impl Client {
[INFO] [stderr]    | ----------- method in this implementation
[INFO] [stderr] ...
[INFO] [stderr] 80 |     fn build_parent(&self) -> String {
[INFO] [stderr]    |        ^^^^^^^^^^^^
[INFO] [stderr] 
[INFO] [stderr] warning: method `to_messages` is never used
[INFO] [stderr]    --> src/fcm/model.rs:272:19
[INFO] [stderr]     |
[INFO] [stderr] 271 | impl MulticastMessage<'_> {
[INFO] [stderr]     | ------------------------- method in this implementation
[INFO] [stderr] 272 |     pub(crate) fn to_messages(&self) -> Vec<Message> {
[INFO] [stderr]     |                   ^^^^^^^^^^^
[INFO] [stderr] 
[INFO] [stderr] warning: field `client_secret` is never read
[INFO] [stderr]   --> src/huawei/mod.rs:31:5
[INFO] [stderr]    |
[INFO] [stderr] 29 | pub struct Client {
[INFO] [stderr]    |            ------ field in this struct
[INFO] [stderr] 30 |     client_id: String,
[INFO] [stderr] 31 |     client_secret: String,
[INFO] [stderr]    |     ^^^^^^^^^^^^^
[INFO] [stderr] 
[INFO] [stderr] warning: associated constant `PUSH_URL` is never used
[INFO] [stderr]    --> src/huawei/mod.rs:283:11
[INFO] [stderr]     |
[INFO] [stderr] 281 | impl Client {
[INFO] [stderr]     | ----------- associated constant in this implementation
[INFO] [stderr] 282 |     const TOKEN_URL: &'static str = "https://oauth-login.cloud.huawei.com/oauth2/v3/token";
[INFO] [stderr] 283 |     const PUSH_URL: &'static str = "https://push-api.cloud.huawei.com/v2/{}/messages:send";
[INFO] [stderr]     |           ^^^^^^^^
[INFO] [stderr] 
[INFO] [stderr] warning: associated constant `MAX_TOKEN` is never used
[INFO] [stderr]   --> src/wecom/mod.rs:27:11
[INFO] [stderr]    |
[INFO] [stderr] 26 | impl Client {
[INFO] [stderr]    | ----------- associated constant in this implementation
[INFO] [stderr] 27 |     const MAX_TOKEN: i32 = 1000;
[INFO] [stderr]    |           ^^^^^^^^^
[INFO] [stderr] 
[INFO] [stderr] warning: field `client_secret` is never read
[INFO] [stderr]   --> src/xiaomi/mod.rs:16:5
[INFO] [stderr]    |
[INFO] [stderr] 14 | pub struct Client {
[INFO] [stderr]    |            ------ field in this struct
[INFO] [stderr] 15 |     cli: reqwest::Client,
[INFO] [stderr] 16 |     client_secret: String,
[INFO] [stderr]    |     ^^^^^^^^^^^^^
[INFO] [stderr] 
[INFO] [stderr] warning: associated constant `TOKEN_LIMIT` is never used
[INFO] [stderr]    --> src/xiaomi/mod.rs:175:11
[INFO] [stderr]     |
[INFO] [stderr] 174 | impl<'a> Client {
[INFO] [stderr]     | --------------- associated constant in this implementation
[INFO] [stderr] 175 |     const TOKEN_LIMIT: i32 = 1000;
[INFO] [stderr]     |           ^^^^^^^^^^^
[INFO] [stderr] 
[INFO] [stderr] warning: unused variable: `res`
[INFO] [stderr]    --> src/fcm/mod.rs:326:13
[INFO] [stderr]     |
[INFO] [stderr] 326 |         let res = fcm
[INFO] [stderr]     |             ^^^ help: if this is intentional, prefix it with an underscore: `_res`
[INFO] [stderr] 
[INFO] [stderr] warning: unused variable: `e`
[INFO] [stderr]     --> src/lib.rs:1047:60
[INFO] [stderr]      |
[INFO] [stderr] 1047 |         for group in ["1", "2", "3", "4", "5"].rsplitn(2, |e| false) {
[INFO] [stderr]      |                                                            ^ help: if this is intentional, prefix it with an underscore: `_e`
[INFO] [stderr] 
[INFO] [stderr] warning: `hi-push` (lib) generated 23 warnings (run `cargo fix --lib -p hi-push` to apply 13 suggestions)
[INFO] [stderr] warning: `hi-push` (lib test) generated 24 warnings (22 duplicates) (run `cargo fix --lib -p hi-push --tests` to apply 2 suggestions)
[INFO] [stderr]     Finished `release` profile [optimized] target(s) in 0.28s
[INFO] [stderr]      Running unittests src/lib.rs (/opt/rustwide/target/release/deps/hi_push-ded9846a697675bd)
[INFO] [stdout] 
[INFO] [stdout] running 11 tests
[INFO] [stdout] test apns::test::test_cert ... ok
[INFO] [stdout] test tests::message_to_message ... ok
[INFO] [stdout] test tests::test_huawei_msg ... ok
[INFO] [stdout] test tests::test_fcm_msg ... ok
[INFO] [stdout] test email::tests::test_push ... FAILED
[INFO] [stdout] test fcm::test::test_fcm ... FAILED
[INFO] [stdout] test wecom::tests::test_msg_builder ... FAILED
[INFO] [stdout] test huawei::tests::test_push ... FAILED
[INFO] [stdout] test tests::test_services ... FAILED
[INFO] [stdout] test xiaomi::tests::test_client ... FAILED
[INFO] [stdout] test wecom::tests::test_client ... FAILED
[INFO] [stdout] 
[INFO] [stdout] failures:
[INFO] [stdout] 
[INFO] [stdout] ---- email::tests::test_push stdout ----
[INFO] [stdout] 
[INFO] [stdout] thread 'email::tests::test_push' (10195) panicked at src/email/mod.rs:120:58:
[INFO] [stdout] called `Result::unwrap()` on an `Err` value: NotPresent
[INFO] [stdout] stack backtrace:
[INFO] [stdout]    0:     0x60deefef07e1 - <<std[70759c8f55707aa4]::sys::backtrace::BacktraceLock>::print::DisplayBacktrace as core[df12db4294e9bfd3]::fmt::Display>::fmt
[INFO] [stdout]    1:     0x60deeff083da - core[df12db4294e9bfd3]::fmt::write
[INFO] [stdout]    2:     0x60deefef551c - <alloc[2182bb758b4b3781]::vec::Vec<u8> as core[df12db4294e9bfd3]::io::write::Write>::write_fmt
[INFO] [stdout]    3:     0x60deefecaf86 - std[70759c8f55707aa4]::panicking::default_hook::{closure#0}
[INFO] [stdout]    4:     0x60deefee80f9 - std[70759c8f55707aa4]::panicking::default_hook
[INFO] [stdout]    5:     0x60deefa01b90 - test[9d35eded1c95d3be]::test_main_inner::<test[9d35eded1c95d3be]::test_main_static::{closure#0}>::{closure#0}
[INFO] [stdout]    6:     0x60deefee8422 - std[70759c8f55707aa4]::panicking::panic_with_hook
[INFO] [stdout]    7:     0x60deefecb032 - std[70759c8f55707aa4]::panicking::panic_handler::{closure#0}
[INFO] [stdout]    8:     0x60deefec3909 - std[70759c8f55707aa4]::sys::backtrace::__rust_end_short_backtrace::<std[70759c8f55707aa4]::panicking::panic_handler::{closure#0}, !>
[INFO] [stdout]    9:     0x60deefecbebd - __rustc[8fa7c3cbc660c2b3]::rust_begin_unwind
[INFO] [stdout]   10:     0x60deeff08b3c - core[df12db4294e9bfd3]::panicking::panic_fmt
[INFO] [stdout]   11:     0x60deeff08912 - core[df12db4294e9bfd3]::result::unwrap_failed
[INFO] [stdout]   12:     0x60deef870cca - <core[df12db4294e9bfd3]::pin::Pin<&mut hi_push[a0e40fc530d2fc6b]::email::tests::test_push::{closure#0}> as core[df12db4294e9bfd3]::future::future::Future>::poll
[INFO] [stdout]   13:     0x60deef8abdc3 - <tokio[95e490d88e4a4d01]::runtime::scheduler::current_thread::CurrentThread>::block_on::<hi_push[a0e40fc530d2fc6b]::email::tests::test_push::{closure#0}>
[INFO] [stdout]   14:     0x60deef93cf0e - <tokio[95e490d88e4a4d01]::runtime::Runtime>::block_on::<hi_push[a0e40fc530d2fc6b]::email::tests::test_push::{closure#0}>
[INFO] [stdout]   15:     0x60deef91b8fe - hi_push[a0e40fc530d2fc6b]::email::tests::test_push
[INFO] [stdout]   16:     0x60deef8eec79 - <hi_push[a0e40fc530d2fc6b]::email::tests::test_push::{closure#0} as core[df12db4294e9bfd3]::ops::function::FnOnce<()>>::call_once
[INFO] [stdout]   17:     0x60deef9f4e7b - test[9d35eded1c95d3be]::__rust_begin_short_backtrace::<core[df12db4294e9bfd3]::result::Result<(), alloc[2182bb758b4b3781]::string::String>, fn() -> core[df12db4294e9bfd3]::result::Result<(), alloc[2182bb758b4b3781]::string::String>>
[INFO] [stdout]   18:     0x60deefa024e5 - test[9d35eded1c95d3be]::run_test::{closure#0}
[INFO] [stdout]   19:     0x60deef9fbda4 - std[70759c8f55707aa4]::sys::backtrace::__rust_begin_short_backtrace::<test[9d35eded1c95d3be]::run_test::{closure#1}, ()>
[INFO] [stdout]   20:     0x60deefa05642 - <std[70759c8f55707aa4]::thread::lifecycle::spawn_unchecked<test[9d35eded1c95d3be]::run_test::{closure#1}, ()>::{closure#1} as core[df12db4294e9bfd3]::ops::function::FnOnce<()>>::call_once::{shim:vtable#0}
[INFO] [stdout]   21:     0x60deefeef799 - <std[70759c8f55707aa4]::sys::thread::unix::Thread>::new::thread_start
[INFO] [stdout]   22:     0x7e76982d8dfa - <unknown>
[INFO] [stdout]   23:     0x7e769836c3d4 - clone
[INFO] [stdout]   24:                0x0 - <unknown>
[INFO] [stdout] 
[INFO] [stdout] ---- fcm::test::test_fcm stdout ----
[INFO] [stdout] 
[INFO] [stdout] thread 'fcm::test::test_fcm' (10196) panicked at src/fcm/mod.rs:301:59:
[INFO] [stdout] called `Result::unwrap()` on an `Err` value: NotPresent
[INFO] [stdout] stack backtrace:
[INFO] [stdout]    0:     0x60deefef07e1 - <<std[70759c8f55707aa4]::sys::backtrace::BacktraceLock>::print::DisplayBacktrace as core[df12db4294e9bfd3]::fmt::Display>::fmt
[INFO] [stdout]    1:     0x60deeff083da - core[df12db4294e9bfd3]::fmt::write
[INFO] [stdout]    2:     0x60deefef551c - <alloc[2182bb758b4b3781]::vec::Vec<u8> as core[df12db4294e9bfd3]::io::write::Write>::write_fmt
[INFO] [stdout]    3:     0x60deefecaf86 - std[70759c8f55707aa4]::panicking::default_hook::{closure#0}
[INFO] [stdout]    4:     0x60deefee80f9 - std[70759c8f55707aa4]::panicking::default_hook
[INFO] [stdout]    5:     0x60deefa01b90 - test[9d35eded1c95d3be]::test_main_inner::<test[9d35eded1c95d3be]::test_main_static::{closure#0}>::{closure#0}
[INFO] [stdout]    6:     0x60deefee8422 - std[70759c8f55707aa4]::panicking::panic_with_hook
[INFO] [stdout]    7:     0x60deefecb032 - std[70759c8f55707aa4]::panicking::panic_handler::{closure#0}
[INFO] [stdout]    8:     0x60deefec3909 - std[70759c8f55707aa4]::sys::backtrace::__rust_end_short_backtrace::<std[70759c8f55707aa4]::panicking::panic_handler::{closure#0}, !>
[INFO] [stdout]    9:     0x60deefecbebd - __rustc[8fa7c3cbc660c2b3]::rust_begin_unwind
[INFO] [stdout]   10:     0x60deeff08b3c - core[df12db4294e9bfd3]::panicking::panic_fmt
[INFO] [stdout]   11:     0x60deeff08912 - core[df12db4294e9bfd3]::result::unwrap_failed
[INFO] [stdout]   12:     0x60deef86fe91 - <core[df12db4294e9bfd3]::pin::Pin<&mut hi_push[a0e40fc530d2fc6b]::fcm::test::test_fcm::{closure#0}> as core[df12db4294e9bfd3]::future::future::Future>::poll
[INFO] [stdout]   13:     0x60deef8ab4bd - <tokio[95e490d88e4a4d01]::runtime::scheduler::current_thread::CurrentThread>::block_on::<hi_push[a0e40fc530d2fc6b]::fcm::test::test_fcm::{closure#0}>
[INFO] [stdout]   14:     0x60deef9567c1 - hi_push[a0e40fc530d2fc6b]::fcm::test::test_fcm
[INFO] [stdout]   15:     0x60deef8eec49 - <hi_push[a0e40fc530d2fc6b]::fcm::test::test_fcm::{closure#0} as core[df12db4294e9bfd3]::ops::function::FnOnce<()>>::call_once
[INFO] [stdout]   16:     0x60deef9f4e7b - test[9d35eded1c95d3be]::__rust_begin_short_backtrace::<core[df12db4294e9bfd3]::result::Result<(), alloc[2182bb758b4b3781]::string::String>, fn() -> core[df12db4294e9bfd3]::result::Result<(), alloc[2182bb758b4b3781]::string::String>>
[INFO] [stdout]   17:     0x60deefa024e5 - test[9d35eded1c95d3be]::run_test::{closure#0}
[INFO] [stdout]   18:     0x60deef9fbda4 - std[70759c8f55707aa4]::sys::backtrace::__rust_begin_short_backtrace::<test[9d35eded1c95d3be]::run_test::{closure#1}, ()>
[INFO] [stdout]   19:     0x60deefa05642 - <std[70759c8f55707aa4]::thread::lifecycle::spawn_unchecked<test[9d35eded1c95d3be]::run_test::{closure#1}, ()>::{closure#1} as core[df12db4294e9bfd3]::ops::function::FnOnce<()>>::call_once::{shim:vtable#0}
[INFO] [stdout]   20:     0x60deefeef799 - <std[70759c8f55707aa4]::sys::thread::unix::Thread>::new::thread_start
[INFO] [stdout]   21:     0x7e76982d8dfa - <unknown>
[INFO] [stdout]   22:     0x7e769836c3d4 - clone
[INFO] [stdout]   23:                0x0 - <unknown>
[INFO] [stdout] 
[INFO] [stdout] ---- wecom::tests::test_msg_builder stdout ----
[INFO] [stdout] {
[INFO] [stdout]   "totag": "()",
[INFO] [stdout]   "msgtype": "markdown",
[INFO] [stdout]   "agentid": 123,
[INFO] [stdout]   "markdown": {
[INFO] [stdout]     "content": "()"
[INFO] [stdout]   }
[INFO] [stdout] }
[INFO] [stdout] 
[INFO] [stdout] thread 'wecom::tests::test_msg_builder' (10203) panicked at src/wecom/mod.rs:262:9:
[INFO] [stdout] assertion `left == right` failed
[INFO] [stdout]   left: false
[INFO] [stdout]  right: true
[INFO] [stdout] stack backtrace:
[INFO] [stdout]    0:     0x60deefef07e1 - <<std[70759c8f55707aa4]::sys::backtrace::BacktraceLock>::print::DisplayBacktrace as core[df12db4294e9bfd3]::fmt::Display>::fmt
[INFO] [stdout]    1:     0x60deeff083da - core[df12db4294e9bfd3]::fmt::write
[INFO] [stdout]    2:     0x60deefef551c - <alloc[2182bb758b4b3781]::vec::Vec<u8> as core[df12db4294e9bfd3]::io::write::Write>::write_fmt
[INFO] [stdout]    3:     0x60deefecaf86 - std[70759c8f55707aa4]::panicking::default_hook::{closure#0}
[INFO] [stdout]    4:     0x60deefee80f9 - std[70759c8f55707aa4]::panicking::default_hook
[INFO] [stdout]    5:     0x60deefa01b90 - test[9d35eded1c95d3be]::test_main_inner::<test[9d35eded1c95d3be]::test_main_static::{closure#0}>::{closure#0}
[INFO] [stdout]    6:     0x60deefee8422 - std[70759c8f55707aa4]::panicking::panic_with_hook
[INFO] [stdout]    7:     0x60deefecb032 - std[70759c8f55707aa4]::panicking::panic_handler::{closure#0}
[INFO] [stdout]    8:     0x60deefec3909 - std[70759c8f55707aa4]::sys::backtrace::__rust_end_short_backtrace::<std[70759c8f55707aa4]::panicking::panic_handler::{closure#0}, !>
[INFO] [stdout]    9:     0x60deefecbebd - __rustc[8fa7c3cbc660c2b3]::rust_begin_unwind
[INFO] [stdout]   10:     0x60deeff08b3c - core[df12db4294e9bfd3]::panicking::panic_fmt
[INFO] [stdout]   11:     0x60deeff08a53 - core[df12db4294e9bfd3]::panicking::assert_failed_inner
[INFO] [stdout]   12:     0x60deef94fe8b - core[df12db4294e9bfd3]::panicking::assert_failed::<bool, bool>
[INFO] [stdout]   13:     0x60deef9570c1 - hi_push[a0e40fc530d2fc6b]::wecom::tests::test_msg_builder
[INFO] [stdout]   14:     0x60deef8eecb9 - <hi_push[a0e40fc530d2fc6b]::wecom::tests::test_msg_builder::{closure#0} as core[df12db4294e9bfd3]::ops::function::FnOnce<()>>::call_once
[INFO] [stdout]   15:     0x60deef9f4e7b - test[9d35eded1c95d3be]::__rust_begin_short_backtrace::<core[df12db4294e9bfd3]::result::Result<(), alloc[2182bb758b4b3781]::string::String>, fn() -> core[df12db4294e9bfd3]::result::Result<(), alloc[2182bb758b4b3781]::string::String>>
[INFO] [stdout]   16:     0x60deefa024e5 - test[9d35eded1c95d3be]::run_test::{closure#0}
[INFO] [stdout]   17:     0x60deef9fbda4 - std[70759c8f55707aa4]::sys::backtrace::__rust_begin_short_backtrace::<test[9d35eded1c95d3be]::run_test::{closure#1}, ()>
[INFO] [stdout]   18:     0x60deefa05642 - <std[70759c8f55707aa4]::thread::lifecycle::spawn_unchecked<test[9d35eded1c95d3be]::run_test::{closure#1}, ()>::{closure#1} as core[df12db4294e9bfd3]::ops::function::FnOnce<()>>::call_once::{shim:vtable#0}
[INFO] [stdout]   19:     0x60deefeef799 - <std[70759c8f55707aa4]::sys::thread::unix::Thread>::new::thread_start
[INFO] [stdout]   20:     0x7e76982d8dfa - <unknown>
[INFO] [stdout]   21:     0x7e769836c3d4 - clone
[INFO] [stdout]   22:                0x0 - <unknown>
[INFO] [stdout] 
[INFO] [stdout] ---- huawei::tests::test_push stdout ----
[INFO] [stdout] 
[INFO] [stdout] thread 'huawei::tests::test_push' (10197) panicked at src/huawei/mod.rs:445:55:
[INFO] [stdout] called `Result::unwrap()` on an `Err` value: NotPresent
[INFO] [stdout] stack backtrace:
[INFO] [stdout]    0:     0x60deefef07e1 - <<std[70759c8f55707aa4]::sys::backtrace::BacktraceLock>::print::DisplayBacktrace as core[df12db4294e9bfd3]::fmt::Display>::fmt
[INFO] [stdout]    1:     0x60deeff083da - core[df12db4294e9bfd3]::fmt::write
[INFO] [stdout]    2:     0x60deefef551c - <alloc[2182bb758b4b3781]::vec::Vec<u8> as core[df12db4294e9bfd3]::io::write::Write>::write_fmt
[INFO] [stdout]    3:     0x60deefecaf86 - std[70759c8f55707aa4]::panicking::default_hook::{closure#0}
[INFO] [stdout]    4:     0x60deefee80f9 - std[70759c8f55707aa4]::panicking::default_hook
[INFO] [stdout]    5:     0x60deefa01b90 - test[9d35eded1c95d3be]::test_main_inner::<test[9d35eded1c95d3be]::test_main_static::{closure#0}>::{closure#0}
[INFO] [stdout]    6:     0x60deefee8422 - std[70759c8f55707aa4]::panicking::panic_with_hook
[INFO] [stdout]    7:     0x60deefecb032 - std[70759c8f55707aa4]::panicking::panic_handler::{closure#0}
[INFO] [stdout]    8:     0x60deefec3909 - std[70759c8f55707aa4]::sys::backtrace::__rust_end_short_backtrace::<std[70759c8f55707aa4]::panicking::panic_handler::{closure#0}, !>
[INFO] [stdout]    9:     0x60deefecbebd - __rustc[8fa7c3cbc660c2b3]::rust_begin_unwind
[INFO] [stdout]   10:     0x60deeff08b3c - core[df12db4294e9bfd3]::panicking::panic_fmt
[INFO] [stdout]   11:     0x60deeff08912 - core[df12db4294e9bfd3]::result::unwrap_failed
[INFO] [stdout]   12:     0x60deef871f7e - <core[df12db4294e9bfd3]::pin::Pin<&mut hi_push[a0e40fc530d2fc6b]::huawei::tests::test_push::{closure#0}> as core[df12db4294e9bfd3]::future::future::Future>::poll
[INFO] [stdout]   13:     0x60deef8acfc3 - <tokio[95e490d88e4a4d01]::runtime::scheduler::current_thread::CurrentThread>::block_on::<hi_push[a0e40fc530d2fc6b]::huawei::tests::test_push::{closure#0}>
[INFO] [stdout]   14:     0x60deef95743c - hi_push[a0e40fc530d2fc6b]::huawei::tests::test_push
[INFO] [stdout]   15:     0x60deef8eecd9 - <hi_push[a0e40fc530d2fc6b]::huawei::tests::test_push::{closure#0} as core[df12db4294e9bfd3]::ops::function::FnOnce<()>>::call_once
[INFO] [stdout]   16:     0x60deef9f4e7b - test[9d35eded1c95d3be]::__rust_begin_short_backtrace::<core[df12db4294e9bfd3]::result::Result<(), alloc[2182bb758b4b3781]::string::String>, fn() -> core[df12db4294e9bfd3]::result::Result<(), alloc[2182bb758b4b3781]::string::String>>
[INFO] [stdout]   17:     0x60deefa024e5 - test[9d35eded1c95d3be]::run_test::{closure#0}
[INFO] [stdout]   18:     0x60deef9fbda4 - std[70759c8f55707aa4]::sys::backtrace::__rust_begin_short_backtrace::<test[9d35eded1c95d3be]::run_test::{closure#1}, ()>
[INFO] [stdout]   19:     0x60deefa05642 - <std[70759c8f55707aa4]::thread::lifecycle::spawn_unchecked<test[9d35eded1c95d3be]::run_test::{closure#1}, ()>::{closure#1} as core[df12db4294e9bfd3]::ops::function::FnOnce<()>>::call_once::{shim:vtable#0}
[INFO] [stdout]   20:     0x60deefeef799 - <std[70759c8f55707aa4]::sys::thread::unix::Thread>::new::thread_start
[INFO] [stdout]   21:     0x7e76982d8dfa - <unknown>
[INFO] [stdout]   22:     0x7e769836c3d4 - clone
[INFO] [stdout]   23:                0x0 - <unknown>
[INFO] [stdout] 
[INFO] [stdout] ---- tests::test_services stdout ----
[INFO] [stdout] 
[INFO] [stdout] thread 'tests::test_services' (10201) panicked at src/lib.rs:954:55:
[INFO] [stdout] called `Result::unwrap()` on an `Err` value: NotPresent
[INFO] [stdout] stack backtrace:
[INFO] [stdout]    0:     0x60deefef07e1 - <<std[70759c8f55707aa4]::sys::backtrace::BacktraceLock>::print::DisplayBacktrace as core[df12db4294e9bfd3]::fmt::Display>::fmt
[INFO] [stdout]    1:     0x60deeff083da - core[df12db4294e9bfd3]::fmt::write
[INFO] [stdout]    2:     0x60deefef551c - <alloc[2182bb758b4b3781]::vec::Vec<u8> as core[df12db4294e9bfd3]::io::write::Write>::write_fmt
[INFO] [stdout]    3:     0x60deefecaf86 - std[70759c8f55707aa4]::panicking::default_hook::{closure#0}
[INFO] [stdout]    4:     0x60deefee80f9 - std[70759c8f55707aa4]::panicking::default_hook
[INFO] [stdout]    5:     0x60deefa01b90 - test[9d35eded1c95d3be]::test_main_inner::<test[9d35eded1c95d3be]::test_main_static::{closure#0}>::{closure#0}
[INFO] [stdout]    6:     0x60deefee8422 - std[70759c8f55707aa4]::panicking::panic_with_hook
[INFO] [stdout]    7:     0x60deefecb032 - std[70759c8f55707aa4]::panicking::panic_handler::{closure#0}
[INFO] [stdout]    8:     0x60deefec3909 - std[70759c8f55707aa4]::sys::backtrace::__rust_end_short_backtrace::<std[70759c8f55707aa4]::panicking::panic_handler::{closure#0}, !>
[INFO] [stdout]    9:     0x60deefecbebd - __rustc[8fa7c3cbc660c2b3]::rust_begin_unwind
[INFO] [stdout]   10:     0x60deeff08b3c - core[df12db4294e9bfd3]::panicking::panic_fmt
[INFO] [stdout]   11:     0x60deeff08912 - core[df12db4294e9bfd3]::result::unwrap_failed
[INFO] [stdout]   12:     0x60deef86dbc2 - <core[df12db4294e9bfd3]::pin::Pin<&mut hi_push[a0e40fc530d2fc6b]::tests::test_services::{closure#0}> as core[df12db4294e9bfd3]::future::future::Future>::poll
[INFO] [stdout]   13:     0x60deef8aa262 - <tokio[95e490d88e4a4d01]::runtime::scheduler::current_thread::CurrentThread>::block_on::<hi_push[a0e40fc530d2fc6b]::tests::test_services::{closure#0}>
[INFO] [stdout]   14:     0x60deef9559ec - hi_push[a0e40fc530d2fc6b]::tests::test_services
[INFO] [stdout]   15:     0x60deef8eebe9 - <hi_push[a0e40fc530d2fc6b]::tests::test_services::{closure#0} as core[df12db4294e9bfd3]::ops::function::FnOnce<()>>::call_once
[INFO] [stdout]   16:     0x60deef9f4e7b - test[9d35eded1c95d3be]::__rust_begin_short_backtrace::<core[df12db4294e9bfd3]::result::Result<(), alloc[2182bb758b4b3781]::string::String>, fn() -> core[df12db4294e9bfd3]::result::Result<(), alloc[2182bb758b4b3781]::string::String>>
[INFO] [stdout]   17:     0x60deefa024e5 - test[9d35eded1c95d3be]::run_test::{closure#0}
[INFO] [stdout]   18:     0x60deef9fbda4 - std[70759c8f55707aa4]::sys::backtrace::__rust_begin_short_backtrace::<test[9d35eded1c95d3be]::run_test::{closure#1}, ()>
[INFO] [stdout]   19:     0x60deefa05642 - <std[70759c8f55707aa4]::thread::lifecycle::spawn_unchecked<test[9d35eded1c95d3be]::run_test::{closure#1}, ()>::{closure#1} as core[df12db4294e9bfd3]::ops::function::FnOnce<()>>::call_once::{shim:vtable#0}
[INFO] [stdout]   20:     0x60deefeef799 - <std[70759c8f55707aa4]::sys::thread::unix::Thread>::new::thread_start
[INFO] [stdout]   21:     0x7e76982d8dfa - <unknown>
[INFO] [stdout]   22:     0x7e769836c3d4 - clone
[INFO] [stdout]   23:                0x0 - <unknown>
[INFO] [stdout] 
[INFO] [stdout] ---- xiaomi::tests::test_client stdout ----
[INFO] [stdout] 
[INFO] [stdout] thread 'xiaomi::tests::test_client' (10204) panicked at src/xiaomi/mod.rs:233:55:
[INFO] [stdout] called `Result::unwrap()` on an `Err` value: NotPresent
[INFO] [stdout] stack backtrace:
[INFO] [stdout]    0:     0x60deefef07e1 - <<std[70759c8f55707aa4]::sys::backtrace::BacktraceLock>::print::DisplayBacktrace as core[df12db4294e9bfd3]::fmt::Display>::fmt
[INFO] [stdout]    1:     0x60deeff083da - core[df12db4294e9bfd3]::fmt::write
[INFO] [stdout]    2:     0x60deefef551c - <alloc[2182bb758b4b3781]::vec::Vec<u8> as core[df12db4294e9bfd3]::io::write::Write>::write_fmt
[INFO] [stdout]    3:     0x60deefecaf86 - std[70759c8f55707aa4]::panicking::default_hook::{closure#0}
[INFO] [stdout]    4:     0x60deefee80f9 - std[70759c8f55707aa4]::panicking::default_hook
[INFO] [stdout]    5:     0x60deefa01b90 - test[9d35eded1c95d3be]::test_main_inner::<test[9d35eded1c95d3be]::test_main_static::{closure#0}>::{closure#0}
[INFO] [stdout]    6:     0x60deefee8422 - std[70759c8f55707aa4]::panicking::panic_with_hook
[INFO] [stdout]    7:     0x60deefecb032 - std[70759c8f55707aa4]::panicking::panic_handler::{closure#0}
[INFO] [stdout]    8:     0x60deefec3909 - std[70759c8f55707aa4]::sys::backtrace::__rust_end_short_backtrace::<std[70759c8f55707aa4]::panicking::panic_handler::{closure#0}, !>
[INFO] [stdout]    9:     0x60deefecbebd - __rustc[8fa7c3cbc660c2b3]::rust_begin_unwind
[INFO] [stdout]   10:     0x60deeff08b3c - core[df12db4294e9bfd3]::panicking::panic_fmt
[INFO] [stdout]   11:     0x60deeff08912 - core[df12db4294e9bfd3]::result::unwrap_failed
[INFO] [stdout]   12:     0x60deef87274b - <core[df12db4294e9bfd3]::pin::Pin<&mut hi_push[a0e40fc530d2fc6b]::xiaomi::tests::test_client::{closure#0}> as core[df12db4294e9bfd3]::future::future::Future>::poll
[INFO] [stdout]   13:     0x60deef8ad8c3 - <tokio[95e490d88e4a4d01]::runtime::scheduler::current_thread::CurrentThread>::block_on::<hi_push[a0e40fc530d2fc6b]::xiaomi::tests::test_client::{closure#0}>
[INFO] [stdout]   14:     0x60deef93d19e - <tokio[95e490d88e4a4d01]::runtime::Runtime>::block_on::<hi_push[a0e40fc530d2fc6b]::xiaomi::tests::test_client::{closure#0}>
[INFO] [stdout]   15:     0x60deef91ba77 - hi_push[a0e40fc530d2fc6b]::xiaomi::tests::test_client
[INFO] [stdout]   16:     0x60deef8eecf9 - <hi_push[a0e40fc530d2fc6b]::xiaomi::tests::test_client::{closure#0} as core[df12db4294e9bfd3]::ops::function::FnOnce<()>>::call_once
[INFO] [stdout]   17:     0x60deef9f4e7b - test[9d35eded1c95d3be]::__rust_begin_short_backtrace::<core[df12db4294e9bfd3]::result::Result<(), alloc[2182bb758b4b3781]::string::String>, fn() -> core[df12db4294e9bfd3]::result::Result<(), alloc[2182bb758b4b3781]::string::String>>
[INFO] [stdout]   18:     0x60deefa024e5 - test[9d35eded1c95d3be]::run_test::{closure#0}
[INFO] [stdout]   19:     0x60deef9fbda4 - std[70759c8f55707aa4]::sys::backtrace::__rust_begin_short_backtrace::<test[9d35eded1c95d3be]::run_test::{closure#1}, ()>
[INFO] [stdout]   20:     0x60deefa05642 - <std[70759c8f55707aa4]::thread::lifecycle::spawn_unchecked<test[9d35eded1c95d3be]::run_test::{closure#1}, ()>::{closure#1} as core[df12db4294e9bfd3]::ops::function::FnOnce<()>>::call_once::{shim:vtable#0}
[INFO] [stdout]   21:     0x60deefeef799 - <std[70759c8f55707aa4]::sys::thread::unix::Thread>::new::thread_start
[INFO] [stdout]   22:     0x7e76982d8dfa - <unknown>
[INFO] [stdout]   23:     0x7e769836c3d4 - clone
[INFO] [stdout]   24:                0x0 - <unknown>
[INFO] [stdout] 
[INFO] [stdout] ---- wecom::tests::test_client stdout ----
[INFO] [stdout] 
[INFO] [stdout] thread 'wecom::tests::test_client' (10202) panicked at src/wecom/mod.rs:269:58:
[INFO] [stdout] called `Result::unwrap()` on an `Err` value: NotPresent
[INFO] [stdout] stack backtrace:
[INFO] [stdout]    0:     0x60deefef07e1 - <<std[70759c8f55707aa4]::sys::backtrace::BacktraceLock>::print::DisplayBacktrace as core[df12db4294e9bfd3]::fmt::Display>::fmt
[INFO] [stdout]    1:     0x60deeff083da - core[df12db4294e9bfd3]::fmt::write
[INFO] [stdout]    2:     0x60deefef551c - <alloc[2182bb758b4b3781]::vec::Vec<u8> as core[df12db4294e9bfd3]::io::write::Write>::write_fmt
[INFO] [stdout]    3:     0x60deefecaf86 - std[70759c8f55707aa4]::panicking::default_hook::{closure#0}
[INFO] [stdout]    4:     0x60deefee80f9 - std[70759c8f55707aa4]::panicking::default_hook
[INFO] [stdout]    5:     0x60deefa01b90 - test[9d35eded1c95d3be]::test_main_inner::<test[9d35eded1c95d3be]::test_main_static::{closure#0}>::{closure#0}
[INFO] [stdout]    6:     0x60deefee8422 - std[70759c8f55707aa4]::panicking::panic_with_hook
[INFO] [stdout]    7:     0x60deefecb032 - std[70759c8f55707aa4]::panicking::panic_handler::{closure#0}
[INFO] [stdout]    8:     0x60deefec3909 - std[70759c8f55707aa4]::sys::backtrace::__rust_end_short_backtrace::<std[70759c8f55707aa4]::panicking::panic_handler::{closure#0}, !>
[INFO] [stdout]    9:     0x60deefecbebd - __rustc[8fa7c3cbc660c2b3]::rust_begin_unwind
[INFO] [stdout]   10:     0x60deeff08b3c - core[df12db4294e9bfd3]::panicking::panic_fmt
[INFO] [stdout]   11:     0x60deeff08912 - core[df12db4294e9bfd3]::result::unwrap_failed
[INFO] [stdout]   12:     0x60deef8716e6 - <core[df12db4294e9bfd3]::pin::Pin<&mut hi_push[a0e40fc530d2fc6b]::wecom::tests::test_client::{closure#0}> as core[df12db4294e9bfd3]::future::future::Future>::poll
[INFO] [stdout]   13:     0x60deef8ac6c3 - <tokio[95e490d88e4a4d01]::runtime::scheduler::current_thread::CurrentThread>::block_on::<hi_push[a0e40fc530d2fc6b]::wecom::tests::test_client::{closure#0}>
[INFO] [stdout]   14:     0x60deef956bfc - hi_push[a0e40fc530d2fc6b]::wecom::tests::test_client
[INFO] [stdout]   15:     0x60deef8eec99 - <hi_push[a0e40fc530d2fc6b]::wecom::tests::test_client::{closure#0} as core[df12db4294e9bfd3]::ops::function::FnOnce<()>>::call_once
[INFO] [stdout]   16:     0x60deef9f4e7b - test[9d35eded1c95d3be]::__rust_begin_short_backtrace::<core[df12db4294e9bfd3]::result::Result<(), alloc[2182bb758b4b3781]::string::String>, fn() -> core[df12db4294e9bfd3]::result::Result<(), alloc[2182bb758b4b3781]::string::String>>
[INFO] [stdout]   17:     0x60deefa024e5 - test[9d35eded1c95d3be]::run_test::{closure#0}
[INFO] [stdout]   18:     0x60deef9fbda4 - std[70759c8f55707aa4]::sys::backtrace::__rust_begin_short_backtrace::<test[9d35eded1c95d3be]::run_test::{closure#1}, ()>
[INFO] [stdout]   19:     0x60deefa05642 - <std[70759c8f55707aa4]::thread::lifecycle::spawn_unchecked<test[9d35eded1c95d3be]::run_test::{closure#1}, ()>::{closure#1} as core[df12db4294e9bfd3]::ops::function::FnOnce<()>>::call_once::{shim:vtable#0}
[INFO] [stdout]   20:     0x60deefeef799 - <std[70759c8f55707aa4]::sys::thread::unix::Thread>::new::thread_start
[INFO] [stdout]   21:     0x7e76982d8dfa - <unknown>
[INFO] [stdout]   22:     0x7e769836c3d4 - clone
[INFO] [stdout]   23:                0x0 - <unknown>
[INFO] [stdout] 
[INFO] [stdout] 
[INFO] [stdout] failures:
[INFO] [stdout]     email::tests::test_push
[INFO] [stdout]     fcm::test::test_fcm
[INFO] [stdout]     huawei::tests::test_push
[INFO] [stdout]     tests::test_services
[INFO] [stdout]     wecom::tests::test_client
[INFO] [stdout]     wecom::tests::test_msg_builder
[INFO] [stdout]     xiaomi::tests::test_client
[INFO] [stdout] 
[INFO] [stdout] test result: FAILED. 4 passed; 7 failed; 0 ignored; 0 measured; 0 filtered out; finished in 0.01s
[INFO] [stdout] 
[INFO] [stderr] error: test failed, to rerun pass `--lib`
[INFO] running `Command { std: "docker" "inspect" "8d5435965d77a054540b67f5c03c53176ca01a9ec9bbe53a7fa80b36fa2dd816", kill_on_drop: false }`
[INFO] running `Command { std: "docker" "rm" "-f" "8d5435965d77a054540b67f5c03c53176ca01a9ec9bbe53a7fa80b36fa2dd816", kill_on_drop: false }`
[INFO] [stdout] 8d5435965d77a054540b67f5c03c53176ca01a9ec9bbe53a7fa80b36fa2dd816
